000
CDUS44 KFWD 040643
CLIACT


CLIMATE REPORT
NATIONAL WEATHER SERVICE FORT WORTH TX
143 AM CDT SAT JUL 4 2015


...................................

...THE WACO CLIMATE SUMMARY FOR JULY 3 2015...

CLIMATE NORMAL PERIOD 1981 TO 2010
CLIMATE RECORD PERIOD 1901 TO 2015


WEATHER ITEM   OBSERVED TIME   RECORD YEAR NORMAL DEPARTURE LAST
                VALUE   (LST)  VALUE       VALUE  FROM      YEAR
                                                  NORMAL
..................................................................
TEMPERATURE (F)
 YESTERDAY
  MAXIMUM         92    335 PM 104    1990  95     -3       92
  MINIMUM         76    609 AM  58    2013  73      3       70
  AVERAGE         84                        84      0       81

PRECIPITATION (IN)
  YESTERDAY        0.00          2.97 1976   0.06  -0.06      T
  MONTH TO DATE    0.00                      0.20  -0.20      T
  SINCE JUN 1      5.97                      3.63   2.34     8.31
  SINCE JAN 1     27.31                     18.52   8.79    19.45

DEGREE DAYS
 HEATING
  YESTERDAY        0                         0      0        0
  MONTH TO DATE    0                         0      0        0
  SINCE JUN 1      0                         0      0        0
  SINCE JUL 1      0                         0      0        0

 COOLING
  YESTERDAY       19                        19      0       16
  MONTH TO DATE   53                        57     -4       54
  SINCE JUN 1    557                       545     12      535
  SINCE JAN 1    992                       997     -5      922
..................................................................


WIND (MPH)
  HIGHEST WIND SPEED    17   HIGHEST WIND DIRECTION     S (190)
  HIGHEST GUST SPEED    22   HIGHEST GUST DIRECTION     S (190)
  AVERAGE WIND SPEED    11.6


SKY COVER
  POSSIBLE SUNSHINE  MM
  AVERAGE SKY COVER 0.3


WEATHER CONDITIONS
 THE FOLLOWING WEATHER WAS RECORDED YESTERDAY.
  NO SIGNIFICANT WEATHER WAS OBSERVED.


RELATIVE HUMIDITY (PERCENT)
 HIGHEST    88           300 AM
 LOWEST     47           400 PM
 AVERAGE    68

..........................................................


THE WACO CLIMATE NORMALS FOR TODAY
                         NORMAL    RECORD    YEAR
 MAXIMUM TEMPERATURE (F)   95       105      1933
 MINIMUM TEMPERATURE (F)   73        65      1924


SUNRISE AND SUNSET
JULY  4 2015..........SUNRISE   629 AM CDT   SUNSET   838 PM CDT
JULY  5 2015..........SUNRISE   629 AM CDT   SUNSET   838 PM CDT


-  INDICATES NEGATIVE NUMBERS.
R  INDICATES RECORD WAS SET OR TIED.
MM INDICATES DATA IS MISSING.
T  INDICATES TRACE AMOUNT.




$$
