000
CDUS44 KFWD 280648
CLIACT

CLIMATE REPORT
NATIONAL WEATHER SERVICE FORT WORTH TX
145 AM CDT WED JUN 28 2017

...................................

...THE WACO CLIMATE SUMMARY FOR JUNE 27 2017...

CLIMATE NORMAL PERIOD 1981 TO 2010
CLIMATE RECORD PERIOD 1901 TO 2017


WEATHER ITEM   OBSERVED TIME   RECORD YEAR NORMAL DEPARTURE LAST
                VALUE   (LST)  VALUE       VALUE  FROM      YEAR
                                                  NORMAL
..................................................................
TEMPERATURE (F)
 YESTERDAY
  MAXIMUM         91    451 PM 109    1980  94     -3       97
  MINIMUM         71    549 AM  56    1974  73     -2       76
  AVERAGE         81                        83     -2       87

PRECIPITATION (IN)
  YESTERDAY        0.00          3.89 1919   0.07  -0.07     0.00
  MONTH TO DATE    4.74                      3.20   1.54     4.59
  SINCE JUN 1      4.74                      3.20   1.54     4.59
  SINCE JAN 1     24.05                     18.09   5.96    27.23

DEGREE DAYS
 HEATING
  YESTERDAY        0                         0      0        0
  MONTH TO DATE    0                         0      0        0
  SINCE JUN 1      0                         0      0        0
  SINCE JUL 1   1335                      2142   -807     1691

 COOLING
  YESTERDAY       16                        18     -2       22
  MONTH TO DATE  458                       432     26      473
  SINCE JUN 1    458                       432     26      473
  SINCE JAN 1   1027                       884    143      864
..................................................................


WIND (MPH)
  HIGHEST WIND SPEED    20   HIGHEST WIND DIRECTION    SE (140)
  HIGHEST GUST SPEED    24   HIGHEST GUST DIRECTION    SE (130)
  AVERAGE WIND SPEED     6.8


SKY COVER
  POSSIBLE SUNSHINE  MM
  AVERAGE SKY COVER 0.2


WEATHER CONDITIONS
 THE FOLLOWING WEATHER WAS RECORDED YESTERDAY.
  FOG


RELATIVE HUMIDITY (PERCENT)
 HIGHEST   100           600 AM
 LOWEST     49           500 PM
 AVERAGE    75

..........................................................


THE WACO CLIMATE NORMALS FOR TODAY
                         NORMAL    RECORD    YEAR
 MAXIMUM TEMPERATURE (F)   94       106      1980
 MINIMUM TEMPERATURE (F)   73        58      1974


SUNRISE AND SUNSET
JUNE 28 2017..........SUNRISE   626 AM CDT   SUNSET   838 PM CDT
JUNE 29 2017..........SUNRISE   627 AM CDT   SUNSET   838 PM CDT


-  INDICATES NEGATIVE NUMBERS.
R  INDICATES RECORD WAS SET OR TIED.
MM INDICATES DATA IS MISSING.
T  INDICATES TRACE AMOUNT.

$$
