000
CDUS44 KFWD 062222
CLIACT


CLIMATE REPORT
NATIONAL WEATHER SERVICE FORT WORTH TX
421 PM CST FRI MAR 6 2015


...................................

...THE WACO CLIMATE SUMMARY FOR MARCH 6 2015...
VALID AS OF 0400 PM LOCAL TIME.

CLIMATE NORMAL PERIOD 1981 TO 2010
CLIMATE RECORD PERIOD 1901 TO 2015


WEATHER ITEM   OBSERVED TIME   RECORD YEAR NORMAL DEPARTURE LAST
                VALUE   (LST)  VALUE       VALUE  FROM      YEAR
                                                  NORMAL
..................................................................
TEMPERATURE (F)
 TODAY
  MAXIMUM         53    338 PM  91    1991  66    -13       59
                                      1916
  MINIMUM         20R   706 AM  23    2013  45    -25       35
  AVERAGE         37

PRECIPITATION (IN)
  TODAY            0.00          2.75 1941   0.12  -0.12     0.00
  MONTH TO DATE    0.80                      0.68   0.12     0.05
  SINCE MAR 1      0.80                      0.68   0.12     0.05
  SINCE JAN 1      5.53                      5.43   0.10     0.81

SNOWFALL (IN)
  TODAY            0.0           T    1982   0.0    0.0      0.0
                                      1947
  MONTH TO DATE    0.7                       0.0    0.7      0.1
  SINCE MAR 1      0.7                       0.0    0.7      0.1
  SINCE JUL 1      1.4                       0.9    0.5      0.1
  SNOW DEPTH       0

..................................................................


WIND (MPH)
  HIGHEST WIND SPEED     7   HIGHEST WIND DIRECTION     N (340)
  HIGHEST GUST SPEED    11   HIGHEST GUST DIRECTION     N (10)
  AVERAGE WIND SPEED     3.0




..........................................................


THE WACO CLIMATE NORMALS FOR TOMORROW
                         NORMAL    RECORD    YEAR
 MAXIMUM TEMPERATURE (F)   67        89      1972
                                             1951
 MINIMUM TEMPERATURE (F)   45        21      1989


SUNRISE AND SUNSET
MARCH  6 2015.........SUNRISE   650 AM CST   SUNSET   630 PM CST
MARCH  7 2015.........SUNRISE   649 AM CST   SUNSET   631 PM CST


-  INDICATES NEGATIVE NUMBERS.
R  INDICATES RECORD WAS SET OR TIED.
MM INDICATES DATA IS MISSING.
T  INDICATES TRACE AMOUNT.




$$
