000
CDUS44 KFWD 280639
CLIACT


CLIMATE REPORT
NATIONAL WEATHER SERVICE FORT WORTH TX
138 AM CDT TUE MAR 28 2017


...................................

...THE WACO CLIMATE SUMMARY FOR MARCH 27 2017...

CLIMATE NORMAL PERIOD 1981 TO 2010
CLIMATE RECORD PERIOD 1901 TO 2017


WEATHER ITEM   OBSERVED TIME   RECORD YEAR NORMAL DEPARTURE LAST
                VALUE   (LST)  VALUE       VALUE  FROM      YEAR
                                                  NORMAL
..................................................................
TEMPERATURE (F)
 YESTERDAY
  MAXIMUM         80    519 PM  93    1972  73      7       68
                                      1956
  MINIMUM         63    940 AM  27    1955  50     13       44
                                      1913
  AVERAGE         72                        61     11       56

PRECIPITATION (IN)
  YESTERDAY        0.00          1.42 1980   0.08  -0.08     0.00
  MONTH TO DATE    2.65                      2.80  -0.15     4.91
  SINCE MAR 1      2.65                      2.80  -0.15     4.91
  SINCE JAN 1      8.81                      7.55   1.26     7.36

SNOWFALL (IN)
  YESTERDAY        0.0           0.0    MM   0.0    0.0      0.0
  MONTH TO DATE    0.0                       0.1   -0.1      0.0
  SINCE MAR 1      0.0                       0.1   -0.1      0.0
  SINCE JUL 1      T                         0.9   -0.9      0.0
  SNOW DEPTH       0

DEGREE DAYS
 HEATING
  YESTERDAY        0                         6     -6        9
  MONTH TO DATE  117                       226   -109      137
  SINCE MAR 1    117                       226   -109      137
  SINCE JUL 1   1293                      2038   -745     1614

 COOLING
  YESTERDAY        7                         2      5        0
  MONTH TO DATE   82                        29     53       20
  SINCE MAR 1     82                        29     53       20
  SINCE JAN 1    140                        38    102       28
..................................................................


WIND (MPH)
  HIGHEST WIND SPEED    17   HIGHEST WIND DIRECTION    NW (330)
  HIGHEST GUST SPEED    22   HIGHEST GUST DIRECTION     N (340)
  AVERAGE WIND SPEED     6.7


SKY COVER
  POSSIBLE SUNSHINE  MM
  AVERAGE SKY COVER 0.4


WEATHER CONDITIONS
 THE FOLLOWING WEATHER WAS RECORDED YESTERDAY.
  FOG
  HAZE


RELATIVE HUMIDITY (PERCENT)
 HIGHEST   100           500 AM
 LOWEST     54           500 PM
 AVERAGE    77

..........................................................


THE WACO CLIMATE NORMALS FOR TODAY
                         NORMAL    RECORD    YEAR
 MAXIMUM TEMPERATURE (F)   73       100      1971
 MINIMUM TEMPERATURE (F)   50        26      1955


SUNRISE AND SUNSET
MARCH 28 2017.........SUNRISE   722 AM CDT   SUNSET   746 PM CDT
MARCH 29 2017.........SUNRISE   721 AM CDT   SUNSET   747 PM CDT


-  INDICATES NEGATIVE NUMBERS.
R  INDICATES RECORD WAS SET OR TIED.
MM INDICATES DATA IS MISSING.
T  INDICATES TRACE AMOUNT.




$$
