000
CDUS44 KFWD 270642
CLIACT

CLIMATE REPORT
NATIONAL WEATHER SERVICE FORT WORTH TX
1240 AM CST MON FEB 27 2017

...................................

...THE WACO CLIMATE SUMMARY FOR FEBRUARY 26 2017...

CLIMATE NORMAL PERIOD 1981 TO 2010
CLIMATE RECORD PERIOD 1901 TO 2017


WEATHER ITEM   OBSERVED TIME   RECORD YEAR NORMAL DEPARTURE LAST
                VALUE   (LST)  VALUE       VALUE  FROM      YEAR
                                                  NORMAL
..................................................................
TEMPERATURE (F)
 YESTERDAY
  MAXIMUM         66    450 PM  90    1954  64      2       60
  MINIMUM         34    211 AM  22    2002  43     -9       30
  AVERAGE         50                        53     -3       45

PRECIPITATION (IN)
  YESTERDAY        T             2.21 1903   0.10  -0.10     0.00
  MONTH TO DATE    3.05                      2.41   0.64     2.16
  SINCE DEC 1      7.43                      7.28   0.15     6.07
  SINCE JAN 1      6.16                      4.53   1.63     2.45

SNOWFALL (IN)
  YESTERDAY       MM             0.0    MM   0.0   MM        0.0
  MONTH TO DATE    0.0                       0.4   -0.4      0.0
  SINCE DEC 1      T                         0.7   -0.7      0.0
  SINCE JUL 1      T                         0.8   -0.8      0.0
  SNOW DEPTH       0

DEGREE DAYS
 HEATING
  YESTERDAY       15                        12      3       20
  MONTH TO DATE  174                       380   -206      300
  SINCE DEC 1   1033                      1460   -427     1230
  SINCE JUL 1   1176                      1788   -612     1465

 COOLING
  YESTERDAY        0                         0      0        0
  MONTH TO DATE   34                         0     34        8
  SINCE DEC 1     66                         8     58       13
  SINCE JAN 1     43                         3     40        8
..................................................................


WIND (MPH)
  HIGHEST WIND SPEED    16   HIGHEST WIND DIRECTION     S (190)
  HIGHEST GUST SPEED    19   HIGHEST GUST DIRECTION     S (180)
  AVERAGE WIND SPEED     7.0


SKY COVER
  POSSIBLE SUNSHINE  MM
  AVERAGE SKY COVER 0.6


WEATHER CONDITIONS
 THE FOLLOWING WEATHER WAS RECORDED YESTERDAY.
  NO SIGNIFICANT WEATHER WAS OBSERVED.


RELATIVE HUMIDITY (PERCENT)
 HIGHEST   100          1000 PM
 LOWEST     63          1000 AM
 AVERAGE    82

..........................................................


THE WACO CLIMATE NORMALS FOR TODAY
                         NORMAL    RECORD    YEAR
 MAXIMUM TEMPERATURE (F)   64        84      1918
 MINIMUM TEMPERATURE (F)   43        18      2002


SUNRISE AND SUNSET
FEBRUARY 27 2017......SUNRISE   658 AM CST   SUNSET   626 PM CST
FEBRUARY 28 2017......SUNRISE   657 AM CST   SUNSET   626 PM CST


-  INDICATES NEGATIVE NUMBERS.
R  INDICATES RECORD WAS SET OR TIED.
MM INDICATES DATA IS MISSING.
T  INDICATES TRACE AMOUNT.

$$
