000
CDUS44 KFWD 150650
CLIACT


CLIMATE REPORT
NATIONAL WEATHER SERVICE FORT WORTH TX
1250 AM CST FRI DEC 15 2017


...................................

...THE WACO CLIMATE SUMMARY FOR DECEMBER 14 2017...

CLIMATE NORMAL PERIOD 1981 TO 2010
CLIMATE RECORD PERIOD 1901 TO 2017


WEATHER ITEM   OBSERVED TIME   RECORD YEAR NORMAL DEPARTURE LAST
                VALUE   (LST)  VALUE       VALUE  FROM      YEAR
                                                  NORMAL
..................................................................
TEMPERATURE (F)
 YESTERDAY
  MAXIMUM         68    122 PM  80    1995  59      9       52
  MINIMUM         39    748 AM  19    1919  37      2       41
  AVERAGE         54                        48      6       47

PRECIPITATION (IN)
  YESTERDAY        0.00          2.20 1906   0.09  -0.09     0.00
  MONTH TO DATE    0.14                      1.24  -1.10     1.12
  SINCE DEC 1      0.14                      1.24  -1.10     1.12
  SINCE JAN 1     31.80                     33.18  -1.38    38.40

SNOWFALL (IN)
  YESTERDAY        0.0           0.0    MM   0.0    0.0      0.0
  MONTH TO DATE    T                         0.0    0.0      0.0
  SINCE DEC 1      T                         0.0    0.0      0.0
  SINCE JUL 1      T                         0.1   -0.1      0.0
  SNOW DEPTH       0

DEGREE DAYS
 HEATING
  YESTERDAY       11                        17     -6       18
  MONTH TO DATE  191                       217    -26      231
  SINCE DEC 1    191                       217    -26      231
  SINCE JUL 1    432                       545   -113      374

 COOLING
  YESTERDAY        0                         0      0        0
  MONTH TO DATE    9                         0      9        0
  SINCE DEC 1      9                         0      9        0
  SINCE JAN 1   3065                      2792    273     3041
..................................................................


WIND (MPH)
  HIGHEST WIND SPEED    22   HIGHEST WIND DIRECTION    NE (40)
  HIGHEST GUST SPEED    27   HIGHEST GUST DIRECTION    NE (30)
  AVERAGE WIND SPEED     9.9


SKY COVER
  POSSIBLE SUNSHINE  MM
  AVERAGE SKY COVER 0.0


WEATHER CONDITIONS
 THE FOLLOWING WEATHER WAS RECORDED YESTERDAY.
  NO SIGNIFICANT WEATHER WAS OBSERVED.


RELATIVE HUMIDITY (PERCENT)
 HIGHEST    76           100 AM
 LOWEST     22           200 PM
 AVERAGE    49

..........................................................


THE WACO CLIMATE NORMALS FOR TODAY
                         NORMAL    RECORD    YEAR
 MAXIMUM TEMPERATURE (F)   59        81      1995
 MINIMUM TEMPERATURE (F)   37        13      1901


SUNRISE AND SUNSET
DECEMBER 15 2017......SUNRISE   721 AM CST   SUNSET   527 PM CST
DECEMBER 16 2017......SUNRISE   722 AM CST   SUNSET   528 PM CST


-  INDICATES NEGATIVE NUMBERS.
R  INDICATES RECORD WAS SET OR TIED.
MM INDICATES DATA IS MISSING.
T  INDICATES TRACE AMOUNT.




$$
