000
CDUS44 KFWD 260637
CLIACT

CLIMATE REPORT
NATIONAL WEATHER SERVICE FORT WORTH TX
1236 AM CST WED NOV 26 2014


...................................

...THE WACO CLIMATE SUMMARY FOR NOVEMBER 25 2014...

CLIMATE NORMAL PERIOD 1981 TO 2010
CLIMATE RECORD PERIOD 1901 TO 2014


WEATHER ITEM   OBSERVED TIME   RECORD YEAR NORMAL DEPARTURE LAST
                VALUE   (LST)  VALUE       VALUE  FROM      YEAR
                                                  NORMAL
..................................................................
TEMPERATURE (F)
 YESTERDAY
  MAXIMUM         66    211 PM  85    1905  65      1       38
  MINIMUM         30    700 AM  23    1916  43    -13       32
  AVERAGE         48                        54     -6       35

PRECIPITATION (IN)
  YESTERDAY        0.00          1.96 1944   0.08  -0.08     0.50
  MONTH TO DATE    2.68                      2.38   0.30     2.39
  SINCE SEP 1      8.97                      9.34  -0.37    15.12
  SINCE JAN 1     29.55                     31.50  -1.95    36.55

SNOWFALL (IN)
  YESTERDAY       MM             2.4  1993   0.0   MM        0.0
  MONTH TO DATE    0.0                       0.1   -0.1       T
  SINCE SEP 1      0.0                       0.1   -0.1       T
  SINCE JUL 1      0.0                       0.1   -0.1       T
  SNOW DEPTH       0

DEGREE DAYS
 HEATING
  YESTERDAY       17                        12      5       30
  MONTH TO DATE  329                       197    132      259
  SINCE SEP 1    341                       264     77      308
  SINCE JUL 1    341                       264     77      308

 COOLING
  YESTERDAY        0                         0      0        0
  MONTH TO DATE    1                        35    -34       18
  SINCE SEP 1    669                       596     73      659
  SINCE JAN 1   2744                      2791    -47     2870
..................................................................


WIND (MPH)
  HIGHEST WIND SPEED    20   HIGHEST WIND DIRECTION     N (10)
  HIGHEST GUST SPEED    25   HIGHEST GUST DIRECTION     W (260)
  AVERAGE WIND SPEED     6.7


SKY COVER
  POSSIBLE SUNSHINE  MM
  AVERAGE SKY COVER 0.0


WEATHER CONDITIONS
 THE FOLLOWING WEATHER WAS RECORDED YESTERDAY.
  NO SIGNIFICANT WEATHER WAS OBSERVED.


RELATIVE HUMIDITY (PERCENT)
 HIGHEST    96           800 AM
 LOWEST     22           300 PM
 AVERAGE    59

..........................................................


THE WACO CLIMATE NORMALS FOR TODAY
                         NORMAL    RECORD    YEAR
 MAXIMUM TEMPERATURE (F)   64        87      1965
 MINIMUM TEMPERATURE (F)   42        24      1993


SUNRISE AND SUNSET
NOVEMBER 26 2014......SUNRISE   706 AM CST   SUNSET   526 PM CST
NOVEMBER 27 2014......SUNRISE   707 AM CST   SUNSET   526 PM CST


-  INDICATES NEGATIVE NUMBERS.
R  INDICATES RECORD WAS SET OR TIED.
MM INDICATES DATA IS MISSING.
T  INDICATES TRACE AMOUNT.




$$
