000
CDUS44 KFWD 210650
CLIACT

CLIMATE REPORT
NATIONAL WEATHER SERVICE FORT WORTH TX
150 AM CDT MON AUG 21 2017

...................................

...THE WACO CLIMATE SUMMARY FOR AUGUST 20 2017...

CLIMATE NORMAL PERIOD 1981 TO 2010
CLIMATE RECORD PERIOD 1901 TO 2017


WEATHER ITEM   OBSERVED TIME   RECORD YEAR NORMAL DEPARTURE LAST
                VALUE   (LST)  VALUE       VALUE  FROM      YEAR
                                                  NORMAL
..................................................................
TEMPERATURE (F)
 YESTERDAY
  MAXIMUM         99    401 PM 107    2011  97      2       83
                                      1984
  MINIMUM         75    547 AM  58    1940  74      1       73
  AVERAGE         87                        85      2       78

PRECIPITATION (IN)
  YESTERDAY        0.00          2.22 1931   0.06  -0.06      T
  MONTH TO DATE    2.06                      1.20   0.86     3.16
  SINCE JUN 1      8.89                      6.42   2.47     7.89
  SINCE JAN 1     28.20                     21.31   6.89    30.53

DEGREE DAYS
 HEATING
  YESTERDAY        0                         0      0        0
  MONTH TO DATE    0                         0      0        0
  SINCE JUN 1      0                         0      0        0
  SINCE JUL 1      0                         0      0        0

 COOLING
  YESTERDAY       22                        20      2       13
  MONTH TO DATE  411                       417     -6      424
  SINCE JUN 1   1589                      1531     58     1657
  SINCE JAN 1   2158                      1983    175     2048
..................................................................


WIND (MPH)
  HIGHEST WIND SPEED    17   HIGHEST WIND DIRECTION     S (170)
  HIGHEST GUST SPEED    23   HIGHEST GUST DIRECTION     S (180)
  AVERAGE WIND SPEED     9.1


SKY COVER
  POSSIBLE SUNSHINE  MM
  AVERAGE SKY COVER 0.0


WEATHER CONDITIONS
 THE FOLLOWING WEATHER WAS RECORDED YESTERDAY.
  NO SIGNIFICANT WEATHER WAS OBSERVED.


RELATIVE HUMIDITY (PERCENT)
 HIGHEST    82           600 AM
 LOWEST     33           400 PM
 AVERAGE    58

..........................................................


THE WACO CLIMATE NORMALS FOR TODAY
                         NORMAL    RECORD    YEAR
 MAXIMUM TEMPERATURE (F)   97       106      1948
 MINIMUM TEMPERATURE (F)   74        61      1992
                                             1940


SUNRISE AND SUNSET
AUGUST 21 2017........SUNRISE   658 AM CDT   SUNSET   805 PM CDT
AUGUST 22 2017........SUNRISE   659 AM CDT   SUNSET   804 PM CDT


-  INDICATES NEGATIVE NUMBERS.
R  INDICATES RECORD WAS SET OR TIED.
MM INDICATES DATA IS MISSING.
T  INDICATES TRACE AMOUNT.

$$
