000
CDUS41 KPHI 170547
CLIACY


CLIMATE REPORT
NATIONAL WEATHER SERVICE MOUNT HOLLY NJ
146 AM EDT TUE OCT 17 2017


...................................

...THE ATLANTIC CITY NJ CLIMATE SUMMARY FOR OCTOBER 16 2017...

CLIMATE NORMAL PERIOD 1981 TO 2010
CLIMATE RECORD PERIOD 1874 TO 2017


WEATHER ITEM   OBSERVED TIME   RECORD YEAR NORMAL DEPARTURE LAST
                VALUE   (LST)  VALUE       VALUE  FROM      YEAR
                                                  NORMAL
..................................................................
TEMPERATURE (F)
 YESTERDAY
  MAXIMUM         72    156 AM  85    2008  67      5       72
  MINIMUM         43   1057 PM  30    1876  45     -2       42
  AVERAGE         58                        56      2       57

PRECIPITATION (IN)
  YESTERDAY        0.15          3.02 1942   0.11   0.04     0.00
  MONTH TO DATE    0.90                      1.76  -0.86     2.11
  SINCE SEP 1      4.95                      4.91   0.04     7.40
  SINCE JAN 1     43.52                     33.13  10.39    39.70

SNOWFALL (IN)
  YESTERDAY        0.0           0.0    MM   0.0    0.0      0.0
  MONTH TO DATE    0.0                       0.0    0.0      0.0
  SINCE SEP 1      0.0                       0.0    0.0      0.0
  SINCE JUL 1      0.0                       0.0    0.0      0.0
  SNOW DEPTH       0

DEGREE DAYS
 HEATING
  YESTERDAY        7                        10     -3        8
  MONTH TO DATE   33                       119    -86      100
  SINCE SEP 1     52                       178   -126      115
  SINCE JUL 1     52                       181   -129      115

 COOLING
  YESTERDAY        0                         0      0        0
  MONTH TO DATE   67                        16     51        0
  SINCE SEP 1    240                       141     99      205
  SINCE JAN 1   1257                      1050    207     1308
..................................................................


WIND (MPH)
  HIGHEST WIND SPEED    25   HIGHEST WIND DIRECTION    NW (330)
  HIGHEST GUST SPEED    35   HIGHEST GUST DIRECTION    NW (320)
  AVERAGE WIND SPEED    10.7


SKY COVER
  POSSIBLE SUNSHINE  MM
  AVERAGE SKY COVER 0.4


WEATHER CONDITIONS
 THE FOLLOWING WEATHER WAS RECORDED YESTERDAY.
  RAIN
  FOG


RELATIVE HUMIDITY (PERCENT)
 HIGHEST    97           800 AM
 LOWEST     57           300 PM
 AVERAGE    77

..........................................................


THE ATLANTIC CITY NJ CLIMATE NORMALS FOR TODAY
                         NORMAL    RECORD    YEAR
 MAXIMUM TEMPERATURE (F)   66        82      1925
 MINIMUM TEMPERATURE (F)   45        31      1982
                                             1978


SUNRISE AND SUNSET
OCTOBER 17 2017.......SUNRISE   710 AM EDT   SUNSET   616 PM EDT
OCTOBER 18 2017.......SUNRISE   712 AM EDT   SUNSET   615 PM EDT


-  INDICATES NEGATIVE NUMBERS.
R  INDICATES RECORD WAS SET OR TIED.
MM INDICATES DATA IS MISSING.
T  INDICATES TRACE AMOUNT.




$$
