000
CDUS41 KPHI 162137
CLIACY


CLIMATE REPORT
NATIONAL WEATHER SERVICE MOUNT HOLLY NJ
537 PM EDT WED APR 16 2014


...................................

...THE ATLANTIC CITY NJ CLIMATE SUMMARY FOR APRIL 16 2014...
VALID TODAY AS OF 0500 PM LOCAL TIME.

CLIMATE NORMAL PERIOD 1981 TO 2010
CLIMATE RECORD PERIOD 1874 TO 2014


WEATHER ITEM   OBSERVED TIME   RECORD YEAR NORMAL DEPARTURE LAST
                VALUE   (LST)  VALUE       VALUE  FROM      YEAR
                                                  NORMAL
..................................................................
TEMPERATURE (F)
 TODAY
  MAXIMUM         49    359 PM  89    2002  62    -13       64
  MINIMUM         30    614 AM  22    1981  42    -12       44
  AVERAGE         40                        52    -12       54

PRECIPITATION (IN)
  TODAY            0.11          2.94 1986   0.11   0.00     0.00
  MONTH TO DATE    1.46                      2.09  -0.63     1.43
  SINCE MAR 1      6.46                      6.30   0.16     6.09
  SINCE JAN 1     15.01                     12.39   2.62    13.55

SNOWFALL (IN)
  TODAY            T   R         T    2007   0.0    0.0      0.0
  MONTH TO DATE    T                         0.2   -0.2      0.0
  SINCE MAR 1     15.6                       1.3   14.3      3.2
  SINCE JUL 1     43.8                      16.4   27.4     14.6
  SNOW DEPTH       T

DEGREE DAYS
 HEATING
  TODAY           25                        13     12       11
  MONTH TO DATE  228                       251    -23      230
  SINCE MAR 1   1087                       957    130     1034
  SINCE JUL 1   4950                      4548    402     4452

 COOLING
  TODAY            0                         0      0        0
  MONTH TO DATE    0                         0      0       15
  SINCE MAR 1      0                         0      0       15
  SINCE JAN 1      0                         0      0       15
..................................................................


WIND (MPH)
  HIGHEST WIND SPEED    26   HIGHEST WIND DIRECTION    NW (320)
  HIGHEST GUST SPEED    37   HIGHEST GUST DIRECTION    NW (310)
  AVERAGE WIND SPEED    16.6


SKY COVER
  POSSIBLE SUNSHINE  MM
  AVERAGE SKY COVER 0.0


WEATHER CONDITIONS
 THE FOLLOWING WEATHER WAS RECORDED TODAY.
  RAIN
  LIGHT SNOW
  FOG


RELATIVE HUMIDITY (PERCENT)
 HIGHEST    75           300 AM
 LOWEST     34           100 PM
 AVERAGE    55

..........................................................


THE ATLANTIC CITY NJ CLIMATE NORMALS FOR TOMORROW
                         NORMAL    RECORD    YEAR
 MAXIMUM TEMPERATURE (F)   62        94      2002
 MINIMUM TEMPERATURE (F)   42        26      1980


SUNRISE AND SUNSET
APRIL 16 2014.........SUNRISE   620 AM EDT   SUNSET   737 PM EDT
APRIL 17 2014.........SUNRISE   618 AM EDT   SUNSET   738 PM EDT


-  INDICATES NEGATIVE NUMBERS.
R  INDICATES RECORD WAS SET OR TIED.
MM INDICATES DATA IS MISSING.
T  INDICATES TRACE AMOUNT.




$$
