000
CDUS41 KPHI 170638
CLIACY


CLIMATE REPORT
NATIONAL WEATHER SERVICE MOUNT HOLLY NJ
138 AM EST WED DEC 17 2014


...................................

...THE ATLANTIC CITY NJ CLIMATE SUMMARY FOR DECEMBER 16 2014...

CLIMATE NORMAL PERIOD 1981 TO 2010
CLIMATE RECORD PERIOD 1874 TO 2014


WEATHER ITEM   OBSERVED TIME   RECORD YEAR NORMAL DEPARTURE LAST
                VALUE   (LST)  VALUE       VALUE  FROM      YEAR
                                                  NORMAL
..................................................................
TEMPERATURE (F)
 YESTERDAY
  MAXIMUM         52    127 PM  66    1971  46      6       35
  MINIMUM         27    715 AM   8    1968  28     -1       21
  AVERAGE         40                        37      3       28

PRECIPITATION (IN)
  YESTERDAY        0.26          1.90 1974   0.12   0.14     0.00
  MONTH TO DATE    4.28                      1.97   2.31     4.17
  SINCE DEC 1      4.28                      1.97   2.31     4.17
  SINCE JAN 1     53.11                     40.03  13.08    44.23

SNOWFALL (IN)
  YESTERDAY        0.0           0.8  2010   0.2   -0.2      0.0
  MONTH TO DATE    0.4                       1.7   -1.3      3.1
  SINCE DEC 1      0.4                       1.7   -1.3      3.1
  SINCE JUL 1      0.4                       1.9   -1.5      3.1
  SNOW DEPTH       0

DEGREE DAYS
 HEATING
  YESTERDAY       25                        28     -3       37
  MONTH TO DATE  386                       413    -27      437
  SINCE DEC 1    386                       413    -27      437
  SINCE JUL 1   1293                      1320    -27     1440

 COOLING
  YESTERDAY        0                         0      0        0
  MONTH TO DATE    0                         0      0        0
  SINCE DEC 1      0                         0      0        0
  SINCE JAN 1    857                      1055   -198     1088
..................................................................


WIND (MPH)
  HIGHEST WIND SPEED    15   HIGHEST WIND DIRECTION    SE (120)
  HIGHEST GUST SPEED    20   HIGHEST GUST DIRECTION    SE (140)
  AVERAGE WIND SPEED     4.3


SKY COVER
  POSSIBLE SUNSHINE  MM
  AVERAGE SKY COVER 0.5


WEATHER CONDITIONS
 THE FOLLOWING WEATHER WAS RECORDED YESTERDAY.
  RAIN
  LIGHT RAIN
  FOG
  FOG W/VISIBILITY <= 1/4 MILE
  HAZE


RELATIVE HUMIDITY (PERCENT)
 HIGHEST   100           700 AM
 LOWEST     74           100 PM
 AVERAGE    87

..........................................................


THE ATLANTIC CITY NJ CLIMATE NORMALS FOR TODAY
                         NORMAL    RECORD    YEAR
 MAXIMUM TEMPERATURE (F)   45        65      1984
 MINIMUM TEMPERATURE (F)   28         6      1876


SUNRISE AND SUNSET
DECEMBER 17 2014......SUNRISE   713 AM EST   SUNSET   436 PM EST
DECEMBER 18 2014......SUNRISE   713 AM EST   SUNSET   437 PM EST


-  INDICATES NEGATIVE NUMBERS.
R  INDICATES RECORD WAS SET OR TIED.
MM INDICATES DATA IS MISSING.
T  INDICATES TRACE AMOUNT.




$$
