000
CDUS41 KPHI 010637
CLIACY


CLIMATE REPORT
NATIONAL WEATHER SERVICE MOUNT HOLLY NJ
131 AM EST SUN FEB 1 2015


...................................

...THE ATLANTIC CITY NJ CLIMATE SUMMARY FOR JANUARY 31 2015...

CLIMATE NORMAL PERIOD 1981 TO 2010
CLIMATE RECORD PERIOD 1874 TO 2015


WEATHER ITEM   OBSERVED TIME   RECORD YEAR NORMAL DEPARTURE LAST
                VALUE   (LST)  VALUE       VALUE  FROM      YEAR
                                                  NORMAL
..................................................................
TEMPERATURE (F)
 YESTERDAY
  MAXIMUM         30    303 PM  63    2012  42    -12       46
                                      1988
  MINIMUM         14    738 AM   4    1948  25    -11        9
  AVERAGE         22                        33    -11       28

PRECIPITATION (IN)
  YESTERDAY        0.00          1.47 1949   0.10  -0.10     0.00
  MONTH TO DATE    5.28                      3.22   2.06     3.25
  SINCE DEC 1     10.81                      6.91   3.90     9.31
  SINCE JAN 1      5.28                      3.22   2.06     3.25

SNOWFALL (IN)
  YESTERDAY        0.0           2.2  1985   0.2   -0.2      0.0
  MONTH TO DATE    4.8                       4.5    0.3     18.8
  SINCE DEC 1      5.2                       8.2   -3.0     22.1
  SINCE JUL 1      5.2                       8.4   -3.2     22.1
  SNOW DEPTH       0

DEGREE DAYS
 HEATING
  YESTERDAY       43                        32     11       37
  MONTH TO DATE 1071                       990     81     1148
  SINCE DEC 1   1840                      1854    -14     1945
  SINCE JUL 1   2747                      2761    -14     2948

 COOLING
  YESTERDAY        0                         0      0        0
  MONTH TO DATE    0                         0      0        0
  SINCE DEC 1      0                         0      0        0
  SINCE JAN 1      0                         0      0        0
..................................................................


WIND (MPH)
  HIGHEST WIND SPEED    32   HIGHEST WIND DIRECTION    NW (310)
  HIGHEST GUST SPEED    40   HIGHEST GUST DIRECTION    NW (310)
  AVERAGE WIND SPEED    18.3


SKY COVER
  POSSIBLE SUNSHINE  MM
  AVERAGE SKY COVER 0.0


WEATHER CONDITIONS
 THE FOLLOWING WEATHER WAS RECORDED YESTERDAY.
  NO SIGNIFICANT WEATHER WAS OBSERVED.


RELATIVE HUMIDITY (PERCENT)
 HIGHEST    55           600 AM
 LOWEST     31           300 PM
 AVERAGE    43

..........................................................


THE ATLANTIC CITY NJ CLIMATE NORMALS FOR TODAY
                         NORMAL    RECORD    YEAR
 MAXIMUM TEMPERATURE (F)   42        71      2002
 MINIMUM TEMPERATURE (F)   25        -1      1971


SUNRISE AND SUNSET
FEBRUARY  1 2015......SUNRISE   706 AM EST   SUNSET   518 PM EST
FEBRUARY  2 2015......SUNRISE   705 AM EST   SUNSET   519 PM EST


-  INDICATES NEGATIVE NUMBERS.
R  INDICATES RECORD WAS SET OR TIED.
MM INDICATES DATA IS MISSING.
T  INDICATES TRACE AMOUNT.




$$
