000
CDUS41 KPHI 022134
CLIACY


CLIMATE REPORT
NATIONAL WEATHER SERVICE MOUNT HOLLY NJ
533 PM EDT SUN AUG 2 2015


...................................

...THE ATLANTIC CITY NJ CLIMATE SUMMARY FOR AUGUST 2 2015...
VALID TODAY AS OF 0500 PM LOCAL TIME.

CLIMATE NORMAL PERIOD 1981 TO 2010
CLIMATE RECORD PERIOD 1874 TO 2015


WEATHER ITEM   OBSERVED TIME   RECORD YEAR NORMAL DEPARTURE LAST
                VALUE   (LST)  VALUE       VALUE  FROM      YEAR
                                                  NORMAL
..................................................................
TEMPERATURE (F)
 TODAY
  MAXIMUM         89    245 PM  98    2006  85      4       73
  MINIMUM         66    346 AM  53    1998  67     -1       66
                                      1976
  AVERAGE         78                        76      2       70

PRECIPITATION (IN)
  TODAY            0.00          2.49 1904   0.13  -0.13     1.95
  MONTH TO DATE    0.00                      0.26  -0.26     2.04
  SINCE JUN 1     14.95                      7.09   7.86     8.67
  SINCE JAN 1     31.20                     24.37   6.83    28.85

SNOWFALL (IN)
  TODAY            0.0           0.0  1903   0.0    0.0      0.0
  MONTH TO DATE    0.0                       0.0    0.0      0.0
  SINCE JUN 1      0.0                       0.0    0.0      0.0
  SINCE JUL 1      0.0                       0.0    0.0      0.0
  SNOW DEPTH       0

DEGREE DAYS
 HEATING
  TODAY            0                         0      0        0
  MONTH TO DATE    0                         0      0        0
  SINCE JUN 1     26                        27     -1       10
  SINCE JUL 1      0                         0      0        0

 COOLING
  TODAY           13                        11      2        5
  MONTH TO DATE   29                        22      7       16
  SINCE JUN 1    634                       572     62      503
  SINCE JAN 1    768                       636    132      539
..................................................................


WIND (MPH)
  HIGHEST WIND SPEED    13   HIGHEST WIND DIRECTION     S (190)
  HIGHEST GUST SPEED    18   HIGHEST GUST DIRECTION     S (190)
  AVERAGE WIND SPEED     5.5


SKY COVER
  POSSIBLE SUNSHINE  MM
  AVERAGE SKY COVER 0.0


WEATHER CONDITIONS
 THE FOLLOWING WEATHER WAS RECORDED TODAY.
  NO SIGNIFICANT WEATHER WAS OBSERVED.


RELATIVE HUMIDITY (PERCENT)
 HIGHEST    93           400 AM
 LOWEST     34           100 PM
 AVERAGE    64

..........................................................


THE ATLANTIC CITY NJ CLIMATE NORMALS FOR TOMORROW
                         NORMAL    RECORD    YEAR
 MAXIMUM TEMPERATURE (F)   85        98      2006
 MINIMUM TEMPERATURE (F)   67        55      1998
                                             1959
                                             1886


SUNRISE AND SUNSET
AUGUST  2 2015........SUNRISE   559 AM EDT   SUNSET   810 PM EDT
AUGUST  3 2015........SUNRISE   600 AM EDT   SUNSET   809 PM EDT


-  INDICATES NEGATIVE NUMBERS.
R  INDICATES RECORD WAS SET OR TIED.
MM INDICATES DATA IS MISSING.
T  INDICATES TRACE AMOUNT.




$$
