000
CDUS41 KPHI 282130
CLIACY


CLIMATE REPORT
NATIONAL WEATHER SERVICE MOUNT HOLLY NJ
529 PM EDT WED JUN 28 2017


...................................

...THE ATLANTIC CITY NJ CLIMATE SUMMARY FOR JUNE 28 2017...
VALID TODAY AS OF 0500 PM LOCAL TIME.

CLIMATE NORMAL PERIOD 1981 TO 2010
CLIMATE RECORD PERIOD 1874 TO 2017


WEATHER ITEM   OBSERVED TIME   RECORD YEAR NORMAL DEPARTURE LAST
                VALUE   (LST)  VALUE       VALUE  FROM      YEAR
                                                  NORMAL
..................................................................
TEMPERATURE (F)
 TODAY
  MAXIMUM         81    320 PM 106    1969  84     -3       79
  MINIMUM         56    309 AM  47    1967  65     -9       69
  AVERAGE         69                        74     -5       74

PRECIPITATION (IN)
  TODAY            0.00          2.72 1888   0.09  -0.09     0.99
  MONTH TO DATE    2.66                      2.90  -0.24     2.31
  SINCE JUN 1      2.66                      2.90  -0.24     2.31
  SINCE JAN 1     24.32                     20.18   4.14    22.37

SNOWFALL (IN)
  TODAY            0.0           0.0    MM   0.0    0.0      0.0
  MONTH TO DATE    0.0                       0.0    0.0      0.0
  SINCE JUN 1      0.0                       0.0    0.0      0.0
  SINCE JUL 1      7.7                      16.5   -8.8     27.5
  SNOW DEPTH       0

DEGREE DAYS
 HEATING
  TODAY            0                         0      0        0
  MONTH TO DATE   24                        24      0        4
  SINCE JUN 1     24                        24      0        4
  SINCE JUL 1   4144                      4902   -758     4054

 COOLING
  TODAY            4                        10     -6        9
  MONTH TO DATE  231                       184     47      173
  SINCE JUN 1    231                       184     47      173
  SINCE JAN 1    316                       248     68      252
..................................................................


WIND (MPH)
  HIGHEST WIND SPEED    16   HIGHEST WIND DIRECTION    NW (330)
  HIGHEST GUST SPEED    20   HIGHEST GUST DIRECTION    NW (330)
  AVERAGE WIND SPEED     8.0


SKY COVER
  POSSIBLE SUNSHINE  MM
  AVERAGE SKY COVER 0.0


WEATHER CONDITIONS
 THE FOLLOWING WEATHER WAS RECORDED TODAY.
  NO SIGNIFICANT WEATHER WAS OBSERVED.


RELATIVE HUMIDITY (PERCENT)
 HIGHEST    80           500 AM
 LOWEST     30           300 PM
 AVERAGE    55

..........................................................


THE ATLANTIC CITY NJ CLIMATE NORMALS FOR TOMORROW
                         NORMAL    RECORD    YEAR
 MAXIMUM TEMPERATURE (F)   84        98      1991
                                             1959
 MINIMUM TEMPERATURE (F)   65        49      1995
                                             1970
                                             1967


SUNRISE AND SUNSET
JUNE 28 2017..........SUNRISE   534 AM EDT   SUNSET   829 PM EDT
JUNE 29 2017..........SUNRISE   534 AM EDT   SUNSET   829 PM EDT


-  INDICATES NEGATIVE NUMBERS.
R  INDICATES RECORD WAS SET OR TIED.
MM INDICATES DATA IS MISSING.
T  INDICATES TRACE AMOUNT.




$$
