000
CDUS41 KPHI 222138
CLIACY


CLIMATE REPORT
NATIONAL WEATHER SERVICE MOUNT HOLLY NJ
538 PM EDT TUE JUL 22 2014


...................................

...THE ATLANTIC CITY NJ CLIMATE SUMMARY FOR JULY 22 2014...
VALID TODAY AS OF 0500 PM LOCAL TIME.

CLIMATE NORMAL PERIOD 1981 TO 2010
CLIMATE RECORD PERIOD 1874 TO 2014


WEATHER ITEM   OBSERVED TIME   RECORD YEAR NORMAL DEPARTURE LAST
                VALUE   (LST)  VALUE       VALUE  FROM      YEAR
                                                  NORMAL
..................................................................
TEMPERATURE (F)
 TODAY
  MAXIMUM         83    205 PM 105    2011  86     -3       87
  MINIMUM         61    402 AM  53    2001  67     -6       73
                                      1965
  AVERAGE         72                        76     -4       80

PRECIPITATION (IN)
  TODAY            0.00          4.17 1903   0.12  -0.12     0.00
  MONTH TO DATE    4.34                      2.59   1.75     2.25
  SINCE JUN 1      5.88                      5.70   0.18     9.78
  SINCE JAN 1     26.06                     22.98   3.08    27.34

SNOWFALL (IN)
  TODAY            0.0           0.0  1903   0.0    0.0      0.0
  MONTH TO DATE    0.0                       0.0    0.0      0.0
  SINCE JUN 1      0.0                       0.0    0.0      0.0
  SINCE JUL 1      0.0                       0.0    0.0      0.0
  SNOW DEPTH       0

DEGREE DAYS
 HEATING
  TODAY            0                         0      0        0
  MONTH TO DATE    0                         0      0        0
  SINCE JUN 1     10                        27    -17        8
  SINCE JUL 1      0                         0      0        0

 COOLING
  TODAY            7                        12     -5       15
  MONTH TO DATE  219                       247    -28      353
  SINCE JUN 1    415                       450    -35      564
  SINCE JAN 1    451                       514    -63      658
..................................................................


WIND (MPH)
  HIGHEST WIND SPEED    14   HIGHEST WIND DIRECTION     S (190)
  HIGHEST GUST SPEED    18   HIGHEST GUST DIRECTION     S (160)
  AVERAGE WIND SPEED     3.9


SKY COVER
  POSSIBLE SUNSHINE  MM
  AVERAGE SKY COVER 0.0


WEATHER CONDITIONS
 THE FOLLOWING WEATHER WAS RECORDED TODAY.
  NO SIGNIFICANT WEATHER WAS OBSERVED.


RELATIVE HUMIDITY (PERCENT)
 HIGHEST    97           400 AM
 LOWEST     51           400 PM
 AVERAGE    74

..........................................................


THE ATLANTIC CITY NJ CLIMATE NORMALS FOR TOMORROW
                         NORMAL    RECORD    YEAR
 MAXIMUM TEMPERATURE (F)   86       105      2011
 MINIMUM TEMPERATURE (F)   67        51      1977
                                             1974


SUNRISE AND SUNSET
JULY 22 2014..........SUNRISE   549 AM EDT   SUNSET   820 PM EDT
JULY 23 2014..........SUNRISE   550 AM EDT   SUNSET   819 PM EDT


-  INDICATES NEGATIVE NUMBERS.
R  INDICATES RECORD WAS SET OR TIED.
MM INDICATES DATA IS MISSING.
T  INDICATES TRACE AMOUNT.




$$
