000
CDUS41 KPHI 290632
CLIACY


CLIMATE REPORT
NATIONAL WEATHER SERVICE MOUNT HOLLY NJ
232 AM EDT FRI APR 29 2016


...................................

...THE ATLANTIC CITY NJ CLIMATE SUMMARY FOR APRIL 28 2016...

CLIMATE NORMAL PERIOD 1981 TO 2010
CLIMATE RECORD PERIOD 1874 TO 2016


WEATHER ITEM   OBSERVED TIME   RECORD YEAR NORMAL DEPARTURE LAST
                VALUE   (LST)  VALUE       VALUE  FROM      YEAR
                                                  NORMAL
..................................................................
TEMPERATURE (F)
 YESTERDAY
  MAXIMUM         55   1037 AM  88    2009  66    -11       68
  MINIMUM         40    326 AM  28    2012  46     -6       48
  AVERAGE         48                        56     -8       58

PRECIPITATION (IN)
  YESTERDAY        0.13          3.15 1875   0.11   0.02     0.00
  MONTH TO DATE    2.88                      3.42  -0.54     2.55
  SINCE MAR 1      6.00                      7.63  -1.63     7.48
  SINCE JAN 1     13.35                     13.72  -0.37    15.54

SNOWFALL (IN)
  YESTERDAY        0.0           0.0  1903   0.0    0.0      0.0
  MONTH TO DATE    1.8                       0.3    1.5      0.0
  SINCE MAR 1      6.9                       1.4    5.5      7.4
  SINCE JUL 1     27.5                      16.5   11.0     22.4
  SNOW DEPTH       0

DEGREE DAYS
 HEATING
  YESTERDAY       17                        10      7        7
  MONTH TO DATE  415                       388     27      362
  SINCE MAR 1    946                      1094   -148     1189
  SINCE JUL 1   3827                      4685   -858     5064

 COOLING
  YESTERDAY        0                         1     -1        0
  MONTH TO DATE   11                         2      9        0
  SINCE MAR 1     14                         2     12        0
  SINCE JAN 1     14                         2     12        0
..................................................................


WIND (MPH)
  HIGHEST WIND SPEED    22   HIGHEST WIND DIRECTION    NE (60)
  HIGHEST GUST SPEED    27   HIGHEST GUST DIRECTION     E (80)
  AVERAGE WIND SPEED     7.8


SKY COVER
  POSSIBLE SUNSHINE  MM
  AVERAGE SKY COVER 0.7


WEATHER CONDITIONS
 THE FOLLOWING WEATHER WAS RECORDED YESTERDAY.
  LIGHT RAIN
  FOG


RELATIVE HUMIDITY (PERCENT)
 HIGHEST    96           200 AM
 LOWEST     45          1000 AM
 AVERAGE    71

..........................................................


THE ATLANTIC CITY NJ CLIMATE NORMALS FOR TODAY
                         NORMAL    RECORD    YEAR
 MAXIMUM TEMPERATURE (F)   66        92      1974
 MINIMUM TEMPERATURE (F)   46        31      1874


SUNRISE AND SUNSET
APRIL 29 2016.........SUNRISE   601 AM EDT   SUNSET   750 PM EDT
APRIL 30 2016.........SUNRISE   600 AM EDT   SUNSET   751 PM EDT


-  INDICATES NEGATIVE NUMBERS.
R  INDICATES RECORD WAS SET OR TIED.
MM INDICATES DATA IS MISSING.
T  INDICATES TRACE AMOUNT.




$$
