681
CDAK48 PAFC 280115
CLIADQ

CLIMATE REPORT
NATIONAL WEATHER SERVICE ANCHORAGE, AK
413 PM AKST MON FEB 27 2017


...................................

...THE KODIAK CLIMATE SUMMARY FOR FEBRUARY 27 2017...
VALID TODAY AS OF 0400 PM LOCAL TIME.

CLIMATE NORMAL PERIOD 1981 TO 2010
CLIMATE RECORD PERIOD 1913 TO 2017


WEATHER ITEM   OBSERVED TIME   RECORD YEAR NORMAL DEPARTURE LAST
                VALUE   (LST)  VALUE       VALUE  FROM      YEAR
                                                  NORMAL
..................................................................
TEMPERATURE (F)
 TODAY
  MAXIMUM         43   1200 AM  50    1962  37      6       43
  MINIMUM         34   1200 PM   1    1986  27      7       39
  AVERAGE         39                        32      7       41

PRECIPITATION (IN)
  TODAY            0.03          1.41 1938   0.21  -0.18     0.55
  MONTH TO DATE    2.57                      5.93  -3.36    12.16
  SINCE DEC 1      9.63                     22.95 -13.32    34.26
  SINCE JAN 1      5.52                     14.22  -8.70    21.99

SNOWFALL (IN)
  TODAY            0.3          10.0  1957   0.5   -0.2      0.0
  MONTH TO DATE    7.8                      14.6   -6.8      1.0
  SINCE DEC 1     18.8                      41.4  -22.6     16.0
  SINCE JUL 1     20.8                      48.9  -28.1     17.0
  SNOW DEPTH       1

DEGREE DAYS
 HEATING
  TODAY           26                        33     -7       24
  MONTH TO DATE  891                       926    -35      583
  SINCE DEC 1   3056                      3045     11     2240
  SINCE JUL 1   5258                      5840   -582     4458

 COOLING
  TODAY            0                         0      0        0
  MONTH TO DATE    0                         0      0        0
  SINCE DEC 1      0                         0      0        0
  SINCE JAN 1      0                         0      0        0
..................................................................


WIND (MPH)
  RESULTANT WIND SPEED  14   RESULTANT WIND DIRECTION   W (280)
  HIGHEST WIND SPEED    21   HIGHEST WIND DIRECTION     W (290)
  HIGHEST GUST SPEED    27   HIGHEST GUST DIRECTION     W (270)
  AVERAGE WIND SPEED    14.9



WEATHER CONDITIONS
 THE FOLLOWING WEATHER WAS RECORDED TODAY.
  LIGHT SNOW
  FOG


RELATIVE HUMIDITY (PERCENT)
 HIGHEST    70
 LOWEST     62
 AVERAGE    66

..........................................................


THE KODIAK CLIMATE NORMALS FOR TOMORROW
                         NORMAL    RECORD    YEAR
 MAXIMUM TEMPERATURE (F)   37        51      2014
                                             1962
 MINIMUM TEMPERATURE (F)   27        -4      1986


SUNRISE AND SUNSET
FEBRUARY 27 2017......SUNRISE   808 AM AKST  SUNSET   638 PM AKST
FEBRUARY 28 2017......SUNRISE   806 AM AKST  SUNSET   640 PM AKST

CIVIL TWILIGHT
FEBRUARY 27 2017        START    729 AM GMT     END    718 PM GMT
FEBRUARY 28 2017        START    727 AM GMT     END    720 PM GMT



-  INDICATES NEGATIVE NUMBERS.
R  INDICATES RECORD WAS SET OR TIED.
MM INDICATES DATA IS MISSING.
T  INDICATES TRACE AMOUNT.




$$
&&
------------------------------------------------------
AMOUNT OF DAYLIGHT TODAY  (HOUR:MIN)........10:30
GAIN/LOSS SINCE YESTERDAY (HOUR:MIN:SEC)....+0:04:57
