000
CDAK48 PADQ 190901
CLIADQ

CLIMATE REPORT
NATIONAL WEATHER SERVICE KODIAK, AK
101 AM AKDT SAT APR 19 2014

...................................
...THE KODIAK AP CLIMATE SUMMARY FOR APRIL 18 2014...

CLIMATE NORMAL PERIOD  1981 TO  2010
CLIMATE RECORD PERIOD  1949 TO  2014

WEATHER ITEM   OBSERVED TIME    RECORD YEAR NORMAL DEPARTURE LAST
               VALUE    (LST)   VALUE       VALUE  FROM      YEAR
                                                   NORMAL
...................................................................
TEMPERATURE
YESTERDAY
 MAXIMUM            43  0514 PM    64  1965     43       0     42
 MINIMUM            32  0700 AM    20  1982     33      -1     24
 AVERAGE            38                          38       0     33

PRECIPITATION
(INCHES)
 YESTERDAY        0.21           0.88  1957   0.20    0.01   0.00
 MONTH TO DATE    4.49                        3.56    0.93   0.14
 SINCE MAR 1      8.45                        9.09   -0.64   4.61
 SINCE JAN 1     29.70                       23.52    6.18  20.79

SNOWFALL
(INCHES)
 YESTERDAY         0.2            1.1  1976    0.2     0.0    0.0
 MONTH TO DATE     0.9                         6.3    -5.4    0.1
 SINCE MAR 1      12.4                        17.6    -5.2   11.8
 SINCE JUL 1      43.4                        67.0   -23.6   60.2
 SNOW DEPTH (IN)     0                                          0

DEGREE DAYS
 HEATING
  YESTERDAY         27                          27       0     32
  MONTH TO DATE    496                         518     -22    614
  SINCE MAR 1     1466                        1516     -50   1632
  SINCE JUL 1     6752                        7389    -637   7553

 COOLING
  YESTERDAY          0                           0       0      0
  MONTH TO DATE      0                           0       0      0
  SINCE MAR 1        0                           0       0      0
  SINCE JAN 1        0                           0       0      0
...................................................................

WIND (MPH)
 HIGHEST WIND SPEED    25     HIGHEST WIND DIRECTION     50
 HIGHEST GUST SPEED    31     HIGHEST GUST DIRECTION     50
 AVERAGE WIND SPEED  10.3

SKY COVER
  POSSIBLE SUNSHINE    MM          AVERAGE SKY COVER     MM

WEATHER CONDITIONS
 THE FOLLOWING WEATHER WAS RECORDED YESTERDAY.
  FOG
RAIN
SNOW


RELATIVE HUMIDITY
 HIGHEST RH     MM PERCENT       MM
 LOWEST  RH     MM PERCENT       MM
 AVERAGE RH     MM PERCENT       MM
...................................................................

THE KODIAK CLIMATE NORMALS FOR TODAY
                           NORMAL    RECORD   YEAR
 MAXIMUM TEMPERATURE (F)     44        64     1965
 MINIMUM TEMPERATURE (F)     33        23     1972

SUNRISE AND SUNSET
 APR 19 2014..........SUNRISE  6:49 AM      SUNSET  9:32 PM
 APR 20 2014..........SUNRISE  6:46 AM      SUNSET  9:34 PM

-  INDICATES NEGATIVE NUMBERS.
R  INDICATES RECORD HAS BEEN SET OR TIED.
MM INDICATES DATA IS MISSING.
T  INDICATES TRACE OF PRECIPITATION.

&&
-------------------------------------------------------------------

AMOUNT OF DAYLIGHT TODAY  (HOUR:MIN)........14 HOURS 43 MINUTES
GAIN/LOSS SINCE YESTERDAY (HOUR:MIN:SEC)....+0:04:51

$$
*** APR 14
