000
CDAK48 PADQ 291354
CLIADQ

CLIMATE REPORT
NATIONAL WEATHER SERVICE KODIAK, AK
554 AM AKDT SAT AUG 29 2015

...................................
...THE KODIAK AP CLIMATE SUMMARY FOR AUGUST 28 2015...

CLIMATE NORMAL PERIOD  1981 TO  2010
CLIMATE RECORD PERIOD  1913 TO  2015

WEATHER ITEM   OBSERVED TIME    RECORD YEAR NORMAL DEPARTURE LAST
               VALUE    (LST)   VALUE       VALUE  FROM      YEAR
                                                   NORMAL
...................................................................
TEMPERATURE
YESTERDAY
 MAXIMUM            64  0446 PM    80  1930     60       4     59
 MINIMUM            53  0645 AM    36  1994     48       5     49
 AVERAGE            59                          54       5     54

PRECIPITATION
(INCHES)
 YESTERDAY        0.00           2.46  1970   0.16   -0.16   0.01
 MONTH TO DATE    1.85                        4.04   -2.19   6.90
 SINCE JUN 1      8.25                       14.88   -6.63  15.70
 SINCE JAN 1     47.37                       46.27    1.10  49.23

SNOWFALL
(INCHES)
 YESTERDAY         0.0            0.0  2015    0.0     0.0    0.0
 MONTH TO DATE     0.0                         0.0     0.0    0.0
 SINCE JUN 1       0.0                         0.0     0.0    0.0
 SINCE JUL 1       0.0                         0.0     0.0    0.0
 SNOW DEPTH (IN)     0                                          0

DEGREE DAYS
 HEATING
  YESTERDAY          6                          11      -5     11
  MONTH TO DATE    154                         270    -116    228
  SINCE JUN 1      692                        1057    -365    890
  SINCE JUL 1      381                         596    -215    468

 COOLING
  YESTERDAY          0                           0       0      0
  MONTH TO DATE      0                           0       0      0
  SINCE JUN 1        1                           0       1      0
  SINCE JAN 1        1                           0       1      4
...................................................................

WIND (MPH)
 HIGHEST WIND SPEED    47     HIGHEST WIND DIRECTION    280
 HIGHEST GUST SPEED    60     HIGHEST GUST DIRECTION    280
 AVERAGE WIND SPEED  21.6

SKY COVER
  POSSIBLE SUNSHINE    MM          AVERAGE SKY COVER     MM

WEATHER CONDITIONS
 THE FOLLOWING WEATHER WAS RECORDED YESTERDAY.
  NO SIGNIFICANT WEATHER WAS OBSERVED.

RELATIVE HUMIDITY
 HIGHEST RH     MM PERCENT       MM
 LOWEST  RH     MM PERCENT       MM
 AVERAGE RH     MM PERCENT       MM
...................................................................

THE KODIAK CLIMATE NORMALS FOR TODAY
                           NORMAL    RECORD   YEAR
 MAXIMUM TEMPERATURE (F)     60        81     1919
 MINIMUM TEMPERATURE (F)     48        34     1998

SUNRISE AND SUNSET
 AUG 29 2015..........SUNRISE  7:05 AM      SUNSET  9:17 PM
 AUG 30 2015..........SUNRISE  7:07 AM      SUNSET  9:14 PM

-  INDICATES NEGATIVE NUMBERS.
R  INDICATES RECORD HAS BEEN SET OR TIED.
MM INDICATES DATA IS MISSING.
T  INDICATES TRACE OF PRECIPITATION.

&&
-------------------------------------------------------------------

AMOUNT OF DAYLIGHT TODAY  (HOUR:MIN)........14 HOURS 12 MINUTES
GAIN/LOSS SINCE YESTERDAY (HOUR:MIN:SEC)....-0:04:50

$$
CSB AUG 15
