000
CDAK48 PAFC 220942
CLIADQ


CLIMATE REPORT
NATIONAL WEATHER SERVICE ANCHORAGE, AK
142 AM AKDT TUE AUG 22 2017


...................................

...THE KODIAK CLIMATE SUMMARY FOR AUGUST 21 2017...

CLIMATE NORMAL PERIOD 1981 TO 2010
CLIMATE RECORD PERIOD 1913 TO 2017


WEATHER ITEM   OBSERVED TIME   RECORD YEAR NORMAL DEPARTURE LAST
                VALUE   (LST)  VALUE       VALUE  FROM      YEAR
                                                  NORMAL
..................................................................
TEMPERATURE (F)
 YESTERDAY
  MAXIMUM         62        MM  81    1948  61      1       58
  MINIMUM         52        MM  38    1986  49      3       54
  AVERAGE         57                        55      2       56

PRECIPITATION (IN)
  YESTERDAY        0.17          1.61 1972   0.14   0.03     0.13
  MONTH TO DATE    4.63                      2.94   1.69     2.54
  SINCE JUN 1     16.36                     13.78   2.58     8.47
  SINCE JAN 1     37.12                     45.17  -8.05    50.56

SNOWFALL (IN)
  YESTERDAY        0.0          MM      MM   0.0    0.0      0.0
  MONTH TO DATE    0.0                       0.0    0.0      0.0
  SINCE JUN 1      0.0                       0.0    0.0      0.0
  SINCE JUL 1      0.0                       0.0    0.0      0.0
  SNOW DEPTH       0

DEGREE DAYS
 HEATING
  YESTERDAY        8                        10     -2        9
  MONTH TO DATE  206                       196     10      140
  SINCE JUN 1    901                       984    -83      589
  SINCE JUL 1    485                       523    -38      294

 COOLING
  YESTERDAY        0                         0      0        0
  MONTH TO DATE    0                         0      0        0
  SINCE JUN 1      0                         1     -1       20
  SINCE JAN 1      0                         1     -1       20
..................................................................


WIND (MPH)
  RESULTANT WIND SPEED  15   RESULTANT WIND DIRECTION  NW (300)
  HIGHEST WIND SPEED    23   HIGHEST WIND DIRECTION     W (290)
  HIGHEST GUST SPEED    33   HIGHEST GUST DIRECTION    NW (300)
  AVERAGE WIND SPEED    14.8



WEATHER CONDITIONS
 THE FOLLOWING WEATHER WAS RECORDED YESTERDAY.
  LIGHT RAIN
  FOG


RELATIVE HUMIDITY (PERCENT)
 HIGHEST    89
 LOWEST     60
 AVERAGE    75

..........................................................


THE KODIAK CLIMATE NORMALS FOR TODAY
                         NORMAL    RECORD    YEAR
 MAXIMUM TEMPERATURE (F)   61        78      1948
 MINIMUM TEMPERATURE (F)   49        39      1969


SUNRISE AND SUNSET
AUGUST 22 2017........SUNRISE   650 AM AKDT  SUNSET   934 PM AKDT
AUGUST 23 2017........SUNRISE   652 AM AKDT  SUNSET   931 PM AKDT


-  INDICATES NEGATIVE NUMBERS.
R  INDICATES RECORD WAS SET OR TIED.
MM INDICATES DATA IS MISSING.
T  INDICATES TRACE AMOUNT.




$$
