000
CDUS44 KLCH 200850
CLIAEX


CLIMATE REPORT
NATIONAL WEATHER SERVICE LAKE CHARLES, LA
350 AM CDT MON OCT 20 2014


...................................

...THE ALEXANDRIA CLIMATE SUMMARY FOR OCTOBER 19 2014...

CLIMATE NORMAL PERIOD 1981 TO 2010
CLIMATE RECORD PERIOD 1892 TO 2014


WEATHER ITEM   OBSERVED TIME   RECORD YEAR NORMAL DEPARTURE LAST
                VALUE   (LST)  VALUE       VALUE  FROM      YEAR
                                                  NORMAL
..................................................................
TEMPERATURE (F)
 YESTERDAY
  MAXIMUM         77    158 PM  92    2004  79     -2       70
  MINIMUM         52   1159 PM  30    1948  54     -2       46
  AVERAGE         65                        66     -1       58

PRECIPITATION (IN)
  YESTERDAY        0.00          4.55 1994   0.18  -0.18     0.09
  MONTH TO DATE    4.54                      3.81   0.73     2.57
  SINCE SEP 1      5.41                      6.71  -1.30     7.96
  SINCE JAN 1     36.76                     42.94  -6.18    45.55

SNOWFALL (IN)
  YESTERDAY        0.0           0.0    MM  MM     MM       MM
  MONTH TO DATE    0.0                      MM     MM        0.0
  SINCE SEP 1      0.0                      MM     MM        0.0
  SINCE JUL 1      0.0                      MM     MM        0.0
  SNOW DEPTH       0

DEGREE DAYS
 HEATING
  YESTERDAY        0                         3     -3        7
  MONTH TO DATE    5                        27    -22       13
  SINCE SEP 1      5                        30    -25       13
  SINCE JUL 1      5                        30    -25       13

 COOLING
  YESTERDAY        0                         4     -4        0
  MONTH TO DATE  142                       101     41      141
  SINCE SEP 1    543                       464     79      602
  SINCE JAN 1   2451                      2451      0     2567
..................................................................


WIND (MPH)
  HIGHEST WIND SPEED    14   HIGHEST WIND DIRECTION     E (110)
  HIGHEST GUST SPEED    19   HIGHEST GUST DIRECTION     E (110)
  AVERAGE WIND SPEED     4.2


SKY COVER
  POSSIBLE SUNSHINE  MM
  AVERAGE SKY COVER 0.0


WEATHER CONDITIONS
 THE FOLLOWING WEATHER WAS RECORDED YESTERDAY.
  FOG


RELATIVE HUMIDITY (PERCENT)
 HIGHEST    93           300 AM
 LOWEST     41           200 PM
 AVERAGE    67

..........................................................


THE ALEXANDRIA CLIMATE NORMALS FOR TODAY
                         NORMAL    RECORD    YEAR
 MAXIMUM TEMPERATURE (F)   79        92      1899
 MINIMUM TEMPERATURE (F)   53        30      1989


SUNRISE AND SUNSET
OCTOBER 20 2014.......SUNRISE   717 AM CDT   SUNSET   633 PM CDT
OCTOBER 21 2014.......SUNRISE   717 AM CDT   SUNSET   632 PM CDT


-  INDICATES NEGATIVE NUMBERS.
R  INDICATES RECORD WAS SET OR TIED.
MM INDICATES DATA IS MISSING.
T  INDICATES TRACE AMOUNT.




$$
