000
CDUS44 KLCH 282212
CLIAEX


CLIMATE REPORT
NATIONAL WEATHER SERVICE LAKE CHARLES, LA
509 PM CDT TUE MAR 28 2017


...................................

...THE ALEXANDRIA CLIMATE SUMMARY FOR MARCH 28 2017...
VALID TODAY AS OF 0500 PM LOCAL TIME.

CLIMATE NORMAL PERIOD 1981 TO 2010
CLIMATE RECORD PERIOD 1892 TO 2017


WEATHER ITEM   OBSERVED TIME   RECORD YEAR NORMAL DEPARTURE LAST
                VALUE   (LST)  VALUE       VALUE  FROM      YEAR
                                                  NORMAL
..................................................................
TEMPERATURE (F)
 TODAY
  MAXIMUM         85    241 PM  91    1907  74     11       74
  MINIMUM         68    625 AM  34    1942  50     18       53
                                      1931
                                      1894
  AVERAGE         77                        62     15       64

PRECIPITATION (IN)
  TODAY            0.00          2.60 1980   0.17  -0.17     0.00
  MONTH TO DATE    2.03                      4.60  -2.57     7.51
  SINCE MAR 1      2.03                      4.60  -2.57     7.51
  SINCE JAN 1      9.74                     14.28  -4.54    13.99

SNOWFALL (IN)
  TODAY            0.0           0.0    MM  MM     MM        0.0
  MONTH TO DATE    0.0                      MM     MM        0.0
  SINCE MAR 1      0.0                      MM     MM        0.0
  SINCE JUL 1      0.5                      MM     MM        0.0
  SNOW DEPTH       0

DEGREE DAYS
 HEATING
  TODAY            0                         5     -5        1
  MONTH TO DATE  129                       200    -71       98
  SINCE MAR 1    129                       200    -71       98
  SINCE JUL 1   1105                      1865   -760     1298

 COOLING
  TODAY           12                         2     10        0
  MONTH TO DATE   94                        32     62       43
  SINCE MAR 1     94                        32     62       43
  SINCE JAN 1    176                        49    127       51
..................................................................


WIND (MPH)
  HIGHEST WIND SPEED    17   HIGHEST WIND DIRECTION     S (170)
  HIGHEST GUST SPEED    21   HIGHEST GUST DIRECTION     S (190)
  AVERAGE WIND SPEED     6.8


SKY COVER
  POSSIBLE SUNSHINE  MM
  AVERAGE SKY COVER 0.8


WEATHER CONDITIONS
 THE FOLLOWING WEATHER WAS RECORDED TODAY.
  FOG


RELATIVE HUMIDITY (PERCENT)
 HIGHEST   100           700 AM
 LOWEST     55           200 PM
 AVERAGE    78

..........................................................


THE ALEXANDRIA CLIMATE NORMALS FOR TOMORROW
                         NORMAL    RECORD    YEAR
 MAXIMUM TEMPERATURE (F)   74        92      1907
 MINIMUM TEMPERATURE (F)   50        30      1955


SUNRISE AND SUNSET
MARCH 28 2017.........SUNRISE   704 AM CDT   SUNSET   727 PM CDT
MARCH 29 2017.........SUNRISE   702 AM CDT   SUNSET   728 PM CDT


-  INDICATES NEGATIVE NUMBERS.
R  INDICATES RECORD WAS SET OR TIED.
MM INDICATES DATA IS MISSING.
T  INDICATES TRACE AMOUNT.




$$
