000
CDUS44 KLCH 140809
CLIAEX


CLIMATE REPORT
NATIONAL WEATHER SERVICE LAKE CHARLES, LA
209 AM CST SUN FEB 14 2016


...................................

...THE ALEXANDRIA CLIMATE SUMMARY FOR FEBRUARY 13 2016...

CLIMATE NORMAL PERIOD 1981 TO 2010
CLIMATE RECORD PERIOD 1892 TO 2016


WEATHER ITEM   OBSERVED TIME   RECORD YEAR NORMAL DEPARTURE LAST
                VALUE   (LST)  VALUE       VALUE  FROM      YEAR
                                                  NORMAL
..................................................................
TEMPERATURE (F)
 YESTERDAY
  MAXIMUM         59    339 PM  83    1907  62     -3       57
  MINIMUM         45    722 AM   3    1899  41      4       28
  AVERAGE         52                        51      1       43

PRECIPITATION (IN)
  YESTERDAY        0.00          4.00 1997   0.14  -0.14     0.00
                                      1927
  MONTH TO DATE    0.42                      1.99  -1.57     0.07
  SINCE DEC 1     12.26                     13.33  -1.07     6.17
  SINCE JAN 1      4.20                      7.21  -3.01     3.78

SNOWFALL (IN)
  YESTERDAY        0.0           T    1905  MM     MM        0.0
  MONTH TO DATE    0.0                      MM     MM        0.0
  SINCE DEC 1      0.0                      MM     MM        0.0
  SINCE JUL 1      0.0                      MM     MM        0.0
  SNOW DEPTH       0

DEGREE DAYS
 HEATING
  YESTERDAY       13                        14     -1       22
  MONTH TO DATE  172                       193    -21      197
  SINCE DEC 1    925                      1159   -234     1158
  SINCE JUL 1   1076                      1484   -408     1551
..................................................................


WIND (MPH)
  HIGHEST WIND SPEED    16   HIGHEST WIND DIRECTION     E (80)
  HIGHEST GUST SPEED    21   HIGHEST GUST DIRECTION    NE (60)
  AVERAGE WIND SPEED     8.3


SKY COVER
  POSSIBLE SUNSHINE  MM
  AVERAGE SKY COVER 0.2


WEATHER CONDITIONS
 THE FOLLOWING WEATHER WAS RECORDED YESTERDAY.
  NO SIGNIFICANT WEATHER WAS OBSERVED.


RELATIVE HUMIDITY (PERCENT)
 HIGHEST    61           300 AM
 LOWEST     37           300 PM
 AVERAGE    49

..........................................................


THE ALEXANDRIA CLIMATE NORMALS FOR TODAY
                         NORMAL    RECORD    YEAR
 MAXIMUM TEMPERATURE (F)   63        82      1949
                                             1926
 MINIMUM TEMPERATURE (F)   41        12      1905


SUNRISE AND SUNSET
FEBRUARY 14 2016......SUNRISE   653 AM CST   SUNSET   556 PM CST
FEBRUARY 15 2016......SUNRISE   652 AM CST   SUNSET   557 PM CST


-  INDICATES NEGATIVE NUMBERS.
R  INDICATES RECORD WAS SET OR TIED.
MM INDICATES DATA IS MISSING.
T  INDICATES TRACE AMOUNT.




$$
