000
CDUS44 KLCH 251247
CLIAEX


CLIMATE REPORT
NATIONAL WEATHER SERVICE LAKE CHARLES, LA
745 AM CDT MON JUL 25 2016


...................................

...THE ALEXANDRIA CLIMATE SUMMARY FOR JULY 24 2016...

CLIMATE NORMAL PERIOD 1981 TO 2010
CLIMATE RECORD PERIOD 1892 TO 2016


WEATHER ITEM   OBSERVED TIME   RECORD YEAR NORMAL DEPARTURE LAST
                VALUE   (LST)  VALUE       VALUE  FROM      YEAR
                                                  NORMAL
..................................................................
TEMPERATURE (F)
 YESTERDAY
  MAXIMUM         94   1120 AM 102    1907  92      2       98
  MINIMUM         75   1159 PM  60    1894  73      2       77
  AVERAGE         85                        83      2       88

PRECIPITATION (IN)
  YESTERDAY        1.75          2.42 1933   0.09   1.66     0.00
  MONTH TO DATE    2.74                      3.06  -0.32     2.08
  SINCE JUN 1      5.70                      8.16  -2.46     6.88
  SINCE JAN 1     28.05                     32.16  -4.11    32.13

DEGREE DAYS
 COOLING
  YESTERDAY       20                        18      2       23
  MONTH TO DATE  446                       414     32      458
  SINCE JUN 1    928                       867     61      943
  SINCE JAN 1   1395                      1321     74     1465
..................................................................


WIND (MPH)
  HIGHEST WIND SPEED    24   HIGHEST WIND DIRECTION    NE (60)
  HIGHEST GUST SPEED    34   HIGHEST GUST DIRECTION    NE (40)
  AVERAGE WIND SPEED     3.6


SKY COVER
  POSSIBLE SUNSHINE  MM
  AVERAGE SKY COVER 0.2


WEATHER CONDITIONS
 THE FOLLOWING WEATHER WAS RECORDED YESTERDAY.
  THUNDERSTORM
  HEAVY RAIN
  RAIN
  LIGHT RAIN
  FOG
  FOG W/VISIBILITY <= 1/4 MILE


RELATIVE HUMIDITY (PERCENT)
 HIGHEST    94          1200 AM
 LOWEST     60          1100 AM
 AVERAGE    77

..........................................................


THE ALEXANDRIA CLIMATE NORMALS FOR TODAY
                         NORMAL    RECORD    YEAR
 MAXIMUM TEMPERATURE (F)   92       102      1954
                                             1907
 MINIMUM TEMPERATURE (F)   73        61      1894


SUNRISE AND SUNSET
JULY 25 2016..........SUNRISE   623 AM CDT   SUNSET   810 PM CDT
JULY 26 2016..........SUNRISE   623 AM CDT   SUNSET   810 PM CDT


-  INDICATES NEGATIVE NUMBERS.
R  INDICATES RECORD WAS SET OR TIED.
MM INDICATES DATA IS MISSING.
T  INDICATES TRACE AMOUNT.




$$
