000
CDUS44 KLCH 202213
CLIAEX


CLIMATE REPORT
NATIONAL WEATHER SERVICE LAKE CHARLES, LA
413 PM CST FRI JAN 20 2017


...................................

...THE ALEXANDRIA CLIMATE SUMMARY FOR JANUARY 20 2017...
VALID TODAY AS OF 0400 PM LOCAL TIME.

CLIMATE NORMAL PERIOD 1981 TO 2010
CLIMATE RECORD PERIOD 1892 TO 2017


WEATHER ITEM   OBSERVED TIME   RECORD YEAR NORMAL DEPARTURE LAST
                VALUE   (LST)  VALUE       VALUE  FROM      YEAR
                                                  NORMAL
..................................................................
TEMPERATURE (F)
 TODAY
  MAXIMUM         76    318 PM  87    1895  59     17       68
  MINIMUM         57   1225 AM  15    1940  38     19       44
  AVERAGE         67                        49     18       56

PRECIPITATION (IN)
  TODAY            0.00          3.60 1979   0.17  -0.17     0.01
  MONTH TO DATE    4.53                      3.12   1.41     1.92
  SINCE DEC 1     13.58                      9.24   4.34     9.98
  SINCE JAN 1      4.53                      3.12   1.41     1.92

SNOWFALL (IN)
  TODAY            0.0           2.0  1978  MM     MM       MM
  MONTH TO DATE    0.5                      MM     MM        0.0
  SINCE DEC 1      0.5                      MM     MM        0.0
  SINCE JUL 1      0.5                      MM     MM        0.0
  SNOW DEPTH       0

DEGREE DAYS
 HEATING
  TODAY            0                        16    -16        9
  MONTH TO DATE  183                       320   -137      344
  SINCE DEC 1    554                       784   -230      591
  SINCE JUL 1    729                      1109   -380      742
..................................................................


WIND (MPH)
  HIGHEST WIND SPEED    13   HIGHEST WIND DIRECTION    SW (230)
  HIGHEST GUST SPEED    17   HIGHEST GUST DIRECTION     S (200)
  AVERAGE WIND SPEED     7.2


SKY COVER
  POSSIBLE SUNSHINE  MM
  AVERAGE SKY COVER 0.5


WEATHER CONDITIONS
 THE FOLLOWING WEATHER WAS RECORDED TODAY.
  FOG
  HAZE


RELATIVE HUMIDITY (PERCENT)
 HIGHEST   100          1200 AM
 LOWEST     54           300 PM
 AVERAGE    77

..........................................................


THE ALEXANDRIA CLIMATE NORMALS FOR TOMORROW
                         NORMAL    RECORD    YEAR
 MAXIMUM TEMPERATURE (F)   59        79      2012
                                             1937
                                             1920
 MINIMUM TEMPERATURE (F)   38        13      1985


SUNRISE AND SUNSET
JANUARY 20 2017.......SUNRISE   708 AM CST   SUNSET   535 PM CST
JANUARY 21 2017.......SUNRISE   708 AM CST   SUNSET   536 PM CST


-  INDICATES NEGATIVE NUMBERS.
R  INDICATES RECORD WAS SET OR TIED.
MM INDICATES DATA IS MISSING.
T  INDICATES TRACE AMOUNT.




$$
