858
CDUS44 KLCH 081245
CLIAEX


CLIMATE REPORT
NATIONAL WEATHER SERVICE LAKE CHARLES, LA
645 AM CST THU DEC 8 2016


...................................

...THE ALEXANDRIA CLIMATE SUMMARY FOR DECEMBER 7 2016...

CLIMATE NORMAL PERIOD 1981 TO 2010
CLIMATE RECORD PERIOD 1892 TO 2016


WEATHER ITEM   OBSERVED TIME   RECORD YEAR NORMAL DEPARTURE LAST
                VALUE   (LST)  VALUE       VALUE  FROM      YEAR
                                                  NORMAL
..................................................................
TEMPERATURE (F)
 YESTERDAY
  MAXIMUM         54    508 PM  85    1924  62     -8       68
  MINIMUM         50    854 AM  17    1950  41      9       37
  AVERAGE         52                        51      1       53

PRECIPITATION (IN)
  YESTERDAY        T             3.45 1916   0.25  -0.25     0.00
  MONTH TO DATE    7.44                      1.80   5.64     0.20
  SINCE DEC 1      7.44                      1.80   5.64     0.20
  SINCE JAN 1     54.41                     51.60   2.81    55.32

SNOWFALL (IN)
  YESTERDAY        0.0           0.0    MM  MM     MM        0.0
  MONTH TO DATE    0.0                      MM     MM        0.0
  SINCE DEC 1      0.0                      MM     MM        0.0
  SINCE JUL 1      0.0                      MM     MM        0.0
  SNOW DEPTH       0

DEGREE DAYS
 HEATING
  YESTERDAY       13                        14     -1       12
  MONTH TO DATE  101                        95      6       96
  SINCE DEC 1    101                        95      6       96
  SINCE JUL 1    276                       420   -144      247
..................................................................


WIND (MPH)
  HIGHEST WIND SPEED    10   HIGHEST WIND DIRECTION     E (70)
  HIGHEST GUST SPEED    12   HIGHEST GUST DIRECTION     E (70)
  AVERAGE WIND SPEED     4.2


SKY COVER
  POSSIBLE SUNSHINE  MM
  AVERAGE SKY COVER 1.0


WEATHER CONDITIONS
 THE FOLLOWING WEATHER WAS RECORDED YESTERDAY.
  LIGHT RAIN
  FOG


RELATIVE HUMIDITY (PERCENT)
 HIGHEST    93           700 AM
 LOWEST     83          1200 PM
 AVERAGE    88

..........................................................


THE ALEXANDRIA CLIMATE NORMALS FOR TODAY
                         NORMAL    RECORD    YEAR
 MAXIMUM TEMPERATURE (F)   61        83      2007
 MINIMUM TEMPERATURE (F)   41        20      1910


SUNRISE AND SUNSET
DECEMBER  8 2016......SUNRISE   657 AM CST   SUNSET   508 PM CST
DECEMBER  9 2016......SUNRISE   658 AM CST   SUNSET   508 PM CST


-  INDICATES NEGATIVE NUMBERS.
R  INDICATES RECORD WAS SET OR TIED.
MM INDICATES DATA IS MISSING.
T  INDICATES TRACE AMOUNT.




$$
