000
CDUS44 KLCH 260828
CLIAEX


CLIMATE REPORT
NATIONAL WEATHER SERVICE LAKE CHARLES, LA
227 AM CST FRI DEC 26 2014


...................................

...THE ALEXANDRIA CLIMATE SUMMARY FOR DECEMBER 25 2014...

CLIMATE NORMAL PERIOD 1981 TO 2010
CLIMATE RECORD PERIOD 1892 TO 2014


WEATHER ITEM   OBSERVED TIME   RECORD YEAR NORMAL DEPARTURE LAST
                VALUE   (LST)  VALUE       VALUE  FROM      YEAR
                                                  NORMAL
..................................................................
TEMPERATURE (F)
 YESTERDAY
  MAXIMUM         60    240 PM  81    1942  59      1       52
  MINIMUM         29    629 AM   9    1983  40    -11       26
  AVERAGE         45                        50     -5       39

PRECIPITATION (IN)
  YESTERDAY        0.00          4.76 1926   0.17  -0.17     0.00
  MONTH TO DATE    1.53                      5.26  -3.73     2.60
  SINCE DEC 1      1.53                      5.26  -3.73     2.60
  SINCE JAN 1     42.00                     55.06 -13.06    55.09

SNOWFALL (IN)
  YESTERDAY        0.0           0.0    MM  MM     MM        0.0
  MONTH TO DATE    0.0                      MM     MM        0.0
  SINCE DEC 1      0.0                      MM     MM        0.0
  SINCE JUL 1      0.0                      MM     MM        0.0
  SNOW DEPTH       0

DEGREE DAYS
 HEATING
  YESTERDAY       20                        16      4       26
  MONTH TO DATE  292                       369    -77      392
  SINCE DEC 1    292                       369    -77      392
  SINCE JUL 1    685                       694     -9      768
..................................................................


WIND (MPH)
  HIGHEST WIND SPEED    20   HIGHEST WIND DIRECTION    SE (140)
  HIGHEST GUST SPEED    23   HIGHEST GUST DIRECTION    SE (140)
  AVERAGE WIND SPEED     6.9


SKY COVER
  POSSIBLE SUNSHINE  MM
  AVERAGE SKY COVER 0.0


WEATHER CONDITIONS
 THE FOLLOWING WEATHER WAS RECORDED YESTERDAY.
  NO SIGNIFICANT WEATHER WAS OBSERVED.


RELATIVE HUMIDITY (PERCENT)
 HIGHEST   100           300 AM
 LOWEST     40           200 PM
 AVERAGE    70

..........................................................


THE ALEXANDRIA CLIMATE NORMALS FOR TODAY
                         NORMAL    RECORD    YEAR
 MAXIMUM TEMPERATURE (F)   59        78      2008
                                             1987
                                             1982
 MINIMUM TEMPERATURE (F)   40         9      1983


SUNRISE AND SUNSET
DECEMBER 26 2014......SUNRISE   707 AM CST   SUNSET   514 PM CST
DECEMBER 27 2014......SUNRISE   708 AM CST   SUNSET   515 PM CST


-  INDICATES NEGATIVE NUMBERS.
R  INDICATES RECORD WAS SET OR TIED.
MM INDICATES DATA IS MISSING.
T  INDICATES TRACE AMOUNT.




$$
