000
CDUS44 KLCH 260920
CLIAEX


CLIMATE REPORT
NATIONAL WEATHER SERVICE LAKE CHARLES, LA
320 AM CST MON JAN 26 2015


...................................

...THE ALEXANDRIA CLIMATE SUMMARY FOR JANUARY 25 2015...

CLIMATE NORMAL PERIOD 1981 TO 2010
CLIMATE RECORD PERIOD 1892 TO 2015


WEATHER ITEM   OBSERVED TIME   RECORD YEAR NORMAL DEPARTURE LAST
                VALUE   (LST)  VALUE       VALUE  FROM      YEAR
                                                  NORMAL
..................................................................
TEMPERATURE (F)
 YESTERDAY
  MAXIMUM         67    404 PM  81    1950  60      7       57
                                      1895
  MINIMUM         38    728 AM  11    1963  38      0       17
  AVERAGE         53                        49      4       37

PRECIPITATION (IN)
  YESTERDAY        0.00          3.45 1990   0.18  -0.18     0.00
  MONTH TO DATE    3.71                      4.01  -0.30     1.52
  SINCE DEC 1      6.10                     10.13  -4.03     4.12
  SINCE JAN 1      3.71                      4.01  -0.30     1.52

SNOWFALL (IN)
  YESTERDAY        0.0           T    1948  MM     MM        0.0
  MONTH TO DATE    0.0                      MM     MM        3.0
  SINCE DEC 1      0.0                      MM     MM        3.0
  SINCE JUL 1      0.0                      MM     MM        3.0
  SNOW DEPTH       0

DEGREE DAYS
 HEATING
  YESTERDAY       12                        16     -4       28
  MONTH TO DATE  508                       400    108      529
  SINCE DEC 1    898                       864     34     1038
  SINCE JUL 1   1291                      1189    102     1414
..................................................................


WIND (MPH)
  HIGHEST WIND SPEED    21   HIGHEST WIND DIRECTION    NW (310)
  HIGHEST GUST SPEED    27   HIGHEST GUST DIRECTION     W (250)
  AVERAGE WIND SPEED     8.2


SKY COVER
  POSSIBLE SUNSHINE  MM
  AVERAGE SKY COVER 0.0


WEATHER CONDITIONS
 THE FOLLOWING WEATHER WAS RECORDED YESTERDAY.
  NO SIGNIFICANT WEATHER WAS OBSERVED.


RELATIVE HUMIDITY (PERCENT)
 HIGHEST    92           500 AM
 LOWEST     33           700 PM
 AVERAGE    63

..........................................................


THE ALEXANDRIA CLIMATE NORMALS FOR TODAY
                         NORMAL    RECORD    YEAR
 MAXIMUM TEMPERATURE (F)   60        78      1970
                                             1952
                                             1950
 MINIMUM TEMPERATURE (F)   38        10      1940


SUNRISE AND SUNSET
JANUARY 26 2015.......SUNRISE   706 AM CST   SUNSET   540 PM CST
JANUARY 27 2015.......SUNRISE   706 AM CST   SUNSET   541 PM CST


-  INDICATES NEGATIVE NUMBERS.
R  INDICATES RECORD WAS SET OR TIED.
MM INDICATES DATA IS MISSING.
T  INDICATES TRACE AMOUNT.




$$
