000
CDUS44 KLCH 270932
CLIAEX


CLIMATE REPORT
NATIONAL WEATHER SERVICE LAKE CHARLES, LA
332 AM CST THU NOV 27 2014


...................................

...THE ALEXANDRIA CLIMATE SUMMARY FOR NOVEMBER 26 2014...

CLIMATE NORMAL PERIOD 1981 TO 2010
CLIMATE RECORD PERIOD 1892 TO 2014


WEATHER ITEM   OBSERVED TIME   RECORD YEAR NORMAL DEPARTURE LAST
                VALUE   (LST)  VALUE       VALUE  FROM      YEAR
                                                  NORMAL
..................................................................
TEMPERATURE (F)
 YESTERDAY
  MAXIMUM         69    221 PM  85    1910  65      4       41
  MINIMUM         35    358 AM  27    1911  43     -8       38
  AVERAGE         52                        54     -2       40

PRECIPITATION (IN)
  YESTERDAY        0.00          3.05 1919   0.24  -0.24     0.43
  MONTH TO DATE    3.70                      4.47  -0.77     4.62
  SINCE SEP 1      9.12                     12.55  -3.43    14.90
  SINCE JAN 1     40.47                     48.78  -8.31    52.49

SNOWFALL (IN)
  YESTERDAY        0.0           0.0    MM  MM     MM       MM
  MONTH TO DATE    0.0                      MM     MM        0.0
  SINCE SEP 1      0.0                      MM     MM        0.0
  SINCE JUL 1      0.0                      MM     MM        0.0
  SNOW DEPTH       0

DEGREE DAYS
 HEATING
  YESTERDAY       13                        11      2       25
  MONTH TO DATE  324                       203    121      241
  SINCE SEP 1    359                       276     83      284
  SINCE JUL 1    359                       276     83      284
..................................................................


WIND (MPH)
  HIGHEST WIND SPEED    25   HIGHEST WIND DIRECTION    SW (230)
  HIGHEST GUST SPEED    34   HIGHEST GUST DIRECTION    SW (230)
  AVERAGE WIND SPEED     8.3


SKY COVER
  POSSIBLE SUNSHINE  MM
  AVERAGE SKY COVER 0.0


WEATHER CONDITIONS
 THE FOLLOWING WEATHER WAS RECORDED YESTERDAY.
  NO SIGNIFICANT WEATHER WAS OBSERVED.


RELATIVE HUMIDITY (PERCENT)
 HIGHEST    92          1200 AM
 LOWEST     35           100 PM
 AVERAGE    64

..........................................................


THE ALEXANDRIA CLIMATE NORMALS FOR TODAY
                         NORMAL    RECORD    YEAR
 MAXIMUM TEMPERATURE (F)   65        89      1965
 MINIMUM TEMPERATURE (F)   43        22      1903
                                             1895


SUNRISE AND SUNSET
NOVEMBER 27 2014......SUNRISE   648 AM CST   SUNSET   508 PM CST
NOVEMBER 28 2014......SUNRISE   649 AM CST   SUNSET   507 PM CST


-  INDICATES NEGATIVE NUMBERS.
R  INDICATES RECORD WAS SET OR TIED.
MM INDICATES DATA IS MISSING.
T  INDICATES TRACE AMOUNT.




$$
