000
CDUS42 KCAE 290530
CLIAGS


CLIMATE REPORT
NATIONAL WEATHER SERVICE COLUMBIA SC
129 AM EDT SUN MAY 29 2016


...................................

...THE AUGUSTA REGIONAL BUSH FIELD GA CLIMATE SUMMARY FOR MAY 28 2016...

CLIMATE NORMAL PERIOD 1981 TO 2010
CLIMATE RECORD PERIOD 1873 TO 2016


WEATHER ITEM   OBSERVED TIME   RECORD YEAR NORMAL DEPARTURE LAST
                VALUE   (LST)  VALUE       VALUE  FROM      YEAR
                                                  NORMAL
..................................................................
TEMPERATURE (F)
 YESTERDAY
  MAXIMUM         84    246 PM  99    1964  88     -4       89
  MINIMUM         57    528 AM  45    1961  61     -4       67
  AVERAGE         71                        75     -4       78

PRECIPITATION (IN)
  YESTERDAY        0.29          2.14 1950   0.11   0.18     0.00
  MONTH TO DATE    3.31                      2.30   1.01     0.93
  SINCE MAR 1     10.91                      9.32   1.59     8.83
  SINCE JAN 1     16.33                     17.15  -0.82    15.63

SNOWFALL (IN)
  YESTERDAY        0.0          MM      MM   0.0             0.0
  MONTH TO DATE    0.0                       0.0             0.0
  SINCE MAR 1      0.0                       0.0             0.0
  SINCE JUL 1      0.5                       0.9              T

DEGREE DAYS
 HEATING
  YESTERDAY        0                         0      0        0
  MONTH TO DATE   13                        18     -5       10
  SINCE MAR 1    279                       438   -159      277
  SINCE JUL 1   1856                      2470   -614     2563

 COOLING
  YESTERDAY        6                        10     -4       13
  MONTH TO DATE  166                       180    -14      213
  SINCE MAR 1    281                       250     31      327
  SINCE JAN 1    284                       253     31      327
..................................................................


WIND (MPH)
  HIGHEST WIND SPEED    13   HIGHEST WIND DIRECTION     E (100)
  HIGHEST GUST SPEED    16   HIGHEST GUST DIRECTION     E (80)
  AVERAGE WIND SPEED     3.7


SKY COVER
  AVERAGE SKY COVER 0.5


WEATHER CONDITIONS
 THE FOLLOWING WEATHER WAS RECORDED YESTERDAY.
  HEAVY RAIN
  LIGHT RAIN
  FOG


RELATIVE HUMIDITY (PERCENT)
 HIGHEST   100           300 AM
 LOWEST     58           200 PM
 AVERAGE    79

..........................................................


THE AUGUSTA REGIONAL BUSH FIELD GA CLIMATE NORMALS FOR TODAY
                         NORMAL    RECORD    YEAR
 MAXIMUM TEMPERATURE (F)   88        99      1914
 MINIMUM TEMPERATURE (F)   62        50      1968


SUNRISE AND SUNSET
MAY 29 2016...........SUNRISE   620 AM EDT   SUNSET   831 PM EDT
MAY 30 2016...........SUNRISE   620 AM EDT   SUNSET   832 PM EDT


-  INDICATES NEGATIVE NUMBERS.
R  INDICATES RECORD WAS SET OR TIED.
MM INDICATES DATA IS MISSING.
T  INDICATES TRACE AMOUNT.




$$
