000
CDUS42 KCAE 172212
CLIAGS


CLIMATE REPORT
NATIONAL WEATHER SERVICE COLUMBIA SC
512 PM EST WED DEC 17 2014


...................................

...THE AUGUSTA BUSH FIELD GA CLIMATE SUMMARY FOR DECEMBER 17 2014...
VALID TODAY AS OF 0500 PM LOCAL TIME.

CLIMATE NORMAL PERIOD 1981 TO 2010
CLIMATE RECORD PERIOD 1873 TO 2014


WEATHER ITEM   OBSERVED TIME   RECORD YEAR NORMAL DEPARTURE LAST
                VALUE   (LST)  VALUE       VALUE  FROM      YEAR
                                                  NORMAL
..................................................................
TEMPERATURE (F)
 TODAY
  MAXIMUM         62    425 PM  79    1933  59      3       65
  MINIMUM         29    718 AM  15    1955  34     -5       28
  AVERAGE         46                        47     -1       47

PRECIPITATION (IN)
  TODAY            0.00          0.93 1930   0.11  -0.11     0.00
  MONTH TO DATE    0.10                      1.79  -1.69     3.11
  SINCE DEC 1      0.10                      1.79  -1.69     3.11
  SINCE JAN 1     34.58                     41.97  -7.39    51.73

SNOWFALL (IN)
  TODAY            0.0           0.2  1989   0.0             0.0
  MONTH TO DATE    0.0                       0.0             0.0
  SINCE DEC 1      0.0                       0.0             0.0
  SINCE JUL 1      0.0                       0.0             0.0

DEGREE DAYS
 HEATING
  TODAY           19                        18      1       18
  MONTH TO DATE  253                       282    -29      235
  SINCE DEC 1    253                       282    -29      235
  SINCE JUL 1    817                       704    113      694

 COOLING
  TODAY            0                         0      0        0
  MONTH TO DATE    0                         0      0        4
  SINCE DEC 1      0                         0      0        4
  SINCE JAN 1   2099                      2086     13     1869
..................................................................


WIND (MPH)
  HIGHEST WIND SPEED     9   HIGHEST WIND DIRECTION    NW (300)
  HIGHEST GUST SPEED    12   HIGHEST GUST DIRECTION    SW (220)
  AVERAGE WIND SPEED     2.7


SKY COVER
  AVERAGE SKY COVER 0.0


WEATHER CONDITIONS
 THE FOLLOWING WEATHER WAS RECORDED TODAY.
  FOG


RELATIVE HUMIDITY (PERCENT)
 HIGHEST   100           800 AM
 LOWEST     39           400 PM
 AVERAGE    70

..........................................................


THE AUGUSTA BUSH FIELD GA CLIMATE NORMALS FOR TOMORROW
                         NORMAL    RECORD    YEAR
 MAXIMUM TEMPERATURE (F)   59        82      2008
 MINIMUM TEMPERATURE (F)   34        17      1953


SUNRISE AND SUNSET
DECEMBER 17 2014......SUNRISE   725 AM EST   SUNSET   523 PM EST
DECEMBER 18 2014......SUNRISE   726 AM EST   SUNSET   523 PM EST


-  INDICATES NEGATIVE NUMBERS.
R  INDICATES RECORD WAS SET OR TIED.
MM INDICATES DATA IS MISSING.
T  INDICATES TRACE AMOUNT.




$$
