000
CDUS42 KCAE 270644
CLIAGS


CLIMATE REPORT
NATIONAL WEATHER SERVICE COLUMBIA SC
144 AM EST MON FEB 27 2017


...................................

...THE AUGUSTA REGIONAL BUSH FIELD GA CLIMATE SUMMARY FOR FEBRUARY 26 2017...

CLIMATE NORMAL PERIOD 1981 TO 2010
CLIMATE RECORD PERIOD 1873 TO 2017


WEATHER ITEM   OBSERVED TIME   RECORD YEAR NORMAL DEPARTURE LAST
                VALUE   (LST)  VALUE       VALUE  FROM      YEAR
                                                  NORMAL
..................................................................
TEMPERATURE (F)
 YESTERDAY
  MAXIMUM         69    421 PM  85    1996  65      4       58
  MINIMUM         33    718 AM  12    1967  38     -5       35
  AVERAGE         51                        52     -1       47

PRECIPITATION (IN)
  YESTERDAY        0.00          2.19 1939   0.14  -0.14     0.00
  MONTH TO DATE    2.05                      3.63  -1.58     3.76
  SINCE DEC 1     16.59                     10.93   5.66    12.34
  SINCE JAN 1     12.18                      7.54   4.64     5.42

SNOWFALL (IN)
  YESTERDAY        0.0           0.4  1952   0.0             0.0
  MONTH TO DATE    0.0                       0.4             0.0
  SINCE DEC 1      T                         0.9             0.5
  SINCE JUL 1      T                         0.9             0.5

DEGREE DAYS
 HEATING
  YESTERDAY       14                        14      0       18
  MONTH TO DATE  188                       420   -232      393
  SINCE DEC 1    854                      1583   -729     1247
  SINCE JUL 1   1125                      2005   -880     1534

 COOLING
  YESTERDAY        0                         0      0        0
  MONTH TO DATE   15                         0     15        3
  SINCE DEC 1     36                         4     32       50
  SINCE JAN 1     29                         1     28        3
..................................................................


WIND (MPH)
  HIGHEST WIND SPEED    15   HIGHEST WIND DIRECTION    NW (300)
  HIGHEST GUST SPEED    21   HIGHEST GUST DIRECTION    NW (300)
  AVERAGE WIND SPEED     4.0


SKY COVER
  AVERAGE SKY COVER 0.0


WEATHER CONDITIONS
 THE FOLLOWING WEATHER WAS RECORDED YESTERDAY.
  NO SIGNIFICANT WEATHER WAS OBSERVED.


RELATIVE HUMIDITY (PERCENT)
 HIGHEST    75           700 AM
 LOWEST     14           300 PM
 AVERAGE    45

..........................................................


THE AUGUSTA REGIONAL BUSH FIELD GA CLIMATE NORMALS FOR TODAY
                         NORMAL    RECORD    YEAR
 MAXIMUM TEMPERATURE (F)   65        84      2011
 MINIMUM TEMPERATURE (F)   38        19      1974


SUNRISE AND SUNSET
FEBRUARY 27 2017......SUNRISE   658 AM EST   SUNSET   623 PM EST
FEBRUARY 28 2017......SUNRISE   657 AM EST   SUNSET   624 PM EST


-  INDICATES NEGATIVE NUMBERS.
R  INDICATES RECORD WAS SET OR TIED.
MM INDICATES DATA IS MISSING.
T  INDICATES TRACE AMOUNT.




$$
