282
CDUS42 KCAE 032215
CLIAGS


CLIMATE REPORT
NATIONAL WEATHER SERVICE COLUMBIA SC
514 PM EST SAT DEC 3 2016


...................................

...THE AUGUSTA BUSH FIELD GA CLIMATE SUMMARY FOR DECEMBER 3 2016...
VALID TODAY AS OF 0500 PM LOCAL TIME.

CLIMATE NORMAL PERIOD 1981 TO 2010
CLIMATE RECORD PERIOD 1873 TO 2016


WEATHER ITEM   OBSERVED TIME   RECORD YEAR NORMAL DEPARTURE LAST
                VALUE   (LST)  VALUE       VALUE  FROM      YEAR
                                                  NORMAL
..................................................................
TEMPERATURE (F)
 TODAY
  MAXIMUM         60    232 PM  82    1982  63     -3       55
  MINIMUM         34    356 AM  13    1960  37     -3       45
  AVERAGE         47                        50     -3       50

PRECIPITATION (IN)
  TODAY            0.00          2.85 1927   0.10  -0.10     0.00
  MONTH TO DATE    0.00                      0.31  -0.31     0.50
  SINCE DEC 1      0.00                      0.31  -0.31     0.50
  SINCE JAN 1     33.86                     40.49  -6.63    40.97

SNOWFALL (IN)
  TODAY            0.0           0.4  1971   0.0             0.0
  MONTH TO DATE    0.0                       0.0             0.0
  SINCE DEC 1      0.0                       0.0             0.0
  SINCE JUL 1      0.0                       0.0             0.0

DEGREE DAYS
 HEATING
  TODAY           18                        15      3       15
  MONTH TO DATE   45                        45      0       24
  SINCE DEC 1     45                        45      0       24
  SINCE JUL 1    316                       467   -151      311

 COOLING
  TODAY            0                         0      0        0
  MONTH TO DATE    0                         0      0        0
  SINCE DEC 1      0                         0      0        0
  SINCE JAN 1   2509                      2086    423     2310
..................................................................


WIND (MPH)
  HIGHEST WIND SPEED    13   HIGHEST WIND DIRECTION     E (70)
  HIGHEST GUST SPEED    15   HIGHEST GUST DIRECTION    NE (60)
  AVERAGE WIND SPEED     2.7


SKY COVER
  AVERAGE SKY COVER 0.0


WEATHER CONDITIONS
 THE FOLLOWING WEATHER WAS RECORDED TODAY.
  NO SIGNIFICANT WEATHER WAS OBSERVED.


RELATIVE HUMIDITY (PERCENT)
 HIGHEST    96           400 AM
 LOWEST     37           300 PM
 AVERAGE    67

..........................................................


THE AUGUSTA BUSH FIELD GA CLIMATE NORMALS FOR TOMORROW
                         NORMAL    RECORD    YEAR
 MAXIMUM TEMPERATURE (F)   63        80      1978
 MINIMUM TEMPERATURE (F)   37        16      1979
                                             1960


SUNRISE AND SUNSET
DECEMBER  3 2016......SUNRISE   716 AM EST   SUNSET   520 PM EST
DECEMBER  4 2016......SUNRISE   717 AM EST   SUNSET   520 PM EST


-  INDICATES NEGATIVE NUMBERS.
R  INDICATES RECORD WAS SET OR TIED.
MM INDICATES DATA IS MISSING.
T  INDICATES TRACE AMOUNT.




$$
