000
CDUS42 KCAE 232249
CLIAGS


CLIMATE REPORT
NATIONAL WEATHER SERVICE COLUMBIA SC
549 PM EST MON JAN 23 2017


...................................

...THE AUGUSTA BUSH FIELD GA CLIMATE SUMMARY FOR JANUARY 23 2017...
VALID TODAY AS OF 0500 PM LOCAL TIME.

CLIMATE NORMAL PERIOD 1981 TO 2010
CLIMATE RECORD PERIOD 1873 TO 2017


WEATHER ITEM   OBSERVED TIME   RECORD YEAR NORMAL DEPARTURE LAST
                VALUE   (LST)  VALUE       VALUE  FROM      YEAR
                                                  NORMAL
..................................................................
TEMPERATURE (F)
 TODAY
  MAXIMUM         66    315 PM  78    1932  58      8       41
                                      1927
                                      1920
  MINIMUM         50    436 AM  16    1985  33     17       31
                                      1960
  AVERAGE         58                        46     12       36

PRECIPITATION (IN)
  TODAY            0.03          1.67 1885   0.13  -0.10     0.04
  MONTH TO DATE    9.84                      2.86   6.98     1.38
  SINCE DEC 1     14.25                      6.25   8.00     8.30
  SINCE JAN 1      9.84                      2.86   6.98     1.38

SNOWFALL (IN)
  TODAY            0.0           1.5  1970   0.0             0.5
  MONTH TO DATE    T                         0.3             0.5
  SINCE DEC 1      T                         0.4             0.5
  SINCE JUL 1      T                         0.4             0.5

DEGREE DAYS
 HEATING
  TODAY            7                        19    -12       29
  MONTH TO DATE  196                       458   -262      491
  SINCE DEC 1    562                      1011   -449      708
  SINCE JUL 1    833                      1433   -600      995

 COOLING
  TODAY            0                         0      0        0
  MONTH TO DATE   14                         0     14        0
  SINCE DEC 1     21                         3     18       47
  SINCE JAN 1     14                         0     14        0
..................................................................


WIND (MPH)
  HIGHEST WIND SPEED    16   HIGHEST WIND DIRECTION    NW (300)
  HIGHEST GUST SPEED    20   HIGHEST GUST DIRECTION     W (280)
  AVERAGE WIND SPEED     7.6


SKY COVER
  AVERAGE SKY COVER 0.6


WEATHER CONDITIONS
 THE FOLLOWING WEATHER WAS RECORDED TODAY.
  LIGHT RAIN


RELATIVE HUMIDITY (PERCENT)
 HIGHEST    83           200 AM
 LOWEST     52           500 PM
 AVERAGE    68

..........................................................


THE AUGUSTA BUSH FIELD GA CLIMATE NORMALS FOR TOMORROW
                         NORMAL    RECORD    YEAR
 MAXIMUM TEMPERATURE (F)   59        80      1950
 MINIMUM TEMPERATURE (F)   33        12      2005


SUNRISE AND SUNSET
JANUARY 23 2017.......SUNRISE   729 AM EST   SUNSET   551 PM EST
JANUARY 24 2017.......SUNRISE   728 AM EST   SUNSET   552 PM EST


-  INDICATES NEGATIVE NUMBERS.
R  INDICATES RECORD WAS SET OR TIED.
MM INDICATES DATA IS MISSING.
T  INDICATES TRACE AMOUNT.




$$
