486
CDUS42 KCAE 130708
CLIAGS


CLIMATE REPORT
NATIONAL WEATHER SERVICE COLUMBIA SC
208 AM EST WED DEC 13 2017


...................................

...THE AUGUSTA REGIONAL BUSH FIELD GA CLIMATE SUMMARY FOR DECEMBER 12 2017...

CLIMATE NORMAL PERIOD 1981 TO 2010
CLIMATE RECORD PERIOD 1873 TO 2017


WEATHER ITEM   OBSERVED TIME   RECORD YEAR NORMAL DEPARTURE LAST
                VALUE   (LST)  VALUE       VALUE  FROM      YEAR
                                                  NORMAL
..................................................................
TEMPERATURE (F)
 YESTERDAY
  MAXIMUM         61   1256 PM  82    2007  61      0       74
  MINIMUM         40   1210 AM  14    1958  35      5       43
  AVERAGE         51                        48      3       59

PRECIPITATION (IN)
  YESTERDAY        0.00          1.67 1961   0.11  -0.11      T
  MONTH TO DATE    2.43                      1.25   1.18     2.74
  SINCE DEC 1      2.43                      1.25   1.18     2.74
  SINCE JAN 1     43.28                     41.43   1.85    36.60

SNOWFALL (IN)
  YESTERDAY        0.0          MM      MM   0.0             0.0
  MONTH TO DATE    0.0                       0.0             0.0
  SINCE DEC 1      0.0                       0.0             0.0
  SINCE JUL 1      0.0                       0.0             0.0

DEGREE DAYS
 HEATING
  YESTERDAY       14                        17     -3        6
  MONTH TO DATE  163                       192    -29      184
  SINCE DEC 1    163                       192    -29      184
  SINCE JUL 1    528                       614    -86      455

 COOLING
  YESTERDAY        0                         0      0        0
  MONTH TO DATE    0                         0      0        0
  SINCE DEC 1      0                         0      0        0
  SINCE JAN 1   2703                      2086    617     2509
..................................................................


WIND (MPH)
  HIGHEST WIND SPEED    28   HIGHEST WIND DIRECTION    NW (300)
  HIGHEST GUST SPEED    35   HIGHEST GUST DIRECTION    NW (300)
  AVERAGE WIND SPEED    13.1


SKY COVER
  AVERAGE SKY COVER 0.0


WEATHER CONDITIONS
 THE FOLLOWING WEATHER WAS RECORDED YESTERDAY.
  NO SIGNIFICANT WEATHER WAS OBSERVED.


RELATIVE HUMIDITY (PERCENT)
 HIGHEST    79          1200 AM
 LOWEST     33           300 PM
 AVERAGE    56

..........................................................


THE AUGUSTA REGIONAL BUSH FIELD GA CLIMATE NORMALS FOR TODAY
                         NORMAL    RECORD    YEAR
 MAXIMUM TEMPERATURE (F)   60        81      2007
 MINIMUM TEMPERATURE (F)   35         6      1962


SUNRISE AND SUNSET
DECEMBER 13 2017......SUNRISE   723 AM EST   SUNSET   521 PM EST
DECEMBER 14 2017......SUNRISE   724 AM EST   SUNSET   522 PM EST


-  INDICATES NEGATIVE NUMBERS.
R  INDICATES RECORD WAS SET OR TIED.
MM INDICATES DATA IS MISSING.
T  INDICATES TRACE AMOUNT.




$$
