000
CDUS42 KFFC 200022
CLIAHN


CLIMATE REPORT
NATIONAL WEATHER SERVICE PEACHTREE CITY GA
822 PM EDT THU OCT 19 2017


...................................

...THE ATHENS CLIMATE SUMMARY FOR OCTOBER 19 2017...
VALID AS OF 0800 PM LOCAL TIME.

CLIMATE NORMAL PERIOD 1981 TO 2010
CLIMATE RECORD PERIOD 1898 TO 2017


WEATHER ITEM   OBSERVED TIME   RECORD YEAR NORMAL DEPARTURE LAST
                VALUE   (LST)  VALUE       VALUE  FROM      YEAR
                                                  NORMAL
..................................................................
TEMPERATURE (F)
 TODAY
  MAXIMUM         76    309 PM  91    2016  73      3       91
  MINIMUM         40    625 AM  33    2009  50    -10       59
  AVERAGE         58                        62     -4       75

PRECIPITATION (IN)
  TODAY            0.00          5.40 1937   0.11  -0.11     0.00
  MONTH TO DATE    2.90                      2.32   0.58     0.03
  SINCE SEP 1      7.09                      6.26   0.83     1.25
  SINCE JAN 1     49.08                     37.55  11.53    32.22

SNOWFALL (IN)
  TODAY           MM             0.0  2002   0.0   MM        0.0
                                      2001
                                      2000
  MONTH TO DATE    0.0                       0.0    0.0      0.0
  SINCE SEP 1      0.0                       0.0    0.0      0.0
  SINCE JUL 1      0.0                       0.0    0.0      0.0
  SNOW DEPTH       0

DEGREE DAYS
 HEATING
  TODAY            7                         4      3        0
  MONTH TO DATE   23                        54    -31       11
  SINCE SEP 1     32                        64    -32       11
  SINCE JUL 1     32                        64    -32       11

 COOLING
  TODAY            0                         1     -1       10
  MONTH TO DATE  111                        50     61       94
  SINCE SEP 1    354                       310     44      480
  SINCE JAN 1   1993                      1865    128     2394
..................................................................


WIND (MPH)
  HIGHEST WIND SPEED     6   HIGHEST WIND DIRECTION     E (100)
  HIGHEST GUST SPEED    10   HIGHEST GUST DIRECTION     E (100)
  AVERAGE WIND SPEED     1.0


SKY COVER
  AVERAGE SKY COVER 0.0


WEATHER CONDITIONS
 THE FOLLOWING WEATHER WAS RECORDED TODAY.
  NO SIGNIFICANT WEATHER WAS OBSERVED.


RELATIVE HUMIDITY (PERCENT)
 HIGHEST   100           600 AM
 LOWEST     31           300 PM

..........................................................


THE ATHENS CLIMATE NORMALS FOR TOMORROW
                         NORMAL    RECORD    YEAR
 MAXIMUM TEMPERATURE (F)   73        90      2016
                                             1910
 MINIMUM TEMPERATURE (F)   50        32      1981


SUNRISE AND SUNSET
OCTOBER 19 2017.......SUNRISE   742 AM EDT   SUNSET   654 PM EDT
OCTOBER 20 2017.......SUNRISE   743 AM EDT   SUNSET   653 PM EDT


-  INDICATES NEGATIVE NUMBERS.
R  INDICATES RECORD WAS SET OR TIED.
MM INDICATES DATA IS MISSING.
T  INDICATES TRACE AMOUNT.




$$
