000
CDUS42 KFFC 290022
CLIAHN


CLIMATE REPORT
NATIONAL WEATHER SERVICE PEACHTREE CITY GA
822 PM EDT FRI APR 28 2017


...................................

...THE ATHENS CLIMATE SUMMARY FOR APRIL 28 2017...
VALID AS OF 0800 PM LOCAL TIME.

CLIMATE NORMAL PERIOD 1981 TO 2010
CLIMATE RECORD PERIOD 1898 TO 2017


WEATHER ITEM   OBSERVED TIME   RECORD YEAR NORMAL DEPARTURE LAST
                VALUE   (LST)  VALUE       VALUE  FROM      YEAR
                                                  NORMAL
..................................................................
TEMPERATURE (F)
 TODAY
  MAXIMUM         85    355 PM  92    1915  77      8       87
  MINIMUM         61    108 AM  38    1967  53      8       64
                                      1928
  AVERAGE         73                        65      8       76

PRECIPITATION (IN)
  TODAY            T             2.54 1963   0.10  -0.10      T
  MONTH TO DATE    6.86                      2.95   3.91     1.98
  SINCE MAR 1     11.17                      7.38   3.79     3.93
  SINCE JAN 1     18.87                     15.91   2.96    12.10

SNOWFALL (IN)
  TODAY            0.0           0.0  2002   0.0    0.0      0.0
                                      2001
                                      2000
  MONTH TO DATE    0.0                       0.1   -0.1      0.0
  SINCE MAR 1      0.0                       0.9   -0.9      0.0
  SINCE JUL 1      0.0                       3.0   -3.0      0.1
  SNOW DEPTH       0

DEGREE DAYS
 HEATING
  TODAY            0                         3     -3        0
  MONTH TO DATE   60                       142    -82      110
  SINCE MAR 1    341                       482   -141      297
  SINCE JUL 1   1865                      2737   -872     2140

 COOLING
  TODAY            8                         3      5       11
  MONTH TO DATE   95                        41     54       51
  SINCE MAR 1    133                        51     82       88
  SINCE JAN 1    142                        52     90       88
..................................................................


WIND (MPH)
  HIGHEST WIND SPEED     8   HIGHEST WIND DIRECTION     S (170)
  HIGHEST GUST SPEED    13   HIGHEST GUST DIRECTION     S (160)
  AVERAGE WIND SPEED     2.0


SKY COVER
  AVERAGE SKY COVER 0.7


WEATHER CONDITIONS
 THE FOLLOWING WEATHER WAS RECORDED TODAY.
  LIGHT RAIN


RELATIVE HUMIDITY (PERCENT)
 HIGHEST   100          1200 AM
 LOWEST     59           400 PM

..........................................................


THE ATHENS CLIMATE NORMALS FOR TOMORROW
                         NORMAL    RECORD    YEAR
 MAXIMUM TEMPERATURE (F)   77        90      2016
                                             1915
 MINIMUM TEMPERATURE (F)   53        38      1973
                                             1928


SUNRISE AND SUNSET
APRIL 28 2017.........SUNRISE   647 AM EDT   SUNSET   815 PM EDT
APRIL 29 2017.........SUNRISE   646 AM EDT   SUNSET   816 PM EDT


-  INDICATES NEGATIVE NUMBERS.
R  INDICATES RECORD WAS SET OR TIED.
MM INDICATES DATA IS MISSING.
T  INDICATES TRACE AMOUNT.




$$
