000
CDUS42 KFFC 240919
CLIAHN


CLIMATE REPORT
NATIONAL WEATHER SERVICE PEACHTREE CITY GA
416 AM EST TUE JAN 24 2017


...................................

...THE ATHENS CLIMATE SUMMARY FOR JANUARY 23 2017...

CLIMATE NORMAL PERIOD 1981 TO 2010
CLIMATE RECORD PERIOD 1898 TO 2017


WEATHER ITEM   OBSERVED TIME   RECORD YEAR NORMAL DEPARTURE LAST
                VALUE   (LST)  VALUE       VALUE  FROM      YEAR
                                                  NORMAL
..................................................................
TEMPERATURE (F)
 YESTERDAY
  MAXIMUM         64    210 PM  79    1927  54     10       37
  MINIMUM         43    741 AM  11    1960  33     10       28
  AVERAGE         54                        44     10       33

PRECIPITATION (IN)
  YESTERDAY        0.02          1.61 1873   0.14  -0.12     0.01
  MONTH TO DATE    6.42                      2.92   3.50     3.55
  SINCE DEC 1      8.84                      6.65   2.19    15.92
  SINCE JAN 1      6.42                      2.92   3.50     3.55

SNOWFALL (IN)
  YESTERDAY        0.0           0.1  2016   0.1   -0.1      0.1
  MONTH TO DATE    0.0                       1.1   -1.1      0.1
  SINCE DEC 1      0.0                       1.2   -1.2      0.1
  SINCE JUL 1      0.0                       1.2   -1.2      0.1
  SNOW DEPTH       0

DEGREE DAYS
 HEATING
  YESTERDAY       11                        21    -10       32
  MONTH TO DATE  285                       502   -217      558
  SINCE DEC 1    831                      1112   -281      837
  SINCE JUL 1   1117                      1592   -475     1197
..................................................................


WIND (MPH)
  RESULTANT WIND SPEED   8   RESULTANT WIND DIRECTION   W (280)
  HIGHEST WIND SPEED    23   HIGHEST WIND DIRECTION    NW (300)
  HIGHEST GUST SPEED    31   HIGHEST GUST DIRECTION    NW (330)
  AVERAGE WIND SPEED     8.9


SKY COVER
  POSSIBLE SUNSHINE  MM
  AVERAGE SKY COVER 0.4


WEATHER CONDITIONS
 THE FOLLOWING WEATHER WAS RECORDED YESTERDAY.
  LIGHT RAIN
  FOG


RELATIVE HUMIDITY (PERCENT)
 HIGHEST   100           500 AM
 LOWEST     64           400 PM
 AVERAGE    82

..........................................................


THE ATHENS CLIMATE NORMALS FOR TODAY
                         NORMAL    RECORD    YEAR
 MAXIMUM TEMPERATURE (F)   54        78      1927
 MINIMUM TEMPERATURE (F)   33         4      1963


SUNRISE AND SUNSET
JANUARY 24 2017.......SUNRISE   735 AM EST   SUNSET   556 PM EST
JANUARY 25 2017.......SUNRISE   734 AM EST   SUNSET   557 PM EST


-  INDICATES NEGATIVE NUMBERS.
R  INDICATES RECORD WAS SET OR TIED.
MM INDICATES DATA IS MISSING.
T  INDICATES TRACE AMOUNT.




$$
