000
CDUS42 KFFC 050819
CLIAHN


CLIMATE REPORT
NATIONAL WEATHER SERVICE PEACHTREE CITY GA
419 AM EDT WED AUG 5 2015


...................................

...THE ATHENS CLIMATE SUMMARY FOR AUGUST 4 2015...

CLIMATE NORMAL PERIOD 1981 TO 2010
CLIMATE RECORD PERIOD 1898 TO 2015


WEATHER ITEM   OBSERVED TIME   RECORD YEAR NORMAL DEPARTURE LAST
                VALUE   (LST)  VALUE       VALUE  FROM      YEAR
                                                  NORMAL
..................................................................
TEMPERATURE (F)
 YESTERDAY
  MAXIMUM        100    353 PM 101    1931  91      9       91
  MINIMUM         72    615 AM  59    1985  70      2       67
  AVERAGE         86                        80      6       79

PRECIPITATION (IN)
  YESTERDAY        0.00          1.88 1948   0.13  -0.13     0.00
  MONTH TO DATE    0.00                      0.51  -0.51     0.02
  SINCE JUN 1      7.84                      9.16  -1.32     7.98
  SINCE JAN 1     28.24                     28.27  -0.03    27.62

DEGREE DAYS
 COOLING
  YESTERDAY       21                        15      6       14
  MONTH TO DATE   75                        62     13       44
  SINCE JUN 1   1081                       924    157      911
  SINCE JAN 1   1406                      1164    242     1181
..................................................................


WIND (MPH)
  RESULTANT WIND SPEED   1   RESULTANT WIND DIRECTION   E (110)
  HIGHEST WIND SPEED     8   HIGHEST WIND DIRECTION     W (250)
  HIGHEST GUST SPEED    12   HIGHEST GUST DIRECTION     W (260)
  AVERAGE WIND SPEED     1.3


SKY COVER
  POSSIBLE SUNSHINE  MM
  AVERAGE SKY COVER 0.1


WEATHER CONDITIONS
 THE FOLLOWING WEATHER WAS RECORDED YESTERDAY.
  HAZE


RELATIVE HUMIDITY (PERCENT)
 HIGHEST    93           200 AM
 LOWEST     26           200 PM
 AVERAGE    60

..........................................................


THE ATHENS CLIMATE NORMALS FOR TODAY
                         NORMAL    RECORD    YEAR
 MAXIMUM TEMPERATURE (F)   91       101      1931
                                             1930
 MINIMUM TEMPERATURE (F)   70        60      1976
                                             1912


SUNRISE AND SUNSET
AUGUST  5 2015........SUNRISE   648 AM EDT   SUNSET   831 PM EDT
AUGUST  6 2015........SUNRISE   648 AM EDT   SUNSET   830 PM EDT


-  INDICATES NEGATIVE NUMBERS.
R  INDICATES RECORD WAS SET OR TIED.
MM INDICATES DATA IS MISSING.
T  INDICATES TRACE AMOUNT.




$$
