000
CDUS42 KFFC 190920
CLIAHN


CLIMATE REPORT
NATIONAL WEATHER SERVICE PEACHTREE CITY GA
419 AM EST SUN FEB 19 2017


...................................

...THE ATHENS CLIMATE SUMMARY FOR FEBRUARY 18 2017...

CLIMATE NORMAL PERIOD 1981 TO 2010
CLIMATE RECORD PERIOD 1898 TO 2017


WEATHER ITEM   OBSERVED TIME   RECORD YEAR NORMAL DEPARTURE LAST
                VALUE   (LST)  VALUE       VALUE  FROM      YEAR
                                                  NORMAL
..................................................................
TEMPERATURE (F)
 YESTERDAY
  MAXIMUM         58    425 PM  75    1939  59     -1       60
                                      1911
  MINIMUM         45    452 AM   8    1958  37      8       29
  AVERAGE         52                        48      4       45

PRECIPITATION (IN)
  YESTERDAY        0.04          4.88 1889   0.16  -0.12     0.00
  MONTH TO DATE    1.15                      2.87  -1.72     2.30
  SINCE DEC 1     10.08                     10.65  -0.57    18.35
  SINCE JAN 1      7.66                      6.92   0.74     5.98

SNOWFALL (IN)
  YESTERDAY        0.0           T    2015   0.0    0.0      0.0
  MONTH TO DATE    0.0                       0.4   -0.4       T
  SINCE DEC 1      0.0                       1.9   -1.9      0.1
  SINCE JUL 1      0.0                       1.9   -1.9      0.1
  SNOW DEPTH       0

DEGREE DAYS
 HEATING
  YESTERDAY       13                        17     -4       20
  MONTH TO DATE  216                       339   -123      361
  SINCE DEC 1   1177                      1616   -439     1346
  SINCE JUL 1   1463                      2096   -633     1706
..................................................................


WIND (MPH)
  RESULTANT WIND SPEED   1   RESULTANT WIND DIRECTION  SE (140)
  HIGHEST WIND SPEED     9   HIGHEST WIND DIRECTION    SW (210)
  HIGHEST GUST SPEED    15   HIGHEST GUST DIRECTION    SW (210)
  AVERAGE WIND SPEED     1.7


SKY COVER
  POSSIBLE SUNSHINE  MM
  AVERAGE SKY COVER 0.5


WEATHER CONDITIONS
 THE FOLLOWING WEATHER WAS RECORDED YESTERDAY.
  LIGHT RAIN
  FOG


RELATIVE HUMIDITY (PERCENT)
 HIGHEST    89           800 PM
 LOWEST     44           100 AM
 AVERAGE    67

..........................................................


THE ATHENS CLIMATE NORMALS FOR TODAY
                         NORMAL    RECORD    YEAR
 MAXIMUM TEMPERATURE (F)   59        79      1939
 MINIMUM TEMPERATURE (F)   37        14      1958


SUNRISE AND SUNSET
FEBRUARY 19 2017......SUNRISE   713 AM EST   SUNSET   621 PM EST
FEBRUARY 20 2017......SUNRISE   712 AM EST   SUNSET   622 PM EST


-  INDICATES NEGATIVE NUMBERS.
R  INDICATES RECORD WAS SET OR TIED.
MM INDICATES DATA IS MISSING.
T  INDICATES TRACE AMOUNT.




$$
