000
CDUS42 KFFC 252035
CLIAHN


CLIMATE REPORT
NATIONAL WEATHER SERVICE PEACHTREE CITY GA
435 PM EDT SUN SEP 25 2016


...................................

...THE ATHENS CLIMATE SUMMARY FOR SEPTEMBER 25 2016...
VALID TODAY AS OF 0400 PM LOCAL TIME.

CLIMATE NORMAL PERIOD 1981 TO 2010
CLIMATE RECORD PERIOD 1898 TO 2016


WEATHER ITEM   OBSERVED TIME   RECORD YEAR NORMAL DEPARTURE LAST
                VALUE   (LST)  VALUE       VALUE  FROM      YEAR
                                                  NORMAL
..................................................................
TEMPERATURE (F)
 TODAY
  MAXIMUM         94    306 PM  96    1931  81     13       67
  MINIMUM         64    619 AM  42    1928  59      5       61
  AVERAGE         79                        70      9       64

PRECIPITATION (IN)
  TODAY            0.00          5.34 1956   0.15  -0.15     0.52
  MONTH TO DATE    1.08                      3.17  -2.09     2.77
  SINCE SEP 1      1.08                      3.17  -2.09     2.77
  SINCE JAN 1     32.05                     34.46  -2.41    37.79

DEGREE DAYS
 HEATING
  TODAY            0                         1     -1        1
  MONTH TO DATE    0                         3     -3        2
  SINCE SEP 1      0                         3     -3        2
  SINCE JUL 1      0                         3     -3        2

 COOLING
  TODAY           14                         6      8        0
  MONTH TO DATE  343                       234    109      226
  SINCE SEP 1    343                       234    109      226
  SINCE JAN 1   2257                      1789    468     2023
..................................................................


WIND (MPH)
  HIGHEST WIND SPEED     8   HIGHEST WIND DIRECTION    NE (50)
  HIGHEST GUST SPEED    12   HIGHEST GUST DIRECTION     E (70)
  AVERAGE WIND SPEED     1.1


SKY COVER
  AVERAGE SKY COVER 0.0


WEATHER CONDITIONS
 THE FOLLOWING WEATHER WAS RECORDED TODAY.
  NO SIGNIFICANT WEATHER WAS OBSERVED.


RELATIVE HUMIDITY (PERCENT)
 HIGHEST   100           600 AM
 LOWEST     39           200 PM
 AVERAGE    70

..........................................................


THE ATHENS CLIMATE NORMALS FOR TOMORROW
                         NORMAL    RECORD    YEAR
 MAXIMUM TEMPERATURE (F)   81        96      1925
 MINIMUM TEMPERATURE (F)   59        45      2001
                                             1950


SUNRISE AND SUNSET
SEPTEMBER 25 2016.....SUNRISE   724 AM EDT   SUNSET   725 PM EDT
SEPTEMBER 26 2016.....SUNRISE   724 AM EDT   SUNSET   724 PM EDT


-  INDICATES NEGATIVE NUMBERS.
R  INDICATES RECORD WAS SET OR TIED.
MM INDICATES DATA IS MISSING.
T  INDICATES TRACE AMOUNT.




$$
