000
CDUS42 KFFC 300021
CLIAHN


CLIMATE REPORT
NATIONAL WEATHER SERVICE PEACHTREE CITY GA
821 PM EDT SUN MAR 29 2015


...................................

...THE ATHENS CLIMATE SUMMARY FOR MARCH 29 2015...
VALID AS OF 0800 PM LOCAL TIME.

CLIMATE NORMAL PERIOD 1981 TO 2010
CLIMATE RECORD PERIOD 1898 TO 2015


WEATHER ITEM   OBSERVED TIME   RECORD YEAR NORMAL DEPARTURE LAST
                VALUE   (LST)  VALUE       VALUE  FROM      YEAR
                                                  NORMAL
..................................................................
TEMPERATURE (F)
 TODAY
  MAXIMUM         62    316 PM  85    1928  70     -8       70
  MINIMUM         27    645 AM  25    1887  45    -18       45
  AVERAGE         45                        58    -13       58

PRECIPITATION (IN)
  TODAY            0.00          5.80 1886   0.14  -0.14     0.11
  MONTH TO DATE    2.65                      4.17  -1.52     3.37
  SINCE MAR 1      2.65                      4.17  -1.52     3.37
  SINCE JAN 1      9.62                     12.70  -3.08    12.01

SNOWFALL (IN)
  TODAY            0.0           0.0  2002   0.1   -0.1     MM
                                      2001
                                      2000
  MONTH TO DATE    0.0                       0.8   -0.8      0.0
  SINCE MAR 1      0.0                       0.8   -0.8      0.0
  SINCE JUL 1      T                         2.9   -2.9      2.8
  SNOW DEPTH       0

DEGREE DAYS
 HEATING
  TODAY           20                         8     12        7
  MONTH TO DATE  240                       324    -84      394
  SINCE MAR 1    240                       324    -84      394
  SINCE JUL 1   2746                      2579    167     2856

 COOLING
  TODAY            0                         1     -1        0
  MONTH TO DATE    7                         1      6        0
  SINCE MAR 1      7                         1      6        0
  SINCE JAN 1      7                         2      5        1
..................................................................


WIND (MPH)
  HIGHEST WIND SPEED    10   HIGHEST WIND DIRECTION     E (100)
  HIGHEST GUST SPEED    16   HIGHEST GUST DIRECTION     E (110)
  AVERAGE WIND SPEED     2.9


SKY COVER
  AVERAGE SKY COVER 0.0


WEATHER CONDITIONS
 THE FOLLOWING WEATHER WAS RECORDED TODAY.
  NO SIGNIFICANT WEATHER WAS OBSERVED.


RELATIVE HUMIDITY (PERCENT)
 HIGHEST    78           500 AM
 LOWEST     14           300 PM

..........................................................


THE ATHENS CLIMATE NORMALS FOR TOMORROW
                         NORMAL    RECORD    YEAR
 MAXIMUM TEMPERATURE (F)   70        84      1985
                                             1938
                                             1922
 MINIMUM TEMPERATURE (F)   45        24      1964


SUNRISE AND SUNSET
MARCH 29 2015.........SUNRISE   725 AM EDT   SUNSET   752 PM EDT
MARCH 30 2015.........SUNRISE   724 AM EDT   SUNSET   752 PM EDT


-  INDICATES NEGATIVE NUMBERS.
R  INDICATES RECORD WAS SET OR TIED.
MM INDICATES DATA IS MISSING.
T  INDICATES TRACE AMOUNT.




$$
