000
CDUS42 KFFC 110918
CLIAHN


CLIMATE REPORT
NATIONAL WEATHER SERVICE PEACHTREE CITY GA
418 AM EST MON DEC 11 2017


...................................

...THE ATHENS CLIMATE SUMMARY FOR DECEMBER 10 2017...

CLIMATE NORMAL PERIOD 1981 TO 2010
CLIMATE RECORD PERIOD 1898 TO 2017


WEATHER ITEM   OBSERVED TIME   RECORD YEAR NORMAL DEPARTURE LAST
                VALUE   (LST)  VALUE       VALUE  FROM      YEAR
                                                  NORMAL
..................................................................
TEMPERATURE (F)
 YESTERDAY
  MAXIMUM         48    327 PM  79    2007  57     -9       49
  MINIMUM         25    753 AM  15    1917  36    -11       23
  AVERAGE         37                        46     -9       36

PRECIPITATION (IN)
  YESTERDAY        0.00          3.80 1919   0.13  -0.13     0.00
  MONTH TO DATE    0.95                      1.25  -0.30     1.87
  SINCE DEC 1      0.95                      1.25  -0.30     1.87
  SINCE JAN 1     54.06                     43.85  10.21    36.33

SNOWFALL (IN)
  YESTERDAY        0.0           0.0  2001   0.0    0.0      0.0
  MONTH TO DATE    T                         0.0    0.0      0.0
  SINCE DEC 1      T                         0.0    0.0      0.0
  SINCE JUL 1      T                         0.0    0.0      0.0
  SNOW DEPTH       0

DEGREE DAYS
 HEATING
  YESTERDAY       28                        19      9       29
  MONTH TO DATE  158                       176    -18      194
  SINCE DEC 1    158                       176    -18      194
  SINCE JUL 1    616                       656    -40      480
..................................................................


WIND (MPH)
  RESULTANT WIND SPEED   4   RESULTANT WIND DIRECTION   W (280)
  HIGHEST WIND SPEED    13   HIGHEST WIND DIRECTION    NW (310)
  HIGHEST GUST SPEED    18   HIGHEST GUST DIRECTION     W (280)
  AVERAGE WIND SPEED     5.9


SKY COVER
  POSSIBLE SUNSHINE  MM
  AVERAGE SKY COVER 0.0


WEATHER CONDITIONS
 THE FOLLOWING WEATHER WAS RECORDED YESTERDAY.
  NO SIGNIFICANT WEATHER WAS OBSERVED.


RELATIVE HUMIDITY (PERCENT)
 HIGHEST    92          1200 AM
 LOWEST     28           300 PM
 AVERAGE    60

..........................................................


THE ATHENS CLIMATE NORMALS FOR TODAY
                         NORMAL    RECORD    YEAR
 MAXIMUM TEMPERATURE (F)   57        78      2007
                                             1923
 MINIMUM TEMPERATURE (F)   36        15      1937
                                             1917


SUNRISE AND SUNSET
DECEMBER 11 2017......SUNRISE   729 AM EST   SUNSET   525 PM EST
DECEMBER 12 2017......SUNRISE   729 AM EST   SUNSET   525 PM EST


-  INDICATES NEGATIVE NUMBERS.
R  INDICATES RECORD WAS SET OR TIED.
MM INDICATES DATA IS MISSING.
T  INDICATES TRACE AMOUNT.




$$
