000
CDUS42 KFFC 292035
CLIAHN


CLIMATE REPORT
NATIONAL WEATHER SERVICE PEACHTREE CITY GA
435 PM EDT FRI JUL 29 2016


...................................

...THE ATHENS CLIMATE SUMMARY FOR JULY 29 2016...
VALID TODAY AS OF 0400 PM LOCAL TIME.

CLIMATE NORMAL PERIOD 1981 TO 2010
CLIMATE RECORD PERIOD 1898 TO 2016


WEATHER ITEM   OBSERVED TIME   RECORD YEAR NORMAL DEPARTURE LAST
                VALUE   (LST)  VALUE       VALUE  FROM      YEAR
                                                  NORMAL
..................................................................
TEMPERATURE (F)
 TODAY
  MAXIMUM         96    322 PM 103    1952  91      5       97
  MINIMUM         74    625 AM  60    1911  70      4       75
  AVERAGE         85                        81      4       86

PRECIPITATION (IN)
  TODAY            0.00          7.20 1887   0.14  -0.14      T
  MONTH TO DATE    0.36                      4.19  -3.83     5.08
  SINCE JUN 1      4.45                      8.37  -3.92     7.84
  SINCE JAN 1     19.63                     27.48  -7.85    28.24

DEGREE DAYS
 HEATING
  TODAY            0                         0      0        0
  MONTH TO DATE    0                         0      0        0
  SINCE JUN 1      0                         1     -1        0
  SINCE JUL 1      0                         0      0        0

 COOLING
  TODAY           20                        16      4       21
  MONTH TO DATE  555                       457     98      494
  SINCE JUN 1   1035                       835    200      964
  SINCE JAN 1   1336                      1075    261     1289
..................................................................


WIND (MPH)
  HIGHEST WIND SPEED    12   HIGHEST WIND DIRECTION     W (250)
  HIGHEST GUST SPEED    18   HIGHEST GUST DIRECTION    NW (300)
  AVERAGE WIND SPEED     6.3


SKY COVER
  AVERAGE SKY COVER 0.2


WEATHER CONDITIONS
 THE FOLLOWING WEATHER WAS RECORDED TODAY.
  NO SIGNIFICANT WEATHER WAS OBSERVED.


RELATIVE HUMIDITY (PERCENT)
 HIGHEST    93           500 AM
 LOWEST     42           300 PM
 AVERAGE    68

..........................................................


THE ATHENS CLIMATE NORMALS FOR TOMORROW
                         NORMAL    RECORD    YEAR
 MAXIMUM TEMPERATURE (F)   91       102      1999
                                             1915
 MINIMUM TEMPERATURE (F)   70        60      2014
                                             1925


SUNRISE AND SUNSET
JULY 29 2016..........SUNRISE   643 AM EDT   SUNSET   836 PM EDT
JULY 30 2016..........SUNRISE   644 AM EDT   SUNSET   835 PM EDT


-  INDICATES NEGATIVE NUMBERS.
R  INDICATES RECORD WAS SET OR TIED.
MM INDICATES DATA IS MISSING.
T  INDICATES TRACE AMOUNT.




$$
