000
CDUS42 KFFC 210820
CLIAHN


CLIMATE REPORT
NATIONAL WEATHER SERVICE PEACHTREE CITY GA
419 AM EDT MON APR 21 2014


...................................

...THE ATHENS CLIMATE SUMMARY FOR APRIL 20 2014...

CLIMATE NORMAL PERIOD 1981 TO 2010
CLIMATE RECORD PERIOD 1898 TO 2014


WEATHER ITEM   OBSERVED TIME   RECORD YEAR NORMAL DEPARTURE LAST
                VALUE   (LST)  VALUE       VALUE  FROM      YEAR
                                                  NORMAL
..................................................................
TEMPERATURE (F)
 YESTERDAY
  MAXIMUM         74    318 PM  94    1925  75     -1       67
  MINIMUM         47   1148 PM  29    1983  50     -3       37
  AVERAGE         61                        63     -2       52

PRECIPITATION (IN)
  YESTERDAY        T             1.88 1893   0.10  -0.10     0.00
  MONTH TO DATE    3.94                      2.12   1.82     2.28
  SINCE MAR 1      7.31                      6.55   0.76     6.63
  SINCE JAN 1     15.95                     15.08   0.87    17.96

SNOWFALL (IN)
  YESTERDAY        0.0           0.0  2002   0.0    0.0      0.0
                                      2001
                                      2000
  MONTH TO DATE    0.0                       0.1   -0.1      0.0
  SINCE MAR 1      0.0                       0.9   -0.9      0.0
  SINCE JUL 1      2.8                       3.0   -0.2      0.0
  SNOW DEPTH       0

DEGREE DAYS
 HEATING
  YESTERDAY        4                         4      0       13
  MONTH TO DATE  119                       115      4       99
  SINCE MAR 1    528                       455     73      591
  SINCE JUL 1   2990                      2710    280     2606

 COOLING
  YESTERDAY        0                         2     -2        0
  MONTH TO DATE   21                        24     -3       37
  SINCE MAR 1     21                        34    -13       39
  SINCE JAN 1     22                        35    -13       42
..................................................................


WIND (MPH)
  RESULTANT WIND SPEED   7   RESULTANT WIND DIRECTION   E (70)
  HIGHEST WIND SPEED    22   HIGHEST WIND DIRECTION     E (70)
  HIGHEST GUST SPEED    30   HIGHEST GUST DIRECTION     E (90)
  AVERAGE WIND SPEED     7.4


SKY COVER
  POSSIBLE SUNSHINE  MM
  AVERAGE SKY COVER 0.3


WEATHER CONDITIONS
 THE FOLLOWING WEATHER WAS RECORDED YESTERDAY.
  NO SIGNIFICANT WEATHER WAS OBSERVED.


RELATIVE HUMIDITY (PERCENT)
 HIGHEST    86           500 AM
 LOWEST     27           400 PM
 AVERAGE    57

..........................................................


THE ATHENS CLIMATE NORMALS FOR TODAY
                         NORMAL    RECORD    YEAR
 MAXIMUM TEMPERATURE (F)   75        88      2002
                                             1985
                                             1919
 MINIMUM TEMPERATURE (F)   51        31      1953


SUNRISE AND SUNSET
APRIL 21 2014.........SUNRISE   655 AM EDT   SUNSET   809 PM EDT
APRIL 22 2014.........SUNRISE   654 AM EDT   SUNSET   810 PM EDT


-  INDICATES NEGATIVE NUMBERS.
R  INDICATES RECORD WAS SET OR TIED.
MM INDICATES DATA IS MISSING.
T  INDICATES TRACE AMOUNT.




$$
