000
CDUS45 KCYS 020728
CLIAIA


CLIMATE REPORT
NATIONAL WEATHER SERVICE CHEYENNE WY
128 AM MDT SUN AUG 2 2015


...................................

...THE ALLIANCE NE AIRPORT CLIMATE SUMMARY FOR AUGUST 1 2015...

CLIMATE NORMAL PERIOD 1981 TO 2010
CLIMATE RECORD PERIOD 1896 TO 2015


WEATHER ITEM   OBSERVED TIME   RECORD YEAR NORMAL DEPARTURE LAST
                VALUE   (LST)  VALUE       VALUE  FROM      YEAR
                                                  NORMAL
..................................................................
TEMPERATURE (F)
 YESTERDAY
  MAXIMUM         94   1215 PM 103    1901  89      5       90
  MINIMUM         56    438 AM  43    2009  57     -1       47
  AVERAGE         75                        73      2       69

PRECIPITATION (IN)
  YESTERDAY        0.02          1.14 2013   0.06  -0.04     0.00
  MONTH TO DATE    0.02                      0.06  -0.04     0.00
  SINCE JAN 1     17.76                     10.77   6.99    12.35

DEGREE DAYS
 HEATING
  YESTERDAY        0                         0      0        0
  MONTH TO DATE    0                         0      0        0
  SINCE JUN 1     24                       105    -81      126
  SINCE JUL 1     15                        12      3       27

 COOLING
  YESTERDAY       10                         8      2        4
  MONTH TO DATE   10                         8      2        4
  SINCE JUN 1    288                       330    -42      262
  SINCE JAN 1    288                       340    -52      276
..................................................................


WIND (MPH)
  HIGHEST WIND SPEED    30   HIGHEST WIND DIRECTION     S (160)
  HIGHEST GUST SPEED    37   HIGHEST GUST DIRECTION    SE (150)
  AVERAGE WIND SPEED     9.1


SKY COVER
  AVERAGE SKY COVER 0.0


WEATHER CONDITIONS
 THE FOLLOWING WEATHER WAS RECORDED YESTERDAY.
  THUNDERSTORM
  LIGHT RAIN


RELATIVE HUMIDITY (PERCENT)
 HIGHEST    86           400 AM
 LOWEST     32          1100 AM
 AVERAGE    59

..........................................................


THE ALLIANCE NE AIRPORT CLIMATE NORMALS FOR TODAY
                         NORMAL    RECORD    YEAR
 MAXIMUM TEMPERATURE (F)   89       106      2008
 MINIMUM TEMPERATURE (F)   57        45      1978


SUNRISE AND SUNSET
AUGUST  2 2015........SUNRISE   545 AM MDT   SUNSET   809 PM MDT
AUGUST  3 2015........SUNRISE   546 AM MDT   SUNSET   808 PM MDT


-  INDICATES NEGATIVE NUMBERS.
R  INDICATES RECORD WAS SET OR TIED.
MM INDICATES DATA IS MISSING.
T  INDICATES TRACE AMOUNT.




$$
