000
CDUS45 KCYS 030727
CLIAIA


CLIMATE REPORT
NATIONAL WEATHER SERVICE CHEYENNE WY
1226 AM MST SAT DEC 3 2016


...................................

...THE ALLIANCE NE AIRPORT CLIMATE SUMMARY FOR DECEMBER 2 2016...

CLIMATE NORMAL PERIOD 1981 TO 2010
CLIMATE RECORD PERIOD 1896 TO 2016


WEATHER ITEM   OBSERVED TIME   RECORD YEAR NORMAL DEPARTURE LAST
                VALUE   (LST)  VALUE       VALUE  FROM      YEAR
                                                  NORMAL
..................................................................
TEMPERATURE (F)
 YESTERDAY
  MAXIMUM         43    101 PM  69    1901  41      2       50
  MINIMUM          7    651 AM -19    1985  11     -4       15
  AVERAGE         25                        26     -1       33

PRECIPITATION (IN)
  YESTERDAY        0.00          0.58 1955   0.02  -0.02     0.00
  MONTH TO DATE    0.00                      0.04  -0.04     0.01
  SINCE JAN 1     15.83                     15.38   0.45    21.94

DEGREE DAYS
 HEATING
  YESTERDAY       40                        39      1       32
  MONTH TO DATE   82                        78      4       66
  SINCE DEC 1     82                        78      4       66
  SINCE JUL 1   1412                      1877   -465     1553

 COOLING
  YESTERDAY        0                         0      0        0
  MONTH TO DATE    0                         0      0        0
  SINCE DEC 1      0                         0      0        0
  SINCE JAN 1    588                       564     24      566
..................................................................


WIND (MPH)
  HIGHEST WIND SPEED    13   HIGHEST WIND DIRECTION    SW (230)
  HIGHEST GUST SPEED    14   HIGHEST GUST DIRECTION    NW (330)
  AVERAGE WIND SPEED     4.9


SKY COVER
  AVERAGE SKY COVER 0.3


WEATHER CONDITIONS
 THE FOLLOWING WEATHER WAS RECORDED YESTERDAY.
  NO SIGNIFICANT WEATHER WAS OBSERVED.


RELATIVE HUMIDITY (PERCENT)
 HIGHEST    92           600 AM
 LOWEST     39           300 PM
 AVERAGE    66

..........................................................


THE ALLIANCE NE AIRPORT CLIMATE NORMALS FOR TODAY
                         NORMAL    RECORD    YEAR
 MAXIMUM TEMPERATURE (F)   41        68      1951
 MINIMUM TEMPERATURE (F)   10       -10      1978


SUNRISE AND SUNSET
DECEMBER  3 2016......SUNRISE   702 AM MST   SUNSET   420 PM MST
DECEMBER  4 2016......SUNRISE   703 AM MST   SUNSET   420 PM MST


-  INDICATES NEGATIVE NUMBERS.
R  INDICATES RECORD WAS SET OR TIED.
MM INDICATES DATA IS MISSING.
T  INDICATES TRACE AMOUNT.




$$
