442
CDUS45 KCYS 140438
CLIAIA


CLIMATE REPORT
NATIONAL WEATHER SERVICE CHEYENNE WY
937 PM MST SAT FEB 13 2016


...................................

...THE ALLIANCE NE AIRPORT CLIMATE SUMMARY FOR FEBRUARY 13 2016...
VALID TODAY AS OF 0900 PM LOCAL TIME.

CLIMATE NORMAL PERIOD 1981 TO 2010
CLIMATE RECORD PERIOD 1896 TO 2016


WEATHER ITEM   OBSERVED TIME   RECORD YEAR NORMAL DEPARTURE LAST
                VALUE   (LST)  VALUE       VALUE  FROM      YEAR
                                                  NORMAL
..................................................................
TEMPERATURE (F)
 TODAY
  MAXIMUM         45    334 PM  72    1954  41      4       61
  MINIMUM         30    725 AM -24    1905  12     18       28
  AVERAGE         38                        26     12       45

PRECIPITATION (IN)
  TODAY            0.00          0.40 1915   0.01  -0.01     0.00
  MONTH TO DATE    0.05                      0.16  -0.11     0.40
  SINCE JAN 1      0.07                      0.34  -0.27     0.85

DEGREE DAYS
 HEATING
  TODAY           27                        39    -12       20
  MONTH TO DATE  498                       514    -16      390
  SINCE DEC 1   3162                      3060    102     2901
  SINCE JUL 1   4649                      4859   -210     4609

 COOLING
  TODAY            0                         0      0        0
  MONTH TO DATE    0                         0      0        0
  SINCE DEC 1      0                         0      0        0
  SINCE JAN 1      0                         0      0        0
..................................................................


WIND (MPH)
  HIGHEST WIND SPEED    41   HIGHEST WIND DIRECTION    NW (320)
  HIGHEST GUST SPEED    53   HIGHEST GUST DIRECTION    NW (320)
  AVERAGE WIND SPEED    15.9


SKY COVER
  AVERAGE SKY COVER 0.6


WEATHER CONDITIONS
 THE FOLLOWING WEATHER WAS RECORDED TODAY.
  FOG


RELATIVE HUMIDITY (PERCENT)
 HIGHEST   100           600 AM
 LOWEST     70           300 PM
 AVERAGE    85

..........................................................


THE ALLIANCE NE AIRPORT CLIMATE NORMALS FOR TOMORROW
                         NORMAL    RECORD    YEAR
 MAXIMUM TEMPERATURE (F)   41        68      1954
 MINIMUM TEMPERATURE (F)   12       -22      1936


SUNRISE AND SUNSET
FEBRUARY 13 2016......SUNRISE   650 AM MST   SUNSET   521 PM MST
FEBRUARY 14 2016......SUNRISE   649 AM MST   SUNSET   522 PM MST


-  INDICATES NEGATIVE NUMBERS.
R  INDICATES RECORD WAS SET OR TIED.
MM INDICATES DATA IS MISSING.
T  INDICATES TRACE AMOUNT.




$$
