000
CDUS45 KCYS 200340
CLIAIA


CLIMATE REPORT
NATIONAL WEATHER SERVICE CHEYENNE WY
940 PM MDT SAT APR 19 2014


...................................

...THE ALLIANCE NE AIRPORT CLIMATE SUMMARY FOR APRIL 19 2014...
VALID TODAY AS OF 0900 PM LOCAL TIME.

CLIMATE NORMAL PERIOD 1981 TO 2010
CLIMATE RECORD PERIOD 1896 TO 2014


WEATHER ITEM   OBSERVED TIME   RECORD YEAR NORMAL DEPARTURE LAST
                VALUE   (LST)  VALUE       VALUE  FROM      YEAR
                                                  NORMAL
..................................................................
TEMPERATURE (F)
 TODAY
  MAXIMUM         65    444 PM  85    1987  61      4       48
  MINIMUM         40    551 AM   6    1966  31      9       20
  AVERAGE         53                        46      7       34

PRECIPITATION (IN)
  TODAY            0.00          0.91 1973   0.05  -0.05     0.30
  MONTH TO DATE    0.02                      0.88  -0.86     1.44
  SINCE JAN 1      1.76                      2.29  -0.53     2.01

DEGREE DAYS
 HEATING
  TODAY           12                        19     -7       31
  MONTH TO DATE  432                       410     22      572
  SINCE MAR 1   1349                      1292     57     1491
  SINCE JUL 1   6913                      6696    217     6604

 COOLING
  TODAY            0                         0      0        0
  MONTH TO DATE    0                         0      0        0
  SINCE MAR 1      0                         0      0        0
  SINCE JAN 1      0                         0      0        0
..................................................................


WIND (MPH)
  HIGHEST WIND SPEED    26   HIGHEST WIND DIRECTION    NE (40)
  HIGHEST GUST SPEED    32   HIGHEST GUST DIRECTION    NE (40)
  AVERAGE WIND SPEED     9.1


SKY COVER
  AVERAGE SKY COVER 0.0


WEATHER CONDITIONS
 THE FOLLOWING WEATHER WAS RECORDED TODAY.
  NO SIGNIFICANT WEATHER WAS OBSERVED.


RELATIVE HUMIDITY (PERCENT)
 HIGHEST    79           600 AM
 LOWEST     26           300 PM
 AVERAGE    53

..........................................................


THE ALLIANCE NE AIRPORT CLIMATE NORMALS FOR TOMORROW
                         NORMAL    RECORD    YEAR
 MAXIMUM TEMPERATURE (F)   61        86      1910
                                             1902
 MINIMUM TEMPERATURE (F)   31        -4      1966


SUNRISE AND SUNSET
APRIL 19 2014.........SUNRISE   604 AM MDT   SUNSET   737 PM MDT
APRIL 20 2014.........SUNRISE   603 AM MDT   SUNSET   738 PM MDT


-  INDICATES NEGATIVE NUMBERS.
R  INDICATES RECORD WAS SET OR TIED.
MM INDICATES DATA IS MISSING.
T  INDICATES TRACE AMOUNT.




$$
