000
CDUS45 KCYS 290728
CLIAIA


CLIMATE REPORT
NATIONAL WEATHER SERVICE CHEYENNE WY
127 AM MDT SAT AUG 29 2015


...................................

...THE ALLIANCE NE AIRPORT CLIMATE SUMMARY FOR AUGUST 28 2015...

CLIMATE NORMAL PERIOD 1981 TO 2010
CLIMATE RECORD PERIOD 1896 TO 2015


WEATHER ITEM   OBSERVED TIME   RECORD YEAR NORMAL DEPARTURE LAST
                VALUE   (LST)  VALUE       VALUE  FROM      YEAR
                                                  NORMAL
..................................................................
TEMPERATURE (F)
 YESTERDAY
  MAXIMUM         89    141 PM 103    2012  84      5       68
  MINIMUM         50    524 AM  33    2004  51     -1       52
  AVERAGE         70                        67      3       60

PRECIPITATION (IN)
  YESTERDAY        0.00          1.23 1957   0.05  -0.05     1.05
  MONTH TO DATE    0.83                      1.54  -0.71     2.18
  SINCE JAN 1     18.57                     12.25   6.32    14.53

DEGREE DAYS
 HEATING
  YESTERDAY        0                         2     -2        5
  MONTH TO DATE   37                        18     19        7
  SINCE JUN 1     61                       123    -62      133
  SINCE JUL 1     52                        30     22       34

 COOLING
  YESTERDAY        5                         4      1        0
  MONTH TO DATE  174                       179     -5      185
  SINCE JUN 1    452                       501    -49      443
  SINCE JAN 1    452                       511    -59      457
..................................................................


WIND (MPH)
  HIGHEST WIND SPEED    17   HIGHEST WIND DIRECTION     N (350)
  HIGHEST GUST SPEED    24   HIGHEST GUST DIRECTION     N (340)
  AVERAGE WIND SPEED     7.2


SKY COVER
  AVERAGE SKY COVER 0.0


WEATHER CONDITIONS
 THE FOLLOWING WEATHER WAS RECORDED YESTERDAY.
  NO SIGNIFICANT WEATHER WAS OBSERVED.


RELATIVE HUMIDITY (PERCENT)
 HIGHEST    96           200 AM
 LOWEST     22           100 PM
 AVERAGE    59

..........................................................


THE ALLIANCE NE AIRPORT CLIMATE NORMALS FOR TODAY
                         NORMAL    RECORD    YEAR
 MAXIMUM TEMPERATURE (F)   83       103      2012
 MINIMUM TEMPERATURE (F)   51        38      2004


SUNRISE AND SUNSET
AUGUST 29 2015........SUNRISE   613 AM MDT   SUNSET   730 PM MDT
AUGUST 30 2015........SUNRISE   614 AM MDT   SUNSET   729 PM MDT


-  INDICATES NEGATIVE NUMBERS.
R  INDICATES RECORD WAS SET OR TIED.
MM INDICATES DATA IS MISSING.
T  INDICATES TRACE AMOUNT.




$$
