000
CDAK48 PAKN 051030
CLIAKN

CLIMATE REPORT
NATIONAL WEATHER SERVICE KING SALMON, AK
130 AM AKST FRI FEB 5 2016

...................................
...THE KING SALMON AP CLIMATE SUMMARY FOR FEBRUARY 4 2016...

CLIMATE NORMAL PERIOD  1981 TO  2010
CLIMATE RECORD PERIOD  1917 TO  2016

WEATHER ITEM   OBSERVED TIME    RECORD YEAR NORMAL DEPARTURE LAST
               VALUE    (LST)   VALUE       VALUE  FROM      YEAR
                                                   NORMAL
...................................................................
TEMPERATURE
YESTERDAY
 MAXIMUM            42  0147 PM    48  2003     25      17     20
 MINIMUM            33  1159 PM   -32  1947     10      23      6
 AVERAGE            38                          17      21     13

PRECIPITATION
(INCHES)
 YESTERDAY        0.04           0.44  1935   0.03    0.01   0.00
 MONTH TO DATE    0.12                        0.12    0.00   0.00
 SINCE DEC 1      2.95                        2.37    0.58   2.48
 SINCE JAN 1      0.60                        1.14   -0.54   0.52

SNOWFALL
(INCHES)
 YESTERDAY           T            4.9  1980    0.3    -0.3    0.0
 MONTH TO DATE     0.1                         1.0    -0.9    0.0
 SINCE DEC 1      16.9                        20.7    -3.8    8.2
 SINCE JUL 1      30.0                        30.5    -0.5   11.7
 SNOW DEPTH (IN)     0                                          T

DEGREE DAYS
 HEATING
  YESTERDAY         27                          48     -21     52
  MONTH TO DATE    126                         192     -66    200
  SINCE DEC 1     2415                        3143    -728   2583
  SINCE JUL 1     5193                        6518   -1325   5335

 COOLING
  YESTERDAY          0                           0       0      0
  MONTH TO DATE      0                           0       0      0
  SINCE DEC 1        0                           0       0      0
  SINCE JAN 1        0                           0       0      0
...................................................................

WIND (MPH)
 HIGHEST WIND SPEED    20     HIGHEST WIND DIRECTION     60
 HIGHEST GUST SPEED    25     HIGHEST GUST DIRECTION     80
 AVERAGE WIND SPEED  11.2

SKY COVER
  POSSIBLE SUNSHINE    MM          AVERAGE SKY COVER     MM

WEATHER CONDITIONS
 THE FOLLOWING WEATHER WAS RECORDED YESTERDAY.
  RAIN
SNOW


RELATIVE HUMIDITY
 HIGHEST RH     MM PERCENT       MM
 LOWEST  RH     MM PERCENT       MM
 AVERAGE RH     MM PERCENT       MM
...................................................................

THE KING SALMON CLIMATE NORMALS FOR TODAY
                           NORMAL    RECORD   YEAR
 MAXIMUM TEMPERATURE (F)     25        46     1981
 MINIMUM TEMPERATURE (F)     10       -34     1990

SUNRISE AND SUNSET
 FEB 5 2016..........SUNRISE  9:25 AM      SUNSET  5:58 PM
 FEB 6 2016..........SUNRISE  9:23 AM      SUNSET  6:00 PM

-  INDICATES NEGATIVE NUMBERS.
R  INDICATES RECORD HAS BEEN SET OR TIED.
MM INDICATES DATA IS MISSING.
T  INDICATES TRACE OF PRECIPITATION.

&&
-------------------------------------------------------------------

AMOUNT OF DAYLIGHT TODAY  (HOUR:MIN)........8 HOURS 33 MINUTES
GAIN/LOSS SINCE YESTERDAY (HOUR:MIN:SEC)....+0:04:46

$$
FS FEB 16
