000
CDAK48 PAKN 301108
CLIAKN

CLIMATE REPORT
NATIONAL WEATHER SERVICE KING SALMON, AK
308 AM AKDT SUN AUG 30 2015

...................................
...THE KING SALMON AP CLIMATE SUMMARY FOR AUGUST 29 2015...

CLIMATE NORMAL PERIOD  1981 TO  2010
CLIMATE RECORD PERIOD  1917 TO  2015

WEATHER ITEM   OBSERVED TIME    RECORD YEAR NORMAL DEPARTURE LAST
               VALUE    (LST)   VALUE       VALUE  FROM      YEAR
                                                   NORMAL
...................................................................
TEMPERATURE
YESTERDAY
 MAXIMUM            55  0548 PM    74  1987     61      -6     63
 MINIMUM            42  1159 PM    29  1994     45      -3     39
 AVERAGE            49                          53      -4     51

PRECIPITATION
(INCHES)
 YESTERDAY        0.32           0.38  1969   0.10    0.22   0.01
 MONTH TO DATE    1.76                        2.75   -0.99   3.51
 SINCE JUN 1      5.71                        6.70   -0.99   9.14
 SINCE JAN 1     12.95                       11.40    1.55  14.27

SNOWFALL
(INCHES)
 YESTERDAY         0.0            0.0  2015    0.0     0.0    0.0
 MONTH TO DATE     0.0                         0.0     0.0    0.0
 SINCE JUN 1       0.0                         0.0     0.0    0.0
 SINCE JUL 1       0.0                         0.0     0.0    0.0
 SNOW DEPTH (IN)     0                                          0

DEGREE DAYS
 HEATING
  YESTERDAY         16                          12       4     14
  MONTH TO DATE    255                         298     -43    200
  SINCE JUN 1      734                         995    -261    869
  SINCE JUL 1      485                         588    -103    438

 COOLING
  YESTERDAY          0                           0       0      0
  MONTH TO DATE      0                           0       0      0
  SINCE JUN 1        2                           0       2      0
  SINCE JAN 1        2                           0       2      0
...................................................................

WIND (MPH)
 HIGHEST WIND SPEED    22     HIGHEST WIND DIRECTION    340
 HIGHEST GUST SPEED    28     HIGHEST GUST DIRECTION     20
 AVERAGE WIND SPEED  10.4

SKY COVER
  POSSIBLE SUNSHINE    MM          AVERAGE SKY COVER     MM

WEATHER CONDITIONS
 THE FOLLOWING WEATHER WAS RECORDED YESTERDAY.
  FOG
RAIN


RELATIVE HUMIDITY
 HIGHEST RH     MM PERCENT       MM
 LOWEST  RH     MM PERCENT       MM
 AVERAGE RH     MM PERCENT       MM
...................................................................

THE KING SALMON CLIMATE NORMALS FOR TODAY
                           NORMAL    RECORD   YEAR
 MAXIMUM TEMPERATURE (F)     61        68     1942
 MINIMUM TEMPERATURE (F)     45        31     1984

SUNRISE AND SUNSET
 AUG 30 2015..........SUNRISE  7:21 AM      SUNSET  9:33 PM
 AUG 31 2015..........SUNRISE  7:23 AM      SUNSET  9:30 PM

-  INDICATES NEGATIVE NUMBERS.
R  INDICATES RECORD HAS BEEN SET OR TIED.
MM INDICATES DATA IS MISSING.
T  INDICATES TRACE OF PRECIPITATION.

&&
-------------------------------------------------------------------

AMOUNT OF DAYLIGHT TODAY  (HOUR:MIN)........14 HOURS 12 MINUTES
LOSS SINCE YESTERDAY (HOUR:MIN:SEC).........-0:05:03

$$
AM AUG 15
