984
CDAK48 PAFC 201003
CLIAKN


CLIMATE REPORT
NATIONAL WEATHER SERVICE ANCHORAGE, AK
203 AM AKDT SUN AUG 20 2017


...................................

...THE KING SALMON CLIMATE SUMMARY FOR AUGUST 19 2017...

CLIMATE NORMAL PERIOD 1981 TO 2010
CLIMATE RECORD PERIOD 1917 TO 2017


WEATHER ITEM   OBSERVED TIME   RECORD YEAR NORMAL DEPARTURE LAST
                VALUE   (LST)  VALUE       VALUE  FROM      YEAR
                                                  NORMAL
..................................................................
TEMPERATURE (F)
 YESTERDAY
  MAXIMUM         63    413 PM  79    1973  63      0       68
  MINIMUM         49    709 AM  33    1969  47      2       50
  AVERAGE         56                        54      2       59

PRECIPITATION (IN)
  YESTERDAY        0.00          1.37 2011   0.09  -0.09     0.01
  MONTH TO DATE    1.87                      1.75   0.12     3.12
  SINCE JUN 1      6.11                      5.70   0.41     8.89
  SINCE JAN 1      9.18                     10.40  -1.22    16.30

SNOWFALL (IN)
  YESTERDAY        0.0          MM      MM   0.0    0.0      0.0
  MONTH TO DATE    0.0                       0.0    0.0      0.0
  SINCE JUN 1      0.0                       T      0.0      0.0
  SINCE JUL 1      0.0                       0.0    0.0      0.0
  SNOW DEPTH       0

DEGREE DAYS
 HEATING
  YESTERDAY        9                        10     -1        6
  MONTH TO DATE  143                       185    -42       98
  SINCE JUN 1    683                       885   -202      523
  SINCE JUL 1    353                       478   -125      264

 COOLING
  YESTERDAY        0                         0      0        0
  MONTH TO DATE    0                         0      0        0
  SINCE JUN 1      1                         0      1        0
  SINCE JAN 1      1                         0      1        0
..................................................................


WIND (MPH)
  RESULTANT WIND SPEED   4   RESULTANT WIND DIRECTION   S (180)
  HIGHEST WIND SPEED    10   HIGHEST WIND DIRECTION     S (200)
  HIGHEST GUST SPEED    14   HIGHEST GUST DIRECTION     S (160)
  AVERAGE WIND SPEED     4.6



WEATHER CONDITIONS
 THE FOLLOWING WEATHER WAS RECORDED YESTERDAY.
  FOG


RELATIVE HUMIDITY (PERCENT)
 HIGHEST   100
 LOWEST     55
 AVERAGE    78

..........................................................


THE KING SALMON CLIMATE NORMALS FOR TODAY
                         NORMAL    RECORD    YEAR
 MAXIMUM TEMPERATURE (F)   62        75      1977
 MINIMUM TEMPERATURE (F)   46        35      1963


SUNRISE AND SUNSET
AUGUST 20 2017........SUNRISE   659 AM AKDT  SUNSET   959 PM AKDT
AUGUST 21 2017........SUNRISE   701 AM AKDT  SUNSET   956 PM AKDT


-  INDICATES NEGATIVE NUMBERS.
R  INDICATES RECORD WAS SET OR TIED.
MM INDICATES DATA IS MISSING.
T  INDICATES TRACE AMOUNT.




$$
