000
CDAK48 PAKN 140000
CLIAKN

CLIMATE REPORT
NATIONAL WEATHER SERVICE KING SALMON, AK
400 PM AKDT SUN JUL 13 2014

...................................
...THE KING SALMON AP CLIMATE SUMMARY FOR JULY 13 2014...
VALID TODAY AS OF 2:00 PM LOCAL TIME

CLIMATE NORMAL PERIOD  1981 TO  2010
CLIMATE RECORD PERIOD  1949 TO  2014

WEATHER ITEM   OBSERVED TIME    RECORD YEAR NORMAL DEPARTURE LAST
               VALUE    (LST)   VALUE       VALUE  FROM      YEAR
                                                   NORMAL
...................................................................
TEMPERATURE
TODAY
 MAXIMUM            67  1214 PM    81  2013     64       3     81
 MINIMUM            44  0517 AM    36  1984     47      -3     40
 AVERAGE            56                          56       0     61

PRECIPITATION
(INCHES)
 TODAY            0.00           0.44  2001   0.07   -0.07   0.00
 MONTH TO DATE    1.38                        0.85    0.53   0.79
 SINCE JUN 1      4.63                        2.50    2.13   1.84
 SINCE JAN 1      9.76                        7.20    2.56   8.20

SNOWFALL
(INCHES)
 TODAY             0.0            0.0  2014    0.0     0.0    0.0
 MONTH TO DATE     0.0                         0.0     0.0    0.0
 SINCE JUN 1       0.0                         0.0     0.0    0.0
 SINCE JUL 1       0.0                         0.0     0.0    0.0
 SNOW DEPTH (IN)     0                                          0

DEGREE DAYS
 HEATING
  TODAY              9                           9       0      4
  MONTH TO DATE    101                         128     -27    158
  SINCE JUN 1      532                         535      -3    440
  SINCE JUL 1      101                         128     -27    158

 COOLING
  TODAY              0                           0       0      0
  MONTH TO DATE      0                           0       0      0
  SINCE JUN 1        0                           0       0      0
  SINCE JAN 1        0                           0       0      0
...................................................................

WIND (MPH)
 HIGHEST WIND SPEED    17     HIGHEST WIND DIRECTION    190
 HIGHEST GUST SPEED    20     HIGHEST GUST DIRECTION    190
 AVERAGE WIND SPEED    MM

SKY COVER
  POSSIBLE SUNSHINE  MM            AVERAGE SKY COVER MM

WEATHER CONDITIONS
 THE FOLLOWING WEATHER WAS RECORDED TODAY.
 NONE.

RELATIVE HUMIDITY
 HIGHEST RH     MM PERCENT       MM
 LOWEST  RH     MM PERCENT       MM
 AVERAGE RH     MM PERCENT       MM
...................................................................

THE KING SALMON CLIMATE NORMALS FOR TOMORROW
                        NORMAL    RECORD   YEAR
 MAXIMUM TEMPERATURE      64        81     1956
 MINIMUM TEMPERATURE      48        33     1986

SUNRISE AND SUNSET
 JUL 13 2014..........SUNRISE  5:39 AM      SUNSET 11:25 PM
 JUL 14 2014..........SUNRISE  5:41 AM      SUNSET 11:24 PM

-  INDICATES NEGATIVE NUMBERS.
R  INDICATES RECORD HAS BEEN SET OR TIED.
MM INDICATES DATA IS MISSING.
T  INDICATES TRACE OF PRECIPITATION.

&&
-------------------------------------------------------------------

AMOUNT OF DAYLIGHT TODAY  (HOUR:MIN)........17 HOURS 46 MINUTES
LOSS SINCE YESTERDAY (HOUR:MIN:SEC).........-0:03:05

$$

DT JUL 14
