000
CDAK48 PAKN 290000
CLIAKN

CLIMATE REPORT
NATIONAL WEATHER SERVICE KING SALMON, AK
400 PM AKDT MON JUL 28 2014

...................................
...THE KING SALMON AP CLIMATE SUMMARY FOR JULY 28 2014...
VALID TODAY AS OF 2:00 PM LOCAL TIME

CLIMATE NORMAL PERIOD  1981 TO  2010
CLIMATE RECORD PERIOD  1917 TO  2013

WEATHER ITEM   OBSERVED TIME    RECORD YEAR NORMAL DEPARTURE LAST
               VALUE    (LST)   VALUE       VALUE  FROM      YEAR
                                                   NORMAL
...................................................................
TEMPERATURE
TODAY
 MAXIMUM            57  0233 AM    78  1997     64      -7     76
 MINIMUM            52  0954 AM    36  2008     48       4     53
 AVERAGE            55                          56      -1     65

PRECIPITATION
(INCHES)
 TODAY               T           0.50  1989   0.09   -0.09   0.00
 MONTH TO DATE    2.20                        2.04    0.16   1.30
 SINCE JUN 1      5.45                        3.69    1.76   2.35
 SINCE JAN 1     10.58                        8.39    2.19   8.71

SNOWFALL
(INCHES)
 TODAY             0.0            0.0  2014    0.0     0.0    0.0
 MONTH TO DATE     0.0                         0.0     0.0    0.0
 SINCE JUN 1       0.0                         0.0     0.0    0.0
 SINCE JUL 1       0.0                         0.0     0.0    0.0
 SNOW DEPTH (IN)     0                                          0

DEGREE DAYS
 HEATING
  TODAY             10                           9       1      0
  MONTH TO DATE    224                         263     -39    217
  SINCE JUN 1      655                         670     -15    499
  SINCE JUL 1      224                         263     -39    217

 COOLING
  TODAY              0                           0       0      0
  MONTH TO DATE      0                           0       0      4
  SINCE JUN 1        0                           0       0      4
  SINCE JAN 1        0                           0       0      4
...................................................................

WIND (MPH)
 HIGHEST WIND SPEED    18     HIGHEST WIND DIRECTION    220
 HIGHEST GUST SPEED    23     HIGHEST GUST DIRECTION    220
 AVERAGE WIND SPEED    MM

SKY COVER
  POSSIBLE SUNSHINE  MM            AVERAGE SKY COVER MM

WEATHER CONDITIONS
 THE FOLLOWING WEATHER WAS RECORDED TODAY.
 FOG
 RAIN


RELATIVE HUMIDITY
 HIGHEST RH     MM PERCENT       MM
 LOWEST  RH     MM PERCENT       MM
 AVERAGE RH     MM PERCENT       MM
...................................................................

THE KING SALMON CLIMATE NORMALS FOR TOMORROW
                        NORMAL    RECORD   YEAR
 MAXIMUM TEMPERATURE      64        79     1963
 MINIMUM TEMPERATURE      48        38     2000

SUNRISE AND SUNSET
 JUL 28 2014..........SUNRISE  6:08 AM      SUNSET 10:57 PM
 JUL 29 2014..........SUNRISE  6:10 AM      SUNSET 10:55 PM

-  INDICATES NEGATIVE NUMBERS.
R  INDICATES RECORD HAS BEEN SET OR TIED.
MM INDICATES DATA IS MISSING.
T  INDICATES TRACE OF PRECIPITATION.

&&
-------------------------------------------------------------------

AMOUNT OF DAYLIGHT TODAY  (HOUR:MIN)........16 HOURS 49 MINUTES
LOSS SINCE YESTERDAY (HOUR:MIN:SEC).........-0:04:16

$$

DT JUL 14
