000
CDAK48 PAKN 251200
CLIAKN

CLIMATE REPORT
NATIONAL WEATHER SERVICE KING SALMON, AK
400 AM AKDT WED MAY 25 2016

...................................
...THE KING SALMON AP CLIMATE SUMMARY FOR MAY 24 2016...

CLIMATE NORMAL PERIOD  1981 TO  2016
CLIMATE RECORD PERIOD  1917 TO  2016

WEATHER ITEM   OBSERVED TIME    RECORD YEAR NORMAL DEPARTURE LAST
               VALUE    (LST)   VALUE       VALUE  FROM      YEAR
                                                   NORMAL
...................................................................
TEMPERATURE
YESTERDAY
 MAXIMUM            53  0157 PM    78  2006     56      -3     54
 MINIMUM            42  0605 AM    22  1938     36       6     44
 AVERAGE            48                          46       2     49

PRECIPITATION
(INCHES)
 YESTERDAY        0.00           0.50  1994   0.04   -0.04   0.24
 MONTH TO DATE    3.05                        0.93    2.12   3.02
 SINCE MAR 1      5.85                        2.60    3.25   6.15
 SINCE JAN 1      7.29                        4.38    2.91   6.94

SNOWFALL
(INCHES)
 YESTERDAY         0.0            1.8  1976    0.0     0.0    0.0
 MONTH TO DATE     0.0                         0.7    -0.7    0.0
 SINCE MAR 1       4.2                        11.0    -6.8   12.4
 SINCE JUL 1      38.8                        46.5    -7.7   26.1
 SNOW DEPTH (IN)     0                                          0

DEGREE DAYS
 HEATING
  YESTERDAY         17                          19      -2     16
  MONTH TO DATE    407                         522    -115    435
  SINCE MAR 1     2039                        2727    -688   2360
  SINCE JUL 1     7973                       10345   -2372   8558

 COOLING
  YESTERDAY          0                           0       0      0
  MONTH TO DATE      0                           0       0      0
  SINCE MAR 1        0                           0       0      0
  SINCE JAN 1        0                           0       0      0
...................................................................

WIND (MPH)
 HIGHEST WIND SPEED    16     HIGHEST WIND DIRECTION    260
 HIGHEST GUST SPEED    20     HIGHEST GUST DIRECTION    270
 AVERAGE WIND SPEED   9.0

SKY COVER
  POSSIBLE SUNSHINE    MM          AVERAGE SKY COVER     MM

WEATHER CONDITIONS
 THE FOLLOWING WEATHER WAS RECORDED YESTERDAY.
  NONE.

RELATIVE HUMIDITY
 HIGHEST RH     MM PERCENT       MM
 LOWEST  RH     MM PERCENT       MM
 AVERAGE RH     MM PERCENT       MM
...................................................................

THE KING SALMON CLIMATE NORMALS FOR TODAY
                           NORMAL    RECORD   YEAR
 MAXIMUM TEMPERATURE (F)     57        80     1997
 MINIMUM TEMPERATURE (F)     37        25     2000

SUNRISE AND SUNSET
 MAY 25 2016..........SUNRISE  5:38 AM      SUNSET 11:12 PM
 MAY 26 2016..........SUNRISE  5:36 AM      SUNSET 11:14 PM

-  INDICATES NEGATIVE NUMBERS.
R  INDICATES RECORD HAS BEEN SET OR TIED.
MM INDICATES DATA IS MISSING.
T  INDICATES TRACE OF PRECIPITATION.

&&
-------------------------------------------------------------------

AMOUNT OF DAYLIGHT TODAY  (HOUR:MIN)........17 HOURS 34 MINUTES
GAIN SINCE YESTERDAY (HOUR:MIN:SEC).........+0:03:33

$$

DT MAY 16
