843
CDUS45 KBOU 290725
CLIAKO


CLIMATE REPORT
NATIONAL WEATHER SERVICE DENVER/BOULDER CO
125 AM MDT MON AUG 29 2016


...................................

...THE AKRON CO CLIMATE SUMMARY FOR AUGUST 28 2016...

CLIMATE NORMAL PERIOD 1981 TO 2010
CLIMATE RECORD PERIOD 9999 TO 9999


WEATHER ITEM   OBSERVED TIME   RECORD YEAR NORMAL DEPARTURE LAST
                VALUE   (LST)  VALUE       VALUE  FROM      YEAR
                                                  NORMAL
..................................................................
TEMPERATURE (F)
 YESTERDAY
  MAXIMUM         88    229 PM  97    2011  84      4
  MINIMUM         56    200 AM  43    1964  56      0
  AVERAGE         72                        70      2

PRECIPITATION (IN)
  YESTERDAY        0.00          0.71 1991   0.06  -0.06     0.00
  MONTH TO DATE    1.39                      2.13  -0.74     0.65
  SINCE JUN 1      8.02                      7.14   0.88     3.52
  SINCE JAN 1     14.53                     13.32   1.21    11.53

DEGREE DAYS
 HEATING
  YESTERDAY        0
  MONTH TO DATE   17

 COOLING
  YESTERDAY        7
  MONTH TO DATE  188
..................................................................


WIND (MPH)
  HIGHEST WIND SPEED    22   HIGHEST WIND DIRECTION    NW (300)
  HIGHEST GUST SPEED    29   HIGHEST GUST DIRECTION     W (290)




RELATIVE HUMIDITY (PERCENT)
 HIGHEST    86
 LOWEST     23
 AVERAGE    55

..........................................................


THE AKRON CO CLIMATE NORMALS FOR TODAY
                         NORMAL    RECORD    YEAR
 MAXIMUM TEMPERATURE (F)   84        97      2013
                                             1943
 MINIMUM TEMPERATURE (F)   56        44      1978


SUNRISE AND SUNSET
AUGUST 29 2016........SUNRISE   618 AM MDT   SUNSET   728 PM MDT
AUGUST 30 2016........SUNRISE   619 AM MDT   SUNSET   727 PM MDT


-  INDICATES NEGATIVE NUMBERS.
R  INDICATES RECORD WAS SET OR TIED.
MM INDICATES DATA IS MISSING.
T  INDICATES TRACE AMOUNT.




$$
