000
CDUS45 KBOU 250725
CLIAKO


CLIMATE REPORT
NATIONAL WEATHER SERVICE DENVER/BOULDER CO
125 AM MDT SUN SEP 25 2016


...................................

...THE AKRON CO CLIMATE SUMMARY FOR SEPTEMBER 24 2016...

CLIMATE NORMAL PERIOD 1981 TO 2010
CLIMATE RECORD PERIOD 9999 TO 9999


WEATHER ITEM   OBSERVED TIME   RECORD YEAR NORMAL DEPARTURE LAST
                VALUE   (LST)  VALUE       VALUE  FROM      YEAR
                                                  NORMAL
..................................................................
TEMPERATURE (F)
 YESTERDAY
  MAXIMUM         72    352 PM  91    1966  73     -1
  MINIMUM         37    538 AM  27    1985  45     -8
  AVERAGE         55                        59     -4

PRECIPITATION (IN)
  YESTERDAY        0.00          1.03 1959   0.04  -0.04     0.00
  MONTH TO DATE    1.37                      0.94   0.43     0.02
  SINCE SEP 1      1.37                      0.94   0.43     0.02
  SINCE JAN 1     16.10                     14.43   1.67    11.58

DEGREE DAYS
 HEATING
  YESTERDAY       10
  MONTH TO DATE   54

 COOLING
  YESTERDAY        0
  MONTH TO DATE   83
..................................................................


WIND (MPH)
  HIGHEST WIND SPEED    31   HIGHEST WIND DIRECTION     N (340)
  HIGHEST GUST SPEED    38   HIGHEST GUST DIRECTION     N (340)




RELATIVE HUMIDITY (PERCENT)
 HIGHEST    85
 LOWEST     17
 AVERAGE    51

..........................................................


THE AKRON CO CLIMATE NORMALS FOR TODAY
                         NORMAL    RECORD    YEAR
 MAXIMUM TEMPERATURE (F)   73        90      1964
 MINIMUM TEMPERATURE (F)   45        26      1942


SUNRISE AND SUNSET
SEPTEMBER 25 2016.....SUNRISE   644 AM MDT   SUNSET   644 PM MDT
SEPTEMBER 26 2016.....SUNRISE   645 AM MDT   SUNSET   642 PM MDT


-  INDICATES NEGATIVE NUMBERS.
R  INDICATES RECORD WAS SET OR TIED.
MM INDICATES DATA IS MISSING.
T  INDICATES TRACE AMOUNT.




$$
