000
CDUS45 KBOU 240808
CLIAKO


CLIMATE REPORT
NATIONAL WEATHER SERVICE BOULDER, CO
108 AM MST WED DEC 24 2014


...................................

...THE AKRON CO CLIMATE SUMMARY FOR DECEMBER 23 2014...

CLIMATE NORMAL PERIOD 1981 TO 2010
CLIMATE RECORD PERIOD 9999 TO 9999


WEATHER ITEM   OBSERVED TIME   RECORD YEAR NORMAL DEPARTURE LAST
                VALUE   (LST)  VALUE       VALUE  FROM      YEAR
                                                  NORMAL
..................................................................
TEMPERATURE (F)
 YESTERDAY
  MAXIMUM         30    204 PM  72    1964  39     -9
  MINIMUM         14   1016 PM -11    1983  16     -2
  AVERAGE         22                        28     -6

PRECIPITATION (IN)
  YESTERDAY        T             0.09 1965   0.01  -0.01      T
  MONTH TO DATE    0.23                      0.32  -0.09     0.02
  SINCE DEC 1      0.23                      0.32  -0.09     0.02
  SINCE JAN 1     18.34                     16.66   1.68    16.98

DEGREE DAYS
 HEATING
  YESTERDAY       43
  MONTH TO DATE  713

 COOLING
  YESTERDAY        0
  MONTH TO DATE    0
..................................................................


WIND (MPH)
  HIGHEST WIND SPEED    44   HIGHEST WIND DIRECTION    NW (320)
  HIGHEST GUST SPEED    53   HIGHEST GUST DIRECTION    NW (320)




RELATIVE HUMIDITY (PERCENT)
 HIGHEST    88
 LOWEST     69
 AVERAGE    79

..........................................................


THE AKRON CO CLIMATE NORMALS FOR TODAY
                         NORMAL    RECORD    YEAR
 MAXIMUM TEMPERATURE (F)   39        69      1955
 MINIMUM TEMPERATURE (F)   16       -18      1983


SUNRISE AND SUNSET
DECEMBER 24 2014......SUNRISE   713 AM MST   SUNSET   432 PM MST
DECEMBER 25 2014......SUNRISE   713 AM MST   SUNSET   433 PM MST


-  INDICATES NEGATIVE NUMBERS.
R  INDICATES RECORD WAS SET OR TIED.
MM INDICATES DATA IS MISSING.
T  INDICATES TRACE AMOUNT.




$$
