717
CDUS45 KBOU 221108
CLIAKO

CLIMATE REPORT
NATIONAL WEATHER SERVICE BOULDER, CO
125 AM MDT FRI MAY 22 2015


...................................

...THE AKRON CO CLIMATE SUMMARY FOR MAY 21 2015...

CLIMATE NORMAL PERIOD 1981 TO 2010

WEATHER ITEM   OBSERVED TIME   RECORD YEAR NORMAL DEPARTURE LAST
                VALUE   (LST)  VALUE       VALUE  FROM      YEAR
                                                  NORMAL
..................................................................
TEMPERATURE (F)
 YESTERDAY
  MAXIMUM         56    139 PM  90    2006  72    -16
  MINIMUM         40    516 AM  32    1974  45     -5
  AVERAGE         48                        59    -11

PRECIPITATION (IN)
  YESTERDAY        0.00          1.38 1961   0.11  -0.11     0.69
  MONTH TO DATE    4.76                      1.88   2.88     2.57
  SINCE MAR 1      6.47                      4.40   2.07     3.76
  SINCE JAN 1      6.75                      5.14   1.61     4.19

DEGREE DAYS
 HEATING
  YESTERDAY       17
  MONTH TO DATE  295

 COOLING
  YESTERDAY        0
  MONTH TO DATE    0
..................................................................


WIND (MPH)
  HIGHEST WIND SPEED    23   HIGHEST WIND DIRECTION    SE (150)
  HIGHEST GUST SPEED    26   HIGHEST GUST DIRECTION    SE (150)




RELATIVE HUMIDITY (PERCENT)
 HIGHEST   100
 LOWEST     66
 AVERAGE    83

..........................................................


THE AKRON CO CLIMATE NORMALS FOR TODAY
                         NORMAL    RECORD    YEAR
 MAXIMUM TEMPERATURE (F)   72        95      1939
 MINIMUM TEMPERATURE (F)   46        32      1963


SUNRISE AND SUNSET
MAY 22 2015...........SUNRISE   532 AM MDT   SUNSET   808 PM MDT
MAY 23 2015...........SUNRISE   531 AM MDT   SUNSET   809 PM MDT


-  INDICATES NEGATIVE NUMBERS.
R  INDICATES RECORD WAS SET OR TIED.
MM INDICATES DATA IS MISSING.
T  INDICATES TRACE AMOUNT.




$$
