000
CDUS45 KBOU 190743
CLIAKO


CLIMATE REPORT
NATIONAL WEATHER SERVICE DENVER/BOULDER CO
1239 AM MST SUN NOV 19 2017


...................................

...THE AKRON CO CLIMATE SUMMARY FOR NOVEMBER 18 2017...

CLIMATE NORMAL PERIOD 1981 TO 2010
CLIMATE RECORD PERIOD 9999 TO 9999


WEATHER ITEM   OBSERVED TIME   RECORD YEAR NORMAL DEPARTURE LAST
                VALUE   (LST)  VALUE       VALUE  FROM      YEAR
                                                  NORMAL
..................................................................
TEMPERATURE (F)
 YESTERDAY
  MAXIMUM         44    312 PM  76    2008  48     -4
  MINIMUM         22    639 AM   1    1955  24     -2
  AVERAGE         33                        36     -3

PRECIPITATION (IN)
  YESTERDAY        0.00          0.34 1956   0.02  -0.02      T
  MONTH TO DATE    0.07                      0.36  -0.29      T
  SINCE SEP 1      1.88                      2.63  -0.75     1.83
  SINCE JAN 1     13.67                     16.12  -2.45    16.56

SNOWFALL (IN)
  YESTERDAY        0.0
  SNOW DEPTH       0

DEGREE DAYS
 HEATING
  YESTERDAY       32
  MONTH TO DATE  429

 COOLING
  YESTERDAY        0
  MONTH TO DATE    0
..................................................................


WIND (MPH)
  HIGHEST WIND SPEED    33   HIGHEST WIND DIRECTION     N (350)
  HIGHEST GUST SPEED    41   HIGHEST GUST DIRECTION     N (340)




RELATIVE HUMIDITY (PERCENT)
 HIGHEST    82
 LOWEST     25
 AVERAGE    54

..........................................................


THE AKRON CO CLIMATE NORMALS FOR TODAY
                         NORMAL    RECORD    YEAR
 MAXIMUM TEMPERATURE (F)   48        75      1996
 MINIMUM TEMPERATURE (F)   24         1      1937


SUNRISE AND SUNSET
NOVEMBER 19 2017......SUNRISE   643 AM MST   SUNSET   433 PM MST
NOVEMBER 20 2017......SUNRISE   644 AM MST   SUNSET   432 PM MST


-  INDICATES NEGATIVE NUMBERS.
R  INDICATES RECORD WAS SET OR TIED.
MM INDICATES DATA IS MISSING.
T  INDICATES TRACE AMOUNT.




$$
