000
CDUS45 KBOU 300725
CLIAKO


CLIMATE REPORT
NATIONAL WEATHER SERVICE DENVER/BOULDER CO
125 AM MDT SAT APR 30 2016


...................................

...THE AKRON CO CLIMATE SUMMARY FOR APRIL 29 2016...

CLIMATE NORMAL PERIOD 1981 TO 2010
CLIMATE RECORD PERIOD 9999 TO 9999


WEATHER ITEM   OBSERVED TIME   RECORD YEAR NORMAL DEPARTURE LAST
                VALUE   (LST)  VALUE       VALUE  FROM      YEAR
                                                  NORMAL
..................................................................
TEMPERATURE (F)
 YESTERDAY
  MAXIMUM         37    817 AM  84    1987  65    -28
  MINIMUM         30   1159 PM  21    1950  38     -8
  AVERAGE         34                        52    -18

PRECIPITATION (IN)
  YESTERDAY        0.58          0.65 1953   0.07   0.51     0.00
  MONTH TO DATE    2.10                      1.57   0.53     1.27
  SINCE MAR 1      2.40                      2.44  -0.04     1.49
  SINCE JAN 1      2.51                      3.18  -0.67     1.77

DEGREE DAYS
 HEATING
  YESTERDAY       31
  MONTH TO DATE  500

 COOLING
  YESTERDAY        0
  MONTH TO DATE    0
..................................................................


WIND (MPH)
  HIGHEST WIND SPEED    15   HIGHEST WIND DIRECTION     N (350)
  HIGHEST GUST SPEED    18   HIGHEST GUST DIRECTION     N (340)




RELATIVE HUMIDITY (PERCENT)
 HIGHEST   100
 LOWEST     85
 AVERAGE    93

..........................................................


THE AKRON CO CLIMATE NORMALS FOR TODAY
                         NORMAL    RECORD    YEAR
 MAXIMUM TEMPERATURE (F)   66        91      1992
 MINIMUM TEMPERATURE (F)   38        19      1950


SUNRISE AND SUNSET
APRIL 30 2016.........SUNRISE   553 AM MDT   SUNSET   747 PM MDT
MAY  1 2016...........SUNRISE   552 AM MDT   SUNSET   748 PM MDT


-  INDICATES NEGATIVE NUMBERS.
R  INDICATES RECORD WAS SET OR TIED.
MM INDICATES DATA IS MISSING.
T  INDICATES TRACE AMOUNT.




$$
