000
CDUS45 KBOU 200725
CLIAKO


CLIMATE REPORT
NATIONAL WEATHER SERVICE BOULDER, CO
125 AM MDT SUN APR 20 2014


...................................

...THE AKRON CO CLIMATE SUMMARY FOR APRIL 19 2014...

CLIMATE NORMAL PERIOD 1981 TO 2010
CLIMATE RECORD PERIOD 9999 TO 9999


WEATHER ITEM   OBSERVED TIME   RECORD YEAR NORMAL DEPARTURE LAST
                VALUE   (LST)  VALUE       VALUE  FROM      YEAR
                                                  NORMAL
..................................................................
TEMPERATURE (F)
 YESTERDAY
  MAXIMUM         65    339 PM  86    1940  62      3
  MINIMUM         43   1157 PM  16    1966  34      9
  AVERAGE         54                        48      6

PRECIPITATION (IN)
  YESTERDAY        0.00          1.14 1977   0.06  -0.06     0.00
  MONTH TO DATE    0.54                      0.90  -0.36     0.73
  SINCE MAR 1      0.97                      1.77  -0.80     2.22
  SINCE JAN 1      1.40                      2.51  -1.11     2.34

DEGREE DAYS
 HEATING
  YESTERDAY       11
  MONTH TO DATE  359

 COOLING
  YESTERDAY        0
  MONTH TO DATE    0
..................................................................


WIND (MPH)
  HIGHEST WIND SPEED    25   HIGHEST WIND DIRECTION     N (20)
  HIGHEST GUST SPEED    29   HIGHEST GUST DIRECTION     N (20)




RELATIVE HUMIDITY (PERCENT)
 HIGHEST    71
 LOWEST     34
 AVERAGE    53

..........................................................


THE AKRON CO CLIMATE NORMALS FOR TODAY
                         NORMAL    RECORD    YEAR
 MAXIMUM TEMPERATURE (F)   62        87      1962
 MINIMUM TEMPERATURE (F)   35        15      1966


SUNRISE AND SUNSET
APRIL 20 2014.........SUNRISE   607 AM MDT   SUNSET   737 PM MDT
APRIL 21 2014.........SUNRISE   606 AM MDT   SUNSET   738 PM MDT


-  INDICATES NEGATIVE NUMBERS.
R  INDICATES RECORD WAS SET OR TIED.
MM INDICATES DATA IS MISSING.
T  INDICATES TRACE AMOUNT.




$$
