000
CDUS45 KBOU 211103
CLIAKO

CLIMATE REPORT
NATIONAL WEATHER SERVICE BOULDER, CO
125 AM MDT THU AUG 21 2014


...................................

...THE AKRON CO CLIMATE SUMMARY FOR AUGUST 20 2014...

CLIMATE NORMAL PERIOD 1981 TO 2010

WEATHER ITEM   OBSERVED TIME   RECORD YEAR NORMAL DEPARTURE LAST
                VALUE   (LST)  VALUE       VALUE  FROM      YEAR
                                                  NORMAL
..................................................................
TEMPERATURE (F)
 YESTERDAY
  MAXIMUM         88    225 PM  97    1987  86      2
  MINIMUM         63   1153 PM  44    1951  58      5
  AVERAGE         76                        72      4

PRECIPITATION (IN)
  YESTERDAY        0.10          0.42 1966   0.06   0.04     0.00
  MONTH TO DATE    1.25                      1.64  -0.39     2.40
  SINCE JUN 1      7.34                      6.65   0.69     7.52
  SINCE JAN 1     12.04                     12.83  -0.79    11.41

DEGREE DAYS
 HEATING
  YESTERDAY        0
  MONTH TO DATE    0

 COOLING
  YESTERDAY       11
  MONTH TO DATE  178
..................................................................


WIND (MPH)
  HIGHEST WIND SPEED    32   HIGHEST WIND DIRECTION    SW (240)
  HIGHEST GUST SPEED    56   HIGHEST GUST DIRECTION     W (270)




RELATIVE HUMIDITY (PERCENT)
 HIGHEST    87
 LOWEST     30
 AVERAGE    59

..........................................................


THE AKRON CO CLIMATE NORMALS FOR TODAY
                         NORMAL    RECORD    YEAR
 MAXIMUM TEMPERATURE (F)   85        99      1960
 MINIMUM TEMPERATURE (F)   58        40      1964


SUNRISE AND SUNSET
AUGUST 21 2014........SUNRISE   610 AM MDT   SUNSET   741 PM MDT
AUGUST 22 2014........SUNRISE   611 AM MDT   SUNSET   740 PM MDT


-  INDICATES NEGATIVE NUMBERS.
R  INDICATES RECORD WAS SET OR TIED.
MM INDICATES DATA IS MISSING.
T  INDICATES TRACE AMOUNT.




$$
