000
CDUS45 KBOU 200725
CLIAKO


CLIMATE REPORT
NATIONAL WEATHER SERVICE DENVER/BOULDER CO
125 AM MDT THU JUL 20 2017


...................................

...THE AKRON CO CLIMATE SUMMARY FOR JULY 19 2017...

CLIMATE NORMAL PERIOD 1981 TO 2010
CLIMATE RECORD PERIOD 9999 TO 9999


WEATHER ITEM   OBSERVED TIME   RECORD YEAR NORMAL DEPARTURE LAST
                VALUE   (LST)  VALUE       VALUE  FROM      YEAR
                                                  NORMAL
..................................................................
TEMPERATURE (F)
 YESTERDAY
  MAXIMUM        103R   300 PM 101    2006  89     14
  MINIMUM         62    510 AM  50    1988  60      2
  AVERAGE         83                        75      8

PRECIPITATION (IN)
  YESTERDAY        0.00          4.54 1944   0.09  -0.09     0.83
  MONTH TO DATE    0.33                      1.48  -1.15     1.96
  SINCE JUN 1      1.01                      3.94  -2.93     5.90
  SINCE JAN 1      7.66                     10.12  -2.46    12.41

DEGREE DAYS
 HEATING
  YESTERDAY        0
  MONTH TO DATE    0

 COOLING
  YESTERDAY       18
  MONTH TO DATE  237
..................................................................


WIND (MPH)
  HIGHEST WIND SPEED    23   HIGHEST WIND DIRECTION     S (160)
  HIGHEST GUST SPEED    29   HIGHEST GUST DIRECTION     S (160)




RELATIVE HUMIDITY (PERCENT)
 HIGHEST    78
 LOWEST     16
 AVERAGE    47

..........................................................


THE AKRON CO CLIMATE NORMALS FOR TODAY
                         NORMAL    RECORD    YEAR
 MAXIMUM TEMPERATURE (F)   89       107      1939
 MINIMUM TEMPERATURE (F)   60        49      1988


SUNRISE AND SUNSET
JULY 20 2017..........SUNRISE   540 AM MDT   SUNSET   818 PM MDT
JULY 21 2017..........SUNRISE   541 AM MDT   SUNSET   817 PM MDT


-  INDICATES NEGATIVE NUMBERS.
R  INDICATES RECORD WAS SET OR TIED.
MM INDICATES DATA IS MISSING.
T  INDICATES TRACE AMOUNT.




$$
