000
CDUS45 KBOU 280725
CLIAKO


CLIMATE REPORT
NATIONAL WEATHER SERVICE BOULDER, CO
125 AM MDT SAT MAR 28 2015


...................................

...THE AKRON CO CLIMATE SUMMARY FOR MARCH 27 2015...

CLIMATE NORMAL PERIOD 1981 TO 2010
CLIMATE RECORD PERIOD 9999 TO 9999


WEATHER ITEM   OBSERVED TIME   RECORD YEAR NORMAL DEPARTURE LAST
                VALUE   (LST)  VALUE       VALUE  FROM      YEAR
                                                  NORMAL
..................................................................
TEMPERATURE (F)
 YESTERDAY
  MAXIMUM         71    252 PM  79    1988  55     16
  MINIMUM         29    517 AM   2    1955  28      1
  AVERAGE         50                        42      8

PRECIPITATION (IN)
  YESTERDAY        0.00          1.11 1975   0.03  -0.03     0.02
  MONTH TO DATE    0.22                      0.72  -0.50     0.36
  SINCE MAR 1      0.22                      0.72  -0.50     0.36
  SINCE JAN 1      0.50                      1.46  -0.96     0.79

DEGREE DAYS
 HEATING
  YESTERDAY       15
  MONTH TO DATE  569

 COOLING
  YESTERDAY        0
  MONTH TO DATE    0
..................................................................


WIND (MPH)
  HIGHEST WIND SPEED    28   HIGHEST WIND DIRECTION    NW (330)
  HIGHEST GUST SPEED    35   HIGHEST GUST DIRECTION     N (350)




RELATIVE HUMIDITY (PERCENT)
 HIGHEST    92
 LOWEST     22
 AVERAGE    57

..........................................................


THE AKRON CO CLIMATE NORMALS FOR TODAY
                         NORMAL    RECORD    YEAR
 MAXIMUM TEMPERATURE (F)   55        85      1963
 MINIMUM TEMPERATURE (F)   29        -1      1975


SUNRISE AND SUNSET
MARCH 28 2015.........SUNRISE   644 AM MDT   SUNSET   713 PM MDT
MARCH 29 2015.........SUNRISE   642 AM MDT   SUNSET   714 PM MDT


-  INDICATES NEGATIVE NUMBERS.
R  INDICATES RECORD WAS SET OR TIED.
MM INDICATES DATA IS MISSING.
T  INDICATES TRACE AMOUNT.




$$
