000
CDUS41 KALY 020622
CLIALB


CLIMATE REPORT
NATIONAL WEATHER SERVICE ALBANY NY
221 AM EDT THU JUL 2 2015


...................................

...THE ALBANY NY CLIMATE SUMMARY FOR JULY 1 2015...

CLIMATE NORMAL PERIOD 1981 TO 2010
CLIMATE RECORD PERIOD 1874 TO 2015


WEATHER ITEM   OBSERVED TIME   RECORD YEAR NORMAL DEPARTURE LAST
                VALUE   (LST)  VALUE       VALUE  FROM      YEAR
                                                  NORMAL
..................................................................
TEMPERATURE (F)
 YESTERDAY
  MAXIMUM         81    200 PM  99    1933  81      0       91
  MINIMUM         64    920 PM  45    1978  60      4       71
  AVERAGE         73                        71      2       81

PRECIPITATION (IN)
  YESTERDAY        0.09          2.76 2009   0.13  -0.04      T
  MONTH TO DATE    0.09                      0.13  -0.04      T
  SINCE JUN 1      6.79                      3.92   2.87     4.77
  SINCE JAN 1     15.51                     18.70  -3.19    18.33

DEGREE DAYS
 HEATING
  YESTERDAY        0                         0      0        0
  MONTH TO DATE    0                         0      0        0
  SINCE JUN 1     51                        52     -1       12
  SINCE JUL 1      0                         0      0        0

 COOLING
  YESTERDAY        8                         6      2       16
  MONTH TO DATE    8                         6      2       16
  SINCE JUN 1    119                       124     -5      164
  SINCE JAN 1    242                       154     88      199
..................................................................


WIND (MPH)
  HIGHEST WIND SPEED    24   HIGHEST WIND DIRECTION     W (280)
  HIGHEST GUST SPEED    29   HIGHEST GUST DIRECTION     W (290)
  AVERAGE WIND SPEED     9.4


SKY COVER
  AVERAGE SKY COVER 0.8



RELATIVE HUMIDITY (PERCENT)
 HIGHEST    93
 LOWEST     58
 AVERAGE    76

..........................................................


THE ALBANY NY CLIMATE NORMALS FOR TODAY
                         NORMAL    RECORD    YEAR
 MAXIMUM TEMPERATURE (F)   82        98      1966
 MINIMUM TEMPERATURE (F)   60        40      1978


SUNRISE AND SUNSET
JULY  2 2015..........SUNRISE   521 AM EDT   SUNSET   837 PM EDT
JULY  3 2015..........SUNRISE   522 AM EDT   SUNSET   837 PM EDT


-  INDICATES NEGATIVE NUMBERS.
R  INDICATES RECORD WAS SET OR TIED.
MM INDICATES DATA IS MISSING.
T  INDICATES TRACE AMOUNT.




$$
