000
CDUS41 KALY 162147
CLIALB


CLIMATE REPORT
NATIONAL WEATHER SERVICE ALBANY NY
446 PM EST TUE JAN 16 2018


...................................

...THE ALBANY NY CLIMATE SUMMARY FOR JANUARY 16 2018...
VALID TODAY AS OF 0400 PM LOCAL TIME.

CLIMATE NORMAL PERIOD 1981 TO 2010
CLIMATE RECORD PERIOD 1874 TO 2018


WEATHER ITEM   OBSERVED TIME   RECORD YEAR NORMAL DEPARTURE LAST
                VALUE   (LST)  VALUE       VALUE  FROM      YEAR
                                                  NORMAL
..................................................................
TEMPERATURE (F)
 TODAY
  MAXIMUM         30    349 PM  62    1995  30      0       39
  MINIMUM         14   1234 AM -16    1971  14      0       14
  AVERAGE         22                        22      0       27

PRECIPITATION (IN)
  TODAY            0.03          1.12 1945   0.09  -0.06     0.00
  MONTH TO DATE    1.33                      1.33   0.00     0.95
  SINCE DEC 1      3.26                      4.26  -1.00     2.70
  SINCE JAN 1      1.33                      1.33   0.00     0.95

SNOWFALL (IN)
  TODAY            0.8          15.1  1945   0.7    0.1      0.0
  MONTH TO DATE    6.7                       9.4   -2.7      0.9
  SINCE DEC 1     18.8                      23.1   -4.3     13.0
  SINCE JUL 1     18.8                      26.2   -7.4     15.3
  SNOW DEPTH       1

DEGREE DAYS
 HEATING
  TODAY           43                        43      0       38
  MONTH TO DATE  741                       679     62      603
  SINCE DEC 1   1980                      1810    170     1670
  SINCE JUL 1   3094                      3214   -120     2826

 COOLING
  TODAY            0                         0      0        0
  MONTH TO DATE    0                         0      0        0
  SINCE DEC 1      0                         0      0        0
  SINCE JAN 1      0                         0      0        0
..................................................................


WIND (MPH)
  HIGHEST WIND SPEED    12   HIGHEST WIND DIRECTION     S (180)
  HIGHEST GUST SPEED    15   HIGHEST GUST DIRECTION     S (170)
  AVERAGE WIND SPEED     3.2


SKY COVER
  AVERAGE SKY COVER 1.0



RELATIVE HUMIDITY (PERCENT)
 HIGHEST    81          1000 AM
 LOWEST     61           100 AM
 AVERAGE    71

..........................................................


THE ALBANY NY CLIMATE NORMALS FOR TOMORROW
                         NORMAL    RECORD    YEAR
 MAXIMUM TEMPERATURE (F)   30        62      1889
 MINIMUM TEMPERATURE (F)   14       -23      1971


SUNRISE AND SUNSET
JANUARY 16 2018.......SUNRISE   722 AM EST   SUNSET   448 PM EST
JANUARY 17 2018.......SUNRISE   722 AM EST   SUNSET   449 PM EST


-  INDICATES NEGATIVE NUMBERS.
R  INDICATES RECORD WAS SET OR TIED.
MM INDICATES DATA IS MISSING.
T  INDICATES TRACE AMOUNT.




$$
