000
CDUS43 KDMX 020646
CLIALO

CLIMATE REPORT
NATIONAL WEATHER SERVICE DES MOINES IA
141 AM CDT MON MAY 2 2016

...................................

...THE WATERLOO IA CLIMATE SUMMARY FOR MAY 1 2016...

CLIMATE NORMAL PERIOD 1981 TO 2010
CLIMATE RECORD PERIOD 1895 TO 2016

WEATHER ITEM   OBSERVED TIME   RECORD YEAR NORMAL DEPARTURE LAST
                VALUE   (LST)  VALUE       VALUE  FROM      YEAR
                                                  NORMAL
..................................................................
TEMPERATURE (F)
 YESTERDAY
  MAXIMUM         49    539 PM  89    1992  67    -18       67
  MINIMUM         43    651 AM  27    1918  44     -1       34
  AVERAGE         46                        55     -9       51

PRECIPITATION (IN)
  YESTERDAY        0.16          1.25 1911   0.14   0.02     0.00
  MONTH TO DATE    0.16                      0.14   0.02     0.00
  SINCE MAR 1      5.64                      5.91  -0.27     3.96
  SINCE JAN 1      7.36                      7.73  -0.37     5.99

SNOWFALL (IN)
  YESTERDAY        0.0           0.8  1909   0.0    0.0      0.0
  MONTH TO DATE    0.0                       0.0    0.0      0.0
  SINCE MAR 1      2.9                       6.4   -3.5      0.7
  SINCE JUL 1     46.0                      35.3   10.7     29.2
  SNOW DEPTH       0

DEGREE DAYS
 HEATING
  YESTERDAY       19                        10      9       14
  MONTH TO DATE   19                        10      9       14
  SINCE MAR 1   1238                      1407   -169     1377
  SINCE JUL 1   5937                      6826   -889     7138

 COOLING
  YESTERDAY        0                         1     -1        0
  MONTH TO DATE    0                         1     -1        0
  SINCE MAR 1      3                         9     -6        0
  SINCE JAN 1      3                         9     -6        0
..................................................................

WIND (MPH)
  HIGHEST WIND SPEED    18   HIGHEST WIND DIRECTION    NE (40)
  HIGHEST GUST SPEED    25   HIGHEST GUST DIRECTION    NE (40)
  AVERAGE WIND SPEED    10.9

SKY COVER
  POSSIBLE SUNSHINE  MM
  AVERAGE SKY COVER 1.0

WEATHER CONDITIONS
 THE FOLLOWING WEATHER WAS RECORDED YESTERDAY.
  LIGHT RAIN
  FOG

RELATIVE HUMIDITY (PERCENT)
 HIGHEST   100           200 AM
 LOWEST     82          1000 AM
 AVERAGE    91
..........................................................

THE WATERLOO IA CLIMATE NORMALS FOR TODAY
                         NORMAL    RECORD    YEAR
 MAXIMUM TEMPERATURE (F)   67        91      1901
 MINIMUM TEMPERATURE (F)   44        24      2005

SUNRISE AND SUNSET
MAY  2 2016...........SUNRISE   602 AM CDT   SUNSET   811 PM CDT
MAY  3 2016...........SUNRISE   601 AM CDT   SUNSET   812 PM CDT

-  INDICATES NEGATIVE NUMBERS.
R  INDICATES RECORD WAS SET OR TIED.
MM INDICATES DATA IS MISSING.
T  INDICATES TRACE AMOUNT.

$$

FAB
