000
CDUS43 KDMX 242228
CLIALO

CLIMATE REPORT
NATIONAL WEATHER SERVICE DES MOINES IA
527 PM CDT THU APR 24 2014


...................................

...THE WATERLOO IA CLIMATE SUMMARY FOR APRIL 24 2014...
VALID TODAY AS OF 0500 PM LOCAL TIME.

CLIMATE NORMAL PERIOD 1981 TO 2010
CLIMATE RECORD PERIOD 1895 TO 2014


WEATHER ITEM   OBSERVED TIME   RECORD YEAR NORMAL DEPARTURE LAST
                VALUE   (LST)  VALUE       VALUE  FROM      YEAR
                                                  NORMAL
..................................................................
TEMPERATURE (F)
 TODAY
  MAXIMUM         51    359 PM  90    1939  64    -13       53
  MINIMUM         43    734 AM  20    1956  41      2       27
  AVERAGE         47                        52     -5       40

PRECIPITATION (IN)
  TODAY            0.53          1.90 2008   0.14   0.39     0.02
  MONTH TO DATE    5.74                      2.85   2.89     6.07
  SINCE MAR 1      7.24                      4.91   2.33     8.64
  SINCE JAN 1      9.87                      6.73   3.14    11.72

SNOWFALL (IN)
  TODAY            0.0           0.5  1910   0.0    0.0      0.0
  MONTH TO DATE    0.4                       1.7   -1.3       T
  SINCE MAR 1      6.2                       6.3   -0.1     11.2
  SINCE JUL 1     58.0                      35.2   22.8     48.3
  SNOW DEPTH       0

DEGREE DAYS
 HEATING
  TODAY           18                        13      5       25
  MONTH TO DATE  461                       422     39      569
  SINCE MAR 1   1593                      1328    265     1752
  SINCE JUL 1   8001                      6747   1254     6962

 COOLING
  TODAY            0                         0      0        0
  MONTH TO DATE    2                         0      2        0
  SINCE MAR 1      2                         0      2        0
  SINCE JAN 1      2                         0      2        0
..................................................................


WIND (MPH)
  HIGHEST WIND SPEED    25   HIGHEST WIND DIRECTION    SE (120)
  HIGHEST GUST SPEED    34   HIGHEST GUST DIRECTION    SE (130)
  AVERAGE WIND SPEED    14.9


SKY COVER
  POSSIBLE SUNSHINE  MM
  AVERAGE SKY COVER 1.0


WEATHER CONDITIONS
 THE FOLLOWING WEATHER WAS RECORDED TODAY.
  RAIN
  LIGHT RAIN
  FOG


RELATIVE HUMIDITY (PERCENT)
 HIGHEST    93          1100 AM
 LOWEST     76          1200 AM
 AVERAGE    85

..........................................................


THE WATERLOO IA CLIMATE NORMALS FOR TOMORROW
                         NORMAL    RECORD    YEAR
 MAXIMUM TEMPERATURE (F)   65        90      1949
 MINIMUM TEMPERATURE (F)   41        21      1934


SUNRISE AND SUNSET
APRIL 24 2014.........SUNRISE   614 AM CDT   SUNSET   802 PM CDT
APRIL 25 2014.........SUNRISE   613 AM CDT   SUNSET   803 PM CDT


-  INDICATES NEGATIVE NUMBERS.
R  INDICATES RECORD WAS SET OR TIED.
MM INDICATES DATA IS MISSING.
T  INDICATES TRACE AMOUNT.




$$
