000
CDUS43 KDMX 100629 RRA
CLIALO

CLIMATE REPORT
NATIONAL WEATHER SERVICE DES MOINES IA
127 AM CDT THU JUL 10 2014


...................................

...THE WATERLOO IA CLIMATE SUMMARY FOR JULY 9 2014...

CLIMATE NORMAL PERIOD 1981 TO 2010
CLIMATE RECORD PERIOD 1895 TO 2014


WEATHER ITEM   OBSERVED TIME   RECORD YEAR NORMAL DEPARTURE LAST
                VALUE   (LST)  VALUE       VALUE  FROM      YEAR
                                                  NORMAL
..................................................................
TEMPERATURE (F)
 YESTERDAY
  MAXIMUM         80    306 PM 104    1936  85     -5       89
  MINIMUM         55    450 AM  44    1895  63     -8       73
  AVERAGE         68                        74     -6       81

PRECIPITATION (IN)
  YESTERDAY        0.00          2.86 1951   0.16  -0.16     0.19
  MONTH TO DATE    0.15                      1.53  -1.38     0.19
  SINCE JUN 1      9.78                      6.51   3.27     4.87
  SINCE JAN 1     23.81                     18.63   5.18    28.45

SNOWFALL (IN)
  YESTERDAY        0.0          MM      MM   0.0    0.0      0.0
  MONTH TO DATE    0.0                       0.0    0.0      0.0
  SINCE JUN 1      0.0                       0.0    0.0      0.0
  SINCE JUL 1      0.0                       0.0    0.0      0.0
  SNOW DEPTH       0

DEGREE DAYS
 HEATING
  YESTERDAY        0                         0      0        0
  MONTH TO DATE   11                         0     11        0
  SINCE JUN 1     18                        26     -8       38
  SINCE JUL 1     11                         0     11        0

 COOLING
  YESTERDAY        3                         9     -6       16
  MONTH TO DATE   32                        81    -49       92
  SINCE JUN 1    203                       258    -55      260
  SINCE JAN 1    270                       314    -44      313
..................................................................


WIND (MPH)
  HIGHEST WIND SPEED    14   HIGHEST WIND DIRECTION    NW (330)
  HIGHEST GUST SPEED    17   HIGHEST GUST DIRECTION     N (360)
  AVERAGE WIND SPEED     5.5


SKY COVER
  POSSIBLE SUNSHINE  MM
  AVERAGE SKY COVER 0.2


WEATHER CONDITIONS
 THE FOLLOWING WEATHER WAS RECORDED YESTERDAY.
  NO SIGNIFICANT WEATHER WAS OBSERVED.


RELATIVE HUMIDITY (PERCENT)
 HIGHEST    93           400 AM
 LOWEST     42           100 PM
 AVERAGE    68

..........................................................


THE WATERLOO IA CLIMATE NORMALS FOR TODAY
                         NORMAL    RECORD    YEAR
 MAXIMUM TEMPERATURE (F)   85       106      1936
 MINIMUM TEMPERATURE (F)   63        45      1895


SUNRISE AND SUNSET
JULY 10 2014..........SUNRISE   542 AM CDT   SUNSET   848 PM CDT
JULY 11 2014..........SUNRISE   542 AM CDT   SUNSET   847 PM CDT


-  INDICATES NEGATIVE NUMBERS.
R  INDICATES RECORD WAS SET OR TIED.
MM INDICATES DATA IS MISSING.
T  INDICATES TRACE AMOUNT.




$$
