000
CDUS43 KDMX 291222 RRA
CLIALO

CLIMATE REPORT
NATIONAL WEATHER SERVICE DES MOINES IA
132 AM CDT SUN MAR 29 2015

...................................

...THE WATERLOO IA CLIMATE SUMMARY FOR MARCH 28 2015...

CLIMATE NORMAL PERIOD 1981 TO 2010
CLIMATE RECORD PERIOD 1895 TO 2015


WEATHER ITEM   OBSERVED TIME   RECORD YEAR NORMAL DEPARTURE LAST
                VALUE   (LST)  VALUE       VALUE  FROM      YEAR
                                                  NORMAL
..................................................................
TEMPERATURE (F)
 YESTERDAY
  MAXIMUM         45    412 PM  81    1986  52     -7       39
  MINIMUM         17    512 AM   3    1970  30    -13       31
  AVERAGE         31                        41    -10       35

PRECIPITATION (IN)
  YESTERDAY        0.00          0.85 1931   0.08  -0.08     0.00
  MONTH TO DATE    0.55                      1.80  -1.25     1.45
  SINCE MAR 1      0.55                      1.80  -1.25     1.45
  SINCE JAN 1      2.59                      3.62  -1.03     4.08

SNOWFALL (IN)
  YESTERDAY        0.0           8.5  1931   0.1   -0.1      0.0
  MONTH TO DATE    0.7                       4.2   -3.5      5.8
  SINCE MAR 1      0.7                       4.2   -3.5      5.8
  SINCE JUL 1     29.2                      33.1   -3.9     56.7
  SNOW DEPTH       0

DEGREE DAYS
 HEATING
  YESTERDAY       34                        24     10       30
  MONTH TO DATE  859                       836     23     1076
  SINCE MAR 1    859                       836     23     1076
  SINCE JUL 1   6620                      6255    365     7484

 COOLING
  YESTERDAY        0                         0      0        0
  MONTH TO DATE    0                         0      0        0
  SINCE MAR 1      0                         0      0        0
  SINCE JAN 1      0                         0      0        0
..................................................................


WIND (MPH)
  HIGHEST WIND SPEED    23   HIGHEST WIND DIRECTION     S (160)
  HIGHEST GUST SPEED    30   HIGHEST GUST DIRECTION     S (160)
  AVERAGE WIND SPEED    11.1


SKY COVER
  POSSIBLE SUNSHINE  MM
  AVERAGE SKY COVER 0.2


WEATHER CONDITIONS
 THE FOLLOWING WEATHER WAS RECORDED YESTERDAY.
  NO SIGNIFICANT WEATHER WAS OBSERVED.


RELATIVE HUMIDITY (PERCENT)
 HIGHEST    84           400 AM
 LOWEST     27           500 PM
 AVERAGE    56

..........................................................


THE WATERLOO IA CLIMATE NORMALS FOR TODAY
                         NORMAL    RECORD    YEAR
 MAXIMUM TEMPERATURE (F)   52        87      1986
 MINIMUM TEMPERATURE (F)   31         4      1969


SUNRISE AND SUNSET
MARCH 29 2015.........SUNRISE   658 AM CDT   SUNSET   732 PM CDT
MARCH 30 2015.........SUNRISE   656 AM CDT   SUNSET   733 PM CDT


-  INDICATES NEGATIVE NUMBERS.
R  INDICATES RECORD WAS SET OR TIED.
MM INDICATES DATA IS MISSING.
T  INDICATES TRACE AMOUNT.




$$
