000
CDUS45 KPUB 221146
CLIALS


CLIMATE REPORT
NATIONAL WEATHER SERVICE PUEBLO
445 AM MST SUN JAN 22 2017


...................................

...THE ALAMOSA CO CLIMATE SUMMARY FOR JANUARY 21 2017...

CLIMATE NORMAL PERIOD 1981 TO 2010
CLIMATE RECORD PERIOD 1932 TO 2017


WEATHER ITEM   OBSERVED TIME   RECORD YEAR NORMAL DEPARTURE LAST
                VALUE   (LST)  VALUE       VALUE  FROM      YEAR
                                                  NORMAL
..................................................................
TEMPERATURE (F)
 YESTERDAY
  MAXIMUM         31    345 PM  60    1950  35     -4       29
  MINIMUM          7   1159 PM -34    1984  -2      9       -8
  AVERAGE         19                        16      3       11

PRECIPITATION (IN)
  YESTERDAY        0.01          0.35 2010   0.01   0.00     0.00
  MONTH TO DATE    1.28                      0.17   1.11     0.57
  SINCE DEC 1      2.36                      0.52   1.84     0.82
  SINCE JAN 1      1.28                      0.17   1.11     0.57

SNOWFALL (IN)
  YESTERDAY        0.4           3.5  2010   0.1    0.3      0.0
  MONTH TO DATE   17.8                       2.5   15.3      6.7
  SINCE DEC 1     28.0                       7.0   21.0     10.1
  SINCE JUL 1     29.0                      12.8   16.2     14.4
  SNOW DEPTH       5

DEGREE DAYS
 HEATING
  YESTERDAY       46                        49     -3       54
  MONTH TO DATE  939                      1029    -90     1132
  SINCE DEC 1   2383                      2491   -108     2465
  SINCE JUL 1   4247                      4666   -419     4243

 COOLING
  YESTERDAY        0                         0      0        0
  MONTH TO DATE    0                         0      0        0
  SINCE DEC 1      0                         0      0        0
  SINCE JAN 1      0                         0      0        0
..................................................................


WIND (MPH)
  HIGHEST WIND SPEED    12   HIGHEST WIND DIRECTION    NW (300)
  HIGHEST GUST SPEED    14   HIGHEST GUST DIRECTION    NW (300)
  AVERAGE WIND SPEED     4.4


SKY COVER
  POSSIBLE SUNSHINE  MM
  AVERAGE SKY COVER 0.9


WEATHER CONDITIONS
 THE FOLLOWING WEATHER WAS RECORDED YESTERDAY.
  LIGHT SNOW
  FOG
  FOG W/VISIBILITY <= 1/4 MILE


RELATIVE HUMIDITY (PERCENT)
 HIGHEST   100           700 PM
 LOWEST     69           300 PM
 AVERAGE    85

..........................................................


THE ALAMOSA CO CLIMATE NORMALS FOR TODAY
                         NORMAL    RECORD    YEAR
 MAXIMUM TEMPERATURE (F)   35        58      1951
 MINIMUM TEMPERATURE (F)   -2       -31      1959


SUNRISE AND SUNSET
JANUARY 22 2017.......SUNRISE   714 AM MST   SUNSET   517 PM MST
JANUARY 23 2017.......SUNRISE   713 AM MST   SUNSET   518 PM MST


-  INDICATES NEGATIVE NUMBERS.
R  INDICATES RECORD WAS SET OR TIED.
MM INDICATES DATA IS MISSING.
T  INDICATES TRACE AMOUNT.




$$
