000
CDUS45 KPUB 301123
CLIALS


CLIMATE REPORT
NATIONAL WEATHER SERVICE PUEBLO
522 AM MDT TUE AUG 30 2016


...................................

...THE ALAMOSA CO CLIMATE SUMMARY FOR AUGUST 29 2016...

CLIMATE NORMAL PERIOD 1981 TO 2010
CLIMATE RECORD PERIOD 1932 TO 2016


WEATHER ITEM   OBSERVED TIME   RECORD YEAR NORMAL DEPARTURE LAST
                VALUE   (LST)  VALUE       VALUE  FROM      YEAR
                                                  NORMAL
..................................................................
TEMPERATURE (F)
 YESTERDAY
  MAXIMUM         72    100 PM  87    2013  78     -6       81
                                      1990
  MINIMUM         44   1159 PM  32    1956  44      0       45
  AVERAGE         58                        61     -3       63

PRECIPITATION (IN)
  YESTERDAY        T             0.40 2011   0.04  -0.04     0.00
  MONTH TO DATE    2.15                      1.19   0.96     0.46
  SINCE JUN 1      2.97                      2.65   0.32     2.99
  SINCE JAN 1      7.34                      4.87   2.47     6.93

SNOWFALL (IN)
  YESTERDAY        0.0           0.0  2002   0.0    0.0      0.0
  MONTH TO DATE    0.0                       0.0    0.0      0.0
  SINCE JUN 1      0.0                       0.0    0.0      0.0
  SINCE JUL 1      0.0                       0.0    0.0      0.0
  SNOW DEPTH       0

DEGREE DAYS
 HEATING
  YESTERDAY        7                         4      3        2
  MONTH TO DATE  119                        74     45       48
  SINCE JUN 1    188                       287    -99      168
  SINCE JUL 1    132                       119     13       92

 COOLING
  YESTERDAY        0                         0      0        0
  MONTH TO DATE    9                        12     -3       24
  SINCE JUN 1    115                        50     65       73
  SINCE JAN 1    115                        50     65       73
..................................................................


WIND (MPH)
  HIGHEST WIND SPEED    20   HIGHEST WIND DIRECTION     N (350)
  HIGHEST GUST SPEED    24   HIGHEST GUST DIRECTION     N (350)
  AVERAGE WIND SPEED     8.2


SKY COVER
  POSSIBLE SUNSHINE  MM
  AVERAGE SKY COVER 0.3


WEATHER CONDITIONS
 THE FOLLOWING WEATHER WAS RECORDED YESTERDAY.
  LIGHT RAIN


RELATIVE HUMIDITY (PERCENT)
 HIGHEST    93           200 AM
 LOWEST     34           300 PM
 AVERAGE    64

..........................................................


THE ALAMOSA CO CLIMATE NORMALS FOR TODAY
                         NORMAL    RECORD    YEAR
 MAXIMUM TEMPERATURE (F)   78        87      2013
 MINIMUM TEMPERATURE (F)   43        30      1944


SUNRISE AND SUNSET
AUGUST 30 2016........SUNRISE   633 AM MDT   SUNSET   734 PM MDT
AUGUST 31 2016........SUNRISE   633 AM MDT   SUNSET   733 PM MDT


-  INDICATES NEGATIVE NUMBERS.
R  INDICATES RECORD WAS SET OR TIED.
MM INDICATES DATA IS MISSING.
T  INDICATES TRACE AMOUNT.




$$
