000
CDUS45 KPUB 121040
CLIALS


CLIMATE REPORT
NATIONAL WEATHER SERVICE PUEBLO
440 AM MDT SAT JUL 12 2014


...................................

...THE ALAMOSA CO CLIMATE SUMMARY FOR JULY 11 2014...

CLIMATE NORMAL PERIOD 1981 TO 2010
CLIMATE RECORD PERIOD 1932 TO 2014


WEATHER ITEM   OBSERVED TIME   RECORD YEAR NORMAL DEPARTURE LAST
                VALUE   (LST)  VALUE       VALUE  FROM      YEAR
                                                  NORMAL
..................................................................
TEMPERATURE (F)
 YESTERDAY
  MAXIMUM         85   1242 PM  92    2003  83      2       86
  MINIMUM         52    522 AM  37    1986  47      5       45
  AVERAGE         69                        65      4       66

PRECIPITATION (IN)
  YESTERDAY        0.00          0.42 1963   0.03  -0.03     0.00
  MONTH TO DATE    T                         0.30  -0.30     0.16
  SINCE JUN 1      0.02                      0.79  -0.77     0.70
  SINCE JAN 1      1.83                      3.01  -1.18     1.76

SNOWFALL (IN)
  YESTERDAY        0.0           0.0  2002   0.0    0.0      0.0
                                      2001
  MONTH TO DATE    0.0                       0.0    0.0      0.0
  SINCE JUN 1      0.0                       0.0    0.0      0.0
  SINCE JUL 1      0.0                       0.0    0.0      0.0
  SNOW DEPTH       0

DEGREE DAYS
 HEATING
  YESTERDAY        0                         1     -1        0
  MONTH TO DATE    7                        20    -13        8
  SINCE JUN 1    133                       188    -55      110
  SINCE JUL 1      7                        20    -13        8

 COOLING
  YESTERDAY        4                         1      3        1
  MONTH TO DATE   13                        11      2       16
  SINCE JUN 1     14                        17     -3       32
  SINCE JAN 1     14                        17     -3       32
..................................................................


WIND (MPH)
  HIGHEST WIND SPEED    29   HIGHEST WIND DIRECTION     W (250)
  HIGHEST GUST SPEED    33   HIGHEST GUST DIRECTION     W (250)
  AVERAGE WIND SPEED     6.9


SKY COVER
  POSSIBLE SUNSHINE  MM
  AVERAGE SKY COVER 0.2


WEATHER CONDITIONS
 THE FOLLOWING WEATHER WAS RECORDED YESTERDAY.
  NO SIGNIFICANT WEATHER WAS OBSERVED.


RELATIVE HUMIDITY (PERCENT)
 HIGHEST    83           300 AM
 LOWEST     26          1200 PM
 AVERAGE    55

..........................................................


THE ALAMOSA CO CLIMATE NORMALS FOR TODAY
                         NORMAL    RECORD    YEAR
 MAXIMUM TEMPERATURE (F)   83        92      2003
                                             1971
 MINIMUM TEMPERATURE (F)   47        33      1936


SUNRISE AND SUNSET
JULY 12 2014..........SUNRISE   552 AM MDT   SUNSET   825 PM MDT
JULY 13 2014..........SUNRISE   553 AM MDT   SUNSET   825 PM MDT


-  INDICATES NEGATIVE NUMBERS.
R  INDICATES RECORD WAS SET OR TIED.
MM INDICATES DATA IS MISSING.
T  INDICATES TRACE AMOUNT.




$$
