000
CDUS45 KPUB 031134
CLIALS


CLIMATE REPORT
NATIONAL WEATHER SERVICE PUEBLO
434 AM MST SAT DEC 3 2016


...................................

...THE ALAMOSA CO CLIMATE SUMMARY FOR DECEMBER 2 2016...

CLIMATE NORMAL PERIOD 1981 TO 2010
CLIMATE RECORD PERIOD 1932 TO 2016


WEATHER ITEM   OBSERVED TIME   RECORD YEAR NORMAL DEPARTURE LAST
                VALUE   (LST)  VALUE       VALUE  FROM      YEAR
                                                  NORMAL
..................................................................
TEMPERATURE (F)
 YESTERDAY
  MAXIMUM         25    401 PM  58    1966  39    -14       39
  MINIMUM          2    427 AM -14    1991   5     -3        2
                                      1957
  AVERAGE         14                        22     -8       21

PRECIPITATION (IN)
  YESTERDAY        0.07          0.25 1983   0.01   0.06     0.00
  MONTH TO DATE    0.07                      0.02   0.05     0.00
  SINCE DEC 1      0.07                      0.02   0.05     0.00
  SINCE JAN 1      8.16                      6.98   1.18     9.17

SNOWFALL (IN)
  YESTERDAY        1.4           5.6  1964   0.2    1.2      0.0
  MONTH TO DATE    1.4                       0.3    1.1      0.0
  SINCE DEC 1      1.4                       0.3    1.1      0.0
  SINCE JUL 1      2.4                       6.1   -3.7      4.3
  SNOW DEPTH       0

DEGREE DAYS
 HEATING
  YESTERDAY       51                        43      8       44
  MONTH TO DATE  101                        86     15       92
  SINCE DEC 1    101                        86     15       92
  SINCE JUL 1   1965                      2261   -296     1870

 COOLING
  YESTERDAY        0                         0      0        0
  MONTH TO DATE    0                         0      0        0
  SINCE DEC 1      0                         0      0        0
  SINCE JAN 1    115                        51     64       74
..................................................................


WIND (MPH)
  HIGHEST WIND SPEED     9   HIGHEST WIND DIRECTION    NE (40)
  HIGHEST GUST SPEED    10   HIGHEST GUST DIRECTION    NE (30)
  AVERAGE WIND SPEED     2.2


SKY COVER
  POSSIBLE SUNSHINE  MM
  AVERAGE SKY COVER 0.8


WEATHER CONDITIONS
 THE FOLLOWING WEATHER WAS RECORDED YESTERDAY.
  SNOW
  LIGHT SNOW
  FOG
  HAZE


RELATIVE HUMIDITY (PERCENT)
 HIGHEST   100           900 PM
 LOWEST     74          1000 AM
 AVERAGE    87

..........................................................


THE ALAMOSA CO CLIMATE NORMALS FOR TODAY
                         NORMAL    RECORD    YEAR
 MAXIMUM TEMPERATURE (F)   38        62      2010
 MINIMUM TEMPERATURE (F)    4       -20      1943


SUNRISE AND SUNSET
DECEMBER  3 2016......SUNRISE   702 AM MST   SUNSET   445 PM MST
DECEMBER  4 2016......SUNRISE   702 AM MST   SUNSET   445 PM MST


-  INDICATES NEGATIVE NUMBERS.
R  INDICATES RECORD WAS SET OR TIED.
MM INDICATES DATA IS MISSING.
T  INDICATES TRACE AMOUNT.




$$
