000
CDUS45 KPUB 291053
CLIALS


CLIMATE REPORT
NATIONAL WEATHER SERVICE PUEBLO
452 AM MDT FRI MAY 29 2015


...................................

...THE ALAMOSA CO CLIMATE SUMMARY FOR MAY 28 2015...

CLIMATE NORMAL PERIOD 1981 TO 2010
CLIMATE RECORD PERIOD 1932 TO 2015


WEATHER ITEM   OBSERVED TIME   RECORD YEAR NORMAL DEPARTURE LAST
                VALUE   (LST)  VALUE       VALUE  FROM      YEAR
                                                  NORMAL
..................................................................
TEMPERATURE (F)
 YESTERDAY
  MAXIMUM         73    224 PM  86    2000  73      0       82
  MINIMUM         37    527 AM  21    2012  36      1       40
  AVERAGE         55                        55      0       61

PRECIPITATION (IN)
  YESTERDAY        T             0.44 1934   0.02  -0.02      T
  MONTH TO DATE    1.77                      0.53   1.24     0.22
  SINCE MAR 1      2.60                      1.65   0.95     1.68
  SINCE JAN 1      3.94                      2.17   1.77     1.80

SNOWFALL (IN)
  YESTERDAY        0.0           T    1962   0.0    0.0      0.0
  MONTH TO DATE    T                         0.9   -0.9      1.3
  SINCE MAR 1      0.7                       9.5   -8.8     11.7
  SINCE JUL 1     23.8                      27.6   -3.8     39.8
  SNOW DEPTH       0

DEGREE DAYS
 HEATING
  YESTERDAY       10                        10      0        4
  MONTH TO DATE  431                       397     34      422
  SINCE MAR 1   1856                      2068   -212     1963
  SINCE JUL 1   7348                      8397  -1049     8531

 COOLING
  YESTERDAY        0                         0      0        0
  MONTH TO DATE    0                         0      0        0
  SINCE MAR 1      0                         0      0        0
  SINCE JAN 1      0                         0      0        0
..................................................................


WIND (MPH)
  HIGHEST WIND SPEED    30   HIGHEST WIND DIRECTION    NW (320)
  HIGHEST GUST SPEED    39   HIGHEST GUST DIRECTION    NW (320)
  AVERAGE WIND SPEED    10.5


SKY COVER
  POSSIBLE SUNSHINE  MM
  AVERAGE SKY COVER 0.1


WEATHER CONDITIONS
 THE FOLLOWING WEATHER WAS RECORDED YESTERDAY.
  LIGHT RAIN


RELATIVE HUMIDITY (PERCENT)
 HIGHEST    86           600 AM
 LOWEST     20           300 PM
 AVERAGE    53

..........................................................


THE ALAMOSA CO CLIMATE NORMALS FOR TODAY
                         NORMAL    RECORD    YEAR
 MAXIMUM TEMPERATURE (F)   73        89      2000
 MINIMUM TEMPERATURE (F)   37        24      1996


SUNRISE AND SUNSET
MAY 29 2015...........SUNRISE   545 AM MDT   SUNSET   817 PM MDT
MAY 30 2015...........SUNRISE   545 AM MDT   SUNSET   817 PM MDT


-  INDICATES NEGATIVE NUMBERS.
R  INDICATES RECORD WAS SET OR TIED.
MM INDICATES DATA IS MISSING.
T  INDICATES TRACE AMOUNT.




$$
