000
CDUS45 KPUB 161152
CLIALS


CLIMATE REPORT
NATIONAL WEATHER SERVICE PUEBLO
451 AM MST TUE JAN 16 2018


...................................

...THE ALAMOSA CO CLIMATE SUMMARY FOR JANUARY 15 2018...

CLIMATE NORMAL PERIOD 1981 TO 2010
CLIMATE RECORD PERIOD 1932 TO 2018


WEATHER ITEM   OBSERVED TIME   RECORD YEAR NORMAL DEPARTURE LAST
                VALUE   (LST)  VALUE       VALUE  FROM      YEAR
                                                  NORMAL
..................................................................
TEMPERATURE (F)
 YESTERDAY
  MAXIMUM         46    310 PM  54    1996  34     12       34
  MINIMUM          2    606 AM -32    2013  -2      4       24
  AVERAGE         24                        16      8       29

PRECIPITATION (IN)
  YESTERDAY        0.00          0.22 1987   0.01  -0.01     0.15
  MONTH TO DATE    T                         0.12  -0.12     0.81
  SINCE DEC 1      0.14                      0.47  -0.33     1.89
  SINCE JAN 1      T                         0.12  -0.12     0.81

SNOWFALL (IN)
  YESTERDAY        0.0           4.7  1987   0.1   -0.1      1.7
  MONTH TO DATE    0.0                       1.7   -1.7     13.0
  SINCE DEC 1      1.3                       6.2   -4.9     23.2
  SINCE JUL 1      1.7                      12.0  -10.3     24.2
  SNOW DEPTH       0

DEGREE DAYS
 HEATING
  YESTERDAY       41                        49     -8       36
  MONTH TO DATE  588                       735   -147      695
  SINCE DEC 1   1807                      2197   -390     2139
  SINCE JUL 1   3573                      4372   -799     4003

 COOLING
  YESTERDAY        0                         0      0        0
  MONTH TO DATE    0                         0      0        0
  SINCE DEC 1      0                         0      0        0
  SINCE JAN 1      0                         0      0        0
..................................................................


WIND (MPH)
  HIGHEST WIND SPEED    14   HIGHEST WIND DIRECTION    SE (120)
  HIGHEST GUST SPEED    19   HIGHEST GUST DIRECTION    SE (120)
  AVERAGE WIND SPEED     4.9


SKY COVER
  POSSIBLE SUNSHINE  MM
  AVERAGE SKY COVER 0.0


WEATHER CONDITIONS
 THE FOLLOWING WEATHER WAS RECORDED YESTERDAY.
  NO SIGNIFICANT WEATHER WAS OBSERVED.


RELATIVE HUMIDITY (PERCENT)
 HIGHEST    86           400 AM
 LOWEST     21           300 PM
 AVERAGE    54

..........................................................


THE ALAMOSA CO CLIMATE NORMALS FOR TODAY
                         NORMAL    RECORD    YEAR
 MAXIMUM TEMPERATURE (F)   34        60      2000
 MINIMUM TEMPERATURE (F)   -2       -27      1984


SUNRISE AND SUNSET
JANUARY 16 2018.......SUNRISE   716 AM MST   SUNSET   510 PM MST
JANUARY 17 2018.......SUNRISE   716 AM MST   SUNSET   511 PM MST


-  INDICATES NEGATIVE NUMBERS.
R  INDICATES RECORD WAS SET OR TIED.
MM INDICATES DATA IS MISSING.
T  INDICATES TRACE AMOUNT.




$$
