000
CDUS44 KAMA 110729
CLIAMA


CLIMATE REPORT
NATIONAL WEATHER SERVICE AMARILLO TX
128 AM CST SUN DEC 11 2016


...................................

...THE AMARILLO CLIMATE SUMMARY FOR DECEMBER 10 2016...

CLIMATE NORMAL PERIOD 1981 TO 2010
CLIMATE RECORD PERIOD 1892 TO 2016


WEATHER ITEM   OBSERVED TIME   RECORD YEAR NORMAL DEPARTURE LAST
                VALUE   (LST)  VALUE       VALUE  FROM      YEAR
                                                  NORMAL
..................................................................
TEMPERATURE (F)
 YESTERDAY
  MAXIMUM         71    308 PM  80    1933  50     21       69
  MINIMUM         24    706 AM  -1    1898  24      0       43
  AVERAGE         48                        37     11       56

PRECIPITATION (IN)
  YESTERDAY        0.00          0.55 1923   0.02  -0.02     0.00
  MONTH TO DATE    0.15                      0.21  -0.06     0.00
  SINCE DEC 1      0.15                      0.21  -0.06     0.00
  SINCE JAN 1     17.08                     19.86  -2.78    33.85

SNOWFALL (IN)
  YESTERDAY        0.0           5.5  1923   0.1   -0.1      0.0
  MONTH TO DATE    T                         1.2   -1.2      0.0
  SINCE DEC 1      T                         1.2   -1.2      0.0
  SINCE JUL 1      T                         3.9   -3.9      1.3
  SNOW DEPTH       0

DEGREE DAYS
 HEATING
  YESTERDAY       17                        28    -11        9
  MONTH TO DATE  289                       267     22      179
  SINCE DEC 1    289                       267     22      179
  SINCE JUL 1    754                      1111   -357      838

 COOLING
  YESTERDAY        0                         0      0        0
  MONTH TO DATE    0                         0      0        0
  SINCE DEC 1      0                         0      0        0
  SINCE JAN 1   1694                      1399    295     1493
..................................................................


WIND (MPH)
  RESULTANT WIND SPEED  16   RESULTANT WIND DIRECTION   S (190)
  HIGHEST WIND SPEED    30   HIGHEST WIND DIRECTION     S (200)
  HIGHEST GUST SPEED    37   HIGHEST GUST DIRECTION     S (200)
  AVERAGE WIND SPEED    17.1


SKY COVER
  AVERAGE SKY COVER 0.0


WEATHER CONDITIONS
 THE FOLLOWING WEATHER WAS RECORDED YESTERDAY.
  NO SIGNIFICANT WEATHER WAS OBSERVED.


RELATIVE HUMIDITY (PERCENT)
 HIGHEST   100           200 AM
 LOWEST     22           200 PM
 AVERAGE    61

..........................................................


THE AMARILLO CLIMATE NORMALS FOR TODAY
                         NORMAL    RECORD    YEAR
 MAXIMUM TEMPERATURE (F)   50        80      1939
 MINIMUM TEMPERATURE (F)   24         1      1932


SUNRISE AND SUNSET
DECEMBER 11 2016......SUNRISE   746 AM CST   SUNSET   535 PM CST
DECEMBER 12 2016......SUNRISE   746 AM CST   SUNSET   535 PM CST


-  INDICATES NEGATIVE NUMBERS.
R  INDICATES RECORD WAS SET OR TIED.
MM INDICATES DATA IS MISSING.
T  INDICATES TRACE AMOUNT.




$$
