000
CDUS44 KAMA 230627
CLIAMA


CLIMATE REPORT
NATIONAL WEATHER SERVICE AMARILLO TX
127 AM CDT TUE SEP 23 2014


...................................

...THE AMARILLO CLIMATE SUMMARY FOR SEPTEMBER 22 2014...

CLIMATE NORMAL PERIOD 1981 TO 2010
CLIMATE RECORD PERIOD 1892 TO 2014


WEATHER ITEM   OBSERVED TIME   RECORD YEAR NORMAL DEPARTURE LAST
                VALUE   (LST)  VALUE       VALUE  FROM      YEAR
                                                  NORMAL
..................................................................
TEMPERATURE (F)
 YESTERDAY
  MAXIMUM         76    502 PM  95    2000  80     -4       82
                                      1977
                                      1933
  MINIMUM         58    655 AM  38    1995  54      4       54
  AVERAGE         67                        67      0       68

PRECIPITATION (IN)
  YESTERDAY        0.00          1.82 1971   0.06  -0.06     0.00
  MONTH TO DATE    3.39                      1.43   1.96     1.29
  SINCE SEP 1      3.39                      1.43   1.96     1.29
  SINCE JAN 1     17.08                     16.70   0.38    13.66

SNOWFALL (IN)
  YESTERDAY        0.0           0.0    MM   0.0    0.0      0.0
  MONTH TO DATE    T                         0.0    0.0      0.0
  SINCE SEP 1      T                         0.0    0.0      0.0
  SINCE JUL 1      T                         0.0    0.0      0.0
  SNOW DEPTH       0

DEGREE DAYS
 HEATING
  YESTERDAY        0                         2     -2        0
  MONTH TO DATE   24                        18      6        0
  SINCE SEP 1     24                        18      6        0
  SINCE JUL 1     24                        19      5        0

 COOLING
  YESTERDAY        2                         4     -2        3
  MONTH TO DATE  135                       152    -17      238
  SINCE SEP 1    135                       152    -17      238
  SINCE JAN 1   1465                      1344    121     1734
..................................................................


WIND (MPH)
  RESULTANT WIND SPEED  12   RESULTANT WIND DIRECTION  SE (150)
  HIGHEST WIND SPEED    24   HIGHEST WIND DIRECTION    SE (130)
  HIGHEST GUST SPEED    29   HIGHEST GUST DIRECTION    SE (140)
  AVERAGE WIND SPEED    13.3


SKY COVER
  AVERAGE SKY COVER 0.3


WEATHER CONDITIONS
 THE FOLLOWING WEATHER WAS RECORDED YESTERDAY.
  NO SIGNIFICANT WEATHER WAS OBSERVED.


RELATIVE HUMIDITY (PERCENT)
 HIGHEST    86           500 AM
 LOWEST     51          1100 AM
 AVERAGE    69

..........................................................


THE AMARILLO CLIMATE NORMALS FOR TODAY
                         NORMAL    RECORD    YEAR
 MAXIMUM TEMPERATURE (F)   80        97      1933
 MINIMUM TEMPERATURE (F)   53        38      1946


SUNRISE AND SUNSET
SEPTEMBER 23 2014.....SUNRISE   736 AM CDT   SUNSET   742 PM CDT
SEPTEMBER 24 2014.....SUNRISE   736 AM CDT   SUNSET   741 PM CDT


-  INDICATES NEGATIVE NUMBERS.
R  INDICATES RECORD WAS SET OR TIED.
MM INDICATES DATA IS MISSING.
T  INDICATES TRACE AMOUNT.




$$
