000
CDUS44 KAMA 222131
CLIAMA


CLIMATE REPORT
NATIONAL WEATHER SERVICE AMARILLO TX
430 PM CDT FRI AUG 22 2014


...................................

...THE AMARILLO CLIMATE SUMMARY FOR AUGUST 22 2014...
VALID TODAY AS OF 0400 PM LOCAL TIME.

CLIMATE NORMAL PERIOD 1981 TO 2010
CLIMATE RECORD PERIOD 1892 TO 2014


WEATHER ITEM   OBSERVED TIME   RECORD YEAR NORMAL DEPARTURE LAST
                VALUE   (LST)  VALUE       VALUE  FROM      YEAR
                                                  NORMAL
..................................................................
TEMPERATURE (F)
 TODAY
  MAXIMUM         97    235 PM 101    2011  89      8       94
                                      1922
  MINIMUM         73    635 AM  53    1966  64      9       60
                                      1945
                                      1920
  AVERAGE         85                        76      9       77

PRECIPITATION (IN)
  TODAY            0.00          2.30 1907   0.09  -0.09     0.00
  MONTH TO DATE    1.65                      2.20  -0.55     1.42
  SINCE JUN 1      8.87                      8.20   0.67     6.08
  SINCE JAN 1     13.58                     14.56  -0.98    12.37

SNOWFALL (IN)
  TODAY            0.0           0.0    MM   0.0    0.0      0.0
  MONTH TO DATE    0.0                       0.0    0.0      0.0
  SINCE JUN 1      0.0                       0.0    0.0      0.0
  SINCE JUL 1      0.0                       0.0    0.0      0.0
  SNOW DEPTH       0

DEGREE DAYS
 HEATING
  TODAY            0                         0      0        0
  MONTH TO DATE    0                         0      0        0
  SINCE JUN 1      4                         7     -3        0
  SINCE JUL 1      0                         0      0        0

 COOLING
  TODAY           20                        11      9       12
  MONTH TO DATE  311                       272     39      305
  SINCE JUN 1    992                       972     20     1104
  SINCE JAN 1   1189                      1097     92     1352
..................................................................


WIND (MPH)
  RESULTANT WIND SPEED  15   RESULTANT WIND DIRECTION   S (200)
  HIGHEST WIND SPEED    23   HIGHEST WIND DIRECTION    SW (210)
  HIGHEST GUST SPEED    31   HIGHEST GUST DIRECTION    SW (220)
  AVERAGE WIND SPEED    16.0


SKY COVER
  AVERAGE SKY COVER 0.1


WEATHER CONDITIONS
 THE FOLLOWING WEATHER WAS RECORDED TODAY.
  NO SIGNIFICANT WEATHER WAS OBSERVED.


RELATIVE HUMIDITY (PERCENT)
 HIGHEST    68           600 AM
 LOWEST     24           300 PM
 AVERAGE    46

..........................................................


THE AMARILLO CLIMATE NORMALS FOR TOMORROW
                         NORMAL    RECORD    YEAR
 MAXIMUM TEMPERATURE (F)   89       102      2011
                                             1973
 MINIMUM TEMPERATURE (F)   64        52      1966
                                             1896


SUNRISE AND SUNSET
AUGUST 22 2014........SUNRISE   712 AM CDT   SUNSET   827 PM CDT
AUGUST 23 2014........SUNRISE   713 AM CDT   SUNSET   826 PM CDT


-  INDICATES NEGATIVE NUMBERS.
R  INDICATES RECORD WAS SET OR TIED.
MM INDICATES DATA IS MISSING.
T  INDICATES TRACE AMOUNT.




$$
