000
CDUS44 KAMA 180734
CLIAMA


CLIMATE REPORT
NATIONAL WEATHER SERVICE AMARILLO TX
134 AM CST THU DEC 18 2014


...................................

...THE AMARILLO CLIMATE SUMMARY FOR DECEMBER 17 2014...

CLIMATE NORMAL PERIOD 1981 TO 2010
CLIMATE RECORD PERIOD 1892 TO 2014


WEATHER ITEM   OBSERVED TIME   RECORD YEAR NORMAL DEPARTURE LAST
                VALUE   (LST)  VALUE       VALUE  FROM      YEAR
                                                  NORMAL
..................................................................
TEMPERATURE (F)
 YESTERDAY
  MAXIMUM         42   1244 AM  77    1980  49     -7       64
                                      1939
  MINIMUM         35    836 PM   2    1964  24     11       30
  AVERAGE         39                        36      3       47

PRECIPITATION (IN)
  YESTERDAY        0.00          1.58 1959   0.02  -0.02     0.00
  MONTH TO DATE    0.08                      0.38  -0.30     0.02
  SINCE DEC 1      0.08                      0.38  -0.30     0.02
  SINCE JAN 1     19.35                     20.03  -0.68    14.90

SNOWFALL (IN)
  YESTERDAY        0.0           5.7  1918   0.2   -0.2      0.0
  MONTH TO DATE    T                         2.2   -2.2      0.2
  SINCE DEC 1      T                         2.2   -2.2      0.2
  SINCE JUL 1      2.5                       4.9   -2.4      4.5
  SNOW DEPTH       0

DEGREE DAYS
 HEATING
  YESTERDAY       26                        29     -3       18
  MONTH TO DATE  341                       467   -126      507
  SINCE DEC 1    341                       467   -126      507
  SINCE JUL 1   1135                      1311   -176     1345

 COOLING
  YESTERDAY        0                         0      0        0
  MONTH TO DATE    0                         0      0        0
  SINCE DEC 1      0                         0      0        0
  SINCE JAN 1   1534                      1399    135     1806
..................................................................


WIND (MPH)
  RESULTANT WIND SPEED  14   RESULTANT WIND DIRECTION  SE (150)
  HIGHEST WIND SPEED    21   HIGHEST WIND DIRECTION     S (160)
  HIGHEST GUST SPEED    27   HIGHEST GUST DIRECTION     S (160)
  AVERAGE WIND SPEED    15.0


SKY COVER
  AVERAGE SKY COVER 1.0


WEATHER CONDITIONS
 THE FOLLOWING WEATHER WAS RECORDED YESTERDAY.
  FOG
  FOG W/VISIBILITY <= 1/4 MILE


RELATIVE HUMIDITY (PERCENT)
 HIGHEST   100           700 PM
 LOWEST     50          1200 AM
 AVERAGE    75

..........................................................


THE AMARILLO CLIMATE NORMALS FOR TODAY
                         NORMAL    RECORD    YEAR
 MAXIMUM TEMPERATURE (F)   49        74      1978
 MINIMUM TEMPERATURE (F)   23        -3      1924


SUNRISE AND SUNSET
DECEMBER 18 2014......SUNRISE   750 AM CST   SUNSET   537 PM CST
DECEMBER 19 2014......SUNRISE   750 AM CST   SUNSET   537 PM CST


-  INDICATES NEGATIVE NUMBERS.
R  INDICATES RECORD WAS SET OR TIED.
MM INDICATES DATA IS MISSING.
T  INDICATES TRACE AMOUNT.




$$
