000
CDUS42 KJAX 210534
CLIAMG


CLIMATE REPORT
NATIONAL WEATHER SERVICE JACKSONVILLE
133 AM EDT MON APR 21 2014


...................................

...THE ALMA CLIMATE SUMMARY FOR APRIL 20 2014...

CLIMATE NORMAL PERIOD 1981 TO 2010
CLIMATE RECORD PERIOD 1948 TO 2014


WEATHER ITEM   OBSERVED TIME   RECORD YEAR NORMAL DEPARTURE LAST
                VALUE   (LST)  VALUE       VALUE  FROM      YEAR
                                                  NORMAL
..................................................................
TEMPERATURE (F)
 YESTERDAY
  MAXIMUM         67    503 PM  93    1968  80    -13       67
  MINIMUM         52    803 AM  38    1956  55     -3       48
  AVERAGE         60                        67     -7       58

PRECIPITATION (IN)
  YESTERDAY        0.00          1.36 2010   0.08  -0.08     0.18
  MONTH TO DATE    7.66                      2.04   5.62     2.73
  SINCE MAR 1     10.88                      6.79   4.09     5.02
  SINCE JAN 1     14.40                     14.85  -0.45    15.13

SNOWFALL (IN)
  YESTERDAY        0.0           0.0    MM   0.0    0.0      0.0
  MONTH TO DATE    0.0                       0.0    0.0      0.0
  SINCE MAR 1      0.0                       0.0    0.0       T
  SINCE JUL 1      T                         0.1   -0.1       T
  SNOW DEPTH       0

DEGREE DAYS
 HEATING
  YESTERDAY        5                         2      3        7
  MONTH TO DATE   57                        52      5       54
  SINCE MAR 1    336                       240     96      422
  SINCE JUL 1   1803                      1641    162     1581

 COOLING
  YESTERDAY        0                         4     -4        0
  MONTH TO DATE   33                        55    -22       52
  SINCE MAR 1     37                        93    -56       58
  SINCE JAN 1     45                       109    -64       85
..................................................................


WIND (MPH)
  HIGHEST WIND SPEED    12   HIGHEST WIND DIRECTION     N (10)
  HIGHEST GUST SPEED    18   HIGHEST GUST DIRECTION    NE (30)
  AVERAGE WIND SPEED     4.8


SKY COVER
  POSSIBLE SUNSHINE  MM
  AVERAGE SKY COVER 0.9


WEATHER CONDITIONS
 THE FOLLOWING WEATHER WAS RECORDED YESTERDAY.
  FOG
  HAZE


RELATIVE HUMIDITY (PERCENT)
 HIGHEST    93           300 AM
 LOWEST     63           500 PM
 AVERAGE    78

..........................................................


THE ALMA CLIMATE NORMALS FOR TODAY
                         NORMAL    RECORD    YEAR
 MAXIMUM TEMPERATURE (F)   80        92      2002
 MINIMUM TEMPERATURE (F)   55        33      1953


SUNRISE AND SUNSET
APRIL 21 2014.........SUNRISE   655 AM EDT   SUNSET   803 PM EDT
APRIL 22 2014.........SUNRISE   654 AM EDT   SUNSET   804 PM EDT


-  INDICATES NEGATIVE NUMBERS.
R  INDICATES RECORD WAS SET OR TIED.
MM INDICATES DATA IS MISSING.
T  INDICATES TRACE AMOUNT.




$$
