274
CDUS42 KJAX 240527
CLIAMG


CLIMATE REPORT
NATIONAL WEATHER SERVICE JACKSONVILLE FL
1227 AM EST SAT FEB 24 2018


...................................

...THE ALMA CLIMATE SUMMARY FOR FEBRUARY 23 2018...

CLIMATE NORMAL PERIOD 1981 TO 2010
CLIMATE RECORD PERIOD 1948 TO 2018


WEATHER ITEM   OBSERVED TIME   RECORD YEAR NORMAL DEPARTURE LAST
                VALUE   (LST)  VALUE       VALUE  FROM      YEAR
                                                  NORMAL
..................................................................
TEMPERATURE (F)
 YESTERDAY
  MAXIMUM         84R   450 PM  82    2012  67     17       79
                                      1996
  MINIMUM         56    714 AM  21    1963  44     12       57
  AVERAGE         70                        56     14       68

PRECIPITATION (IN)
  YESTERDAY        0.00          2.30 2013   0.15  -0.15      T
  MONTH TO DATE    1.73                      3.11  -1.38     1.01
  SINCE DEC 1      5.14                     10.66  -5.52    12.82
  SINCE JAN 1      3.28                      7.37  -4.09     8.10

SNOWFALL (IN)
  YESTERDAY        0.0           0.0    MM   0.0    0.0      0.0
  MONTH TO DATE    0.0                       0.0    0.0      0.0
  SINCE DEC 1      3.0                       0.1    2.9      0.0
  SINCE JUL 1      3.0                       0.1    2.9      0.0
  SNOW DEPTH       0

DEGREE DAYS
 HEATING
  YESTERDAY        0                        10    -10        0
  MONTH TO DATE   99                       266   -167      129
  SINCE DEC 1   1021                      1111    -90      650
  SINCE JUL 1   1232                      1355   -123      838

 COOLING
  YESTERDAY        5                         0      5        3
  MONTH TO DATE   72                         0     72       14
  SINCE DEC 1     90                        16     74       53
  SINCE JAN 1     77                         5     72       40
..................................................................


WIND (MPH)
  HIGHEST WIND SPEED    12   HIGHEST WIND DIRECTION     S (170)
  HIGHEST GUST SPEED    15   HIGHEST GUST DIRECTION     S (180)
  AVERAGE WIND SPEED     2.9


SKY COVER
  POSSIBLE SUNSHINE  MM
  AVERAGE SKY COVER 0.4


WEATHER CONDITIONS
 THE FOLLOWING WEATHER WAS RECORDED YESTERDAY.
  FOG
  FOG W/VISIBILITY <= 1/4 MILE


RELATIVE HUMIDITY (PERCENT)
 HIGHEST   100           500 AM
 LOWEST     37           500 PM
 AVERAGE    69

..........................................................


THE ALMA CLIMATE NORMALS FOR TODAY
                         NORMAL    RECORD    YEAR
 MAXIMUM TEMPERATURE (F)   68        85      2012
 MINIMUM TEMPERATURE (F)   45        24      1964


SUNRISE AND SUNSET
FEBRUARY 24 2018......SUNRISE   702 AM EST   SUNSET   624 PM EST
FEBRUARY 25 2018......SUNRISE   701 AM EST   SUNSET   625 PM EST


-  INDICATES NEGATIVE NUMBERS.
R  INDICATES RECORD WAS SET OR TIED.
MM INDICATES DATA IS MISSING.
T  INDICATES TRACE AMOUNT.




$$
