000
CDUS42 KJAX 300531
CLIAMG


CLIMATE REPORT
NATIONAL WEATHER SERVICE JACKSONVILLE FL
130 AM EDT TUE JUN 30 2015


...................................

...THE ALMA CLIMATE SUMMARY FOR JUNE 29 2015...

CLIMATE NORMAL PERIOD 1981 TO 2010
CLIMATE RECORD PERIOD 1948 TO 2015


WEATHER ITEM   OBSERVED TIME   RECORD YEAR NORMAL DEPARTURE LAST
                VALUE   (LST)  VALUE       VALUE  FROM      YEAR
                                                  NORMAL
..................................................................
TEMPERATURE (F)
 YESTERDAY
  MAXIMUM         88        MM 100    1998  92     -4       93
  MINIMUM         69        MM  60    1979  71     -2       69
  AVERAGE         79                        81     -2       81

PRECIPITATION (IN)
  YESTERDAY        0.00          2.12 1999   0.19  -0.19     0.00
  MONTH TO DATE    5.39                      5.23   0.16     3.16
  SINCE JUN 1      5.39                      5.23   0.16     3.16
  SINCE JAN 1     18.66                     23.32  -4.66    20.82

SNOWFALL (IN)
  YESTERDAY        0.0           0.0    MM   0.0    0.0      0.0
  MONTH TO DATE    0.0                       0.0    0.0      0.0
  SINCE JUN 1      0.0                       0.0    0.0      0.0
  SINCE JUL 1      0.0                       0.1   -0.1       T
  SNOW DEPTH       0

DEGREE DAYS
 HEATING
  YESTERDAY        0                         0      0        0
  MONTH TO DATE    0                         0      0        0
  SINCE JUN 1      0                         0      0        0
  SINCE JUL 1   1820                      1659    161     1807

 COOLING
  YESTERDAY       14                        16     -2       16
  MONTH TO DATE  466                       426     40      442
  SINCE JUN 1    466                       426     40      442
  SINCE JAN 1    991                       856    135      826
..................................................................


WIND (MPH)
  HIGHEST WIND SPEED     9   HIGHEST WIND DIRECTION     W (260)
  HIGHEST GUST SPEED    MM   HIGHEST GUST DIRECTION    MM
  AVERAGE WIND SPEED     4.0


SKY COVER
  POSSIBLE SUNSHINE  MM
  AVERAGE SKY COVER 0.4


WEATHER CONDITIONS
 THE FOLLOWING WEATHER WAS RECORDED YESTERDAY.
  FOG


RELATIVE HUMIDITY (PERCENT)
 HIGHEST   100          1200 AM
 LOWEST     40           500 PM
 AVERAGE    70

..........................................................


THE ALMA CLIMATE NORMALS FOR TODAY
                         NORMAL    RECORD    YEAR
 MAXIMUM TEMPERATURE (F)   92        99      1998
 MINIMUM TEMPERATURE (F)   71        53      1958


SUNRISE AND SUNSET
JUNE 30 2015..........SUNRISE   628 AM EDT   SUNSET   839 PM EDT
JULY  1 2015..........SUNRISE   629 AM EDT   SUNSET   839 PM EDT


-  INDICATES NEGATIVE NUMBERS.
R  INDICATES RECORD WAS SET OR TIED.
MM INDICATES DATA IS MISSING.
T  INDICATES TRACE AMOUNT.




$$
