000
CDUS42 KJAX 220527
CLIAMG


CLIMATE REPORT
NATIONAL WEATHER SERVICE JACKSONVILLE FL
126 AM EDT MON MAY 22 2017


...................................

...THE ALMA CLIMATE SUMMARY FOR MAY 21 2017...

CLIMATE NORMAL PERIOD 1981 TO 2010
CLIMATE RECORD PERIOD 1948 TO 2017


WEATHER ITEM   OBSERVED TIME   RECORD YEAR NORMAL DEPARTURE LAST
                VALUE   (LST)  VALUE       VALUE  FROM      YEAR
                                                  NORMAL
..................................................................
TEMPERATURE (F)
 YESTERDAY
  MAXIMUM         86    358 PM  97    1962  87     -1       86
  MINIMUM         75    844 AM  44    1954  63     12       66
  AVERAGE         81                        75      6       76

PRECIPITATION (IN)
  YESTERDAY        0.03          0.98 1990   0.09  -0.06     0.01
  MONTH TO DATE    1.78                      1.45   0.33     3.34
  SINCE MAR 1      4.78                      9.01  -4.23     9.53
  SINCE JAN 1     12.91                     17.07  -4.16    18.78

SNOWFALL (IN)
  YESTERDAY        0.0           0.0    MM   0.0    0.0      0.0
  MONTH TO DATE    0.0                       0.0    0.0      0.0
  SINCE MAR 1      0.0                       0.0    0.0      0.0
  SINCE JUL 1      0.0                       0.1   -0.1      0.0
  SNOW DEPTH       0

DEGREE DAYS
 HEATING
  YESTERDAY        0                         0      0        0
  MONTH TO DATE    3                         3      0        7
  SINCE MAR 1    227                       255    -28      176
  SINCE JUL 1   1083                      1656   -573     1274

 COOLING
  YESTERDAY       16                        10      6       11
  MONTH TO DATE  186                       161     25      171
  SINCE MAR 1    425                       299    126      344
  SINCE JAN 1    480                       315    165      357
..................................................................


WIND (MPH)
  HIGHEST WIND SPEED    10   HIGHEST WIND DIRECTION     W (280)
  HIGHEST GUST SPEED    14   HIGHEST GUST DIRECTION     W (260)
  AVERAGE WIND SPEED     4.6


SKY COVER
  POSSIBLE SUNSHINE  MM
  AVERAGE SKY COVER 0.4


WEATHER CONDITIONS
 THE FOLLOWING WEATHER WAS RECORDED YESTERDAY.
  THUNDERSTORM
  LIGHT RAIN
  FOG


RELATIVE HUMIDITY (PERCENT)
 HIGHEST    94           300 AM
 LOWEST     55           200 PM
 AVERAGE    75

..........................................................


THE ALMA CLIMATE NORMALS FOR TODAY
                         NORMAL    RECORD    YEAR
 MAXIMUM TEMPERATURE (F)   87        99      2011
 MINIMUM TEMPERATURE (F)   64        45      1981


SUNRISE AND SUNSET
MAY 22 2017...........SUNRISE   629 AM EDT   SUNSET   824 PM EDT
MAY 23 2017...........SUNRISE   629 AM EDT   SUNSET   825 PM EDT


-  INDICATES NEGATIVE NUMBERS.
R  INDICATES RECORD WAS SET OR TIED.
MM INDICATES DATA IS MISSING.
T  INDICATES TRACE AMOUNT.




$$
