000
CDUS44 KBMX 260831
CLIANB


CLIMATE REPORT
NATIONAL WEATHER SERVICE BIRMINGHAM, AL
330 AM CDT MON SEP 26 2016


...................................

...THE ANNISTON CLIMATE SUMMARY FOR SEPTEMBER 25 2016...

CLIMATE NORMAL PERIOD 1981 TO 2010
CLIMATE RECORD PERIOD 1903 TO 2016


WEATHER ITEM   OBSERVED TIME   RECORD YEAR NORMAL DEPARTURE LAST
                VALUE   (LST)  VALUE       VALUE  FROM      YEAR
                                                  NORMAL
..................................................................
TEMPERATURE (F)
 YESTERDAY
  MAXIMUM         98R   149 PM  96    1931  81     17       70
  MINIMUM         68    554 AM  42    1990  59      9       62
  AVERAGE         83                        70     13       66

PRECIPITATION (IN)
  YESTERDAY        0.00          2.30 1997   0.10  -0.10     0.17
  MONTH TO DATE    0.60                      2.43  -1.83     2.51
  SINCE SEP 1      0.60                      2.43  -1.83     2.51
  SINCE JAN 1     26.46                     37.35 -10.89    39.67

DEGREE DAYS
 HEATING
  YESTERDAY        0
  MONTH TO DATE    0
  SINCE SEP 1      0
  SINCE JUL 1      0
..................................................................


WIND (MPH)
  HIGHEST WIND SPEED    13   HIGHEST WIND DIRECTION     E (100)
  HIGHEST GUST SPEED    16   HIGHEST GUST DIRECTION     E (100)
  AVERAGE WIND SPEED     2.8


SKY COVER
  AVERAGE SKY COVER 0.0


WEATHER CONDITIONS
 THE FOLLOWING WEATHER WAS RECORDED YESTERDAY.
  NO SIGNIFICANT WEATHER WAS OBSERVED.


RELATIVE HUMIDITY (PERCENT)
 HIGHEST    81
 LOWEST     20
 AVERAGE    51

..........................................................


THE ANNISTON CLIMATE NORMALS FOR TODAY
                         NORMAL    RECORD    YEAR
 MAXIMUM TEMPERATURE (F)   81        97      1931
 MINIMUM TEMPERATURE (F)   59        40      2001


SUNRISE AND SUNSET
SEPTEMBER 26 2016.....SUNRISE   635 AM CDT   SUNSET   634 PM CDT
SEPTEMBER 27 2016.....SUNRISE   635 AM CDT   SUNSET   633 PM CDT


-  INDICATES NEGATIVE NUMBERS.
R  INDICATES RECORD WAS SET OR TIED.
MM INDICATES DATA IS MISSING.
T  INDICATES TRACE AMOUNT.




$$
