000
CDUS44 KBMX 170846
CLIANB


CLIMATE REPORT
NATIONAL WEATHER SERVICE BIRMINGHAM, AL
245 AM CST FRI NOV 17 2017


...................................

...THE ANNISTON CLIMATE SUMMARY FOR NOVEMBER 16 2017...

CLIMATE NORMAL PERIOD 1981 TO 2010
CLIMATE RECORD PERIOD 1903 TO 2017


WEATHER ITEM   OBSERVED TIME   RECORD YEAR NORMAL DEPARTURE LAST
                VALUE   (LST)  VALUE       VALUE  FROM      YEAR
                                                  NORMAL
..................................................................
TEMPERATURE (F)
 YESTERDAY
  MAXIMUM         68    320 PM  82    1993  65      3       75
                                      1957
  MINIMUM         39   1048 PM  22    1904  42     -3       38
  AVERAGE         54                        53      1       57

PRECIPITATION (IN)
  YESTERDAY        0.00          3.45 2014   0.17  -0.17     0.00
  MONTH TO DATE    0.92                      2.31  -1.39      T
  SINCE SEP 1     11.75                      8.36   3.39     0.61
  SINCE JAN 1     56.05                     43.28  12.77    26.47

SNOWFALL (IN)
  YESTERDAY        0.0                       0.0             0.0
  MONTH TO DATE    0.0                       0.0             0.0
  SINCE SEP 1      0.0                       0.0             0.0
  SINCE JUL 1      0.0                       0.0             0.0

DEGREE DAYS
 HEATING
  YESTERDAY       11
  MONTH TO DATE  120
  SINCE SEP 1    255
  SINCE JUL 1    255
..................................................................


WIND (MPH)
  HIGHEST WIND SPEED    12   HIGHEST WIND DIRECTION     N (360)
  HIGHEST GUST SPEED    14   HIGHEST GUST DIRECTION     W (270)
  AVERAGE WIND SPEED     2.7


SKY COVER
  AVERAGE SKY COVER 0.5


WEATHER CONDITIONS
 THE FOLLOWING WEATHER WAS RECORDED YESTERDAY.
  FOG


RELATIVE HUMIDITY (PERCENT)
 HIGHEST    89
 LOWEST     45
 AVERAGE    67

..........................................................


THE ANNISTON CLIMATE NORMALS FOR TODAY
                         NORMAL    RECORD    YEAR
 MAXIMUM TEMPERATURE (F)   65        85      1958
 MINIMUM TEMPERATURE (F)   41        21      1997


SUNRISE AND SUNSET
NOVEMBER 17 2017......SUNRISE   617 AM CST   SUNSET   439 PM CST
NOVEMBER 18 2017......SUNRISE   618 AM CST   SUNSET   439 PM CST


-  INDICATES NEGATIVE NUMBERS.
R  INDICATES RECORD WAS SET OR TIED.
MM INDICATES DATA IS MISSING.
T  INDICATES TRACE AMOUNT.




$$
