000
CDUS44 KBMX 220834
CLIANB


CLIMATE REPORT
NATIONAL WEATHER SERVICE BIRMINGHAM, AL
233 AM CST MON JAN 22 2018


...................................

...THE ANNISTON CLIMATE SUMMARY FOR JANUARY 21 2018...

CLIMATE NORMAL PERIOD 1981 TO 2010
CLIMATE RECORD PERIOD 1903 TO 2018


WEATHER ITEM   OBSERVED TIME   RECORD YEAR NORMAL DEPARTURE LAST
                VALUE   (LST)  VALUE       VALUE  FROM      YEAR
                                                  NORMAL
..................................................................
TEMPERATURE (F)
 YESTERDAY
  MAXIMUM         71    314 PM  72    1974  54     17       68
  MINIMUM         32    700 AM  -5    1985  33     -1       54
  AVERAGE         52                        43      9       61

PRECIPITATION (IN)
  YESTERDAY        0.00          1.95 1959   0.16  -0.16     1.02
  MONTH TO DATE    0.82                      2.90  -2.08     5.43
  SINCE DEC 1      4.27                      7.02  -2.75     8.07
  SINCE JAN 1      0.82                      2.90  -2.08     5.43

SNOWFALL (IN)
  YESTERDAY        0.0                       0.1             0.0
  MONTH TO DATE    0.0                       0.4             0.0
  SINCE DEC 1      0.0                       0.4             0.0
  SINCE JUL 1      0.0                       0.4             0.0

DEGREE DAYS
 HEATING
  YESTERDAY       13
  MONTH TO DATE  556
  SINCE DEC 1   1171
  SINCE JUL 1   1627
..................................................................


WIND (MPH)
  HIGHEST WIND SPEED    10   HIGHEST WIND DIRECTION     S (170)
  HIGHEST GUST SPEED    17   HIGHEST GUST DIRECTION    SE (120)
  AVERAGE WIND SPEED     2.3


SKY COVER
  AVERAGE SKY COVER 0.0


WEATHER CONDITIONS
 THE FOLLOWING WEATHER WAS RECORDED YESTERDAY.
  NO SIGNIFICANT WEATHER WAS OBSERVED.


RELATIVE HUMIDITY (PERCENT)
 HIGHEST    96
 LOWEST     35
 AVERAGE    66

..........................................................


THE ANNISTON CLIMATE NORMALS FOR TODAY
                         NORMAL    RECORD    YEAR
 MAXIMUM TEMPERATURE (F)   54        76      1974
 MINIMUM TEMPERATURE (F)   33         9      1985


SUNRISE AND SUNSET
JANUARY 22 2018.......SUNRISE   645 AM CST   SUNSET   505 PM CST
JANUARY 23 2018.......SUNRISE   645 AM CST   SUNSET   506 PM CST


-  INDICATES NEGATIVE NUMBERS.
R  INDICATES RECORD WAS SET OR TIED.
MM INDICATES DATA IS MISSING.
T  INDICATES TRACE AMOUNT.




$$
