000
CDUS44 KBMX 021045
CLIANB


CLIMATE REPORT
NATIONAL WEATHER SERVICE BIRMINGHAM, AL
443 AM CST MON MAR 2 2015


...................................

...THE ANNISTON CLIMATE SUMMARY FOR MARCH 1 2015...

CLIMATE NORMAL PERIOD 1981 TO 2010
CLIMATE RECORD PERIOD 1903 TO 2015


WEATHER ITEM   OBSERVED TIME   RECORD YEAR NORMAL DEPARTURE LAST
                VALUE   (LST)  VALUE       VALUE  FROM      YEAR
                                                  NORMAL
..................................................................
TEMPERATURE (F)
 YESTERDAY
  MAXIMUM         56    253 PM  82    1997  62     -6       67
  MINIMUM         44    733 AM  21    1980  40      4       45
  AVERAGE         50                        51     -1       56

PRECIPITATION (IN)
  YESTERDAY        T             2.09 1994   0.18  -0.18     0.00
  MONTH TO DATE    T                         0.18  -0.18     0.00
  SINCE MAR 1      T                         0.18  -0.18     0.00
  SINCE JAN 1      8.16                      9.78  -1.62     7.16

SNOWFALL (IN)
  YESTERDAY        0.0                       0.0             0.0
  MONTH TO DATE    0.0                       0.0             0.0
  SINCE MAR 1      0.0                       0.0             0.0
  SINCE JUL 1      0.0                       1.1             2.3

DEGREE DAYS
 HEATING
  YESTERDAY       15
  MONTH TO DATE   15
  SINCE MAR 1     15
  SINCE JUL 1   2536
..................................................................


WIND (MPH)
  HIGHEST WIND SPEED    15   HIGHEST WIND DIRECTION     E (90)
  HIGHEST GUST SPEED    20   HIGHEST GUST DIRECTION     E (80)
  AVERAGE WIND SPEED     7.2


SKY COVER
  AVERAGE SKY COVER 0.9


WEATHER CONDITIONS
 THE FOLLOWING WEATHER WAS RECORDED YESTERDAY.
  NO SIGNIFICANT WEATHER WAS OBSERVED.


RELATIVE HUMIDITY (PERCENT)
 HIGHEST    86
 LOWEST     61
 AVERAGE    74

..........................................................


THE ANNISTON CLIMATE NORMALS FOR TODAY
                         NORMAL    RECORD    YEAR
 MAXIMUM TEMPERATURE (F)   62        84      1976
 MINIMUM TEMPERATURE (F)   40        17      1980


SUNRISE AND SUNSET
MARCH  2 2015.........SUNRISE   611 AM CST   SUNSET   541 PM CST
MARCH  3 2015.........SUNRISE   610 AM CST   SUNSET   542 PM CST


-  INDICATES NEGATIVE NUMBERS.
R  INDICATES RECORD WAS SET OR TIED.
MM INDICATES DATA IS MISSING.
T  INDICATES TRACE AMOUNT.




$$
