000
CDUS44 KBMX 300030
CLIANB


CLIMATE REPORT
NATIONAL WEATHER SERVICE BIRMINGHAM, AL
730 PM CDT WED MAR 29 2017


...................................

...THE ANNISTON CLIMATE SUMMARY FOR MARCH 29 2017...
VALID TODAY AS OF 0700 PM LOCAL TIME.

CLIMATE NORMAL PERIOD 1981 TO 2010
CLIMATE RECORD PERIOD 1903 TO 2017


WEATHER ITEM   OBSERVED RECORD YEAR NORMAL DEPARTURE LAST
                VALUE   VALUE       VALUE  FROM      YEAR
                                           NORMAL
...........................................................
TEMPERATURE (F)
 TODAY
  MAXIMUM         84     86    2007  70     14       73
  MINIMUM         59     28    2015  45     14       40
                               1948
  AVERAGE         72

PRECIPITATION (IN)
  TODAY            0.00   7.96 1977   0.16  -0.16     0.00
  MONTH TO DATE    4.11               4.67  -0.56     2.88
  SINCE MAR 1      4.11               4.67  -0.56     2.88
  SINCE JAN 1     14.63              14.27   0.36    11.72

SNOWFALL (IN)
  TODAY            0.0                0.0             0.0
  MONTH TO DATE    0.0                0.7             0.0
  SINCE MAR 1      0.0                0.7             0.0
  SINCE JUL 1      0.0                1.8              T

DEGREE DAYS

 COOLING
  TODAY            7                  1      6        0
  MONTH TO DATE   38                  6     32       23
  SINCE MAR 1     38                  6     32       23
  SINCE JAN 1     40                  7     33       23
...........................................................


WIND (MPH)
  HIGHEST WIND SPEED    13   HIGHEST WIND DIRECTION    SW (210)
  HIGHEST GUST SPEED    20   HIGHEST GUST DIRECTION    SW (240)
  AVERAGE WIND SPEED     5.0


SKY COVER
  AVERAGE SKY COVER 0.1


WEATHER CONDITIONS
 THE FOLLOWING WEATHER WAS RECORDED TODAY.
  NO SIGNIFICANT WEATHER WAS OBSERVED.


RELATIVE HUMIDITY (PERCENT)
 HIGHEST   100
 LOWEST     47
 AVERAGE    74

..........................................................


THE ANNISTON CLIMATE NORMALS FOR TOMORROW
                         NORMAL    RECORD    YEAR
 MAXIMUM TEMPERATURE (F)   70        87      1963
 MINIMUM TEMPERATURE (F)   46        24      1964
                                             2005


SUNRISE AND SUNSET
MARCH 29 2017.........SUNRISE   635 AM CDT   SUNSET   702 PM CDT
MARCH 30 2017.........SUNRISE   633 AM CDT   SUNSET   703 PM CDT


-  INDICATES NEGATIVE NUMBERS.
R  INDICATES RECORD WAS SET OR TIED.
MM INDICATES DATA IS MISSING.
T  INDICATES TRACE AMOUNT.




$$
