000
CDUS44 KBMX 260040
CLIANB


CLIMATE REPORT
NATIONAL WEATHER SERVICE BIRMINGHAM, AL
740 PM CDT THU AUG 25 2016


...................................

...THE ANNISTON CLIMATE SUMMARY FOR AUGUST 25 2016...
VALID TODAY AS OF 0700 PM LOCAL TIME.

CLIMATE NORMAL PERIOD 1981 TO 2010
CLIMATE RECORD PERIOD 1903 TO 2016


WEATHER ITEM   OBSERVED RECORD YEAR NORMAL DEPARTURE LAST
                VALUE   VALUE       VALUE  FROM      YEAR
                                           NORMAL
...........................................................
TEMPERATURE (F)
 TODAY
  MAXIMUM         95     99    2011  89      6       83
  MINIMUM         75     57    1964  69      6       59
  AVERAGE         85

PRECIPITATION (IN)
  TODAY            T      3.52 2008   0.10  -0.10     0.00
  MONTH TO DATE    1.56               2.70  -1.14     3.79
  SINCE JUN 1      6.14              11.40  -5.26    11.27
  SINCE JAN 1     25.86              34.33  -8.47    35.79

DEGREE DAYS
 COOLING
  TODAY           20                 14      6        6
  MONTH TO DATE  440                370     70      386
  SINCE JUN 1   1429               1194    235     1328
  SINCE JAN 1   1709               1434    275     1645
...........................................................


WIND (MPH)
  HIGHEST WIND SPEED    17   HIGHEST WIND DIRECTION    NE (50)
  HIGHEST GUST SPEED    25   HIGHEST GUST DIRECTION    NE (50)
  AVERAGE WIND SPEED     4.8


SKY COVER
  AVERAGE SKY COVER 0.5


WEATHER CONDITIONS
 THE FOLLOWING WEATHER WAS RECORDED TODAY.
  NO SIGNIFICANT WEATHER WAS OBSERVED.


RELATIVE HUMIDITY (PERCENT)
 HIGHEST    82
 LOWEST     42
 AVERAGE    62

..........................................................


THE ANNISTON CLIMATE NORMALS FOR TOMORROW
                         NORMAL    RECORD    YEAR
 MAXIMUM TEMPERATURE (F)   89       100      2011
 MINIMUM TEMPERATURE (F)   69        54      1966


SUNRISE AND SUNSET
AUGUST 25 2016........SUNRISE   613 AM CDT   SUNSET   717 PM CDT
AUGUST 26 2016........SUNRISE   614 AM CDT   SUNSET   716 PM CDT


-  INDICATES NEGATIVE NUMBERS.
R  INDICATES RECORD WAS SET OR TIED.
MM INDICATES DATA IS MISSING.
T  INDICATES TRACE AMOUNT.




$$
