000
CDAK48 PAFC 022235
CLIANC


CLIMATE REPORT
NATIONAL WEATHER SERVICE ANCHORAGE, AK
135 PM AKST FRI DEC 2 2016


...................................

...THE ANCHORAGE AK CLIMATE SUMMARY FOR DECEMBER 2 2016...
VALID TODAY AS OF 0100 PM LOCAL TIME.

CLIMATE NORMAL PERIOD 1981 TO 2010
CLIMATE RECORD PERIOD 1952 TO 2016


WEATHER ITEM   OBSERVED TIME   RECORD YEAR NORMAL DEPARTURE LAST
                VALUE   (LST)  VALUE       VALUE  FROM      YEAR
                                                  NORMAL
..................................................................
TEMPERATURE (F)
 TODAY
  MAXIMUM         25        MM  48    1992  25      0       24
  MINIMUM         21    100 PM -14    2003  14      7       17
  AVERAGE         23                        20      3       21

PRECIPITATION (IN)
  TODAY            0.04          0.56 1978   0.03   0.01     0.03
  MONTH TO DATE    0.50                      0.07   0.43     0.03
  SINCE DEC 1      0.50                      0.07   0.43     0.03
  SINCE JAN 1     15.49                     15.54  -0.05    18.70

SNOWFALL (IN)
  TODAY           MM             8.4  1978   0.6   MM        0.5
  MONTH TO DATE    7.7                       1.1    6.6      0.5
  SINCE DEC 1      7.7                       1.1    6.6      0.5
  SINCE JUL 1     11.6                      22.5  -10.9     20.2
  SNOW DEPTH       8

DEGREE DAYS
 HEATING
  TODAY           42                        45     -3       44
  MONTH TO DATE   85                        90     -5       87
  SINCE DEC 1     85                        90     -5       87
  SINCE JUL 1   2738                      3254   -516     2901

 COOLING
  TODAY            0                         0      0        0
  MONTH TO DATE    0                         0      0        0
  SINCE DEC 1      0                         0      0        0
  SINCE JAN 1     13                         2     11       34
..................................................................


WIND (MPH)
  RESULTANT WIND SPEED  10   RESULTANT WIND DIRECTION   N (20)
  HIGHEST WIND SPEED    17   HIGHEST WIND DIRECTION     N (10)
  HIGHEST GUST SPEED    27   HIGHEST GUST DIRECTION     N (10)
  AVERAGE WIND SPEED    10.4


SKY COVER
  POSSIBLE SUNSHINE  MM
  AVERAGE SKY COVER 1.0


WEATHER CONDITIONS
 THE FOLLOWING WEATHER WAS RECORDED TODAY.
  LIGHT SNOW
  FOG


RELATIVE HUMIDITY (PERCENT)
 HIGHEST    88          1200 AM
 LOWEST     45           100 PM
 AVERAGE    67

..........................................................


THE ANCHORAGE AK CLIMATE NORMALS FOR TOMORROW
                         NORMAL    RECORD    YEAR
 MAXIMUM TEMPERATURE (F)   25        47      2002
 MINIMUM TEMPERATURE (F)   14       -13      1967


SUNRISE AND SUNSET
DECEMBER  2 2016......SUNRISE   949 AM AKST  SUNSET   350 PM AKST
DECEMBER  3 2016......SUNRISE   951 AM AKST  SUNSET   349 PM AKST


-  INDICATES NEGATIVE NUMBERS.
R  INDICATES RECORD WAS SET OR TIED.
MM INDICATES DATA IS MISSING.
T  INDICATES TRACE AMOUNT.




$$
