000
CDAK48 PAFC 061254
CLIANC

CLIMATE REPORT
NATIONAL WEATHER SERVICE ANCHORAGE, AK
354 AM AKST FRI MAR 6 2015


...................................

...THE ANCHORAGE AK CLIMATE SUMMARY FOR MARCH 5 2015...

CLIMATE NORMAL PERIOD 1981 TO 2010
CLIMATE RECORD PERIOD 1952 TO 2015


WEATHER ITEM   OBSERVED RECORD YEAR NORMAL DEPARTURE LAST
                VALUE   VALUE       VALUE  FROM      YEAR
                                           NORMAL
...........................................................
TEMPERATURE (F)
 YESTERDAY
  MAXIMUM         40     44    1984  31      9       36
                               1955
  MINIMUM         32    -22    1956  17     15       22
  AVERAGE         36                 24     12       29

PRECIPITATION (IN)
  YESTERDAY        0.03   0.41 2009   0.02   0.01
  MONTH TO DATE    0.04               0.10  -0.06
  SINCE MAR 1      0.04               0.10  -0.06
  SINCE JAN 1      1.12               1.55  -0.43

SNOWFALL (IN)
  YESTERDAY        0.0    4.4  2009   0.3   -0.3
  MONTH TO DATE    0.2                1.7   -1.5
  SINCE MAR 1      0.2                1.7   -1.5
  SINCE JUL 1     20.7               62.0  -41.3
  SNOW DEPTH       1

DEGREE DAYS
 HEATING
  YESTERDAY       29                       -12
  MONTH TO DATE  166                       -42
  SINCE MAR 1    166                       -42
  SINCE JUL 1   6518                     -1019

 COOLING
  YESTERDAY        0                         0
  MONTH TO DATE    0                         0
  SINCE MAR 1      0                         0
  SINCE JAN 1      0                         0
...........................................................


WIND (MPH)
  HIGHEST WIND SPEED     6   HIGHEST WIND DIRECTION     S (180)
  HIGHEST GUST SPEED    MM   HIGHEST GUST DIRECTION    MM
  AVERAGE WIND SPEED     1.1




RELATIVE HUMIDITY (PERCENT)
 HIGHEST    96
 LOWEST     79
 AVERAGE    88

..........................................................


THE ANCHORAGE AK CLIMATE NORMALS FOR TODAY
                         NORMAL    RECORD    YEAR
 MAXIMUM TEMPERATURE (F)   31        47      1984
 MINIMUM TEMPERATURE (F)   17       -23      1971


SUNRISE AND SUNSET
MARCH  6 2015.........SUNRISE   745 AM AKST  SUNSET   639 PM AKST
MARCH  7 2015.........SUNRISE   742 AM AKST  SUNSET   641 PM AKST

CIVIL TWILIGHT
MARCH 6 2015            START   703 AM AKST     END   722 PM AKST
MARCH 7 2015            START   700 AM AKST     END   725 PM AKST



-  INDICATES NEGATIVE NUMBERS.
R  INDICATES RECORD WAS SET OR TIED.
MM INDICATES DATA IS MISSING.
T  INDICATES TRACE AMOUNT.




$$
&&
------------------------------------------------------
AMOUNT OF DAYLIGHT TODAY  (HOUR:MIN)........10:53
GAIN/LOSS SINCE YESTERDAY (HOUR:MIN:SEC)....+0:05:44
