000
CDAK48 PAFC 251309
CLIANC


CLIMATE REPORT
NATIONAL WEATHER SERVICE ANCHORAGE, AK
509 AM AKDT SUN SEP 25 2016


...................................

...THE ANCHORAGE AK CLIMATE SUMMARY FOR SEPTEMBER 24 2016...

CLIMATE NORMAL PERIOD 1981 TO 2010
CLIMATE RECORD PERIOD 1952 TO 2016


WEATHER ITEM   OBSERVED TIME   RECORD YEAR NORMAL DEPARTURE LAST
                VALUE   (LST)  VALUE       VALUE  FROM      YEAR
                                                  NORMAL
..................................................................
TEMPERATURE (F)
 YESTERDAY
  MAXIMUM         55    103 PM  61    1997  52      3       46
                                      1989
  MINIMUM         46   1038 PM  19    1992  39      7       28
  AVERAGE         51                        46      5       37

PRECIPITATION (IN)
  YESTERDAY        0.01          0.82 1981   0.09  -0.08
  MONTH TO DATE    2.34                      2.40  -0.06
  SINCE SEP 1      2.34                      2.40  -0.06
  SINCE JAN 1     14.14                     11.69   2.45

SNOWFALL (IN)
  YESTERDAY        0.0           1.5  1981   0.0    0.0      0.0
  MONTH TO DATE    0.0                       0.1   -0.1      0.0
  SINCE SEP 1      0.0                       0.1   -0.1      0.0
  SINCE JUL 1      0.0                       0.1   -0.1      0.0
  SNOW DEPTH       0

DEGREE DAYS
 HEATING
  YESTERDAY       14                               -5
  MONTH TO DATE  270                              -97
  SINCE SEP 1    270                              -97
  SINCE JUL 1    474                             -343

 COOLING
  YESTERDAY        0                                0
  MONTH TO DATE    0                                0
  SINCE SEP 1      0                                0
  SINCE JAN 1     13                               11
..................................................................


WIND (MPH)
  HIGHEST WIND SPEED    18   HIGHEST WIND DIRECTION    SE (150)
  HIGHEST GUST SPEED    32   HIGHEST GUST DIRECTION    SE (150)
  AVERAGE WIND SPEED    12.1




RELATIVE HUMIDITY (PERCENT)
 HIGHEST    86
 LOWEST     59
 AVERAGE    73

..........................................................


THE ANCHORAGE AK CLIMATE NORMALS FOR TODAY
                         NORMAL    RECORD    YEAR
 MAXIMUM TEMPERATURE (F)   51        63      1965
 MINIMUM TEMPERATURE (F)   39        22      1992


SUNRISE AND SUNSET
SEPTEMBER 25 2016.....SUNRISE   753 AM AKDT  SUNSET   748 PM AKDT
SEPTEMBER 26 2016.....SUNRISE   756 AM AKDT  SUNSET   745 PM AKDT


-  INDICATES NEGATIVE NUMBERS.
R  INDICATES RECORD WAS SET OR TIED.
MM INDICATES DATA IS MISSING.
T  INDICATES TRACE AMOUNT.




$$
