561
CDAK48 PAFC 301242
CLIANC

CLIMATE REPORT
NATIONAL WEATHER SERVICE ANCHORAGE, AK
440 AM AKDT TUE MAY 30 2017


...................................

...THE ANCHORAGE AK CLIMATE SUMMARY FOR MAY 29 2017...

CLIMATE NORMAL PERIOD 1981 TO 2010
CLIMATE RECORD PERIOD 1952 TO 2017


WEATHER ITEM   OBSERVED TIME   RECORD YEAR NORMAL DEPARTURE LAST
                VALUE   (LST)  VALUE       VALUE  FROM      YEAR
                                                  NORMAL
..................................................................
TEMPERATURE (F)
 YESTERDAY
  MAXIMUM         50    748 PM  76    2013  60    -10       69
  MINIMUM         42    450 AM  35    1982  44     -2       49
                                      1966
  AVERAGE         46                        52     -6       59

PRECIPITATION (IN)
  YESTERDAY        0.13          0.48 1985   0.02   0.11
  MONTH TO DATE    1.06                      0.66   0.40
  SINCE MAR 1      2.13                      1.73   0.40
  SINCE JAN 1      4.83                      3.18   1.65

SNOWFALL (IN)
  YESTERDAY        0.0           0.0    MM   0.0    0.0      0.0
  MONTH TO DATE    0.0                       0.3   -0.3      0.0
  SINCE MAR 1     10.3                      14.2   -3.9     10.7
  SINCE JUL 1     82.4                      74.5    7.9     38.3
  SNOW DEPTH       0

DEGREE DAYS
 HEATING
  YESTERDAY       19                                6
  MONTH TO DATE  495                              -12
  SINCE MAR 1   2637                               92
  SINCE JUL 1   9675                             -199

 COOLING
  YESTERDAY        0                                0
  MONTH TO DATE    0                                0
  SINCE MAR 1      0                                0
  SINCE JAN 1      0                                0
..................................................................


WIND (MPH)
  HIGHEST WIND SPEED    18   HIGHEST WIND DIRECTION    SW (240)
  HIGHEST GUST SPEED    31   HIGHEST GUST DIRECTION     S (170)
  AVERAGE WIND SPEED     7.7




RELATIVE HUMIDITY (PERCENT)
 HIGHEST    96
 LOWEST     66
 AVERAGE    81

..........................................................


THE ANCHORAGE AK CLIMATE NORMALS FOR TODAY
                         NORMAL    RECORD    YEAR
 MAXIMUM TEMPERATURE (F)   60        76      1993
 MINIMUM TEMPERATURE (F)   44        37      1987
                                             1974
                                             1962


SUNRISE AND SUNSET
MAY 30 2017...........SUNRISE   440 AM AKDT  SUNSET  1117 PM AKDT
MAY 31 2017...........SUNRISE   438 AM AKDT  SUNSET  1119 PM AKDT

CIVIL TWILIGHT
MAY 30 2017             START    302 AM GMT     END   1259 AM GMT
MAY 31 2017             START    257 AM GMT     END    104 AM GMT



-  INDICATES NEGATIVE NUMBERS.
R  INDICATES RECORD WAS SET OR TIED.
MM INDICATES DATA IS MISSING.
T  INDICATES TRACE AMOUNT.




$$
&&
------------------------------------------------------
AMOUNT OF DAYLIGHT TODAY  (HOUR:MIN)........18:38
GAIN/LOSS SINCE YESTERDAY (HOUR:MIN:SEC)....+0:03:49
