877
CDAK48 PAFC 260100
CLIANC

CLIMATE REPORT
NATIONAL WEATHER SERVICE ANCHORAGE, AK
459 PM AKDT SAT MAR 25 2017


...................................

...THE ANCHORAGE AK CLIMATE SUMMARY FOR MARCH 25 2017...
VALID TODAY AS OF 0400 PM LOCAL TIME.

CLIMATE NORMAL PERIOD 1981 TO 2010
CLIMATE RECORD PERIOD 1952 TO 2017


WEATHER ITEM   OBSERVED TIME   RECORD YEAR NORMAL DEPARTURE LAST
                VALUE   (LST)  VALUE       VALUE  FROM      YEAR
                                                  NORMAL
..................................................................
TEMPERATURE (F)
 TODAY
  MAXIMUM         30    100 PM  48    1970  36     -6       44
  MINIMUM          8        MM  -1    1962  21    -13       35
  AVERAGE         19                        29    -10       40

PRECIPITATION (IN)
  TODAY            0.00          1.25 1986   0.02  -0.02     0.16
  MONTH TO DATE    0.00                      0.50  -0.50     0.81
  SINCE MAR 1      0.00                      0.50  -0.50     0.81
  SINCE JAN 1      2.70                      1.95   0.75     1.39

SNOWFALL (IN)
  TODAY            0.0          11.6  1986   0.2   -0.2      0.0
  MONTH TO DATE    0.0                       8.2   -8.2     10.7
  SINCE MAR 1      0.0                       8.2   -8.2     10.7
  SINCE JUL 1     72.1                      68.5    3.6     38.3
  SNOW DEPTH      20

DEGREE DAYS
 HEATING
  TODAY           46                        36     10       25
  MONTH TO DATE 1193                       982    211      813
  SINCE MAR 1   1193                       982    211      813
  SINCE JUL 1   8231                      8311    -80     7149

 COOLING
  TODAY            0                         0      0        0
  MONTH TO DATE    0                         0      0        0
  SINCE MAR 1      0                         0      0        0
  SINCE JAN 1      0                         0      0        0
..................................................................


WIND (MPH)
  RESULTANT WIND SPEED   4   RESULTANT WIND DIRECTION  NE (30)
  HIGHEST WIND SPEED    10   HIGHEST WIND DIRECTION     N (350)
  HIGHEST GUST SPEED    MM   HIGHEST GUST DIRECTION    MM
  AVERAGE WIND SPEED     4.8


SKY COVER
  POSSIBLE SUNSHINE  MM
  AVERAGE SKY COVER 0.1


WEATHER CONDITIONS
 THE FOLLOWING WEATHER WAS RECORDED TODAY.
  NO SIGNIFICANT WEATHER WAS OBSERVED.


RELATIVE HUMIDITY (PERCENT)
 HIGHEST    73           700 AM
 LOWEST     46           100 PM
 AVERAGE    60

..........................................................


THE ANCHORAGE AK CLIMATE NORMALS FOR TOMORROW
                         NORMAL    RECORD    YEAR
 MAXIMUM TEMPERATURE (F)   37        50      1984
 MINIMUM TEMPERATURE (F)   22         2      2013
                                             1961


SUNRISE AND SUNSET
MARCH 25 2017.........SUNRISE   744 AM AKDT  SUNSET   829 PM AKDT
MARCH 26 2017.........SUNRISE   741 AM AKDT  SUNSET   832 PM AKDT

CIVIL TWILIGHT
MARCH 25 2017           START    701 AM GMT     END    913 PM GMT
MARCH 26 2017           START    657 AM GMT     END    916 PM GMT



-  INDICATES NEGATIVE NUMBERS.
R  INDICATES RECORD WAS SET OR TIED.
MM INDICATES DATA IS MISSING.
T  INDICATES TRACE AMOUNT.




$$
&&
------------------------------------------------------
AMOUNT OF DAYLIGHT TODAY  (HOUR:MIN)........12:45
GAIN/LOSS SINCE YESTERDAY (HOUR:MIN:SEC)....+0:05:44

$$
