000
CDAK48 PAFC 260939
CLIANC


CLIMATE REPORT
NATIONAL WEATHER SERVICE ANCHORAGE, AK
138 AM AKDT WED JUL 26 2017


...................................

...THE ANCHORAGE AK CLIMATE SUMMARY FOR JULY 25 2017...

CLIMATE NORMAL PERIOD 1981 TO 2010
CLIMATE RECORD PERIOD 1952 TO 2017


WEATHER ITEM   OBSERVED TIME   RECORD YEAR NORMAL DEPARTURE LAST
                VALUE   (LST)  VALUE       VALUE  FROM      YEAR
                                                  NORMAL
..................................................................
TEMPERATURE (F)
 YESTERDAY
  MAXIMUM         62    343 PM  74    2013  66     -4       63
  MINIMUM         56   1159 PM  44    2000  53      3       56
                                      1991
  AVERAGE         59                        59      0       60

PRECIPITATION (IN)
  YESTERDAY        0.08          0.74 1995   0.07   0.01
  MONTH TO DATE    1.96                      1.39   0.57
  SINCE JUN 1      2.83                      2.36   0.47
  SINCE JAN 1      7.66                      5.60   2.06

SNOWFALL (IN)
  YESTERDAY        0.0           0.0    MM   0.0    0.0      0.0
  MONTH TO DATE    0.0                       0.0    0.0      0.0
  SINCE JUN 1      0.0                       0.0    0.0      0.0
  SINCE JUL 1      0.0                       0.0    0.0      0.0
  SNOW DEPTH       0

DEGREE DAYS
 HEATING
  YESTERDAY        6                                0
  MONTH TO DATE  122                              -37
  SINCE JUN 1    405                              -47
  SINCE JUL 1    122                              -37

 COOLING
  YESTERDAY        0                                0
  MONTH TO DATE    3                                3
  SINCE JUN 1      3                                3
  SINCE JAN 1      3                                3
..................................................................


WIND (MPH)
  HIGHEST WIND SPEED    10   HIGHEST WIND DIRECTION    SE (150)
  HIGHEST GUST SPEED    20   HIGHEST GUST DIRECTION     N (20)
  AVERAGE WIND SPEED     2.8




RELATIVE HUMIDITY (PERCENT)
 HIGHEST   100
 LOWEST     84
 AVERAGE    92

..........................................................


THE ANCHORAGE AK CLIMATE NORMALS FOR TODAY
                         NORMAL    RECORD    YEAR
 MAXIMUM TEMPERATURE (F)   66        76      1987
                                             1965
 MINIMUM TEMPERATURE (F)   53        43      1956


SUNRISE AND SUNSET
JULY 26 2017..........SUNRISE   519 AM AKDT  SUNSET  1053 PM AKDT
JULY 27 2017..........SUNRISE   521 AM AKDT  SUNSET  1050 PM AKDT


-  INDICATES NEGATIVE NUMBERS.
R  INDICATES RECORD WAS SET OR TIED.
MM INDICATES DATA IS MISSING.
T  INDICATES TRACE AMOUNT.




$$
