826
CDAK48 PAFC 241243
CLIANC

CLIMATE REPORT
NATIONAL WEATHER SERVICE ANCHORAGE, AK
442 AM AKDT TUE MAY 24 2016


...................................

...THE ANCHORAGE AK CLIMATE SUMMARY FOR MAY 23 2016...

CLIMATE NORMAL PERIOD 1981 TO 2010
CLIMATE RECORD PERIOD 1952 TO 2016


WEATHER ITEM   OBSERVED TIME   RECORD YEAR NORMAL DEPARTURE LAST
                VALUE   (LST)  VALUE       VALUE  FROM      YEAR
                                                  NORMAL
..................................................................
TEMPERATURE (F)
 YESTERDAY
  MAXIMUM         58        MM  72    2006  58      0       54
  MINIMUM         45        MM  34    1996  42      3       46
                                      1975
                                      1973
  AVERAGE         52                        50      2       50

PRECIPITATION (IN)
  YESTERDAY        0.01          0.43 2004   0.02  -0.01
  MONTH TO DATE    0.30                      0.50  -0.20
  SINCE MAR 1      1.55                      1.57  -0.02
  SINCE JAN 1      2.13                      3.02  -0.89

SNOWFALL (IN)
  YESTERDAY       MM             0.0    MM   0.0   MM        0.0
  MONTH TO DATE    0.0                       0.3   -0.3      0.0
  SINCE MAR 1     10.7                      14.2   -3.5      4.6
  SINCE JUL 1     38.3                      74.5  -36.2     25.1
  SNOW DEPTH       0

DEGREE DAYS
 HEATING
  YESTERDAY       13                               -2
  MONTH TO DATE  332                              -91
  SINCE MAR 1   1941                             -520
  SINCE JUL 1   8277                            -1513

 COOLING
  YESTERDAY        0                                0
  MONTH TO DATE    0                                0
  SINCE MAR 1      0                                0
  SINCE JAN 1      0                                0
..................................................................


WIND (MPH)
  HIGHEST WIND SPEED    13   HIGHEST WIND DIRECTION     W (260)
  HIGHEST GUST SPEED    21   HIGHEST GUST DIRECTION     S (180)
  AVERAGE WIND SPEED     6.9




RELATIVE HUMIDITY (PERCENT)
 HIGHEST    76
 LOWEST     41
 AVERAGE    59

..........................................................


THE ANCHORAGE AK CLIMATE NORMALS FOR TODAY
                         NORMAL    RECORD    YEAR
 MAXIMUM TEMPERATURE (F)   59        77      1969
 MINIMUM TEMPERATURE (F)   42        34      1957


SUNRISE AND SUNSET
MAY 24 2016...........SUNRISE   451 AM AKDT  SUNSET  1105 PM AKDT
MAY 25 2016...........SUNRISE   449 AM AKDT  SUNSET  1107 PM AKDT

CIVIL TWILIGHT
MAY 24 2016             START   326 AM AKDT     END  1232 AM AKDT
MAY 25 2016             START   322 AM AKDT     END  1237 AM AKDT



-  INDICATES NEGATIVE NUMBERS.
R  INDICATES RECORD WAS SET OR TIED.
MM INDICATES DATA IS MISSING.
T  INDICATES TRACE AMOUNT.




$$
&&
------------------------------------------------------
AMOUNT OF DAYLIGHT TODAY  (HOUR:MIN)........18:14
GAIN/LOSS SINCE YESTERDAY (HOUR:MIN:SEC)....+0:04:25

-
