000
CDAK48 PAFC 260106
CLIANC

CLIMATE REPORT
NATIONAL WEATHER SERVICE ANCHORAGE, AK
505 PM AKDT SAT OCT 25 2014


...................................

...THE ANCHORAGE AK CLIMATE SUMMARY FOR OCTOBER 25 2014...
VALID TODAY AS OF 0500 PM LOCAL TIME.

CLIMATE NORMAL PERIOD 1981 TO 2010
CLIMATE RECORD PERIOD 1915 TO 2014


WEATHER ITEM   OBSERVED RECORD YEAR NORMAL DEPARTURE LAST
                VALUE   VALUE       VALUE  FROM      YEAR
                                           NORMAL
...........................................................
TEMPERATURE (F)
 TODAY
  MAXIMUM         36     51    1951  36      0       48
  MINIMUM         28      0    1970  24      4       29
                               1956
  AVERAGE         32                 30              39

PRECIPITATION (IN)
  TODAY            0.00   0.79 1952   0.04  -0.04      T
  MONTH TO DATE    1.20               1.76  -0.56     1.84
  SINCE SEP 1      5.21               4.75   0.46     7.69
  SINCE JAN 1     17.52              14.04   3.48    21.05

SNOWFALL (IN)
  TODAY            0.0    6.7  1976   0.3   -0.3      0.0
  MONTH TO DATE    3.8                5.9   -2.1       T
  SINCE SEP 1      3.8                6.3   -2.5       T
  SINCE JUL 1      3.8                6.3   -2.5       T
  SNOW DEPTH       1

DEGREE DAYS
 HEATING
  TODAY           33                 35     -2       26
  MONTH TO DATE  692                713    -21      530
  SINCE SEP 1   1121               1207    -86     1037
  SINCE JUL 1   1470               1657   -187     1378

 COOLING
  TODAY            0                  0      0        0
  MONTH TO DATE    0                  0      0        0
  SINCE SEP 1      0                  0      0        0
  SINCE JAN 1      3                  2      1       21
...........................................................


WIND (MPH)
  RESULTANT WIND SPEED   2   RESULTANT WIND DIRECTION  NW (330)
  HIGHEST WIND SPEED     7   HIGHEST WIND DIRECTION     N (340)
  HIGHEST GUST SPEED    MM   HIGHEST GUST DIRECTION    MM
  AVERAGE WIND SPEED     2.1


SKY COVER
  POSSIBLE SUNSHINE  MM
  AVERAGE SKY COVER 0.9


WEATHER CONDITIONS
 THE FOLLOWING WEATHER WAS RECORDED TODAY.
  NO SIGNIFICANT WEATHER WAS OBSERVED.


RELATIVE HUMIDITY (PERCENT)
 HIGHEST    85          1200 AM
 LOWEST     64           100 PM
 AVERAGE    75

..........................................................


THE ANCHORAGE AK CLIMATE NORMALS FOR TOMORROW
                         NORMAL    RECORD    YEAR
 MAXIMUM TEMPERATURE (F)   35        56      1936
 MINIMUM TEMPERATURE (F)   24        -6      1935


SUNRISE AND SUNSET
OCTOBER 25 2014.......SUNRISE   909 AM AKDT  SUNSET   618 PM AKDT
OCTOBER 26 2014.......SUNRISE   912 AM AKDT  SUNSET   615 PM AKDT

CIVIL TWILIGHT
OCTOBER 25 2014         START   824 AM AKDT     END   704 PM AKDT
OCTOBER 26 2014         START   827 AM AKDT     END   701 PM AKDT



-  INDICATES NEGATIVE NUMBERS.
R  INDICATES RECORD WAS SET OR TIED.
MM INDICATES DATA IS MISSING.
T  INDICATES TRACE AMOUNT.




$$
&&
------------------------------------------------------
AMOUNT OF DAYLIGHT TODAY  (HOUR:MIN)........ 9:08
GAIN/LOSS SINCE YESTERDAY (HOUR:MIN:SEC)....-0:05:35
