000
CDUS43 KAPX 010535
CLIANJ


CLIMATE REPORT
NATIONAL WEATHER SERVICE GAYLORD MI
134 AM EDT FRI AUG 1 2014


...................................

...THE SAULT STE MARIE MI CLIMATE SUMMARY FOR JULY 31 2014...

CLIMATE NORMAL PERIOD 1981 TO 2010
CLIMATE RECORD PERIOD 1888 TO 2014


WEATHER ITEM   OBSERVED TIME   RECORD YEAR NORMAL DEPARTURE LAST
                VALUE   (LST)  VALUE       VALUE  FROM      YEAR
                                                  NORMAL
..................................................................
TEMPERATURE (F)
 YESTERDAY
  MAXIMUM         74    239 PM  97    1975  76     -2       75
  MINIMUM         51   1159 PM  40    1918  56     -5       57
  AVERAGE         63                        66     -3       66

PRECIPITATION (IN)
  YESTERDAY        T             1.75 1983   0.10  -0.10     0.53
  MONTH TO DATE    1.48                      2.86  -1.38     5.74
  SINCE JUN 1      4.40                      5.56  -1.16     8.99
  SINCE JAN 1     16.44                     16.00   0.44    23.25

DEGREE DAYS
 HEATING
  YESTERDAY        2                         2      0        0
  MONTH TO DATE  111                        72     39       50
  SINCE JUN 1    220                       249    -29      196
  SINCE JUL 1    111                        69     42       50

 COOLING
  YESTERDAY        0                         3     -3        1
  MONTH TO DATE   21                        78    -57      116
  SINCE JUN 1     58                       108    -50      155
  SINCE JAN 1     60                       113    -53      164
..................................................................


WIND (MPH)
  HIGHEST WIND SPEED    13   HIGHEST WIND DIRECTION     W (290)
  HIGHEST GUST SPEED    17   HIGHEST GUST DIRECTION     W (280)
  AVERAGE WIND SPEED     3.8




RELATIVE HUMIDITY (PERCENT)
 HIGHEST    93
 LOWEST     41
 AVERAGE    67

..........................................................


THE SAULT STE MARIE MI CLIMATE NORMALS FOR TODAY
                         NORMAL    RECORD    YEAR
 MAXIMUM TEMPERATURE (F)   76        96      1975
 MINIMUM TEMPERATURE (F)   56        36      1947


SUNRISE AND SUNSET
AUGUST  1 2014........SUNRISE   618 AM EDT   SUNSET   908 PM EDT
AUGUST  2 2014........SUNRISE   620 AM EDT   SUNSET   907 PM EDT


-  INDICATES NEGATIVE NUMBERS.
R  INDICATES RECORD WAS SET OR TIED.
MM INDICATES DATA IS MISSING.
T  INDICATES TRACE AMOUNT.




$$
