000
CDUS43 KAPX 232126
CLIANJ


CLIMATE REPORT
NATIONAL WEATHER SERVICE GAYLORD MI
525 PM EDT TUE AUG 23 2016


...................................

...THE SAULT STE MARIE MI CLIMATE SUMMARY FOR AUGUST 23 2016...
VALID TODAY AS OF 0500 PM LOCAL TIME.

CLIMATE NORMAL PERIOD 1981 TO 2010
CLIMATE RECORD PERIOD 1888 TO 2016


WEATHER ITEM   OBSERVED TIME   RECORD YEAR NORMAL DEPARTURE LAST
                VALUE   (LST)  VALUE       VALUE  FROM      YEAR
                                                  NORMAL
..................................................................
TEMPERATURE (F)
 TODAY
  MAXIMUM         82    311 PM  96    1947  74      8       76
  MINIMUM         60    429 AM  38    1958  54      6       60
  AVERAGE         71                        64      7       68

PRECIPITATION (IN)
  TODAY            0.00          1.18 1978   0.10  -0.10     0.56
  MONTH TO DATE    2.51                      2.33   0.18     2.14
  SINCE JUN 1      7.72                      7.89  -0.17     7.92
  SINCE JAN 1     18.27                     18.33  -0.06    16.62

DEGREE DAYS
 HEATING
  TODAY            0                         3     -3        0
  MONTH TO DATE    8                        49    -41       16
  SINCE JUN 1    194                       298   -104      258
  SINCE JUL 1     31                       118    -87       70

 COOLING
  TODAY            6                         2      4        3
  MONTH TO DATE  137                        57     80       82
  SINCE JUN 1    303                       165    138      181
  SINCE JAN 1    314                       170    144      183
..................................................................


WIND (MPH)
  RESULTANT WIND SPEED   8   RESULTANT WIND DIRECTION  SW (230)
  HIGHEST WIND SPEED    21   HIGHEST WIND DIRECTION    SW (230)
  HIGHEST GUST SPEED    30   HIGHEST GUST DIRECTION    SW (210)
  AVERAGE WIND SPEED     9.1


SKY COVER
  POSSIBLE SUNSHINE  MM
  AVERAGE SKY COVER 0.3


WEATHER CONDITIONS
 THE FOLLOWING WEATHER WAS RECORDED TODAY.
  NO SIGNIFICANT WEATHER WAS OBSERVED.


RELATIVE HUMIDITY (PERCENT)
 HIGHEST    90           300 AM
 LOWEST     47           300 PM
 AVERAGE    69

..........................................................


THE SAULT STE MARIE MI CLIMATE NORMALS FOR TOMORROW
                         NORMAL    RECORD    YEAR
 MAXIMUM TEMPERATURE (F)   74        92      1947
 MINIMUM TEMPERATURE (F)   54        34      1940


SUNRISE AND SUNSET
AUGUST 23 2016........SUNRISE   647 AM EDT   SUNSET   832 PM EDT
AUGUST 24 2016........SUNRISE   648 AM EDT   SUNSET   830 PM EDT


-  INDICATES NEGATIVE NUMBERS.
R  INDICATES RECORD WAS SET OR TIED.
MM INDICATES DATA IS MISSING.
T  INDICATES TRACE AMOUNT.




$$
