000
CDUS43 KAPX 182231
CLIANJ


CLIMATE REPORT
NATIONAL WEATHER SERVICE GAYLORD MI
530 PM EST THU JAN 18 2018


...................................

...THE SAULT STE MARIE MI CLIMATE SUMMARY FOR JANUARY 18 2018...
VALID TODAY AS OF 0500 PM LOCAL TIME.

CLIMATE NORMAL PERIOD 1981 TO 2010
CLIMATE RECORD PERIOD 1888 TO 2018


WEATHER ITEM   OBSERVED TIME   RECORD YEAR NORMAL DEPARTURE LAST
                VALUE   (LST)  VALUE       VALUE  FROM      YEAR
                                                  NORMAL
..................................................................
TEMPERATURE (F)
 TODAY
  MAXIMUM         34   1107 AM  45    1973  23     11       37
  MINIMUM         19    932 AM -26    1997   7     12       27
  AVERAGE         27                        15     12       32

PRECIPITATION (IN)
  TODAY            0.00          0.68 1996   0.08  -0.08     0.00
  MONTH TO DATE    1.07                      1.36  -0.29     1.65
  SINCE DEC 1      4.79                      4.15   0.64     5.90
  SINCE JAN 1      1.07                      1.36  -0.29     1.65

SNOWFALL (IN)
  TODAY            0.0           7.7  1992   1.1             0.0
  MONTH TO DATE   11.8                      18.9            20.7
  SINCE OCT 1     67.5                      69.1            78.4
  SINCE JUL 1     67.5                      69.1            78.4

DEGREE DAYS
 HEATING
  TODAY           38                        50    -12       33
  MONTH TO DATE  940                       888     52      782
  SINCE DEC 1   2425                      2215    210     2039
  SINCE JUL 1   4010                      4147   -137     3309
..................................................................


WIND (MPH)
  RESULTANT WIND SPEED   5   RESULTANT WIND DIRECTION  SW (220)
  HIGHEST WIND SPEED    14   HIGHEST WIND DIRECTION     S (200)
  HIGHEST GUST SPEED    19   HIGHEST GUST DIRECTION     W (250)
  AVERAGE WIND SPEED     7.5


SKY COVER
  POSSIBLE SUNSHINE  MM
  AVERAGE SKY COVER 0.8


WEATHER CONDITIONS
 THE FOLLOWING WEATHER WAS RECORDED TODAY.
  NO SIGNIFICANT WEATHER WAS OBSERVED.


RELATIVE HUMIDITY (PERCENT)
 HIGHEST    82           500 PM
 LOWEST     58           100 PM
 AVERAGE    70

..........................................................


THE SAULT STE MARIE MI CLIMATE NORMALS FOR TOMORROW
                         NORMAL    RECORD    YEAR
 MAXIMUM TEMPERATURE (F)   23        42      1996
 MINIMUM TEMPERATURE (F)    7       -27      1984


SUNRISE AND SUNSET
JANUARY 18 2018.......SUNRISE   815 AM EST   SUNSET   521 PM EST
JANUARY 19 2018.......SUNRISE   814 AM EST   SUNSET   523 PM EST


-  INDICATES NEGATIVE NUMBERS.
R  INDICATES RECORD WAS SET OR TIED.
MM INDICATES DATA IS MISSING.
T  INDICATES TRACE AMOUNT.




$$
