000
CDUS43 KAPX 250529
CLIANJ


CLIMATE REPORT
NATIONAL WEATHER SERVICE GAYLORD MI
128 AM EDT SAT MAR 25 2017


...................................

...THE SAULT STE MARIE MI CLIMATE SUMMARY FOR MARCH 24 2017...

CLIMATE NORMAL PERIOD 1981 TO 2010
CLIMATE RECORD PERIOD 1888 TO 2017


WEATHER ITEM   OBSERVED TIME   RECORD YEAR NORMAL DEPARTURE LAST
                VALUE   (LST)  VALUE       VALUE  FROM      YEAR
                                                  NORMAL
..................................................................
TEMPERATURE (F)
 YESTERDAY
  MAXIMUM         39    518 PM  64    1910  38      1       31
  MINIMUM         33   1023 AM  -7    2014  21     12       23
                                      1906
  AVERAGE         36                        29      7       27

PRECIPITATION (IN)
  YESTERDAY        0.15          1.01 1975   0.07   0.08     0.38
  MONTH TO DATE    1.45                      1.45   0.00     1.50
  SINCE MAR 1      1.45                      1.45   0.00     1.50
  SINCE JAN 1      7.41                      4.98   2.43     5.21

SNOWFALL (IN)
  YESTERDAY        0.3           8.5  1975   0.4   -0.1      5.5
  MONTH TO DATE   13.8                      11.1    2.7      8.2
  SINCE OCT 1    136.9                     111.3   25.6     72.4
  SINCE JUL 1    136.9                     111.3   25.6     72.4
  SNOW DEPTH      12

DEGREE DAYS
 HEATING
  YESTERDAY       29                        36     -7       38
  MONTH TO DATE 1008                       964     44      803
  SINCE MAR 1   1008                       964     44      803
  SINCE JUL 1   5882                      7090  -1208     5944

 COOLING
  YESTERDAY        0                         0      0        0
  MONTH TO DATE    0                         0      0        0
  SINCE MAR 1      0                         0      0        0
  SINCE JAN 1      0                         0      0        0
..................................................................


WIND (MPH)
  HIGHEST WIND SPEED    12   HIGHEST WIND DIRECTION    SE (140)
  HIGHEST GUST SPEED    13   HIGHEST GUST DIRECTION    SE (140)
  AVERAGE WIND SPEED     3.7




RELATIVE HUMIDITY (PERCENT)
 HIGHEST    96
 LOWEST     76
 AVERAGE    86

..........................................................


THE SAULT STE MARIE MI CLIMATE NORMALS FOR TODAY
                         NORMAL    RECORD    YEAR
 MAXIMUM TEMPERATURE (F)   38        60      1946
 MINIMUM TEMPERATURE (F)   22       -14      2014


SUNRISE AND SUNSET
MARCH 25 2017.........SUNRISE   730 AM EDT   SUNSET   757 PM EDT
MARCH 26 2017.........SUNRISE   728 AM EDT   SUNSET   759 PM EDT


-  INDICATES NEGATIVE NUMBERS.
R  INDICATES RECORD WAS SET OR TIED.
MM INDICATES DATA IS MISSING.
T  INDICATES TRACE AMOUNT.




$$
