000
CDUS43 KAPX 020527
CLIANJ


CLIMATE REPORT
NATIONAL WEATHER SERVICE GAYLORD MI
127 AM EDT THU OCT 2 2014


...................................

...THE SAULT STE MARIE MI CLIMATE SUMMARY FOR OCTOBER 1 2014...

CLIMATE NORMAL PERIOD 1981 TO 2010
CLIMATE RECORD PERIOD 1888 TO 2014


WEATHER ITEM   OBSERVED TIME   RECORD YEAR NORMAL DEPARTURE LAST
                VALUE   (LST)  VALUE       VALUE  FROM      YEAR
                                                  NORMAL
..................................................................
TEMPERATURE (F)
 YESTERDAY
  MAXIMUM         57   1159 PM  80    1950  60     -3       73
  MINIMUM         51    819 AM  28    1974  43      8       52
                                      1947
  AVERAGE         54                        51      3       63

PRECIPITATION (IN)
  YESTERDAY        0.00          1.55 1987   0.13  -0.13     0.00
  MONTH TO DATE    0.00                      0.13  -0.13     0.00
  SINCE SEP 1      3.97                      3.95   0.02     6.82
  SINCE JAN 1     22.89                     23.12  -0.23    35.11

DEGREE DAYS
 HEATING
  YESTERDAY       11                        14     -3        2
  MONTH TO DATE   11                        14     -3        2
  SINCE SEP 1    261                       268     -7      255
  SINCE JUL 1    442                       415     27      371

 COOLING
  YESTERDAY        0                         0      0        0
  MONTH TO DATE    0                         0      0        0
  SINCE SEP 1      5                        17    -12       14
  SINCE JAN 1    113                       195    -82      266
..................................................................


WIND (MPH)
  HIGHEST WIND SPEED    15   HIGHEST WIND DIRECTION    SE (140)
  HIGHEST GUST SPEED    22   HIGHEST GUST DIRECTION    SE (140)
  AVERAGE WIND SPEED     6.7




RELATIVE HUMIDITY (PERCENT)
 HIGHEST   100
 LOWEST     77
 AVERAGE    89

..........................................................


THE SAULT STE MARIE MI CLIMATE NORMALS FOR TODAY
                         NORMAL    RECORD    YEAR
 MAXIMUM TEMPERATURE (F)   60        81      1922
 MINIMUM TEMPERATURE (F)   42        25      1974


SUNRISE AND SUNSET
OCTOBER  2 2014.......SUNRISE   737 AM EDT   SUNSET   715 PM EDT
OCTOBER  3 2014.......SUNRISE   739 AM EDT   SUNSET   713 PM EDT


-  INDICATES NEGATIVE NUMBERS.
R  INDICATES RECORD WAS SET OR TIED.
MM INDICATES DATA IS MISSING.
T  INDICATES TRACE AMOUNT.




$$
