000
CDUS43 KAPX 302131
CLIANJ


CLIMATE REPORT
NATIONAL WEATHER SERVICE GAYLORD MI
531 PM EDT SUN APR 30 2017


...................................

...THE SAULT STE MARIE MI CLIMATE SUMMARY FOR APRIL 30 2017...
VALID TODAY AS OF 0500 PM LOCAL TIME.

CLIMATE NORMAL PERIOD 1981 TO 2010
CLIMATE RECORD PERIOD 1888 TO 2017


WEATHER ITEM   OBSERVED TIME   RECORD YEAR NORMAL DEPARTURE LAST
                VALUE   (LST)  VALUE       VALUE  FROM      YEAR
                                                  NORMAL
..................................................................
TEMPERATURE (F)
 TODAY
  MAXIMUM         49   1103 AM  79    2001  57     -8       62
                                      1949
  MINIMUM         40    124 AM  20    1958  37      3       34
  AVERAGE         45                        47     -2       48

PRECIPITATION (IN)
  TODAY            T             1.22 1984   0.08  -0.08     0.00
  MONTH TO DATE    2.66                      2.39   0.27     2.43
  SINCE MAR 1      4.61                      4.34   0.27     5.08
  SINCE JAN 1     10.57                      7.87   2.70     8.79

SNOWFALL (IN)
  TODAY            0.0           3.2  1909   0.1             0.0
  MONTH TO DATE    0.6                       6.7            17.6
  SINCE OCT 1    137.5                     120.3            91.9
  SINCE JUL 1    137.5                     120.3            91.9

DEGREE DAYS
 HEATING
  TODAY           20                        18      2       17
  MONTH TO DATE  652                       741    -89      846
  SINCE MAR 1   1850                      1943    -93     1854
  SINCE JUL 1   6724                      8069  -1345     6995

 COOLING
  TODAY            0                         0      0        0
  MONTH TO DATE    0                         0      0        0
  SINCE MAR 1      0                         0      0        0
  SINCE JAN 1      0                         0      0        0
..................................................................


WIND (MPH)
  RESULTANT WIND SPEED   7   RESULTANT WIND DIRECTION   E (100)
  HIGHEST WIND SPEED    18   HIGHEST WIND DIRECTION    SE (120)
  HIGHEST GUST SPEED    25   HIGHEST GUST DIRECTION    SE (130)
  AVERAGE WIND SPEED     7.4


SKY COVER
  POSSIBLE SUNSHINE  MM
  AVERAGE SKY COVER 0.4


WEATHER CONDITIONS
 THE FOLLOWING WEATHER WAS RECORDED TODAY.
  LIGHT RAIN


RELATIVE HUMIDITY (PERCENT)
 HIGHEST    70          1200 AM
 LOWEST     38           900 AM
 AVERAGE    54

..........................................................


THE SAULT STE MARIE MI CLIMATE NORMALS FOR TOMORROW
                         NORMAL    RECORD    YEAR
 MAXIMUM TEMPERATURE (F)   57        82      1913
 MINIMUM TEMPERATURE (F)   37        21      1903


SUNRISE AND SUNSET
APRIL 30 2017.........SUNRISE   624 AM EDT   SUNSET   846 PM EDT
MAY  1 2017...........SUNRISE   623 AM EDT   SUNSET   847 PM EDT


-  INDICATES NEGATIVE NUMBERS.
R  INDICATES RECORD WAS SET OR TIED.
MM INDICATES DATA IS MISSING.
T  INDICATES TRACE AMOUNT.




$$
