000
CDUS43 KAPX 240538
CLIANJ


CLIMATE REPORT
NATIONAL WEATHER SERVICE GAYLORD MI
137 AM EDT TUE MAY 24 2016


...................................

...THE SAULT STE MARIE MI CLIMATE SUMMARY FOR MAY 23 2016...

CLIMATE NORMAL PERIOD 1981 TO 2010
CLIMATE RECORD PERIOD 1888 TO 2016


WEATHER ITEM   OBSERVED TIME   RECORD YEAR NORMAL DEPARTURE LAST
                VALUE   (LST)  VALUE       VALUE  FROM      YEAR
                                                  NORMAL
..................................................................
TEMPERATURE (F)
 YESTERDAY
  MAXIMUM         81    247 PM  89    1975  65     16       74
  MINIMUM         45    547 AM  28    1963  43      2       30
                                      1956
  AVERAGE         63                        54      9       52

PRECIPITATION (IN)
  YESTERDAY        0.00          1.12 1910   0.09  -0.09     0.00
  MONTH TO DATE    0.55                      1.86  -1.31     1.02
  SINCE MAR 1      5.63                      6.20  -0.57     4.18
  SINCE JAN 1      9.34                      9.73  -0.39     7.55

DEGREE DAYS
 HEATING
  YESTERDAY        2                        11     -9       13
  MONTH TO DATE  337                       331      6      304
  SINCE MAR 1   2191                      2274    -83     2427
  SINCE JUL 1   7332                      8400  -1068     9206

 COOLING
  YESTERDAY        0                         0      0        0
  MONTH TO DATE    0                         0      0        0
  SINCE MAR 1      0                         0      0        0
  SINCE JAN 1      0                         0      0        0
..................................................................


WIND (MPH)
  HIGHEST WIND SPEED    15   HIGHEST WIND DIRECTION    SW (230)
  HIGHEST GUST SPEED    20   HIGHEST GUST DIRECTION    SW (220)
  AVERAGE WIND SPEED     5.4




RELATIVE HUMIDITY (PERCENT)
 HIGHEST    71
 LOWEST     21
 AVERAGE    46

..........................................................


THE SAULT STE MARIE MI CLIMATE NORMALS FOR TODAY
                         NORMAL    RECORD    YEAR
 MAXIMUM TEMPERATURE (F)   65        87      1980
                                             1975
 MINIMUM TEMPERATURE (F)   43        27      1956
                                             1925


SUNRISE AND SUNSET
MAY 24 2016...........SUNRISE   554 AM EDT   SUNSET   915 PM EDT
MAY 25 2016...........SUNRISE   553 AM EDT   SUNSET   916 PM EDT


-  INDICATES NEGATIVE NUMBERS.
R  INDICATES RECORD WAS SET OR TIED.
MM INDICATES DATA IS MISSING.
T  INDICATES TRACE AMOUNT.




$$
