000
CDUS43 KAPX 240531
CLIANJ


CLIMATE REPORT
NATIONAL WEATHER SERVICE GAYLORD MI
1230 AM EST TUE JAN 24 2017


...................................

...THE SAULT STE MARIE MI CLIMATE SUMMARY FOR JANUARY 23 2017...

CLIMATE NORMAL PERIOD 1981 TO 2010
CLIMATE RECORD PERIOD 1888 TO 2017


WEATHER ITEM   OBSERVED TIME   RECORD YEAR NORMAL DEPARTURE LAST
                VALUE   (LST)  VALUE       VALUE  FROM      YEAR
                                                  NORMAL
..................................................................
TEMPERATURE (F)
 YESTERDAY
  MAXIMUM         38    259 AM  42    1999  23     15       25
  MINIMUM         35   1159 PM -25    1935   7     28       16
  AVERAGE         37                        15     22       21

PRECIPITATION (IN)
  YESTERDAY        0.28          0.62 1999   0.07   0.21     0.03
  MONTH TO DATE    2.04                      1.69   0.35     1.15
  SINCE DEC 1      6.29                      4.48   1.81     6.56
  SINCE JAN 1      2.04                      1.69   0.35     1.15

SNOWFALL (IN)
  YESTERDAY        0.1           6.6  1982   1.0   -0.9      0.4
  MONTH TO DATE   20.8                      23.8   -3.0     14.5
  SINCE OCT 1     78.5                      74.0    4.5     33.9
  SINCE JUL 1     78.5                      74.0    4.5     33.9
  SNOW DEPTH      12

DEGREE DAYS
 HEATING
  YESTERDAY       28                        50    -22       44
  MONTH TO DATE  928                      1138   -210     1084
  SINCE DEC 1   2185                      2465   -280     2047
  SINCE JUL 1   3455                      4397   -942     3538
..................................................................


WIND (MPH)
  HIGHEST WIND SPEED     9   HIGHEST WIND DIRECTION    SE (120)
  HIGHEST GUST SPEED    14   HIGHEST GUST DIRECTION     E (90)
  AVERAGE WIND SPEED     4.0




RELATIVE HUMIDITY (PERCENT)
 HIGHEST   100
 LOWEST     85
 AVERAGE    93

..........................................................


THE SAULT STE MARIE MI CLIMATE NORMALS FOR TODAY
                         NORMAL    RECORD    YEAR
 MAXIMUM TEMPERATURE (F)   23        44      1916
 MINIMUM TEMPERATURE (F)    7       -19      1897


SUNRISE AND SUNSET
JANUARY 24 2017.......SUNRISE   810 AM EST   SUNSET   530 PM EST
JANUARY 25 2017.......SUNRISE   809 AM EST   SUNSET   532 PM EST


-  INDICATES NEGATIVE NUMBERS.
R  INDICATES RECORD WAS SET OR TIED.
MM INDICATES DATA IS MISSING.
T  INDICATES TRACE AMOUNT.




$$
