000
CDUS43 KAPX 210537
CLIANJ


CLIMATE REPORT
NATIONAL WEATHER SERVICE GAYLORD MI
1237 AM EST SUN DEC 21 2014


...................................

...THE SAULT STE MARIE MI CLIMATE SUMMARY FOR DECEMBER 20 2014...

CLIMATE NORMAL PERIOD 1981 TO 2010
CLIMATE RECORD PERIOD 1888 TO 2014


WEATHER ITEM   OBSERVED TIME   RECORD YEAR NORMAL DEPARTURE LAST
                VALUE   (LST)  VALUE       VALUE  FROM      YEAR
                                                  NORMAL
..................................................................
TEMPERATURE (F)
 YESTERDAY
  MAXIMUM         25    315 PM  43    1988  27     -2       20
  MINIMUM          9    732 AM -14    1942  14     -5       11
  AVERAGE         17                        21     -4       16

PRECIPITATION (IN)
  YESTERDAY        0.00          1.14 2012   0.09  -0.09     0.10
  MONTH TO DATE    1.80                      1.89  -0.09     1.93
  SINCE DEC 1      1.80                      1.89  -0.09     1.93
  SINCE JAN 1     38.98                     32.05   6.93    47.91

SNOWFALL (IN)
  YESTERDAY        0.0          10.3  2012   1.1   -1.1      1.4
  MONTH TO DATE   18.2                      21.1   -2.9     21.2
  SINCE OCT 1     83.6                      37.8   45.8     42.9
  SINCE JUL 1     83.6                      37.8   45.8     42.9
  SNOW DEPTH      10

DEGREE DAYS
 HEATING
  YESTERDAY       48                        44      4       49
  MONTH TO DATE  806                       818    -12     1015
  SINCE DEC 1    806                       818    -12     1015
  SINCE JUL 1   2968                      2750    218     2908
..................................................................


WIND (MPH)
  HIGHEST WIND SPEED     7   HIGHEST WIND DIRECTION     E (80)
  HIGHEST GUST SPEED     8   HIGHEST GUST DIRECTION     E (80)
  AVERAGE WIND SPEED     2.5




RELATIVE HUMIDITY (PERCENT)
 HIGHEST    96
 LOWEST     74
 AVERAGE    85

..........................................................


THE SAULT STE MARIE MI CLIMATE NORMALS FOR TODAY
                         NORMAL    RECORD    YEAR
 MAXIMUM TEMPERATURE (F)   27        47      1894
 MINIMUM TEMPERATURE (F)   14       -22      1989


SUNRISE AND SUNSET
DECEMBER 21 2014......SUNRISE   818 AM EST   SUNSET   453 PM EST
DECEMBER 22 2014......SUNRISE   819 AM EST   SUNSET   453 PM EST


-  INDICATES NEGATIVE NUMBERS.
R  INDICATES RECORD WAS SET OR TIED.
MM INDICATES DATA IS MISSING.
T  INDICATES TRACE AMOUNT.




$$
