000
CDUS43 KAPX 060542
CLIANJ


CLIMATE REPORT
NATIONAL WEATHER SERVICE GAYLORD MI
1241 AM EST FRI MAR 6 2015


...................................

...THE SAULT STE MARIE MI CLIMATE SUMMARY FOR MARCH 5 2015...

CLIMATE NORMAL PERIOD 1981 TO 2010
CLIMATE RECORD PERIOD 1888 TO 2015


WEATHER ITEM   OBSERVED TIME   RECORD YEAR NORMAL DEPARTURE LAST
                VALUE   (LST)  VALUE       VALUE  FROM      YEAR
                                                  NORMAL
..................................................................
TEMPERATURE (F)
 YESTERDAY
  MAXIMUM         13    308 PM  49    1910  31    -18       18
  MINIMUM        -15    724 AM -19    1926  14    -29       -1
                                      1917
  AVERAGE         -1                        22    -23        9

PRECIPITATION (IN)
  YESTERDAY        0.00          0.76 1897   0.06  -0.06     0.00
  MONTH TO DATE    0.35                      0.28   0.07     0.02
  SINCE MAR 1      0.35                      0.28   0.07     0.02
  SINCE JAN 1      3.72                      3.81  -0.09     3.38

SNOWFALL (IN)
  YESTERDAY        0.0          11.8  1964   0.5   -0.5      0.0
  MONTH TO DATE    5.6                       2.7    2.9      0.5
  SINCE OCT 1    154.3                     102.9   51.4    106.6
  SINCE JUL 1    154.3                     102.9   51.4    106.6
  SNOW DEPTH      31

DEGREE DAYS
 HEATING
  YESTERDAY       66                        43     23       56
  MONTH TO DATE  278                       217     61      312
  SINCE MAR 1    278                       217     61      312
  SINCE JUL 1   7057                      6343    714     7092

 COOLING
  YESTERDAY        0                         0      0        0
  MONTH TO DATE    0                         0      0        0
  SINCE MAR 1      0                         0      0        0
  SINCE JAN 1      0                         0      0        0
..................................................................


WIND (MPH)
  HIGHEST WIND SPEED    13   HIGHEST WIND DIRECTION    NW (320)
  HIGHEST GUST SPEED    17   HIGHEST GUST DIRECTION    NW (310)
  AVERAGE WIND SPEED     4.7




RELATIVE HUMIDITY (PERCENT)
 HIGHEST    90
 LOWEST     38
 AVERAGE    64

..........................................................


THE SAULT STE MARIE MI CLIMATE NORMALS FOR TODAY
                         NORMAL    RECORD    YEAR
 MAXIMUM TEMPERATURE (F)   31        51      1974
 MINIMUM TEMPERATURE (F)   14       -27      1890


SUNRISE AND SUNSET
MARCH  6 2015.........SUNRISE   708 AM EST   SUNSET   630 PM EST
MARCH  7 2015.........SUNRISE   706 AM EST   SUNSET   632 PM EST


-  INDICATES NEGATIVE NUMBERS.
R  INDICATES RECORD WAS SET OR TIED.
MM INDICATES DATA IS MISSING.
T  INDICATES TRACE AMOUNT.




$$
