322
CDUS43 KAPX 232126
CLIANJ


CLIMATE REPORT
NATIONAL WEATHER SERVICE GAYLORD MI
526 PM EDT MON OCT 23 2017


...................................

...THE SAULT STE MARIE MI CLIMATE SUMMARY FOR OCTOBER 23 2017...
VALID TODAY AS OF 0500 PM LOCAL TIME.

CLIMATE NORMAL PERIOD 1981 TO 2010
CLIMATE RECORD PERIOD 1888 TO 2017


WEATHER ITEM   OBSERVED TIME   RECORD YEAR NORMAL DEPARTURE LAST
                VALUE   (LST)  VALUE       VALUE  FROM      YEAR
                                                  NORMAL
..................................................................
TEMPERATURE (F)
 TODAY
  MAXIMUM         54    159 PM  77    1963  50      4       53
  MINIMUM         50    941 AM  20    1969  36     14       37
  AVERAGE         52                        43      9       45

PRECIPITATION (IN)
  TODAY            0.14          1.39 1979   0.12   0.02     0.01
  MONTH TO DATE    3.30                      2.86   0.44     3.12
  SINCE SEP 1      4.35                      6.68  -2.33     7.94
  SINCE JAN 1     32.11                     25.85   6.26    28.02

SNOWFALL (IN)
  TODAY            0.0           4.7  2013   0.1             0.0
  MONTH TO DATE    0.0                       0.7             0.0
  SINCE OCT 1      0.0                       0.7             0.0
  SINCE JUL 1      0.0                       0.7             0.0

DEGREE DAYS
 HEATING
  TODAY           13                        22     -9       20
  MONTH TO DATE  218                       415   -197      281
  SINCE SEP 1    355                       669   -314      358
  SINCE JUL 1    438                       816   -378      393

 COOLING
  TODAY            0                         0      0        0
  MONTH TO DATE    4                         0      4        0
  SINCE SEP 1     86                        17     69       35
  SINCE JAN 1    214                       195     19      361
..................................................................


WIND (MPH)
  RESULTANT WIND SPEED   1   RESULTANT WIND DIRECTION  SE (150)
  HIGHEST WIND SPEED     8   HIGHEST WIND DIRECTION     W (290)
  HIGHEST GUST SPEED    10   HIGHEST GUST DIRECTION     W (290)
  AVERAGE WIND SPEED     3.1


SKY COVER
  POSSIBLE SUNSHINE  MM
  AVERAGE SKY COVER 0.9


WEATHER CONDITIONS
 THE FOLLOWING WEATHER WAS RECORDED TODAY.
  LIGHT RAIN
  FOG


RELATIVE HUMIDITY (PERCENT)
 HIGHEST    96           100 AM
 LOWEST     83           100 PM
 AVERAGE    90

..........................................................


THE SAULT STE MARIE MI CLIMATE NORMALS FOR TOMORROW
                         NORMAL    RECORD    YEAR
 MAXIMUM TEMPERATURE (F)   50        79      1963
 MINIMUM TEMPERATURE (F)   35        16      1981


SUNRISE AND SUNSET
OCTOBER 23 2017.......SUNRISE   806 AM EDT   SUNSET   636 PM EDT
OCTOBER 24 2017.......SUNRISE   808 AM EDT   SUNSET   635 PM EDT


-  INDICATES NEGATIVE NUMBERS.
R  INDICATES RECORD WAS SET OR TIED.
MM INDICATES DATA IS MISSING.
T  INDICATES TRACE AMOUNT.




$$
