000
CDUS43 KAPX 260528
CLIANJ


CLIMATE REPORT
NATIONAL WEATHER SERVICE GAYLORD MI
127 AM EDT MON SEP 26 2016


...................................

...THE SAULT STE MARIE MI CLIMATE SUMMARY FOR SEPTEMBER 25 2016...

CLIMATE NORMAL PERIOD 1981 TO 2010
CLIMATE RECORD PERIOD 1888 TO 2016


WEATHER ITEM   OBSERVED TIME   RECORD YEAR NORMAL DEPARTURE LAST
                VALUE   (LST)  VALUE       VALUE  FROM      YEAR
                                                  NORMAL
..................................................................
TEMPERATURE (F)
 YESTERDAY
  MAXIMUM         67   1256 PM  83    1908  63      4       71
  MINIMUM         51    652 AM  25    1947  45      6       57
  AVERAGE         59                        54      5       64

PRECIPITATION (IN)
  YESTERDAY        0.17          1.48 1915   0.14   0.03     0.00
  MONTH TO DATE    3.61                      3.18   0.43     2.03
  SINCE SEP 1      3.61                      3.18   0.43     2.03
  SINCE JAN 1     23.69                     22.35   1.34    19.28

DEGREE DAYS
 HEATING
  YESTERDAY        6                        12     -6        1
  MONTH TO DATE   52                       191   -139       73
  SINCE SEP 1     52                       191   -139       73
  SINCE JUL 1     87                       338   -251      174

 COOLING
  YESTERDAY        0                         0      0        0
  MONTH TO DATE   35                        15     20       73
  SINCE SEP 1     35                        15     20       73
  SINCE JAN 1    361                       193    168      265
..................................................................


WIND (MPH)
  HIGHEST WIND SPEED    18   HIGHEST WIND DIRECTION    SE (140)
  HIGHEST GUST SPEED    25   HIGHEST GUST DIRECTION    SE (150)
  AVERAGE WIND SPEED     8.9




RELATIVE HUMIDITY (PERCENT)
 HIGHEST    96
 LOWEST     56
 AVERAGE    76

..........................................................


THE SAULT STE MARIE MI CLIMATE NORMALS FOR TODAY
                         NORMAL    RECORD    YEAR
 MAXIMUM TEMPERATURE (F)   62        84      1908
 MINIMUM TEMPERATURE (F)   44        27      1980


SUNRISE AND SUNSET
SEPTEMBER 26 2016.....SUNRISE   730 AM EDT   SUNSET   726 PM EDT
SEPTEMBER 27 2016.....SUNRISE   731 AM EDT   SUNSET   724 PM EDT


-  INDICATES NEGATIVE NUMBERS.
R  INDICATES RECORD WAS SET OR TIED.
MM INDICATES DATA IS MISSING.
T  INDICATES TRACE AMOUNT.




$$
