000
CDUS43 KAPX 250527
CLIANJ


CLIMATE REPORT
NATIONAL WEATHER SERVICE GAYLORD MI
126 AM EDT SUN JUN 25 2017


...................................

...THE SAULT STE MARIE MI CLIMATE SUMMARY FOR JUNE 24 2017...

CLIMATE NORMAL PERIOD 1981 TO 2010
CLIMATE RECORD PERIOD 1888 TO 2017


WEATHER ITEM   OBSERVED TIME   RECORD YEAR NORMAL DEPARTURE LAST
                VALUE   (LST)  VALUE       VALUE  FROM      YEAR
                                                  NORMAL
..................................................................
TEMPERATURE (F)
 YESTERDAY
  MAXIMUM         70    218 PM  89    1966  74     -4       82
  MINIMUM         49    501 AM  33    1967  51     -2       50
  AVERAGE         60                        62     -2       66

PRECIPITATION (IN)
  YESTERDAY        0.00          0.97 1933   0.09  -0.09     0.00
  MONTH TO DATE    1.51                      2.18  -0.67     1.68
  SINCE JUN 1      1.51                      2.18  -0.67     1.68
  SINCE JAN 1     14.95                     12.62   2.33    12.23

DEGREE DAYS
 HEATING
  YESTERDAY        5                         4      1        0
  MONTH TO DATE   87                       157    -70      147
  SINCE JUN 1     87                       157    -70      147
  SINCE JUL 1   7213                      8640  -1427     7491

 COOLING
  YESTERDAY        0                         2     -2        1
  MONTH TO DATE   18                        18      0       22
  SINCE JUN 1     18                        18      0       22
  SINCE JAN 1     19                        23     -4       33
..................................................................


WIND (MPH)
  HIGHEST WIND SPEED    14   HIGHEST WIND DIRECTION     W (260)
  HIGHEST GUST SPEED    19   HIGHEST GUST DIRECTION     N (350)
  AVERAGE WIND SPEED     7.6




RELATIVE HUMIDITY (PERCENT)
 HIGHEST    93
 LOWEST     47
 AVERAGE    70

..........................................................


THE SAULT STE MARIE MI CLIMATE NORMALS FOR TODAY
                         NORMAL    RECORD    YEAR
 MAXIMUM TEMPERATURE (F)   74        88      1966
 MINIMUM TEMPERATURE (F)   51        35      2004


SUNRISE AND SUNSET
JUNE 25 2017..........SUNRISE   546 AM EDT   SUNSET   934 PM EDT
JUNE 26 2017..........SUNRISE   546 AM EDT   SUNSET   934 PM EDT


-  INDICATES NEGATIVE NUMBERS.
R  INDICATES RECORD WAS SET OR TIED.
MM INDICATES DATA IS MISSING.
T  INDICATES TRACE AMOUNT.




$$
