000
CDAK47 PANT 290903
CLIANN

CLIMATE REPORT
NATIONAL WEATHER SERVICE ANNETTE, AK
103 AM AKDT MON JUN 29 2015

...................................
...THE ANNETTE WSO AP CLIMATE SUMMARY FOR JUNE 28 2015...

CLIMATE NORMAL PERIOD  1981 TO  2010
CLIMATE RECORD PERIOD  1948 TO  2015

WEATHER ITEM   OBSERVED TIME    RECORD YEAR NORMAL DEPARTURE LAST
               VALUE    (LST)   VALUE       VALUE  FROM      YEAR
                                                   NORMAL
...................................................................
TEMPERATURE
YESTERDAY
 MAXIMUM            75  1202 PM    80  1995     62      13     60
 MINIMUM            55  1249 AM    42  1965     51       4     51
 AVERAGE            65                          57       8     56

PRECIPITATION
(INCHES)
 YESTERDAY        0.00           1.17  2012   0.17   -0.17   0.05
 MONTH TO DATE    3.97                        4.56   -0.59   7.30
 SINCE JUN 1      3.97                        4.56   -0.59   7.30
 SINCE JAN 1     47.45                       42.98    4.47  48.10

SNOWFALL
(INCHES)
 YESTERDAY         0.0            0.0  2015    0.0     0.0    0.0
 MONTH TO DATE     0.0                         0.0     0.0    0.0
 SINCE JUN 1       0.0                         0.0     0.0    0.0
 SINCE JUL 1      10.2                        34.9   -24.7   25.4
 SNOW DEPTH (IN)     0                                          0

DEGREE DAYS
 HEATING
  YESTERDAY          0                           9      -9      9
  MONTH TO DATE    187                         282     -95    304
  SINCE JUN 1      187                         282     -95    304
  SINCE JUL 1     5806                        6688    -882   6707

 COOLING
  YESTERDAY          0                           0       0      0
  MONTH TO DATE      1                           0       1      0
  SINCE JUN 1        1                           0       1      0
  SINCE JAN 1        1                           0       1      0
...................................................................

WIND (MPH)
 HIGHEST WIND SPEED     8     HIGHEST WIND DIRECTION    310
 HIGHEST GUST SPEED    12     HIGHEST GUST DIRECTION    280
 AVERAGE WIND SPEED   2.9

SKY COVER
  POSSIBLE SUNSHINE    MM          AVERAGE SKY COVER     MM

WEATHER CONDITIONS
 THE FOLLOWING WEATHER WAS RECORDED YESTERDAY.
  NO SIGNIFICANT WEATHER WAS OBSERVED.

RELATIVE HUMIDITY
 HIGHEST RH     MM PERCENT       MM
 LOWEST  RH     MM PERCENT       MM
 AVERAGE RH     MM PERCENT       MM
...................................................................

THE ANNETTE CLIMATE NORMALS FOR TODAY
                           NORMAL    RECORD   YEAR
 MAXIMUM TEMPERATURE (F)     63        86     1992
 MINIMUM TEMPERATURE (F)     51        42     1984

SUNRISE AND SUNSET
 JUN 29 2015..........SUNRISE  4:11 AM      SUNSET  9:30 PM
 JUN 30 2015..........SUNRISE  4:11 AM      SUNSET  9:29 PM

-  INDICATES NEGATIVE NUMBERS.
R  INDICATES RECORD HAS BEEN SET OR TIED.
MM INDICATES DATA IS MISSING.
T  INDICATES TRACE OF PRECIPITATION.

&&
-------------------------------------------------------------------

AMOUNT OF DAYLIGHT TODAY  (HOUR:MIN)........17 HOURS 19 MINUTES
GAIN/LOSS SINCE YESTERDAY (HOUR:MIN:SEC)....-0:00:56

$$
JZ JUN 15
