000
CDAK47 PANT 260005
CLIANN

CLIMATE REPORT
NATIONAL WEATHER SERVICE ANNETTE, AK
405 PM AKDT SAT OCT 25 2014

...................................
...THE ANNETTE WSO AP CLIMATE SUMMARY FOR OCTOBER 25 2014...
VALID TODAY AS OF 2:00 PM LOCAL TIME

CLIMATE NORMAL PERIOD  1981 TO  2010
CLIMATE RECORD PERIOD  1948 TO  2014

WEATHER ITEM   OBSERVED TIME    RECORD YEAR NORMAL DEPARTURE LAST
               VALUE    (LST)   VALUE       VALUE  FROM      YEAR
                                                   NORMAL
...................................................................
TEMPERATURE
TODAY
 MAXIMUM            55  0202 PM    59  1979     49       6     50
 MINIMUM            39  0643 AM    27  1991     40      -1     47
 AVERAGE            47                          44       3     49

PRECIPITATION
(INCHES)
 TODAY               T           5.48  2003   0.48   -0.48   0.12
 MONTH TO DATE   12.47                       11.07    1.40   7.66
 SINCE SEP 1     22.15                       20.86    1.29  15.17
 SINCE JAN 1     84.23                       75.77    8.46  66.77

SNOWFALL
(INCHES)
 TODAY             0.0              T  2008    0.0     0.0    0.0
 MONTH TO DATE     0.0                         0.0     0.0    0.0
 SINCE SEP 1       0.0                         0.0     0.0    0.0
 SINCE JUL 1       0.0                         0.0     0.0    0.0
 SNOW DEPTH (IN)     0                                          0

DEGREE DAYS
 HEATING
  TODAY             18                          21      -3     16
  MONTH TO DATE    352                         436     -84    400
  SINCE SEP 1      583                         770    -187    660
  SINCE JUL 1     1152                        1171     -19    962

 COOLING
  TODAY              0                           0       0      0
  MONTH TO DATE      0                           0       0      0
  SINCE SEP 1        0                           0       0      0
  SINCE JAN 1       MM                           0      MM     22
...................................................................

WIND (MPH)
 HIGHEST WIND SPEED    15     HIGHEST WIND DIRECTION    330
 HIGHEST GUST SPEED    20     HIGHEST GUST DIRECTION    330
 AVERAGE WIND SPEED   0.0

SKY COVER
  POSSIBLE SUNSHINE  MM            AVERAGE SKY COVER MM

WEATHER CONDITIONS
 THE FOLLOWING WEATHER WAS RECORDED TODAY.
RAIN


RELATIVE HUMIDITY
 HIGHEST RH     MM PERCENT       MM
 LOWEST  RH     MM PERCENT       MM
 AVERAGE RH     MM PERCENT       MM
...................................................................

THE ANNETTE CLIMATE NORMALS FOR TOMORROW
                        NORMAL    RECORD   YEAR
 MAXIMUM TEMPERATURE      49        61     1952
 MINIMUM TEMPERATURE      39        26     2012

SUNRISE AND SUNSET
 OCT 25 2014..........SUNRISE  7:37 AM      SUNSET  5:24 PM
 OCT 26 2014..........SUNRISE  7:39 AM      SUNSET  5:22 PM

-  INDICATES NEGATIVE NUMBERS.
R  INDICATES RECORD HAS BEEN SET OR TIED.
MM INDICATES DATA IS MISSING.
T  INDICATES TRACE OF PRECIPITATION.

&&
-------------------------------------------------------------------

AMOUNT OF DAYLIGHT TODAY  (HOUR:MIN)........9 HOURS 47 MINUTES
GAIN/LOSS SINCE YESTERDAY (HOUR:MIN:SEC)....-0:04:16

$$
LTB OCT 14
