000
CDAK47 PANT 020030
CLIANN

CLIMATE REPORT
NATIONAL WEATHER SERVICE ANNETTE, AK
330 PM AKST SUN FEB 1 2015

...................................
...THE ANNETTE WSO AP CLIMATE SUMMARY FOR FEBRUARY 1 2015...
VALID TODAY AS OF 2:00 PM LOCAL TIME

CLIMATE NORMAL PERIOD  1981 TO  2010
CLIMATE RECORD PERIOD  1948 TO  2015

WEATHER ITEM   OBSERVED TIME    RECORD YEAR NORMAL DEPARTURE LAST
               VALUE    (LST)   VALUE       VALUE  FROM      YEAR
                                                   NORMAL
...................................................................
TEMPERATURE
TODAY
 MAXIMUM            43  0304 AM    56  1998     42       1     37
 MINIMUM            38  1208 PM     0  1995     33       5     22
 AVERAGE            41                          37       4     30

PRECIPITATION
(INCHES)
 TODAY            0.25           2.50  1954   0.29   -0.04   0.01
 MONTH TO DATE    0.25                        0.29   -0.04   0.01
 SINCE DEC 1     27.92                       21.74    6.18  26.52
 SINCE JAN 1     14.96                       11.02    3.94   8.14

SNOWFALL
(INCHES)
 TODAY             0.0            2.5  2009    0.2    -0.2    0.1
 MONTH TO DATE     0.0                         0.2    -0.2    0.1
 SINCE DEC 1       3.7                        15.9   -12.2    4.5
 SINCE JUL 1       7.9                        19.5   -11.6   10.2
 SNOW DEPTH (IN)     0                                          0

DEGREE DAYS
 HEATING
  TODAY             24                          28      -4     35
  MONTH TO DATE     24                          28      -4     35
  SINCE DEC 1     1443                        1757    -314   1751
  SINCE JUL 1     3448                        3807    -359   3565

 COOLING
  TODAY              0                           0       0      0
  MONTH TO DATE      0                           0       0      0
  SINCE DEC 1        0                           0       0      0
  SINCE JAN 1        0                           0       0      0
...................................................................

WIND (MPH)
 HIGHEST WIND SPEED    16     HIGHEST WIND DIRECTION     60
 HIGHEST GUST SPEED    29     HIGHEST GUST DIRECTION     60
 AVERAGE WIND SPEED    MM

SKY COVER
  POSSIBLE SUNSHINE  MM            AVERAGE SKY COVER MM

WEATHER CONDITIONS
 THE FOLLOWING WEATHER WAS RECORDED TODAY.
RAIN


RELATIVE HUMIDITY
 HIGHEST RH     MM PERCENT       MM
 LOWEST  RH     MM PERCENT       MM
 AVERAGE RH     MM PERCENT       MM
...................................................................

THE ANNETTE CLIMATE NORMALS FOR TOMORROW
                        NORMAL    RECORD   YEAR
 MAXIMUM TEMPERATURE      42        54     1993
 MINIMUM TEMPERATURE      33         6     1968

SUNRISE AND SUNSET
 FEB 1 2015..........SUNRISE  7:38 AM      SUNSET  4:24 PM
 FEB 2 2015..........SUNRISE  7:36 AM      SUNSET  4:26 PM

-  INDICATES NEGATIVE NUMBERS.
R  INDICATES RECORD HAS BEEN SET OR TIED.
MM INDICATES DATA IS MISSING.
T  INDICATES TRACE OF PRECIPITATION.

&&
-------------------------------------------------------------------

AMOUNT OF DAYLIGHT TODAY  (HOUR:MIN)........8 HOURS 46 MINUTES
GAIN/LOSS SINCE YESTERDAY (HOUR:MIN:SEC)....+0:03:52

$$
*** FEB 15
