000
CDUS41 KCTP 250611
CLIAOO


CLIMATE REPORT
NATIONAL WEATHER SERVICE STATE COLLEGE PA
210 AM EDT MON JUL 25 2016


...................................

...THE ALTOONA CLIMATE SUMMARY FOR JULY 24 2016...

CLIMATE NORMAL PERIOD 1981 TO 2010
CLIMATE RECORD PERIOD 1948 TO 2016


WEATHER ITEM   OBSERVED TIME   RECORD YEAR NORMAL DEPARTURE LAST
                VALUE   (LST)  VALUE       VALUE  FROM      YEAR
                                                  NORMAL
..................................................................
TEMPERATURE (F)
 YESTERDAY
  MAXIMUM         95R   245 PM  94    2001  82     13       82
  MINIMUM         60    526 AM  50    1957  60      0       52
  AVERAGE         78                        71      7       67

PRECIPITATION (IN)
  YESTERDAY        0.09          0.72 1955   0.10  -0.01     0.00
  MONTH TO DATE    0.91                      2.55  -1.64     5.28
  SINCE JUN 1      3.42                      6.03  -2.61    12.89
  SINCE JAN 1     13.40                     20.21  -6.81    22.39

DEGREE DAYS
 HEATING
  YESTERDAY        0                         0      0        0
  MONTH TO DATE    4                         1      3        3
  SINCE JUN 1     27                        59    -32       42
  SINCE JUL 1      4                         1      3        3

 COOLING
  YESTERDAY       13                         6      7        2
  MONTH TO DATE  211                       143     68      126
  SINCE JUN 1    344                       252     92      274
  SINCE JAN 1    395                       285    110      378
..................................................................


WIND (MPH)
  HIGHEST WIND SPEED    29   HIGHEST WIND DIRECTION    NW (320)
  HIGHEST GUST SPEED    42   HIGHEST GUST DIRECTION    NW (320)
  AVERAGE WIND SPEED     4.3


SKY COVER
  POSSIBLE SUNSHINE  MM
  AVERAGE SKY COVER 0.1


WEATHER CONDITIONS
 THE FOLLOWING WEATHER WAS RECORDED YESTERDAY.
  THUNDERSTORM
  RAIN
  LIGHT RAIN
  FOG


RELATIVE HUMIDITY (PERCENT)
 HIGHEST    93           300 AM
 LOWEST     37          1100 AM
 AVERAGE    65

..........................................................


THE ALTOONA CLIMATE NORMALS FOR TODAY
                         NORMAL    RECORD    YEAR
 MAXIMUM TEMPERATURE (F)   82        96      2001
 MINIMUM TEMPERATURE (F)   60        48      1957


SUNRISE AND SUNSET
JULY 25 2016..........SUNRISE   605 AM EDT   SUNSET   834 PM EDT
JULY 26 2016..........SUNRISE   606 AM EDT   SUNSET   833 PM EDT


-  INDICATES NEGATIVE NUMBERS.
R  INDICATES RECORD WAS SET OR TIED.
MM INDICATES DATA IS MISSING.
T  INDICATES TRACE AMOUNT.




$$
