000
CDUS41 KCTP 260622
CLIAOO


CLIMATE REPORT
NATIONAL WEATHER SERVICE STATE COLLEGE PA
222 AM EDT SUN MAR 26 2017


...................................

...THE ALTOONA CLIMATE SUMMARY FOR MARCH 25 2017...

CLIMATE NORMAL PERIOD 1981 TO 2010
CLIMATE RECORD PERIOD 1948 TO 2017


WEATHER ITEM   OBSERVED TIME   RECORD YEAR NORMAL DEPARTURE LAST
                VALUE   (LST)  VALUE       VALUE  FROM      YEAR
                                                  NORMAL
..................................................................
TEMPERATURE (F)
 YESTERDAY
  MAXIMUM         72    450 PM  75    1963  50     22       63
  MINIMUM         46   1124 PM  12    1974  31     15       33
  AVERAGE         59                        41     18       48

PRECIPITATION (IN)
  YESTERDAY        0.00          0.82 1954   0.11  -0.11     0.10
  MONTH TO DATE    2.83                      2.41   0.42     1.10
  SINCE MAR 1      2.83                      2.41   0.42     1.10
  SINCE JAN 1      7.46                      6.62   0.84     4.94

DEGREE DAYS
 HEATING
  YESTERDAY        6                        24    -18       17
  MONTH TO DATE  748                       721     27      490
  SINCE MAR 1    748                       721     27      490
  SINCE JUL 1   4415                      5276   -861     4314

 COOLING
  YESTERDAY        0                         0      0        0
  MONTH TO DATE    0                         0      0        0
  SINCE MAR 1      0                         0      0        0
  SINCE JAN 1      0                         0      0        0
..................................................................


WIND (MPH)
  HIGHEST WIND SPEED    20   HIGHEST WIND DIRECTION     N (10)
  HIGHEST GUST SPEED    25   HIGHEST GUST DIRECTION     N (10)
  AVERAGE WIND SPEED     8.2


SKY COVER
  POSSIBLE SUNSHINE  MM
  AVERAGE SKY COVER 0.2


WEATHER CONDITIONS
 THE FOLLOWING WEATHER WAS RECORDED YESTERDAY.
  NO SIGNIFICANT WEATHER WAS OBSERVED.


RELATIVE HUMIDITY (PERCENT)
 HIGHEST    86          1000 PM
 LOWEST     49           300 PM
 AVERAGE    68

..........................................................


THE ALTOONA CLIMATE NORMALS FOR TODAY
                         NORMAL    RECORD    YEAR
 MAXIMUM TEMPERATURE (F)   51        79      1998
 MINIMUM TEMPERATURE (F)   32        14      2001


SUNRISE AND SUNSET
MARCH 26 2017.........SUNRISE   706 AM EDT   SUNSET   732 PM EDT
MARCH 27 2017.........SUNRISE   705 AM EDT   SUNSET   733 PM EDT


-  INDICATES NEGATIVE NUMBERS.
R  INDICATES RECORD WAS SET OR TIED.
MM INDICATES DATA IS MISSING.
T  INDICATES TRACE AMOUNT.




$$
