000
CDUS41 KCTP 210622
CLIAOO


CLIMATE REPORT
NATIONAL WEATHER SERVICE STATE COLLEGE PA
122 AM EST TUE FEB 21 2017


...................................

...THE ALTOONA CLIMATE SUMMARY FOR FEBRUARY 20 2017...

CLIMATE NORMAL PERIOD 1981 TO 2010
CLIMATE RECORD PERIOD 1948 TO 2017


WEATHER ITEM   OBSERVED TIME   RECORD YEAR NORMAL DEPARTURE LAST
                VALUE   (LST)  VALUE       VALUE  FROM      YEAR
                                                  NORMAL
..................................................................
TEMPERATURE (F)
 YESTERDAY
  MAXIMUM         60    321 PM  62    2016  38     22       62
                                      1994
  MINIMUM         39    546 AM  -6    2015  22     17       36
  AVERAGE         50                        30     20       49

PRECIPITATION (IN)
  YESTERDAY        0.00          1.14 1981   0.07  -0.07     0.00
  MONTH TO DATE    1.15                      1.43  -0.28     1.60
  SINCE DEC 1      6.66                      6.02   0.64     6.98
  SINCE JAN 1      4.34                      3.60   0.74     3.24

DEGREE DAYS
 HEATING
  YESTERDAY       15                        35    -20       16
  MONTH TO DATE  571                       730   -159      739
  SINCE DEC 1   2539                      2977   -438     2594
  SINCE JUL 1   3530                      4283   -753     3587

 COOLING
  YESTERDAY        0                         0      0        0
  MONTH TO DATE    0                         0      0        0
  SINCE DEC 1      0                         0      0        0
  SINCE JAN 1      0                         0      0        0
..................................................................


WIND (MPH)
  HIGHEST WIND SPEED    12   HIGHEST WIND DIRECTION     N (10)
  HIGHEST GUST SPEED    15   HIGHEST GUST DIRECTION    NW (320)
  AVERAGE WIND SPEED     5.3


SKY COVER
  POSSIBLE SUNSHINE  MM
  AVERAGE SKY COVER 0.0


WEATHER CONDITIONS
 THE FOLLOWING WEATHER WAS RECORDED YESTERDAY.
  NO SIGNIFICANT WEATHER WAS OBSERVED.


RELATIVE HUMIDITY (PERCENT)
 HIGHEST    76           300 AM
 LOWEST     32           300 PM
 AVERAGE    54

..........................................................


THE ALTOONA CLIMATE NORMALS FOR TODAY
                         NORMAL    RECORD    YEAR
 MAXIMUM TEMPERATURE (F)   39        71      1997
 MINIMUM TEMPERATURE (F)   22         1      1968


SUNRISE AND SUNSET
FEBRUARY 21 2017......SUNRISE   658 AM EST   SUNSET   556 PM EST
FEBRUARY 22 2017......SUNRISE   657 AM EST   SUNSET   557 PM EST


-  INDICATES NEGATIVE NUMBERS.
R  INDICATES RECORD WAS SET OR TIED.
MM INDICATES DATA IS MISSING.
T  INDICATES TRACE AMOUNT.




$$
