000
CDUS41 KCTP 242216
CLIAOO


CLIMATE REPORT
NATIONAL WEATHER SERVICE STATE COLLEGE PA
516 PM EST SAT FEB 24 2018


...................................

...THE ALTOONA CLIMATE SUMMARY FOR FEBRUARY 24 2018...
VALID TODAY AS OF 0500 PM LOCAL TIME.

CLIMATE NORMAL PERIOD 1981 TO 2010
CLIMATE RECORD PERIOD 1948 TO 2018


WEATHER ITEM   OBSERVED TIME   RECORD YEAR NORMAL DEPARTURE LAST
                VALUE   (LST)  VALUE       VALUE  FROM      YEAR
                                                  NORMAL
..................................................................
TEMPERATURE (F)
 TODAY
  MAXIMUM         47   1215 PM  75    2017  39      8       75
  MINIMUM         39   1208 AM  -8    2015  22     17       51
  AVERAGE         43                        31     12       63

PRECIPITATION (IN)
  TODAY            0.44          0.54 2016   0.07   0.37     0.00
  MONTH TO DATE    4.42                      1.73   2.69     1.15
  SINCE DEC 1      6.67                      6.32   0.35     6.66
  SINCE JAN 1      5.72                      3.90   1.82     4.34

DEGREE DAYS
 HEATING
  TODAY           22                        34    -12        2
  MONTH TO DATE  698                       868   -170      610
  SINCE DEC 1   2944                      3115   -171     2578
  SINCE JUL 1   4009                      4434   -425     3569

 COOLING
  TODAY            0                         0      0        0
  MONTH TO DATE    0                         0      0        0
  SINCE DEC 1      0                         0      0        0
  SINCE JAN 1      0                         0      0        0
..................................................................


WIND (MPH)
  HIGHEST WIND SPEED    13   HIGHEST WIND DIRECTION    NE (40)
  HIGHEST GUST SPEED    16   HIGHEST GUST DIRECTION    NE (40)
  AVERAGE WIND SPEED     4.3


SKY COVER
  POSSIBLE SUNSHINE  MM
  AVERAGE SKY COVER 0.9


WEATHER CONDITIONS
 THE FOLLOWING WEATHER WAS RECORDED TODAY.
  RAIN
  LIGHT RAIN
  FOG
  FOG W/VISIBILITY <= 1/4 MILE


RELATIVE HUMIDITY (PERCENT)
 HIGHEST   100          1200 AM
 LOWEST     92           200 PM
 AVERAGE    96

..........................................................


THE ALTOONA CLIMATE NORMALS FOR TOMORROW
                         NORMAL    RECORD    YEAR
 MAXIMUM TEMPERATURE (F)   40        70      2000
 MINIMUM TEMPERATURE (F)   23         2      1964


SUNRISE AND SUNSET
FEBRUARY 24 2018......SUNRISE   654 AM EST   SUNSET   559 PM EST
FEBRUARY 25 2018......SUNRISE   653 AM EST   SUNSET   600 PM EST


-  INDICATES NEGATIVE NUMBERS.
R  INDICATES RECORD WAS SET OR TIED.
MM INDICATES DATA IS MISSING.
T  INDICATES TRACE AMOUNT.




$$
