000
CDUS41 KCTP 282220
CLIAOO


CLIMATE REPORT
NATIONAL WEATHER SERVICE STATE COLLEGE PA
520 PM EST SAT FEB 28 2015


...................................

...THE ALTOONA CLIMATE SUMMARY FOR FEBRUARY 28 2015...
VALID TODAY AS OF 0500 PM LOCAL TIME.

CLIMATE NORMAL PERIOD 1981 TO 2010
CLIMATE RECORD PERIOD 1948 TO 2015


WEATHER ITEM   OBSERVED TIME   RECORD YEAR NORMAL DEPARTURE LAST
                VALUE   (LST)  VALUE       VALUE  FROM      YEAR
                                                  NORMAL
..................................................................
TEMPERATURE (F)
 TODAY
  MAXIMUM         26    423 PM  63    1955  41    -15       21
  MINIMUM          1    652 AM  -2    2014  23    -22       -2
  AVERAGE         14                        32    -18       10

PRECIPITATION (IN)
  TODAY            0.00          1.12 1966   0.08  -0.08     0.00
  MONTH TO DATE    0.92                      2.04  -1.12     2.52
  SINCE DEC 1      4.38                      6.63  -2.25     5.95
  SINCE JAN 1      2.52                      4.21  -1.69     3.36

DEGREE DAYS
 HEATING
  TODAY           51                        33     18       55
  MONTH TO DATE 1295                      1002    293     1133
  SINCE DEC 1   3491                      3251    240     3434
  SINCE JUL 1   4793                      4555    238     4744

 COOLING
  TODAY            0                         0      0        0
  MONTH TO DATE    0                         0      0        0
  SINCE DEC 1      0                         0      0        0
  SINCE JAN 1      0                         0      0        0
..................................................................


WIND (MPH)
  HIGHEST WIND SPEED     8   HIGHEST WIND DIRECTION     N (360)
  HIGHEST GUST SPEED    12   HIGHEST GUST DIRECTION     N (360)
  AVERAGE WIND SPEED     1.8


SKY COVER
  POSSIBLE SUNSHINE  MM
  AVERAGE SKY COVER 0.0


WEATHER CONDITIONS
 THE FOLLOWING WEATHER WAS RECORDED TODAY.
  NO SIGNIFICANT WEATHER WAS OBSERVED.


RELATIVE HUMIDITY (PERCENT)
 HIGHEST    75           700 AM
 LOWEST     32           400 PM
 AVERAGE    54

..........................................................


THE ALTOONA CLIMATE NORMALS FOR TOMORROW
                         NORMAL    RECORD    YEAR
 MAXIMUM TEMPERATURE (F)   41        72      1972
 MINIMUM TEMPERATURE (F)   23         2      1980


SUNRISE AND SUNSET
FEBRUARY 28 2015......SUNRISE   649 AM EST   SUNSET   603 PM EST
MARCH  1 2015.........SUNRISE   647 AM EST   SUNSET   605 PM EST


-  INDICATES NEGATIVE NUMBERS.
R  INDICATES RECORD WAS SET OR TIED.
MM INDICATES DATA IS MISSING.
T  INDICATES TRACE AMOUNT.




$$
