000
CDUS41 KCTP 242119
CLIAOO


CLIMATE REPORT
NATIONAL WEATHER SERVICE STATE COLLEGE PA
518 PM EDT WED AUG 24 2016


...................................

...THE ALTOONA CLIMATE SUMMARY FOR AUGUST 24 2016...
VALID TODAY AS OF 0500 PM LOCAL TIME.

CLIMATE NORMAL PERIOD 1981 TO 2010
CLIMATE RECORD PERIOD 1948 TO 2016


WEATHER ITEM   OBSERVED TIME   RECORD YEAR NORMAL DEPARTURE LAST
                VALUE   (LST)  VALUE       VALUE  FROM      YEAR
                                                  NORMAL
..................................................................
TEMPERATURE (F)
 TODAY
  MAXIMUM         85    341 PM  91    1968  79      6       84
  MINIMUM         56    559 AM  42    1952  58     -2       56
  AVERAGE         71                        68      3       70

PRECIPITATION (IN)
  TODAY            0.00          2.12 1979   0.10  -0.10     0.00
  MONTH TO DATE    2.87                      2.29   0.58     1.00
  SINCE JUN 1      7.16                      9.03  -1.87    14.27
  SINCE JAN 1     17.14                     23.21  -6.07    23.77

DEGREE DAYS
 HEATING
  TODAY            0                         1     -1        0
  MONTH TO DATE    0                        16    -16        2
  SINCE JUN 1     27                        84    -57       44
  SINCE JUL 1      4                        26    -22        5

 COOLING
  TODAY            6                         4      2        5
  MONTH TO DATE  213                       128     85      126
  SINCE JUN 1    633                       422    211      460
  SINCE JAN 1    684                       455    229      564
..................................................................


WIND (MPH)
  HIGHEST WIND SPEED    13   HIGHEST WIND DIRECTION    SW (210)
  HIGHEST GUST SPEED    19   HIGHEST GUST DIRECTION    SW (220)
  AVERAGE WIND SPEED     3.0


SKY COVER
  POSSIBLE SUNSHINE  MM
  AVERAGE SKY COVER 0.0


WEATHER CONDITIONS
 THE FOLLOWING WEATHER WAS RECORDED TODAY.
  FOG


RELATIVE HUMIDITY (PERCENT)
 HIGHEST   100          1200 AM
 LOWEST     48           200 PM
 AVERAGE    74

..........................................................


THE ALTOONA CLIMATE NORMALS FOR TOMORROW
                         NORMAL    RECORD    YEAR
 MAXIMUM TEMPERATURE (F)   79        92      1948
 MINIMUM TEMPERATURE (F)   57        44      1963


SUNRISE AND SUNSET
AUGUST 24 2016........SUNRISE   634 AM EDT   SUNSET   757 PM EDT
AUGUST 25 2016........SUNRISE   634 AM EDT   SUNSET   755 PM EDT


-  INDICATES NEGATIVE NUMBERS.
R  INDICATES RECORD WAS SET OR TIED.
MM INDICATES DATA IS MISSING.
T  INDICATES TRACE AMOUNT.




$$
