000
CDUS41 KCTP 270632
CLIAOO


CLIMATE REPORT
NATIONAL WEATHER SERVICE STATE COLLEGE PA
232 AM EDT TUE SEP 27 2016


...................................

...THE ALTOONA CLIMATE SUMMARY FOR SEPTEMBER 26 2016...

CLIMATE NORMAL PERIOD 1981 TO 2010
CLIMATE RECORD PERIOD 1948 TO 2016


WEATHER ITEM   OBSERVED TIME   RECORD YEAR NORMAL DEPARTURE LAST
                VALUE   (LST)  VALUE       VALUE  FROM      YEAR
                                                  NORMAL
..................................................................
TEMPERATURE (F)
 YESTERDAY
  MAXIMUM         65    320 PM  88    1998  68     -3       71
  MINIMUM         49    331 AM  33    1966  47      2       53
  AVERAGE         57                        58     -1       62

PRECIPITATION (IN)
  YESTERDAY        0.48          1.11 2002   0.10   0.38     0.00
  MONTH TO DATE    1.20                      3.02  -1.82     1.73
  SINCE SEP 1      1.20                      3.02  -1.82     1.73
  SINCE JAN 1     18.86                     23.94  -5.08    25.89

DEGREE DAYS
 HEATING
  YESTERDAY        8                         8      0        3
  MONTH TO DATE   26                       112    -86       53
  SINCE SEP 1     26                       112    -86       53
  SINCE JUL 1     30                       136   -106       67

 COOLING
  YESTERDAY        0                         1     -1        0
  MONTH TO DATE  118                        45     73      106
  SINCE SEP 1    118                        45     73      106
  SINCE JAN 1    862                       518    344      691
..................................................................


WIND (MPH)
  HIGHEST WIND SPEED    15   HIGHEST WIND DIRECTION    SE (140)
  HIGHEST GUST SPEED    18   HIGHEST GUST DIRECTION    SE (150)
  AVERAGE WIND SPEED     5.8


SKY COVER
  POSSIBLE SUNSHINE  MM
  AVERAGE SKY COVER 0.8


WEATHER CONDITIONS
 THE FOLLOWING WEATHER WAS RECORDED YESTERDAY.
  HEAVY RAIN
  RAIN
  LIGHT RAIN
  FOG


RELATIVE HUMIDITY (PERCENT)
 HIGHEST   100           600 PM
 LOWEST     71          1200 AM
 AVERAGE    86

..........................................................


THE ALTOONA CLIMATE NORMALS FOR TODAY
                         NORMAL    RECORD    YEAR
 MAXIMUM TEMPERATURE (F)   68        87      1998
 MINIMUM TEMPERATURE (F)   47        29      1957


SUNRISE AND SUNSET
SEPTEMBER 27 2016.....SUNRISE   706 AM EDT   SUNSET   701 PM EDT
SEPTEMBER 28 2016.....SUNRISE   707 AM EDT   SUNSET   700 PM EDT


-  INDICATES NEGATIVE NUMBERS.
R  INDICATES RECORD WAS SET OR TIED.
MM INDICATES DATA IS MISSING.
T  INDICATES TRACE AMOUNT.




$$
