000
CDUS41 KCTP 180644
CLIAOO


CLIMATE REPORT
NATIONAL WEATHER SERVICE STATE COLLEGE PA
244 AM EDT WED OCT 18 2017


...................................

...THE ALTOONA CLIMATE SUMMARY FOR OCTOBER 17 2017...

CLIMATE NORMAL PERIOD 1981 TO 2010
CLIMATE RECORD PERIOD 1948 TO 2017


WEATHER ITEM   OBSERVED TIME   RECORD YEAR NORMAL DEPARTURE LAST
                VALUE   (LST)  VALUE       VALUE  FROM      YEAR
                                                  NORMAL
..................................................................
TEMPERATURE (F)
 YESTERDAY
  MAXIMUM         63    354 PM  78    1963  61      2       76
  MINIMUM         35    653 AM  30    1981  41     -6       57
  AVERAGE         49                        51     -2       67

PRECIPITATION (IN)
  YESTERDAY        0.00          1.35 2006   0.07  -0.07     0.03
  MONTH TO DATE    1.96                      1.40   0.56     1.25
  SINCE SEP 1      3.46                      4.86  -1.40     4.43
  SINCE JAN 1     33.88                     25.78   8.10    22.09

DEGREE DAYS
 HEATING
  YESTERDAY       16                        14      2        0
  MONTH TO DATE   72                       206   -134      168
  SINCE SEP 1    182                       354   -172      223
  SINCE JUL 1    216                       377   -161      227

 COOLING
  YESTERDAY        0                         0      0        2
  MONTH TO DATE   47                         0     47        2
  SINCE SEP 1    113                        47     66      120
  SINCE JAN 1    655                       522    133      864
..................................................................


WIND (MPH)
  HIGHEST WIND SPEED    10   HIGHEST WIND DIRECTION     W (270)
  HIGHEST GUST SPEED    13   HIGHEST GUST DIRECTION     W (270)
  AVERAGE WIND SPEED     3.6


SKY COVER
  POSSIBLE SUNSHINE  MM
  AVERAGE SKY COVER 0.0


WEATHER CONDITIONS
 THE FOLLOWING WEATHER WAS RECORDED YESTERDAY.
  NO SIGNIFICANT WEATHER WAS OBSERVED.


RELATIVE HUMIDITY (PERCENT)
 HIGHEST    92           400 AM
 LOWEST     34           300 PM
 AVERAGE    63

..........................................................


THE ALTOONA CLIMATE NORMALS FOR TODAY
                         NORMAL    RECORD    YEAR
 MAXIMUM TEMPERATURE (F)   61        81      1998
 MINIMUM TEMPERATURE (F)   40        25      1978


SUNRISE AND SUNSET
OCTOBER 18 2017.......SUNRISE   728 AM EDT   SUNSET   629 PM EDT
OCTOBER 19 2017.......SUNRISE   729 AM EDT   SUNSET   627 PM EDT


-  INDICATES NEGATIVE NUMBERS.
R  INDICATES RECORD WAS SET OR TIED.
MM INDICATES DATA IS MISSING.
T  INDICATES TRACE AMOUNT.




$$
