000
CDUS45 KBOU 240725
CLIAPA


CLIMATE REPORT
NATIONAL WEATHER SERVICE DENVER/BOULDER CO
1225 AM MST TUE JAN 24 2017


...................................

...THE CENTENNIAL CO CLIMATE SUMMARY FOR JANUARY 23 2017...

CLIMATE NORMAL PERIOD 1981 TO 2010
CLIMATE RECORD PERIOD 9999 TO 9999


WEATHER ITEM   OBSERVED RECORD YEAR NORMAL DEPARTURE LAST
                VALUE   VALUE       VALUE  FROM      YEAR
                                           NORMAL
...........................................................
TEMPERATURE (F)
 YESTERDAY
  MAXIMUM         51     MM      MM  44      7       57
  MINIMUM         24     MM      MM  19      5       32
  AVERAGE         38                 32      6       45

PRECIPITATION (IN)
  YESTERDAY        0.00  MM      MM   0.02  -0.02     0.00
  MONTH TO DATE    0.16               0.30  -0.14     0.20
  SINCE DEC 1      0.46               0.91  -0.45     0.40
  SINCE JAN 1      0.16               0.30  -0.14     0.20

DEGREE DAYS
 HEATING
  YESTERDAY       27
  MONTH TO DATE  808

 COOLING
  YESTERDAY        0
  MONTH TO DATE    0
...........................................................


WIND (MPH)
  RESULTANT WIND SPEED   7   RESULTANT WIND DIRECTION  SW (240)
  HIGHEST WIND SPEED    26   HIGHEST WIND DIRECTION    SW (220)
  HIGHEST GUST SPEED    30   HIGHEST GUST DIRECTION     S (200)


SKY COVER
  POSSIBLE SUNSHINE  MM
  AVERAGE SKY COVER 0.5


WEATHER CONDITIONS
 THE FOLLOWING WEATHER WAS RECORDED YESTERDAY.
  NO SIGNIFICANT WEATHER WAS OBSERVED.


RELATIVE HUMIDITY (PERCENT)
 HIGHEST    69
 LOWEST     26
 AVERAGE    48

..........................................................


THE CENTENNIAL CO CLIMATE NORMALS FOR TODAY
                         NORMAL    RECORD    YEAR
 MAXIMUM TEMPERATURE (F)   44        MM        MM
 MINIMUM TEMPERATURE (F)   19        MM        MM


SUNRISE AND SUNSET
JANUARY 24 2017.......SUNRISE   713 AM MST   SUNSET   510 PM MST
JANUARY 25 2017.......SUNRISE   712 AM MST   SUNSET   512 PM MST


-  INDICATES NEGATIVE NUMBERS.
R  INDICATES RECORD WAS SET OR TIED.
MM INDICATES DATA IS MISSING.
T  INDICATES TRACE AMOUNT.




$$
