000
CDUS42 KMFL 202116
CLIAPF


CLIMATE REPORT
NATIONAL WEATHER SERVICE MIAMI, FL
416 PM EST TUE FEB 20 2018


...................................

...THE NAPLES CLIMATE SUMMARY FOR FEBRUARY 20 2018...
VALID TODAY AS OF 0400 PM LOCAL TIME.

CLIMATE NORMAL PERIOD 1981 TO 2010
CLIMATE RECORD PERIOD 1942 TO 2018


WEATHER ITEM   OBSERVED TIME   RECORD YEAR NORMAL DEPARTURE LAST
                VALUE   (LST)  VALUE       VALUE  FROM      YEAR
                                                  NORMAL
..................................................................
TEMPERATURE (F)
 TODAY
  MAXIMUM         87    340 PM  89    1974  78      9       85
  MINIMUM         71    720 AM  36    2015  58     13       62
  AVERAGE         79                        68     11       74

PRECIPITATION (IN)
  TODAY            0.01          1.06 1995   0.06  -0.05     0.00
  MONTH TO DATE    0.08                      1.52  -1.44     0.10
  SINCE NOV 1      1.76                      6.86  -5.10     1.24
  SINCE JAN 1      0.61                      3.37  -2.76     0.89

SNOWFALL (IN)
  TODAY            0.0
  MONTH TO DATE    0.0
  SINCE DEC 1      0.0
  SINCE JUL 1      0.0
  SNOW DEPTH       0

DEGREE DAYS
 HEATING
  TODAY            0                         2     -2        0
  MONTH TO DATE    0                        40    -40        3
  SINCE DEC 1    174                       206    -32       52
  SINCE JUL 1    178                       220    -42       56

 COOLING
  TODAY           14                         4     10        9
  MONTH TO DATE  184                        70    114      101
  SINCE DEC 1    423                       276    147      522
  SINCE JAN 1    264                       156    108      255
..................................................................


WIND (MPH)
  HIGHEST WIND SPEED    24   HIGHEST WIND DIRECTION    SE (140)
  HIGHEST GUST SPEED    30   HIGHEST GUST DIRECTION    SE (140)
  AVERAGE WIND SPEED    11.2


SKY COVER
  AVERAGE SKY COVER 0.7


WEATHER CONDITIONS
 THE FOLLOWING WEATHER WAS RECORDED TODAY.
  LIGHT RAIN
  FOG


RELATIVE HUMIDITY (PERCENT)
 HIGHEST   100
 LOWEST     48
 AVERAGE    74

..........................................................


THE NAPLES CLIMATE NORMALS FOR TOMORROW
                         NORMAL    RECORD    YEAR
 MAXIMUM TEMPERATURE (F)   78        89      1974
 MINIMUM TEMPERATURE (F)   58        35      1958


SUNRISE AND SUNSET
FEBRUARY 20 2018......SUNRISE   659 AM EST   SUNSET   623 PM EST
FEBRUARY 21 2018......SUNRISE   658 AM EST   SUNSET   624 PM EST


-  INDICATES NEGATIVE NUMBERS.
R  INDICATES RECORD WAS SET OR TIED.
MM INDICATES DATA IS MISSING.
T  INDICATES TRACE AMOUNT.




$$
