000
CDUS42 KMFL 272020 CCA
CLIAPF

CLIMATE REPORT...CORRECTED
NATIONAL WEATHER SERVICE MIAMI, FL
415 PM EDT WED MAY 27 2015


...................................

...THE NAPLES CLIMATE SUMMARY FOR MAY 27 2015...
VALID TODAY AS OF 0400 PM LOCAL TIME.

CLIMATE NORMAL PERIOD 1981 TO 2010
CLIMATE RECORD PERIOD 1942 TO 2015


WEATHER ITEM   OBSERVED TIME   RECORD YEAR NORMAL DEPARTURE LAST
                VALUE   (LST)  VALUE       VALUE  FROM      YEAR
                                                  NORMAL
..................................................................
TEMPERATURE (F)
 TODAY
  MAXIMUM         92    246 PM  94    1945  89      3       91
  MINIMUM         73    620 AM  58    1979  71      2       71
  AVERAGE         83                        80      3       81

PRECIPITATION (IN)
  TODAY            0.00          2.42 1960   0.14  -0.14     0.00
  MONTH TO DATE    2.57                      2.55   0.02     0.50
  SINCE NOV 1      8.71                     14.73  -6.02     8.46
  SINCE JAN 1      7.41                     11.24  -3.83     7.36

SNOWFALL (IN)
  TODAY            0.0
  MONTH TO DATE    0.0
  SINCE MAR 1      0.0
  SINCE JUL 1      0.0
  SNOW DEPTH       0

DEGREE DAYS
 HEATING
  TODAY            0                         0      0        0
  MONTH TO DATE    0                         0      0        0
  SINCE MAR 1      1                        27    -26        7
  SINCE JUL 1    198                       260    -62      149

 COOLING
  TODAY           18                        15      3       16
  MONTH TO DATE  402                       348     54      389
  SINCE MAR 1   1119                       777    342      850
  SINCE JAN 1   1295                       968    327     1123
..................................................................


WIND (MPH)
  HIGHEST WIND SPEED    16   HIGHEST WIND DIRECTION    NE (60)
  HIGHEST GUST SPEED    24   HIGHEST GUST DIRECTION    NE (40)
  AVERAGE WIND SPEED     7.8


SKY COVER
  AVERAGE SKY COVER 0.1


WEATHER CONDITIONS
 THE FOLLOWING WEATHER WAS RECORDED TODAY.
  NO SIGNIFICANT WEATHER WAS OBSERVED.


RELATIVE HUMIDITY (PERCENT)
 HIGHEST    87
 LOWEST     38
 AVERAGE    63

..........................................................


THE NAPLES CLIMATE NORMALS FOR TOMORROW
                         NORMAL    RECORD    YEAR
 MAXIMUM TEMPERATURE (F)   89        94      1986
                                             1953
 MINIMUM TEMPERATURE (F)   71        62      1962


SUNRISE AND SUNSET
MAY 27 2015...........SUNRISE   636 AM EDT   SUNSET   813 PM EDT
MAY 28 2015...........SUNRISE   636 AM EDT   SUNSET   813 PM EDT


-  INDICATES NEGATIVE NUMBERS.
R  INDICATES RECORD WAS SET OR TIED.
MM INDICATES DATA IS MISSING.
T  INDICATES TRACE AMOUNT.




$$
