727
CDUS42 KMFL 240823
CLIAPF


CLIMATE REPORT
NATIONAL WEATHER SERVICE MIAMI, FL
422 AM EDT SAT JUN 24 2017


...................................

...THE NAPLES CLIMATE SUMMARY FOR JUNE 23 2017...

CLIMATE NORMAL PERIOD 1981 TO 2010
CLIMATE RECORD PERIOD 1942 TO 2017


WEATHER ITEM   OBSERVED TIME   RECORD YEAR NORMAL DEPARTURE LAST
                VALUE   (LST)  VALUE       VALUE  FROM      YEAR
                                                  NORMAL
..................................................................
TEMPERATURE (F)
 YESTERDAY
  MAXIMUM         92   1232 PM  97    2004  90      2       92
  MINIMUM         76    430 AM  69    2001  75      1       76
                                      1995
                                      1979
  AVERAGE         84                        82      2       84

PRECIPITATION (IN)
  YESTERDAY        0.10          1.99 1989   0.35  -0.25     0.04
  MONTH TO DATE   12.41                      6.34   6.07     3.19
  SINCE JUN 1     12.41                      6.34   6.07     3.19
  SINCE JAN 1     18.04                     18.19  -0.15    15.29

SNOWFALL (IN)
  YESTERDAY        0.0
  MONTH TO DATE    0.0
  SINCE JUN 1      0.0
  SINCE JUL 1      0.0
  SNOW DEPTH       0

DEGREE DAYS
 HEATING
  YESTERDAY        0                         0      0        0
  MONTH TO DATE    0                         0      0        0
  SINCE JUN 1      0                         0      0        0
  SINCE JUL 1     67                       260   -193      142

 COOLING
  YESTERDAY       19                        18      1       19
  MONTH TO DATE  407                       382     25      414
  SINCE JUN 1    407                       382     25      414
  SINCE JAN 1   1751                      1410    341     1598
..................................................................


WIND (MPH)
  HIGHEST WIND SPEED    30   HIGHEST WIND DIRECTION    SW (210)
  HIGHEST GUST SPEED    31   HIGHEST GUST DIRECTION    SW (210)
  AVERAGE WIND SPEED     8.2


SKY COVER
  AVERAGE SKY COVER 0.4


WEATHER CONDITIONS
 THE FOLLOWING WEATHER WAS RECORDED YESTERDAY.
  THUNDERSTORM
  RAIN
  LIGHT RAIN
  FOG


RELATIVE HUMIDITY (PERCENT)
 HIGHEST   100
 LOWEST     52
 AVERAGE    76

..........................................................


THE NAPLES CLIMATE NORMALS FOR TODAY
                         NORMAL    RECORD    YEAR
 MAXIMUM TEMPERATURE (F)   90        95      2010
                                             2004
 MINIMUM TEMPERATURE (F)   75        68      1979
                                             1967
                                             1961


SUNRISE AND SUNSET
JUNE 24 2017..........SUNRISE   636 AM EDT   SUNSET   823 PM EDT
JUNE 25 2017..........SUNRISE   637 AM EDT   SUNSET   823 PM EDT


-  INDICATES NEGATIVE NUMBERS.
R  INDICATES RECORD WAS SET OR TIED.
MM INDICATES DATA IS MISSING.
T  INDICATES TRACE AMOUNT.




$$
