000
CDUS42 KMFL 032026
CLIAPF


CLIMATE REPORT
NATIONAL WEATHER SERVICE MIAMI, FL
422 PM EDT TUE MAY 3 2016


...................................

...THE NAPLES CLIMATE SUMMARY FOR MAY 3 2016...
VALID TODAY AS OF 0400 PM LOCAL TIME.

CLIMATE NORMAL PERIOD 1981 TO 2010
CLIMATE RECORD PERIOD 1942 TO 2016


WEATHER ITEM   OBSERVED TIME   RECORD YEAR NORMAL DEPARTURE LAST
                VALUE   (LST)  VALUE       VALUE  FROM      YEAR
                                                  NORMAL
..................................................................
TEMPERATURE (F)
 TODAY
  MAXIMUM         88   1241 PM  91    2002  86      2       86
                                      1997
                                      1991
  MINIMUM         74    615 AM  56    1955  66      8       64
  AVERAGE         81                        76      5       75

PRECIPITATION (IN)
  TODAY            0.00          1.16 1963   0.07  -0.07     0.00
  MONTH TO DATE    T                         0.20  -0.20     0.00
  SINCE NOV 1     14.24                     12.38   1.86     6.14
  SINCE JAN 1      9.62                      8.89   0.73     4.84

SNOWFALL (IN)
  TODAY            0.0
  MONTH TO DATE    0.0
  SINCE MAR 1      0.0
  SINCE JUL 1      0.0
  SNOW DEPTH       0

DEGREE DAYS
 HEATING
  TODAY            0                         0      0        0
  MONTH TO DATE    0                         0      0        0
  SINCE MAR 1      4                        27    -23        1
  SINCE JUL 1    142                       260   -118      198

 COOLING
  TODAY           16                        11      5       10
  MONTH TO DATE   48                        33     15       28
  SINCE MAR 1    630                       462    168      745
  SINCE JAN 1    792                       653    139      921
..................................................................


WIND (MPH)
  HIGHEST WIND SPEED    16   HIGHEST WIND DIRECTION    SW (230)
  HIGHEST GUST SPEED    20   HIGHEST GUST DIRECTION    SW (230)
  AVERAGE WIND SPEED     8.1


SKY COVER
  AVERAGE SKY COVER 0.3


WEATHER CONDITIONS
 THE FOLLOWING WEATHER WAS RECORDED TODAY.
  NO SIGNIFICANT WEATHER WAS OBSERVED.


RELATIVE HUMIDITY (PERCENT)
 HIGHEST   100
 LOWEST     63
 AVERAGE    82

..........................................................


THE NAPLES CLIMATE NORMALS FOR TOMORROW
                         NORMAL    RECORD    YEAR
 MAXIMUM TEMPERATURE (F)   86        92      1989
 MINIMUM TEMPERATURE (F)   66        55      1971


SUNRISE AND SUNSET
MAY  3 2016...........SUNRISE   648 AM EDT   SUNSET   800 PM EDT
MAY  4 2016...........SUNRISE   647 AM EDT   SUNSET   801 PM EDT


-  INDICATES NEGATIVE NUMBERS.
R  INDICATES RECORD WAS SET OR TIED.
MM INDICATES DATA IS MISSING.
T  INDICATES TRACE AMOUNT.




$$
