000
CDUS42 KMFL 010939
CLIAPF


CLIMATE REPORT
NATIONAL WEATHER SERVICE MIAMI, FL
439 AM EST SUN FEB 1 2015


...................................

...THE NAPLES CLIMATE SUMMARY FOR JANUARY 31 2015...

CLIMATE NORMAL PERIOD 1981 TO 2010
CLIMATE RECORD PERIOD 1942 TO 2015


WEATHER ITEM   OBSERVED TIME   RECORD YEAR NORMAL DEPARTURE LAST
                VALUE   (LST)  VALUE       VALUE  FROM      YEAR
                                                  NORMAL
..................................................................
TEMPERATURE (F)
 YESTERDAY
  MAXIMUM         77    340 PM  88    1975  75      2       81
  MINIMUM         52    738 AM  29    1966  55     -3       59
  AVERAGE         65                        65      0       70

PRECIPITATION (IN)
  YESTERDAY        0.00          0.33 1965   0.08  -0.08     0.30
  MONTH TO DATE    0.10                      1.85  -1.75     2.39
  SINCE NOV 1      1.40                      5.34  -3.94     3.49
  SINCE JAN 1      0.10                      1.85  -1.75     2.39

SNOWFALL (IN)
  YESTERDAY        0.0
  MONTH TO DATE    0.0
  SINCE DEC 1      0.0
  SINCE JUL 1      0.0
  SNOW DEPTH       0

DEGREE DAYS
 HEATING
  YESTERDAY        0                         2     -2
  MONTH TO DATE   37                       105    -68
  SINCE DEC 1     88                       166    -78
  SINCE JUL 1    117                       180    -63

 COOLING
  YESTERDAY        0                         2     -2
  MONTH TO DATE  117                        86     31
  SINCE DEC 1    267                       206     61
  SINCE JAN 1    117                        86     31
..................................................................


WIND (MPH)
  HIGHEST WIND SPEED    17   HIGHEST WIND DIRECTION     E (80)
  HIGHEST GUST SPEED    23   HIGHEST GUST DIRECTION    NE (60)
  AVERAGE WIND SPEED     9.9


SKY COVER
  AVERAGE SKY COVER 0.0


WEATHER CONDITIONS
 THE FOLLOWING WEATHER WAS RECORDED YESTERDAY.
  NO SIGNIFICANT WEATHER WAS OBSERVED.


RELATIVE HUMIDITY (PERCENT)
 HIGHEST    97
 LOWEST     36
 AVERAGE    67

..........................................................


THE NAPLES CLIMATE NORMALS FOR TODAY
                         NORMAL    RECORD    YEAR
 MAXIMUM TEMPERATURE (F)   75        88      2002
                                             1975
 MINIMUM TEMPERATURE (F)   55        35      1984


SUNRISE AND SUNSET
FEBRUARY  1 2015......SUNRISE   711 AM EST   SUNSET   610 PM EST
FEBRUARY  2 2015......SUNRISE   711 AM EST   SUNSET   611 PM EST


-  INDICATES NEGATIVE NUMBERS.
R  INDICATES RECORD WAS SET OR TIED.
MM INDICATES DATA IS MISSING.
T  INDICATES TRACE AMOUNT.




$$
