000
CDUS42 KMFL 200939
CLIAPF


CLIMATE REPORT
NATIONAL WEATHER SERVICE MIAMI, FL
439 AM EST MON FEB 20 2017


...................................

...THE NAPLES CLIMATE SUMMARY FOR FEBRUARY 19 2017...

CLIMATE NORMAL PERIOD 1981 TO 2010
CLIMATE RECORD PERIOD 1942 TO 2017


WEATHER ITEM   OBSERVED TIME   RECORD YEAR NORMAL DEPARTURE LAST
                VALUE   (LST)  VALUE       VALUE  FROM      YEAR
                                                  NORMAL
..................................................................
TEMPERATURE (F)
 YESTERDAY
  MAXIMUM         81    301 PM  87    1997  78      3       77
  MINIMUM         69   1159 PM  37    2007  57     12       56
                                      1958
  AVERAGE         75                        68      7       67

PRECIPITATION (IN)
  YESTERDAY        0.00          2.62 1981   0.07  -0.07     0.00
  MONTH TO DATE    0.10                      1.46  -1.36     0.68
  SINCE NOV 1      1.24                      6.80  -5.56    12.84
  SINCE JAN 1      0.89                      3.31  -2.42     8.22

SNOWFALL (IN)
  YESTERDAY        0.0
  MONTH TO DATE    0.0
  SINCE DEC 1      0.0
  SINCE JUL 1      0.0
  SNOW DEPTH       0

DEGREE DAYS
 HEATING
  YESTERDAY        0                         2     -2        0
  MONTH TO DATE    3                        38    -35       51
  SINCE DEC 1     52                       204   -152      118
  SINCE JUL 1     56                       218   -162      118

 COOLING
  YESTERDAY       10                         4      6        2
  MONTH TO DATE   92                        66     26       52
  SINCE DEC 1    513                       272    241      488
  SINCE JAN 1    246                       152     94      132
..................................................................


WIND (MPH)
  HIGHEST WIND SPEED    15   HIGHEST WIND DIRECTION    NW (300)
  HIGHEST GUST SPEED    20   HIGHEST GUST DIRECTION    NW (300)
  AVERAGE WIND SPEED     7.8


SKY COVER
  AVERAGE SKY COVER 0.1


WEATHER CONDITIONS
 THE FOLLOWING WEATHER WAS RECORDED YESTERDAY.
  FOG


RELATIVE HUMIDITY (PERCENT)
 HIGHEST   100
 LOWEST     67
 AVERAGE    84

..........................................................


THE NAPLES CLIMATE NORMALS FOR TODAY
                         NORMAL    RECORD    YEAR
 MAXIMUM TEMPERATURE (F)   78        89      1974
 MINIMUM TEMPERATURE (F)   58        36      2015


SUNRISE AND SUNSET
FEBRUARY 20 2017......SUNRISE   658 AM EST   SUNSET   623 PM EST
FEBRUARY 21 2017......SUNRISE   657 AM EST   SUNSET   624 PM EST


-  INDICATES NEGATIVE NUMBERS.
R  INDICATES RECORD WAS SET OR TIED.
MM INDICATES DATA IS MISSING.
T  INDICATES TRACE AMOUNT.




$$
