000
CDUS42 KMFL 280820
CLIAPF


CLIMATE REPORT
NATIONAL WEATHER SERVICE MIAMI, FL
420 AM EDT FRI AUG 28 2015


...................................

...THE NAPLES CLIMATE SUMMARY FOR AUGUST 27 2015...

CLIMATE NORMAL PERIOD 1981 TO 2010
CLIMATE RECORD PERIOD 1942 TO 2015


WEATHER ITEM   OBSERVED TIME   RECORD YEAR NORMAL DEPARTURE LAST
                VALUE   (LST)  VALUE       VALUE  FROM      YEAR
                                                  NORMAL
..................................................................
TEMPERATURE (F)
 YESTERDAY
  MAXIMUM         89    237 PM  96    1987  91     -2       93
  MINIMUM         74    334 AM  70    1965  76     -2       72
  AVERAGE         82                        83     -1       83

PRECIPITATION (IN)
  YESTERDAY        0.03          1.98 1968   0.29  -0.26     0.00
  MONTH TO DATE    1.32                      7.43  -6.11    12.47
  SINCE JUN 1     17.79                     23.52  -5.73    27.60
  SINCE JAN 1     25.81                     35.37  -9.56    36.43

SNOWFALL (IN)
  YESTERDAY        0.0
  MONTH TO DATE    0.0
  SINCE JUN 1      0.0
  SINCE JUL 1      0.0
  SNOW DEPTH       0

DEGREE DAYS
 HEATING
  YESTERDAY        0                         0      0        0
  MONTH TO DATE    0                         0      0        0
  SINCE JUN 1      0                         0      0        0
  SINCE JUL 1      0                         0      0        0

 COOLING
  YESTERDAY       17                        18     -1       18
  MONTH TO DATE  545                       486     59      523
  SINCE JUN 1   1621                      1552     69     1599
  SINCE JAN 1   2976                      2580    396     2788
..................................................................


WIND (MPH)
  HIGHEST WIND SPEED    14   HIGHEST WIND DIRECTION     S (160)
  HIGHEST GUST SPEED    17   HIGHEST GUST DIRECTION     S (160)
  AVERAGE WIND SPEED     4.7


SKY COVER
  AVERAGE SKY COVER 0.1


WEATHER CONDITIONS
 THE FOLLOWING WEATHER WAS RECORDED YESTERDAY.
  THUNDERSTORM
  RAIN
  LIGHT RAIN
  FOG
  HAZE
  TORNADO


RELATIVE HUMIDITY (PERCENT)
 HIGHEST    94
 LOWEST     61
 AVERAGE    78

..........................................................


THE NAPLES CLIMATE NORMALS FOR TODAY
                         NORMAL    RECORD    YEAR
 MAXIMUM TEMPERATURE (F)   91        97      2007
                                             1987
                                             1974
 MINIMUM TEMPERATURE (F)   76        63      1973


SUNRISE AND SUNSET
AUGUST 28 2015........SUNRISE   705 AM EDT   SUNSET   751 PM EDT
AUGUST 29 2015........SUNRISE   706 AM EDT   SUNSET   750 PM EDT


-  INDICATES NEGATIVE NUMBERS.
R  INDICATES RECORD WAS SET OR TIED.
MM INDICATES DATA IS MISSING.
T  INDICATES TRACE AMOUNT.




$$
