000
CDUS42 KMFL 232031
CLIAPF


CLIMATE REPORT
NATIONAL WEATHER SERVICE MIAMI, FL
430 PM EDT WED AUG 23 2017


...................................

...THE NAPLES CLIMATE SUMMARY FOR AUGUST 23 2017...
VALID TODAY AS OF 0400 PM LOCAL TIME.

CLIMATE NORMAL PERIOD 1981 TO 2010
CLIMATE RECORD PERIOD 1942 TO 2017


WEATHER ITEM   OBSERVED TIME   RECORD YEAR NORMAL DEPARTURE LAST
                VALUE   (LST)  VALUE       VALUE  FROM      YEAR
                                                  NORMAL
..................................................................
TEMPERATURE (F)
 TODAY
  MAXIMUM         90   1130 AM  96    1989  91     -1       95
                                      1975
  MINIMUM         75    259 PM  70    1984  76     -1       79
  AVERAGE         83                        83      0       87

PRECIPITATION (IN)
  TODAY            1.15          1.70 1957   0.27   0.88     0.00
  MONTH TO DATE    8.17                      6.32   1.85     6.59
  SINCE JUN 1     34.04                     22.41  11.63    17.80
  SINCE JAN 1     39.67                     34.26   5.41    29.90

SNOWFALL (IN)
  TODAY            0.0
  MONTH TO DATE    0.0
  SINCE JUN 1      0.0
  SINCE JUL 1      0.0
  SNOW DEPTH       0

DEGREE DAYS
 HEATING
  TODAY            0                         0      0        0
  MONTH TO DATE    0                         0      0        0
  SINCE JUN 1      0                         0      0        0
  SINCE JUL 1      0                         0      0        0

 COOLING
  TODAY           18                        18      0       22
  MONTH TO DATE  445                       414     31      443
  SINCE JUN 1   1562                      1480     82     1583
  SINCE JAN 1   2906                      2508    398     2767
..................................................................


WIND (MPH)
  HIGHEST WIND SPEED    20   HIGHEST WIND DIRECTION     E (80)
  HIGHEST GUST SPEED    25   HIGHEST GUST DIRECTION     E (110)
  AVERAGE WIND SPEED     5.8


SKY COVER
  AVERAGE SKY COVER 0.3


WEATHER CONDITIONS
 THE FOLLOWING WEATHER WAS RECORDED TODAY.
  THUNDERSTORM
  HEAVY RAIN
  RAIN
  LIGHT RAIN
  FOG


RELATIVE HUMIDITY (PERCENT)
 HIGHEST    97
 LOWEST     64
 AVERAGE    81

..........................................................


THE NAPLES CLIMATE NORMALS FOR TOMORROW
                         NORMAL    RECORD    YEAR
 MAXIMUM TEMPERATURE (F)   91        97      1989
 MINIMUM TEMPERATURE (F)   76        69      1996
                                             1957


SUNRISE AND SUNSET
AUGUST 23 2017........SUNRISE   703 AM EDT   SUNSET   755 PM EDT
AUGUST 24 2017........SUNRISE   704 AM EDT   SUNSET   754 PM EDT


-  INDICATES NEGATIVE NUMBERS.
R  INDICATES RECORD WAS SET OR TIED.
MM INDICATES DATA IS MISSING.
T  INDICATES TRACE AMOUNT.




$$
