000
CDUS42 KMFL 150832
CLIAPF


CLIMATE REPORT
NATIONAL WEATHER SERVICE MIAMI, FL
425 AM EDT MON SEP 15 2014


...................................

...THE NAPLES CLIMATE SUMMARY FOR SEPTEMBER 14 2014...

CLIMATE NORMAL PERIOD 1981 TO 2010
CLIMATE RECORD PERIOD 1942 TO 2014


WEATHER ITEM   OBSERVED TIME   RECORD YEAR NORMAL DEPARTURE LAST
                VALUE   (LST)  VALUE       VALUE  FROM      YEAR
                                                  NORMAL
..................................................................
TEMPERATURE (F)
 YESTERDAY
  MAXIMUM         85   1033 AM  95    1974  90     -5       90
  MINIMUM         74    643 AM  67    1961  75     -1       76
  AVERAGE         80                        83     -3       83

PRECIPITATION (IN)
  YESTERDAY        0.11          7.45 1971   0.26  -0.15     0.00
  MONTH TO DATE    3.53                      3.46   0.07     5.74
  SINCE JUN 1     32.55                     28.13   4.42    31.41
  SINCE JAN 1     41.38                     39.98   1.40    41.75

SNOWFALL (IN)
  YESTERDAY        0.0
  MONTH TO DATE    0.0
  SINCE SEP 1      0.0
  SINCE JUL 1      0.0
  SNOW DEPTH       0

DEGREE DAYS
 HEATING
  YESTERDAY        0                         0      0
  MONTH TO DATE    0                         0      0
  SINCE SEP 1      0                         0      0
  SINCE JUL 1      0                         0      0

 COOLING
  YESTERDAY       15                        18     -3
  MONTH TO DATE  247                       252     -5
  SINCE SEP 1    247                       252     -5
  SINCE JAN 1   3117                      2909    208
..................................................................


WIND (MPH)
  HIGHEST WIND SPEED    25   HIGHEST WIND DIRECTION     S (200)
  HIGHEST GUST SPEED    33   HIGHEST GUST DIRECTION     S (200)
  AVERAGE WIND SPEED     6.9


SKY COVER
  AVERAGE SKY COVER 0.2


WEATHER CONDITIONS
 THE FOLLOWING WEATHER WAS RECORDED YESTERDAY.
  HEAVY RAIN
  LIGHT RAIN
  FOG
  HAZE


RELATIVE HUMIDITY (PERCENT)
 HIGHEST   100
 LOWEST     65
 AVERAGE    83

..........................................................


THE NAPLES CLIMATE NORMALS FOR TODAY
                         NORMAL    RECORD    YEAR
 MAXIMUM TEMPERATURE (F)   90        98      1974
 MINIMUM TEMPERATURE (F)   75        68      1961


SUNRISE AND SUNSET
SEPTEMBER 15 2014.....SUNRISE   713 AM EDT   SUNSET   731 PM EDT
SEPTEMBER 16 2014.....SUNRISE   713 AM EDT   SUNSET   730 PM EDT


-  INDICATES NEGATIVE NUMBERS.
R  INDICATES RECORD WAS SET OR TIED.
MM INDICATES DATA IS MISSING.
T  INDICATES TRACE AMOUNT.




$$
