000
CDUS43 KAPX 010751
CLIAPN


CLIMATE REPORT
NATIONAL WEATHER SERVICE GAYLORD MI
350 AM EDT SAT OCT 1 2016


...................................

...THE ALPENA MI CLIMATE SUMMARY FOR SEPTEMBER 30 2016...

CLIMATE NORMAL PERIOD 1981 TO 2010
CLIMATE RECORD PERIOD 1916 TO 2016


WEATHER ITEM   OBSERVED TIME   RECORD YEAR NORMAL DEPARTURE LAST
                VALUE   (LST)  VALUE       VALUE  FROM      YEAR
                                                  NORMAL
..................................................................
TEMPERATURE (F)
 YESTERDAY
  MAXIMUM         65    349 PM  86    1922  63      2       58
  MINIMUM         59    721 AM  24    1945  42     17       40
  AVERAGE         62                        52     10       49

PRECIPITATION (IN)
  YESTERDAY        T             2.04 1921   0.09  -0.09     0.00
  MONTH TO DATE    2.83                      2.92  -0.09     1.22
  SINCE SEP 1      2.83                      2.92  -0.09     1.22
  SINCE JAN 1     23.46                     21.70   1.76    15.87

DEGREE DAYS
 HEATING
  YESTERDAY        3                        13    -10       16
  MONTH TO DATE  100                       241   -141      106
  SINCE SEP 1    100                       242   -142      106
  SINCE JUL 1    123                       357   -234      180

 COOLING
  YESTERDAY        0                         0      0        0
  MONTH TO DATE   56                        23     33       87
  SINCE SEP 1     56                        23     33       87
  SINCE JAN 1    547                       289    258      383
..................................................................


WIND (MPH)
  HIGHEST WIND SPEED    21   HIGHEST WIND DIRECTION    NE (60)
  HIGHEST GUST SPEED    29   HIGHEST GUST DIRECTION    NE (60)
  AVERAGE WIND SPEED    12.3




RELATIVE HUMIDITY (PERCENT)
 HIGHEST    84
 LOWEST     63
 AVERAGE    74

..........................................................


THE ALPENA MI CLIMATE NORMALS FOR TODAY
                         NORMAL    RECORD    YEAR
 MAXIMUM TEMPERATURE (F)   62        88      1971
 MINIMUM TEMPERATURE (F)   41        23      1960


SUNRISE AND SUNSET
OCTOBER  1 2016.......SUNRISE   733 AM EDT   SUNSET   714 PM EDT
OCTOBER  2 2016.......SUNRISE   734 AM EDT   SUNSET   712 PM EDT


-  INDICATES NEGATIVE NUMBERS.
R  INDICATES RECORD WAS SET OR TIED.
MM INDICATES DATA IS MISSING.
T  INDICATES TRACE AMOUNT.




$$
