000
CDUS43 KAPX 230527
CLIAPN


CLIMATE REPORT
NATIONAL WEATHER SERVICE GAYLORD MI
1226 AM EST THU NOV 23 2017


...................................

...THE ALPENA MI CLIMATE SUMMARY FOR NOVEMBER 22 2017...

CLIMATE NORMAL PERIOD 1981 TO 2010
CLIMATE RECORD PERIOD 1916 TO 2017


WEATHER ITEM   OBSERVED TIME   RECORD YEAR NORMAL DEPARTURE LAST
                VALUE   (LST)  VALUE       VALUE  FROM      YEAR
                                                  NORMAL
..................................................................
TEMPERATURE (F)
 YESTERDAY
  MAXIMUM         34    329 PM  62    2012  40     -6       35
  MINIMUM         24    744 AM   3    1929  27     -3       19
  AVERAGE         29                        33     -4       27

PRECIPITATION (IN)
  YESTERDAY        0.01          1.09 1952   0.07  -0.06     0.00
  MONTH TO DATE    3.02                      1.56   1.46     0.24
  SINCE SEP 1     11.34                      7.09   4.25     5.61
  SINCE JAN 1     38.77                     25.87  12.90    26.24

SNOWFALL (IN)
  YESTERDAY        T             5.5  2007   0.3   -0.3      0.0
  MONTH TO DATE    0.4                       4.5   -4.1      1.5
  SINCE OCT 1      0.4                       4.9   -4.5      1.5
  SINCE JUL 1      0.4                       4.9   -4.5      1.5
  SNOW DEPTH       T

DEGREE DAYS
 HEATING
  YESTERDAY       36                        32      4       38
  MONTH TO DATE  675                       613     62      443
  SINCE SEP 1   1224                      1442   -218      980
  SINCE JUL 1   1282                      1557   -275     1003
..................................................................


WIND (MPH)
  HIGHEST WIND SPEED    15   HIGHEST WIND DIRECTION    NW (310)
  HIGHEST GUST SPEED    23   HIGHEST GUST DIRECTION     W (290)
  AVERAGE WIND SPEED     6.5




RELATIVE HUMIDITY (PERCENT)
 HIGHEST    92
 LOWEST     51
 AVERAGE    72

..........................................................


THE ALPENA MI CLIMATE NORMALS FOR TODAY
                         NORMAL    RECORD    YEAR
 MAXIMUM TEMPERATURE (F)   40        65      1931
 MINIMUM TEMPERATURE (F)   26         0      1989


SUNRISE AND SUNSET
NOVEMBER 23 2017......SUNRISE   743 AM EST   SUNSET   458 PM EST
NOVEMBER 24 2017......SUNRISE   744 AM EST   SUNSET   457 PM EST


-  INDICATES NEGATIVE NUMBERS.
R  INDICATES RECORD WAS SET OR TIED.
MM INDICATES DATA IS MISSING.
T  INDICATES TRACE AMOUNT.




$$
