000
CDUS43 KAPX 230527
CLIAPN


CLIMATE REPORT
NATIONAL WEATHER SERVICE GAYLORD MI
126 AM EDT SUN JUL 23 2017


...................................

...THE ALPENA MI CLIMATE SUMMARY FOR JULY 22 2017...

CLIMATE NORMAL PERIOD 1981 TO 2010
CLIMATE RECORD PERIOD 1916 TO 2017


WEATHER ITEM   OBSERVED TIME   RECORD YEAR NORMAL DEPARTURE LAST
                VALUE   (LST)  VALUE       VALUE  FROM      YEAR
                                                  NORMAL
..................................................................
TEMPERATURE (F)
 YESTERDAY
  MAXIMUM         75    349 PM  97    1918  80     -5       93
  MINIMUM         62   1251 AM  42    1992  56      6       65
                                      1966
  AVERAGE         69                        68      1       79

PRECIPITATION (IN)
  YESTERDAY        T             1.73 1971   0.10  -0.10     0.00
  MONTH TO DATE    0.76                      2.19  -1.43     1.99
  SINCE JUN 1      7.16                      4.81   2.35     3.43
  SINCE JAN 1     22.47                     14.71   7.76    18.16

DEGREE DAYS
 HEATING
  YESTERDAY        0                         1     -1        0
  MONTH TO DATE    6                        32    -26       17
  SINCE JUN 1     89                       175    -86      125
  SINCE JUL 1      6                        32    -26       17

 COOLING
  YESTERDAY        4                         4      0       14
  MONTH TO DATE   80                        85     -5      125
  SINCE JUN 1    149                       141      8      190
  SINCE JAN 1    155                       154      1      222
..................................................................


WIND (MPH)
  HIGHEST WIND SPEED    13   HIGHEST WIND DIRECTION    SE (140)
  HIGHEST GUST SPEED    16   HIGHEST GUST DIRECTION    SE (130)
  AVERAGE WIND SPEED     4.6




RELATIVE HUMIDITY (PERCENT)
 HIGHEST   100
 LOWEST     73
 AVERAGE    87

..........................................................


THE ALPENA MI CLIMATE NORMALS FOR TODAY
                         NORMAL    RECORD    YEAR
 MAXIMUM TEMPERATURE (F)   80        95      2012
                                             2001
 MINIMUM TEMPERATURE (F)   56        41      1923


SUNRISE AND SUNSET
JULY 23 2017..........SUNRISE   610 AM EDT   SUNSET   911 PM EDT
JULY 24 2017..........SUNRISE   611 AM EDT   SUNSET   910 PM EDT


-  INDICATES NEGATIVE NUMBERS.
R  INDICATES RECORD WAS SET OR TIED.
MM INDICATES DATA IS MISSING.
T  INDICATES TRACE AMOUNT.




$$
