000
CDUS43 KAPX 260528
CLIAPN


CLIMATE REPORT
NATIONAL WEATHER SERVICE GAYLORD MI
128 AM EDT SAT JUL 26 2014


...................................

...THE ALPENA MI CLIMATE SUMMARY FOR JULY 25 2014...

CLIMATE NORMAL PERIOD 1981 TO 2010
CLIMATE RECORD PERIOD 1916 TO 2014


WEATHER ITEM   OBSERVED TIME   RECORD YEAR NORMAL DEPARTURE LAST
                VALUE   (LST)  VALUE       VALUE  FROM      YEAR
                                                  NORMAL
..................................................................
TEMPERATURE (F)
 YESTERDAY
  MAXIMUM         79    213 PM  95    1966  79      0       76
                                      1941
  MINIMUM         46    539 AM  40    2004  56    -10       44
  AVERAGE         63                        68     -5       60

PRECIPITATION (IN)
  YESTERDAY        0.01          1.41 2012   0.09  -0.08     0.00
  MONTH TO DATE    3.20                      2.46   0.74     1.24
  SINCE JUN 1      4.38                      5.08  -0.70     3.27
  SINCE JAN 1     15.88                     14.98   0.90    18.20

DEGREE DAYS
 HEATING
  YESTERDAY        2                         1      1        5
  MONTH TO DATE   58                        35     23       39
  SINCE JUN 1    170                       178     -8      175
  SINCE JUL 1     58                        35     23       39

 COOLING
  YESTERDAY        0                         4     -4        0
  MONTH TO DATE   44                        97    -53      123
  SINCE JUN 1     99                       153    -54      187
  SINCE JAN 1    104                       166    -62      200
..................................................................


WIND (MPH)
  HIGHEST WIND SPEED    14   HIGHEST WIND DIRECTION    SW (240)
  HIGHEST GUST SPEED    19   HIGHEST GUST DIRECTION     W (260)
  AVERAGE WIND SPEED     5.2




RELATIVE HUMIDITY (PERCENT)
 HIGHEST   100
 LOWEST     40
 AVERAGE    70

..........................................................


THE ALPENA MI CLIMATE NORMALS FOR TODAY
                         NORMAL    RECORD    YEAR
 MAXIMUM TEMPERATURE (F)   79        98      1955
 MINIMUM TEMPERATURE (F)   56        39      1926


SUNRISE AND SUNSET
JULY 26 2014..........SUNRISE   613 AM EDT   SUNSET   908 PM EDT
JULY 27 2014..........SUNRISE   614 AM EDT   SUNSET   907 PM EDT


-  INDICATES NEGATIVE NUMBERS.
R  INDICATES RECORD WAS SET OR TIED.
MM INDICATES DATA IS MISSING.
T  INDICATES TRACE AMOUNT.




$$
