000
CDUS43 KAPX 202128
CLIAPN


CLIMATE REPORT
NATIONAL WEATHER SERVICE GAYLORD MI
527 PM EDT SUN APR 20 2014


...................................

...THE ALPENA MI CLIMATE SUMMARY FOR APRIL 20 2014...
VALID TODAY AS OF 0500 PM LOCAL TIME.

CLIMATE NORMAL PERIOD 1981 TO 2010
CLIMATE RECORD PERIOD 1916 TO 2014


WEATHER ITEM   OBSERVED TIME   RECORD YEAR NORMAL DEPARTURE LAST
                VALUE   (LST)  VALUE       VALUE  FROM      YEAR
                                                  NORMAL
..................................................................
TEMPERATURE (F)
 TODAY
  MAXIMUM         58   1244 PM  86    1987  55      3       37
  MINIMUM         27   1247 AM  18    1928  33     -6       22
  AVERAGE         43                        44     -1       30

PRECIPITATION (IN)
  TODAY            T             0.90 2009   0.08  -0.08      T
  MONTH TO DATE    3.22                      1.62   1.60     3.94
  SINCE MAR 1      4.39                      3.48   0.91     5.32
  SINCE JAN 1      6.92                      6.46   0.46     9.80

SNOWFALL (IN)
  TODAY            0.0           2.9  2011   0.2             0.1
  MONTH TO DATE    1.2                       5.0             2.9
  SINCE OCT 1     64.0                      83.3            48.4
  SINCE JUL 1     64.0                      83.3            48.4

DEGREE DAYS
 HEATING
  TODAY           22                        21      1       35
  MONTH TO DATE  557                       508     49      597
  SINCE MAR 1   1955                      1632    323     1738
  SINCE JUL 1   8444                      7364   1080     7048

 COOLING
  TODAY            0                         0      0        0
  MONTH TO DATE    0                         0      0        0
  SINCE MAR 1      0                         0      0        0
  SINCE JAN 1      0                         0      0        0
..................................................................


WIND (MPH)
  RESULTANT WIND SPEED   6   RESULTANT WIND DIRECTION  SE (150)
  HIGHEST WIND SPEED    18   HIGHEST WIND DIRECTION     S (180)
  HIGHEST GUST SPEED    22   HIGHEST GUST DIRECTION     S (180)
  AVERAGE WIND SPEED     6.7


SKY COVER
  POSSIBLE SUNSHINE  MM
  AVERAGE SKY COVER 0.7


WEATHER CONDITIONS
 THE FOLLOWING WEATHER WAS RECORDED TODAY.
  LIGHT RAIN


RELATIVE HUMIDITY (PERCENT)
 HIGHEST    85
 LOWEST     35
 AVERAGE    60

..........................................................


THE ALPENA MI CLIMATE NORMALS FOR TOMORROW
                         NORMAL    RECORD    YEAR
 MAXIMUM TEMPERATURE (F)   55        89      1985
 MINIMUM TEMPERATURE (F)   33        17      2013


SUNRISE AND SUNSET
APRIL 20 2014.........SUNRISE   641 AM EDT   SUNSET   826 PM EDT
APRIL 21 2014.........SUNRISE   639 AM EDT   SUNSET   827 PM EDT


-  INDICATES NEGATIVE NUMBERS.
R  INDICATES RECORD WAS SET OR TIED.
MM INDICATES DATA IS MISSING.
T  INDICATES TRACE AMOUNT.




$$
