000
CDUS43 KAPX 300530
CLIAPN


CLIMATE REPORT
NATIONAL WEATHER SERVICE GAYLORD MI
130 AM EDT WED JUL 30 2014


...................................

...THE ALPENA MI CLIMATE SUMMARY FOR JULY 29 2014...

CLIMATE NORMAL PERIOD 1981 TO 2010
CLIMATE RECORD PERIOD 1916 TO 2014


WEATHER ITEM   OBSERVED TIME   RECORD YEAR NORMAL DEPARTURE LAST
                VALUE   (LST)  VALUE       VALUE  FROM      YEAR
                                                  NORMAL
..................................................................
TEMPERATURE (F)
 YESTERDAY
  MAXIMUM         73    415 PM  99    1917  79     -6       67
  MINIMUM         52   1259 AM  36    1934  56     -4       48
  AVERAGE         63                        67     -4       58

PRECIPITATION (IN)
  YESTERDAY        0.23          1.64 1940   0.10   0.13      T
  MONTH TO DATE    3.89                      2.84   1.05     3.49
  SINCE JUN 1      5.07                      5.46  -0.39     5.52
  SINCE JAN 1     16.57                     15.36   1.21    20.45

DEGREE DAYS
 HEATING
  YESTERDAY        2                         1      1        7
  MONTH TO DATE   66                        39     27       50
  SINCE JUN 1    178                       182     -4      186
  SINCE JUL 1     66                        39     27       50

 COOLING
  YESTERDAY        0                         4     -4        0
  MONTH TO DATE   50                       113    -63      128
  SINCE JUN 1    105                       169    -64      192
  SINCE JAN 1    110                       182    -72      205
..................................................................


WIND (MPH)
  HIGHEST WIND SPEED    18   HIGHEST WIND DIRECTION     N (360)
  HIGHEST GUST SPEED    22   HIGHEST GUST DIRECTION     N (360)
  AVERAGE WIND SPEED     5.6




RELATIVE HUMIDITY (PERCENT)
 HIGHEST    96
 LOWEST     47
 AVERAGE    72

..........................................................


THE ALPENA MI CLIMATE NORMALS FOR TODAY
                         NORMAL    RECORD    YEAR
 MAXIMUM TEMPERATURE (F)   79        98      1917
 MINIMUM TEMPERATURE (F)   56        36      1965


SUNRISE AND SUNSET
JULY 30 2014..........SUNRISE   617 AM EDT   SUNSET   904 PM EDT
JULY 31 2014..........SUNRISE   618 AM EDT   SUNSET   902 PM EDT


-  INDICATES NEGATIVE NUMBERS.
R  INDICATES RECORD WAS SET OR TIED.
MM INDICATES DATA IS MISSING.
T  INDICATES TRACE AMOUNT.




$$
