000
CDUS43 KAPX 290530
CLIAPN


CLIMATE REPORT
NATIONAL WEATHER SERVICE GAYLORD MI
129 AM EDT MON MAY 29 2017


...................................

...THE ALPENA MI CLIMATE SUMMARY FOR MAY 28 2017...

CLIMATE NORMAL PERIOD 1981 TO 2010
CLIMATE RECORD PERIOD 1916 TO 2017


WEATHER ITEM   OBSERVED TIME   RECORD YEAR NORMAL DEPARTURE LAST
                VALUE   (LST)  VALUE       VALUE  FROM      YEAR
                                                  NORMAL
..................................................................
TEMPERATURE (F)
 YESTERDAY
  MAXIMUM         75    202 PM  93    1969  69      6       86
  MINIMUM         54   1216 AM  27    1927  44     10       62
  AVERAGE         65                        56      9       74

PRECIPITATION (IN)
  YESTERDAY        0.30          1.61 1973   0.09   0.21     0.30
  MONTH TO DATE    2.07                      2.39  -0.32     1.07
  SINCE MAR 1      9.75                      6.64   3.11    10.01
  SINCE JAN 1     15.24                      9.62   5.62    14.49

DEGREE DAYS
 HEATING
  YESTERDAY        0                         9     -9        0
  MONTH TO DATE  377                       372      5      341
  SINCE MAR 1   2093                      2199   -106     2164
  SINCE JUL 1   6724                      7931  -1207     6946

 COOLING
  YESTERDAY        0                         1     -1        9
  MONTH TO DATE    6                         5      1       18
  SINCE MAR 1      6                         7     -1       18
  SINCE JAN 1      6                         7     -1       18
..................................................................


WIND (MPH)
  HIGHEST WIND SPEED    20   HIGHEST WIND DIRECTION     S (160)
  HIGHEST GUST SPEED    25   HIGHEST GUST DIRECTION    NW (320)
  AVERAGE WIND SPEED     4.9




RELATIVE HUMIDITY (PERCENT)
 HIGHEST   100
 LOWEST     53
 AVERAGE    77

..........................................................


THE ALPENA MI CLIMATE NORMALS FOR TODAY
                         NORMAL    RECORD    YEAR
 MAXIMUM TEMPERATURE (F)   69        92      2006
 MINIMUM TEMPERATURE (F)   44        29      2004
                                             1965


SUNRISE AND SUNSET
MAY 29 2017...........SUNRISE   552 AM EDT   SUNSET   912 PM EDT
MAY 30 2017...........SUNRISE   552 AM EDT   SUNSET   913 PM EDT


-  INDICATES NEGATIVE NUMBERS.
R  INDICATES RECORD WAS SET OR TIED.
MM INDICATES DATA IS MISSING.
T  INDICATES TRACE AMOUNT.




$$
