000
CDUS43 KAPX 240600
CLIAPN


CLIMATE REPORT
NATIONAL WEATHER SERVICE GAYLORD MI
100 AM EST MON NOV 24 2014


...................................

...THE ALPENA MI CLIMATE SUMMARY FOR NOVEMBER 23 2014...

CLIMATE NORMAL PERIOD 1981 TO 2010
CLIMATE RECORD PERIOD 1916 TO 2014


WEATHER ITEM   OBSERVED TIME   RECORD YEAR NORMAL DEPARTURE LAST
                VALUE   (LST)  VALUE       VALUE  FROM      YEAR
                                                  NORMAL
..................................................................
TEMPERATURE (F)
 YESTERDAY
  MAXIMUM         50        MM  65    1931  40     10       28
  MINIMUM         35        MM   0    1989  26      9       14
  AVERAGE         43                        33     10       21

PRECIPITATION (IN)
  YESTERDAY        0.30          0.65 1955   0.07   0.23     0.09
  MONTH TO DATE    1.67                      1.63   0.04     1.97
  SINCE SEP 1      9.39                      7.16   2.23     7.35
  SINCE JAN 1     31.29                     25.94   5.35    29.42

SNOWFALL (IN)
  YESTERDAY        0.0           6.9  1970   0.4   -0.4      0.2
  MONTH TO DATE    2.1                       4.9   -2.8      0.8
  SINCE OCT 1      2.1                       5.3   -3.2      0.8
  SINCE JUL 1      2.1                       5.3   -3.2      0.8
  SNOW DEPTH       0

DEGREE DAYS
 HEATING
  YESTERDAY       22                        32    -10       44
  MONTH TO DATE  764                       645    119      631
  SINCE SEP 1   1559                      1474     85     1450
  SINCE JUL 1   1683                      1589     94     1561
..................................................................


WIND (MPH)
  HIGHEST WIND SPEED    14   HIGHEST WIND DIRECTION     S (190)
  HIGHEST GUST SPEED    MM   HIGHEST GUST DIRECTION    MM
  AVERAGE WIND SPEED     7.0




RELATIVE HUMIDITY (PERCENT)
 HIGHEST   100
 LOWEST     74
 AVERAGE    87

..........................................................


THE ALPENA MI CLIMATE NORMALS FOR TODAY
                         NORMAL    RECORD    YEAR
 MAXIMUM TEMPERATURE (F)   40        62      1931
 MINIMUM TEMPERATURE (F)   26         0      1950


SUNRISE AND SUNSET
NOVEMBER 24 2014......SUNRISE   744 AM EST   SUNSET   458 PM EST
NOVEMBER 25 2014......SUNRISE   745 AM EST   SUNSET   457 PM EST


-  INDICATES NEGATIVE NUMBERS.
R  INDICATES RECORD WAS SET OR TIED.
MM INDICATES DATA IS MISSING.
T  INDICATES TRACE AMOUNT.




$$
