000
CDUS43 KAPX 220527
CLIAPN


CLIMATE REPORT
NATIONAL WEATHER SERVICE GAYLORD MI
126 AM EDT MON SEP 22 2014


...................................

...THE ALPENA MI CLIMATE SUMMARY FOR SEPTEMBER 21 2014...

CLIMATE NORMAL PERIOD 1981 TO 2010
CLIMATE RECORD PERIOD 1916 TO 2014


WEATHER ITEM   OBSERVED TIME   RECORD YEAR NORMAL DEPARTURE LAST
                VALUE   (LST)  VALUE       VALUE  FROM      YEAR
                                                  NORMAL
..................................................................
TEMPERATURE (F)
 YESTERDAY
  MAXIMUM         62   1245 AM  88    1931  67     -5       62
  MINIMUM         47   1109 PM  28    1929  45      2       45
  AVERAGE         55                        56     -1       54

PRECIPITATION (IN)
  YESTERDAY        0.59          2.25 1947   0.09   0.50     0.01
  MONTH TO DATE    3.73                      2.05   1.68     1.19
  SINCE SEP 1      3.73                      2.05   1.68     1.19
  SINCE JAN 1     25.63                     20.83   4.80    23.26

DEGREE DAYS
 HEATING
  YESTERDAY       10                        10      0       11
  MONTH TO DATE  165                       138     27      151
  SINCE SEP 1    165                       138     27      151
  SINCE JUL 1    289                       253     36      262

 COOLING
  YESTERDAY        0                         0      0        0
  MONTH TO DATE   18                        21     -3       36
  SINCE SEP 1     18                        21     -3       36
  SINCE JAN 1    168                       287   -119      343
..................................................................


WIND (MPH)
  HIGHEST WIND SPEED    26   HIGHEST WIND DIRECTION    NE (40)
  HIGHEST GUST SPEED    32   HIGHEST GUST DIRECTION    NE (40)
  AVERAGE WIND SPEED    10.0




RELATIVE HUMIDITY (PERCENT)
 HIGHEST   100
 LOWEST     71
 AVERAGE    86

..........................................................


THE ALPENA MI CLIMATE NORMALS FOR TODAY
                         NORMAL    RECORD    YEAR
 MAXIMUM TEMPERATURE (F)   66        87      1941
                                             1920
 MINIMUM TEMPERATURE (F)   44        27      1929


SUNRISE AND SUNSET
SEPTEMBER 22 2014.....SUNRISE   721 AM EDT   SUNSET   732 PM EDT
SEPTEMBER 23 2014.....SUNRISE   722 AM EDT   SUNSET   730 PM EDT


-  INDICATES NEGATIVE NUMBERS.
R  INDICATES RECORD WAS SET OR TIED.
MM INDICATES DATA IS MISSING.
T  INDICATES TRACE AMOUNT.




$$
