000
CDUS43 KAPX 012128
CLIAPN


CLIMATE REPORT
NATIONAL WEATHER SERVICE GAYLORD MI
528 PM EDT WED JUL 1 2015


...................................

...THE ALPENA MI CLIMATE SUMMARY FOR JULY 1 2015...
VALID TODAY AS OF 0500 PM LOCAL TIME.

CLIMATE NORMAL PERIOD 1981 TO 2010
CLIMATE RECORD PERIOD 1916 TO 2015


WEATHER ITEM   OBSERVED TIME   RECORD YEAR NORMAL DEPARTURE LAST
                VALUE   (LST)  VALUE       VALUE  FROM      YEAR
                                                  NORMAL
..................................................................
TEMPERATURE (F)
 TODAY
  MAXIMUM         65    314 PM 100    1931  79    -14       84
  MINIMUM         56    737 AM  34    1936  54      2       67
  AVERAGE         61                        66     -5       76

PRECIPITATION (IN)
  TODAY            T             1.46 1917   0.09  -0.09     0.04
  MONTH TO DATE    T                         0.09  -0.09     0.04
  SINCE JUN 1      2.16                      2.71  -0.55     1.22
  SINCE JAN 1     10.71                     12.61  -1.90    12.72

DEGREE DAYS
 HEATING
  TODAY            4                         2      2        0
  MONTH TO DATE    4                         2      2        0
  SINCE JUN 1    147                       145      2      112
  SINCE JUL 1      4                         2      2        0

 COOLING
  TODAY            0                         3     -3       11
  MONTH TO DATE    0                         3     -3       11
  SINCE JUN 1     11                        59    -48       66
  SINCE JAN 1     35                        72    -37       71
..................................................................


WIND (MPH)
  RESULTANT WIND SPEED   4   RESULTANT WIND DIRECTION  NW (320)
  HIGHEST WIND SPEED    13   HIGHEST WIND DIRECTION     N (340)
  HIGHEST GUST SPEED    16   HIGHEST GUST DIRECTION    NW (330)
  AVERAGE WIND SPEED     6.3


SKY COVER
  POSSIBLE SUNSHINE  MM
  AVERAGE SKY COVER 1.0


WEATHER CONDITIONS
 THE FOLLOWING WEATHER WAS RECORDED TODAY.
  LIGHT RAIN
  FOG


RELATIVE HUMIDITY (PERCENT)
 HIGHEST    93
 LOWEST     73
 AVERAGE    83

..........................................................


THE ALPENA MI CLIMATE NORMALS FOR TOMORROW
                         NORMAL    RECORD    YEAR
 MAXIMUM TEMPERATURE (F)   79        98      1966
 MINIMUM TEMPERATURE (F)   54        37      1942


SUNRISE AND SUNSET
JULY  1 2015..........SUNRISE   551 AM EDT   SUNSET   925 PM EDT
JULY  2 2015..........SUNRISE   552 AM EDT   SUNSET   925 PM EDT


-  INDICATES NEGATIVE NUMBERS.
R  INDICATES RECORD WAS SET OR TIED.
MM INDICATES DATA IS MISSING.
T  INDICATES TRACE AMOUNT.




$$
