000
CDUS43 KAPX 230529
CLIAPN


CLIMATE REPORT
NATIONAL WEATHER SERVICE GAYLORD MI
1228 AM EST MON JAN 23 2017


...................................

...THE ALPENA MI CLIMATE SUMMARY FOR JANUARY 22 2017...

CLIMATE NORMAL PERIOD 1981 TO 2010
CLIMATE RECORD PERIOD 1916 TO 2017


WEATHER ITEM   OBSERVED TIME   RECORD YEAR NORMAL DEPARTURE LAST
                VALUE   (LST)  VALUE       VALUE  FROM      YEAR
                                                  NORMAL
..................................................................
TEMPERATURE (F)
 YESTERDAY
  MAXIMUM         44    214 PM  46    1933  26     18       31
  MINIMUM         35    721 AM -21    2014  11     24       19
  AVERAGE         40                        19     21       25

PRECIPITATION (IN)
  YESTERDAY        0.00          0.86 1941   0.05  -0.05      T
  MONTH TO DATE    1.62                      1.24   0.38     1.35
  SINCE DEC 1      3.66                      2.99   0.67     5.14
  SINCE JAN 1      1.62                      1.24   0.38     1.35

SNOWFALL (IN)
  YESTERDAY        0.0           7.8  2005   0.7   -0.7      0.1
  MONTH TO DATE   10.0                      15.3   -5.3      9.7
  SINCE OCT 1     37.7                      42.6   -4.9     21.7
  SINCE JUL 1     37.7                      42.6   -4.9     21.7
  SNOW DEPTH       4

DEGREE DAYS
 HEATING
  YESTERDAY       25                        46    -21       40
  MONTH TO DATE  900                      1001   -101      971
  SINCE DEC 1   2066                      2239   -173     1846
  SINCE JUL 1   3275                      4062   -787     3219
..................................................................


WIND (MPH)
  HIGHEST WIND SPEED     7   HIGHEST WIND DIRECTION     E (110)
  HIGHEST GUST SPEED     8   HIGHEST GUST DIRECTION    SE (130)
  AVERAGE WIND SPEED     1.4




RELATIVE HUMIDITY (PERCENT)
 HIGHEST   100
 LOWEST     89
 AVERAGE    95

..........................................................


THE ALPENA MI CLIMATE NORMALS FOR TODAY
                         NORMAL    RECORD    YEAR
 MAXIMUM TEMPERATURE (F)   27        49      1989
 MINIMUM TEMPERATURE (F)   11       -23      1948


SUNRISE AND SUNSET
JANUARY 23 2017.......SUNRISE   803 AM EST   SUNSET   530 PM EST
JANUARY 24 2017.......SUNRISE   802 AM EST   SUNSET   531 PM EST


-  INDICATES NEGATIVE NUMBERS.
R  INDICATES RECORD WAS SET OR TIED.
MM INDICATES DATA IS MISSING.
T  INDICATES TRACE AMOUNT.




$$
