000
CDUS43 KAPX 280539
CLIAPN


CLIMATE REPORT
NATIONAL WEATHER SERVICE GAYLORD MI
1238 AM EST SUN DEC 28 2014


...................................

...THE ALPENA MI CLIMATE SUMMARY FOR DECEMBER 27 2014...

CLIMATE NORMAL PERIOD 1981 TO 2010
CLIMATE RECORD PERIOD 1916 TO 2014


WEATHER ITEM   OBSERVED TIME   RECORD YEAR NORMAL DEPARTURE LAST
                VALUE   (LST)  VALUE       VALUE  FROM      YEAR
                                                  NORMAL
..................................................................
TEMPERATURE (F)
 YESTERDAY
  MAXIMUM         48    509 PM  52    1936  29     19       34
  MINIMUM         30   1105 PM -16    2004  15     15       -4
  AVERAGE         39                        22     17       15

PRECIPITATION (IN)
  YESTERDAY        0.04          1.12 1942   0.05  -0.01      T
  MONTH TO DATE    1.69                      1.54   0.15     2.13
  SINCE DEC 1      1.69                      1.54   0.15     2.13
  SINCE JAN 1     34.80                     27.95   6.85    31.60

SNOWFALL (IN)
  YESTERDAY        0.0          14.0  1946   0.7   -0.7       T
  MONTH TO DATE    0.5                      16.6  -16.1     24.0
  SINCE OCT 1     16.1                      24.7   -8.6     26.6
  SINCE JUL 1     16.1                      24.7   -8.6     26.6
  SNOW DEPTH       0

DEGREE DAYS
 HEATING
  YESTERDAY       26                        43    -17       50
  MONTH TO DATE  956                      1064   -108     1276
  SINCE DEC 1    956                      1064   -108     1276
  SINCE JUL 1   2889                      2887      2     3144
..................................................................


WIND (MPH)
  HIGHEST WIND SPEED    23   HIGHEST WIND DIRECTION     W (260)
  HIGHEST GUST SPEED    36   HIGHEST GUST DIRECTION     W (250)
  AVERAGE WIND SPEED    10.0




RELATIVE HUMIDITY (PERCENT)
 HIGHEST   100
 LOWEST     71
 AVERAGE    86

..........................................................


THE ALPENA MI CLIMATE NORMALS FOR TODAY
                         NORMAL    RECORD    YEAR
 MAXIMUM TEMPERATURE (F)   29        56      1984
                                             1982
 MINIMUM TEMPERATURE (F)   15        -9      1967
                                             1924


SUNRISE AND SUNSET
DECEMBER 28 2014......SUNRISE   812 AM EST   SUNSET   500 PM EST
DECEMBER 29 2014......SUNRISE   812 AM EST   SUNSET   500 PM EST


-  INDICATES NEGATIVE NUMBERS.
R  INDICATES RECORD WAS SET OR TIED.
MM INDICATES DATA IS MISSING.
T  INDICATES TRACE AMOUNT.




$$
