000
CDUS43 KAPX 300541
CLIAPN


CLIMATE REPORT
NATIONAL WEATHER SERVICE GAYLORD MI
1241 AM EST FRI JAN 30 2015


...................................

...THE ALPENA MI CLIMATE SUMMARY FOR JANUARY 29 2015...

CLIMATE NORMAL PERIOD 1981 TO 2010
CLIMATE RECORD PERIOD 1916 TO 2015


WEATHER ITEM   OBSERVED TIME   RECORD YEAR NORMAL DEPARTURE LAST
                VALUE   (LST)  VALUE       VALUE  FROM      YEAR
                                                  NORMAL
..................................................................
TEMPERATURE (F)
 YESTERDAY
  MAXIMUM         30    609 PM  49    1932  27      3       16
  MINIMUM         15   1159 PM -18    1965  10      5        4
  AVERAGE         23                        19      4       10

PRECIPITATION (IN)
  YESTERDAY        0.43          0.88 2006   0.05   0.38      T
  MONTH TO DATE    1.14                      1.57  -0.43     1.43
  SINCE DEC 1      2.83                      3.32  -0.49     3.57
  SINCE JAN 1      1.14                      1.57  -0.43     1.43

SNOWFALL (IN)
  YESTERDAY        5.0 R         4.7  1971   0.7    4.3      0.1
  MONTH TO DATE   15.3                      20.0   -4.7     14.6
  SINCE OCT 1     31.4                      47.3  -15.9     41.6
  SINCE JUL 1     31.4                      47.3  -15.9     41.6
  SNOW DEPTH       6

DEGREE DAYS
 HEATING
  YESTERDAY       42                        46     -4       55
  MONTH TO DATE 1461                      1323    138     1536
  SINCE DEC 1   2599                      2561     38     3010
  SINCE JUL 1   4532                      4384    148     4878
..................................................................


WIND (MPH)
  HIGHEST WIND SPEED    23   HIGHEST WIND DIRECTION    NW (320)
  HIGHEST GUST SPEED    33   HIGHEST GUST DIRECTION    NW (320)
  AVERAGE WIND SPEED    10.0




RELATIVE HUMIDITY (PERCENT)
 HIGHEST    96
 LOWEST     55
 AVERAGE    76

..........................................................


THE ALPENA MI CLIMATE NORMALS FOR TODAY
                         NORMAL    RECORD    YEAR
 MAXIMUM TEMPERATURE (F)   27        47      1974
 MINIMUM TEMPERATURE (F)   10       -26      1951


SUNRISE AND SUNSET
JANUARY 30 2015.......SUNRISE   757 AM EST   SUNSET   539 PM EST
JANUARY 31 2015.......SUNRISE   756 AM EST   SUNSET   540 PM EST


-  INDICATES NEGATIVE NUMBERS.
R  INDICATES RECORD WAS SET OR TIED.
MM INDICATES DATA IS MISSING.
T  INDICATES TRACE AMOUNT.




$$
