000
CDUS43 KAPX 230526
CLIAPN


CLIMATE REPORT
NATIONAL WEATHER SERVICE GAYLORD MI
126 AM EDT SAT SEP 23 2017


...................................

...THE ALPENA MI CLIMATE SUMMARY FOR SEPTEMBER 22 2017...

CLIMATE NORMAL PERIOD 1981 TO 2010
CLIMATE RECORD PERIOD 1916 TO 2017


WEATHER ITEM   OBSERVED TIME   RECORD YEAR NORMAL DEPARTURE LAST
                VALUE   (LST)  VALUE       VALUE  FROM      YEAR
                                                  NORMAL
..................................................................
TEMPERATURE (F)
 YESTERDAY
  MAXIMUM         92R   408 PM  87    1941  66     26       72
                                      1920
  MINIMUM         60    632 AM  27    1929  44     16       59
  AVERAGE         76                        55     21       66

PRECIPITATION (IN)
  YESTERDAY        0.05          1.13 1973   0.10  -0.05     0.29
  MONTH TO DATE    2.37                      2.15   0.22     2.06
  SINCE SEP 1      2.37                      2.15   0.22     2.06
  SINCE JAN 1     29.80                     20.93   8.87    22.69

DEGREE DAYS
 HEATING
  YESTERDAY        0                        10    -10        0
  MONTH TO DATE  128                       148    -20       39
  SINCE SEP 1    128                       148    -20       39
  SINCE JUL 1    186                       263    -77       62

 COOLING
  YESTERDAY       11                         0     11        1
  MONTH TO DATE   39                        21     18       56
  SINCE SEP 1     39                        21     18       56
  SINCE JAN 1    309                       287     22      547
..................................................................


WIND (MPH)
  HIGHEST WIND SPEED    28   HIGHEST WIND DIRECTION    NW (320)
  HIGHEST GUST SPEED    39   HIGHEST GUST DIRECTION    NW (330)
  AVERAGE WIND SPEED     5.6




RELATIVE HUMIDITY (PERCENT)
 HIGHEST   100
 LOWEST     52
 AVERAGE    76

..........................................................


THE ALPENA MI CLIMATE NORMALS FOR TODAY
                         NORMAL    RECORD    YEAR
 MAXIMUM TEMPERATURE (F)   66        89      1937
 MINIMUM TEMPERATURE (F)   44        23      1942


SUNRISE AND SUNSET
SEPTEMBER 23 2017.....SUNRISE   723 AM EDT   SUNSET   729 PM EDT
SEPTEMBER 24 2017.....SUNRISE   724 AM EDT   SUNSET   727 PM EDT


-  INDICATES NEGATIVE NUMBERS.
R  INDICATES RECORD WAS SET OR TIED.
MM INDICATES DATA IS MISSING.
T  INDICATES TRACE AMOUNT.




$$
