000
CDUS43 KAPX 050555
CLIAPN


CLIMATE REPORT
NATIONAL WEATHER SERVICE GAYLORD MI
1254 AM EST THU MAR 5 2015


...................................

...THE ALPENA MI CLIMATE SUMMARY FOR MARCH 4 2015...

CLIMATE NORMAL PERIOD 1981 TO 2010
CLIMATE RECORD PERIOD 1916 TO 2015


WEATHER ITEM   OBSERVED TIME   RECORD YEAR NORMAL DEPARTURE LAST
                VALUE   (LST)  VALUE       VALUE  FROM      YEAR
                                                  NORMAL
..................................................................
TEMPERATURE (F)
 YESTERDAY
  MAXIMUM         26    321 AM  55    2000  34     -8       20
  MINIMUM          2   1159 PM -27    1962  15    -13        1
  AVERAGE         14                        24    -10       11

PRECIPITATION (IN)
  YESTERDAY        T             0.93 1985   0.05  -0.05     0.15
  MONTH TO DATE    0.35                      0.22   0.13     0.19
  SINCE MAR 1      0.35                      0.22   0.13     0.19
  SINCE JAN 1      2.14                      3.20  -1.06     2.72

SNOWFALL (IN)
  YESTERDAY        T            17.3  1985   0.5   -0.5      1.4
  MONTH TO DATE    3.5                       2.0    1.5      1.7
  SINCE OCT 1     45.6                      68.1  -22.5     57.2
  SINCE JUL 1     45.6                      68.1  -22.5     57.2
  SNOW DEPTH      14

DEGREE DAYS
 HEATING
  YESTERDAY       51                        41     10       54
  MONTH TO DATE  202                       165     37      231
  SINCE MAR 1    202                       165     37      231
  SINCE JUL 1   6465                      5897    568     6720

 COOLING
  YESTERDAY        0                         0      0        0
  MONTH TO DATE    0                         0      0        0
  SINCE MAR 1      0                         0      0        0
  SINCE JAN 1      0                         0      0        0
..................................................................


WIND (MPH)
  HIGHEST WIND SPEED    18   HIGHEST WIND DIRECTION    NW (310)
  HIGHEST GUST SPEED    26   HIGHEST GUST DIRECTION    NW (320)
  AVERAGE WIND SPEED     9.1




RELATIVE HUMIDITY (PERCENT)
 HIGHEST    81
 LOWEST     45
 AVERAGE    63

..........................................................


THE ALPENA MI CLIMATE NORMALS FOR TODAY
                         NORMAL    RECORD    YEAR
 MAXIMUM TEMPERATURE (F)   34        49      1974
 MINIMUM TEMPERATURE (F)   15       -22      1926


SUNRISE AND SUNSET
MARCH  5 2015.........SUNRISE   706 AM EST   SUNSET   627 PM EST
MARCH  6 2015.........SUNRISE   704 AM EST   SUNSET   628 PM EST


-  INDICATES NEGATIVE NUMBERS.
R  INDICATES RECORD WAS SET OR TIED.
MM INDICATES DATA IS MISSING.
T  INDICATES TRACE AMOUNT.




$$
