000
CDUS44 KLCH 230827
CLIARA


CLIMATE REPORT
NATIONAL WEATHER SERVICE LAKE CHARLES, LA
326 AM CDT TUE SEP 23 2014


...................................

...THE NEW IBERIA CLIMATE SUMMARY FOR SEPTEMBER 22 2014...

CLIMATE NORMAL PERIOD 1981 TO 2010
CLIMATE RECORD PERIOD 1948 TO 2014


WEATHER ITEM   OBSERVED TIME   RECORD YEAR NORMAL DEPARTURE LAST
                VALUE   (LST)  VALUE       VALUE  FROM      YEAR
                                                  NORMAL
..................................................................
TEMPERATURE (F)
 YESTERDAY
  MAXIMUM         91   1230 PM  94    1980  87      4       80
                                      1960
  MINIMUM         69   1157 PM  48    1983  68      1       69
  AVERAGE         80                        77      3       75

PRECIPITATION (IN)
  YESTERDAY        0.00          3.12 1995   0.14  -0.14      T
  MONTH TO DATE    1.23                      3.30  -2.07     3.64
  SINCE SEP 1      1.23                      3.30  -2.07     3.64
  SINCE JAN 1     40.30                     44.15  -3.85    56.71

SNOWFALL (IN)
  YESTERDAY        0.0           0.0    MM  MM               0.0
  MONTH TO DATE    0.0                      MM               0.0
  SINCE SEP 1      0.0                      MM               0.0
  SINCE JUL 1      0.0                      MM               0.0

DEGREE DAYS
 HEATING
  YESTERDAY        0                         0      0        0
  MONTH TO DATE    0                         0      0        0
  SINCE SEP 1      0                         0      0        0
  SINCE JUL 1      0                         0      0        0

 COOLING
  YESTERDAY       15                        12      3       10
  MONTH TO DATE  359                       326     33      431
  SINCE SEP 1    359                       326     33      431
  SINCE JAN 1   2462                      2469     -7     2751
..................................................................


WIND (MPH)
  RESULTANT WIND SPEED   7   RESULTANT WIND DIRECTION   N (10)
  HIGHEST WIND SPEED    21   HIGHEST WIND DIRECTION     N (20)
  HIGHEST GUST SPEED    27   HIGHEST GUST DIRECTION     N (20)
  AVERAGE WIND SPEED     8.1


SKY COVER
  POSSIBLE SUNSHINE  MM
  AVERAGE SKY COVER 0.1


WEATHER CONDITIONS
 THE FOLLOWING WEATHER WAS RECORDED YESTERDAY.
  FOG


RELATIVE HUMIDITY (PERCENT)
 HIGHEST    97           200 AM
 LOWEST     51           500 PM
 AVERAGE    74

..........................................................


THE NEW IBERIA CLIMATE NORMALS FOR TODAY
                         NORMAL    RECORD    YEAR
 MAXIMUM TEMPERATURE (F)   87        93      2012
                                             1998
 MINIMUM TEMPERATURE (F)   67        51      1983
                                             1953


SUNRISE AND SUNSET
SEPTEMBER 23 2014.....SUNRISE   656 AM CDT   SUNSET   703 PM CDT
SEPTEMBER 24 2014.....SUNRISE   657 AM CDT   SUNSET   702 PM CDT


-  INDICATES NEGATIVE NUMBERS.
R  INDICATES RECORD WAS SET OR TIED.
MM INDICATES DATA IS MISSING.
T  INDICATES TRACE AMOUNT.




$$
