000
CDUS44 KLCH 300825
CLIARA


CLIMATE REPORT
NATIONAL WEATHER SERVICE LAKE CHARLES, LA
323 AM CDT SUN APR 30 2017


...................................

...THE NEW IBERIA CLIMATE SUMMARY FOR APRIL 29 2017...

CLIMATE NORMAL PERIOD 1981 TO 2010
CLIMATE RECORD PERIOD 1948 TO 2017


WEATHER ITEM   OBSERVED TIME   RECORD YEAR NORMAL DEPARTURE LAST
                VALUE   (LST)  VALUE       VALUE  FROM      YEAR
                                                  NORMAL
..................................................................
TEMPERATURE (F)
 YESTERDAY
  MAXIMUM         87   1209 PM  92    1955  82      5       85
  MINIMUM         78    537 AM  47    2008  61     17       74
                                      1996
  AVERAGE         83                        72     11       80

PRECIPITATION (IN)
  YESTERDAY        T             5.02 2006   0.11  -0.11      T
  MONTH TO DATE    1.59                      3.95  -2.36     4.72
  SINCE MAR 1      4.28                      7.72  -3.44     8.44
  SINCE JAN 1      7.08                     17.13 -10.05    18.67

SNOWFALL (IN)
  YESTERDAY        0.0           0.0    MM  MM               0.0
  MONTH TO DATE    0.0                      MM               0.0
  SINCE MAR 1      0.0                      MM               0.0
  SINCE JUL 1      0.0                      MM               0.0

DEGREE DAYS
 HEATING
  YESTERDAY        0                         0      0        0
  MONTH TO DATE    7                        43    -36       16
  SINCE MAR 1     78                       191   -113       81
  SINCE JUL 1    707                      1407   -700      997

 COOLING
  YESTERDAY       18                         7     11       15
  MONTH TO DATE  203                       129     74      174
  SINCE MAR 1    328                       181    147      279
  SINCE JAN 1    463                       212    251      289
..................................................................


WIND (MPH)
  RESULTANT WIND SPEED  24   RESULTANT WIND DIRECTION  SE (150)
  HIGHEST WIND SPEED    37   HIGHEST WIND DIRECTION     S (160)
  HIGHEST GUST SPEED    46   HIGHEST GUST DIRECTION    SE (150)
  AVERAGE WIND SPEED    24.9


SKY COVER
  POSSIBLE SUNSHINE  MM
  AVERAGE SKY COVER 1.0


WEATHER CONDITIONS
 THE FOLLOWING WEATHER WAS RECORDED YESTERDAY.
  THUNDERSTORM
  LIGHT RAIN


RELATIVE HUMIDITY (PERCENT)
 HIGHEST    79          1200 AM
 LOWEST     63          1200 PM
 AVERAGE    71

..........................................................


THE NEW IBERIA CLIMATE NORMALS FOR TODAY
                         NORMAL    RECORD    YEAR
 MAXIMUM TEMPERATURE (F)   83        94      1955
 MINIMUM TEMPERATURE (F)   62        46      1996


SUNRISE AND SUNSET
APRIL 30 2017.........SUNRISE   625 AM CDT   SUNSET   745 PM CDT
MAY  1 2017...........SUNRISE   624 AM CDT   SUNSET   745 PM CDT


-  INDICATES NEGATIVE NUMBERS.
R  INDICATES RECORD WAS SET OR TIED.
MM INDICATES DATA IS MISSING.
T  INDICATES TRACE AMOUNT.




$$
