795
CDUS44 KLCH 132245
CLIARA


CLIMATE REPORT
NATIONAL WEATHER SERVICE LAKE CHARLES, LA
445 PM CST SAT FEB 13 2016


...................................

...THE NEW IBERIA CLIMATE SUMMARY FOR FEBRUARY 13 2016...
VALID TODAY AS OF 0400 PM LOCAL TIME.

CLIMATE NORMAL PERIOD 1981 TO 2010
CLIMATE RECORD PERIOD 1948 TO 2016


WEATHER ITEM   OBSERVED TIME   RECORD YEAR NORMAL DEPARTURE LAST
                VALUE   (LST)  VALUE       VALUE  FROM      YEAR
                                                  NORMAL
..................................................................
TEMPERATURE (F)
 TODAY
  MAXIMUM         65    358 PM  81    2000  65      0       60
  MINIMUM         49    657 AM  21    1958  45      4       36
  AVERAGE         57                        55      2       48

PRECIPITATION (IN)
  TODAY            0.00          2.32 2005   0.16  -0.16     0.00
  MONTH TO DATE    1.41                      1.83  -0.42     1.12
  SINCE DEC 1     10.70                     12.05  -1.35     7.20
  SINCE JAN 1      7.68                      7.05   0.63     5.49

SNOWFALL (IN)
  TODAY            0.0           3.0  1960  MM               0.0
  MONTH TO DATE    0.0                      MM               0.0
  SINCE DEC 1      0.0                      MM               0.0
  SINCE JUL 1      0.0                      MM               0.0

DEGREE DAYS
 HEATING
  TODAY            8                        10     -2       17
  MONTH TO DATE  157                       147     10      145
  SINCE DEC 1    743                       889   -146      830
  SINCE JUL 1    814                      1084   -270     1117

 COOLING
  TODAY            0                         1     -1        0
  MONTH TO DATE    5                         9     -4        1
  SINCE DEC 1     89                        43     46       25
  SINCE JAN 1      6                        21    -15        3
..................................................................


WIND (MPH)
  RESULTANT WIND SPEED   8   RESULTANT WIND DIRECTION  NE (60)
  HIGHEST WIND SPEED    15   HIGHEST WIND DIRECTION     E (80)
  HIGHEST GUST SPEED    19   HIGHEST GUST DIRECTION    NE (60)
  AVERAGE WIND SPEED     8.4


SKY COVER
  POSSIBLE SUNSHINE  MM
  AVERAGE SKY COVER 0.1


WEATHER CONDITIONS
 THE FOLLOWING WEATHER WAS RECORDED TODAY.
  NO SIGNIFICANT WEATHER WAS OBSERVED.


RELATIVE HUMIDITY (PERCENT)
 HIGHEST    86          1200 AM
 LOWEST     34           200 PM
 AVERAGE    60

..........................................................


THE NEW IBERIA CLIMATE NORMALS FOR TOMORROW
                         NORMAL    RECORD    YEAR
 MAXIMUM TEMPERATURE (F)   66        80      2001
                                             1954
                                             1952
 MINIMUM TEMPERATURE (F)   45        23      1958


SUNRISE AND SUNSET
FEBRUARY 13 2016......SUNRISE   649 AM CST   SUNSET   554 PM CST
FEBRUARY 14 2016......SUNRISE   649 AM CST   SUNSET   555 PM CST


-  INDICATES NEGATIVE NUMBERS.
R  INDICATES RECORD WAS SET OR TIED.
MM INDICATES DATA IS MISSING.
T  INDICATES TRACE AMOUNT.




$$
