000
CDUS44 KLCH 210904
CLIARA


CLIMATE REPORT
NATIONAL WEATHER SERVICE LAKE CHARLES, LA
404 AM CDT THU SEP 21 2017


...................................

...THE NEW IBERIA CLIMATE SUMMARY FOR SEPTEMBER 20 2017...

CLIMATE NORMAL PERIOD 1981 TO 2010
CLIMATE RECORD PERIOD 1948 TO 2017


WEATHER ITEM   OBSERVED TIME   RECORD YEAR NORMAL DEPARTURE LAST
                VALUE   (LST)  VALUE       VALUE  FROM      YEAR
                                                  NORMAL
..................................................................
TEMPERATURE (F)
 YESTERDAY
  MAXIMUM         92    110 PM  97    2015  87      5       93
                                      2005
  MINIMUM         72   1056 PM  54    1981  68      4       72
  AVERAGE         82                        78      4       83

PRECIPITATION (IN)
  YESTERDAY        0.01          1.99 1952   0.13  -0.12     0.00
  MONTH TO DATE    0.05                      3.03  -2.98     7.75
  SINCE SEP 1      0.05                      3.03  -2.98     7.75
  SINCE JAN 1     52.43                     43.88   8.55    75.10

SNOWFALL (IN)
  YESTERDAY        0.0           0.0    MM  MM               0.0
  MONTH TO DATE    0.0                      MM               0.0
  SINCE SEP 1      0.0                      MM               0.0
  SINCE JUL 1      0.0                      MM               0.0

DEGREE DAYS
 HEATING
  YESTERDAY        0                         0      0        0
  MONTH TO DATE    0                         0      0        0
  SINCE SEP 1      0                         0      0        0
  SINCE JUL 1      0                         0      0        0

 COOLING
  YESTERDAY       17                        13      4       18
  MONTH TO DATE  263                       301    -38      365
  SINCE SEP 1    263                       301    -38      365
  SINCE JAN 1   2566                      2444    122     2650
..................................................................


WIND (MPH)
  RESULTANT WIND SPEED   4   RESULTANT WIND DIRECTION   S (170)
  HIGHEST WIND SPEED    14   HIGHEST WIND DIRECTION     S (190)
  HIGHEST GUST SPEED    20   HIGHEST GUST DIRECTION     S (200)
  AVERAGE WIND SPEED     5.8


SKY COVER
  POSSIBLE SUNSHINE  MM
  AVERAGE SKY COVER 0.1


WEATHER CONDITIONS
 THE FOLLOWING WEATHER WAS RECORDED YESTERDAY.
  THUNDERSTORM
  LIGHT RAIN
  FOG


RELATIVE HUMIDITY (PERCENT)
 HIGHEST    94          1200 AM
 LOWEST     52           200 PM
 AVERAGE    73

..........................................................


THE NEW IBERIA CLIMATE NORMALS FOR TODAY
                         NORMAL    RECORD    YEAR
 MAXIMUM TEMPERATURE (F)   87        95      2005
                                             1954
 MINIMUM TEMPERATURE (F)   68        53      1981


SUNRISE AND SUNSET
SEPTEMBER 21 2017.....SUNRISE   655 AM CDT   SUNSET   705 PM CDT
SEPTEMBER 22 2017.....SUNRISE   656 AM CDT   SUNSET   704 PM CDT


-  INDICATES NEGATIVE NUMBERS.
R  INDICATES RECORD WAS SET OR TIED.
MM INDICATES DATA IS MISSING.
T  INDICATES TRACE AMOUNT.




$$
