000
CDUS44 KLCH 292210
CLIARA


CLIMATE REPORT
NATIONAL WEATHER SERVICE LAKE CHARLES, LA
510 PM CDT FRI AUG 29 2014


...................................

...THE NEW IBERIA CLIMATE SUMMARY FOR AUGUST 29 2014...
VALID TODAY AS OF 0500 PM LOCAL TIME.

CLIMATE NORMAL PERIOD 1981 TO 2010
CLIMATE RECORD PERIOD 1948 TO 2014


WEATHER ITEM   OBSERVED TIME   RECORD YEAR NORMAL DEPARTURE LAST
                VALUE   (LST)  VALUE       VALUE  FROM      YEAR
                                                  NORMAL
..................................................................
TEMPERATURE (F)
 TODAY
  MAXIMUM         84    934 AM  99    1998  92     -8       94
  MINIMUM         76    604 AM  62    1992  73      3       72
  AVERAGE         80                        82     -2       83

PRECIPITATION (IN)
  TODAY            T             6.40 1978   0.18  -0.18      T
  MONTH TO DATE    3.47                      4.71  -1.24     3.99
  SINCE JUN 1     20.48                     18.25   2.23    17.70
  SINCE JAN 1     36.82                     40.48  -3.66    53.07

SNOWFALL (IN)
  TODAY            0.0           0.0    MM  MM               0.0
  MONTH TO DATE    0.0                      MM               0.0
  SINCE JUN 1      0.0                      MM               0.0
  SINCE JUL 1      0.0                      MM               0.0

DEGREE DAYS
 HEATING
  TODAY            0                         0      0        0
  MONTH TO DATE    0                         0      0        0
  SINCE JUN 1      0                         0      0        0
  SINCE JUL 1      0                         0      0        0

 COOLING
  TODAY           15                        17     -2       18
  MONTH TO DATE  542                       518     24      570
  SINCE JUN 1   1585                      1536     49     1700
  SINCE JAN 1   2071                      2106    -35     2281
..................................................................


WIND (MPH)
  RESULTANT WIND SPEED   7   RESULTANT WIND DIRECTION   E (90)
  HIGHEST WIND SPEED    20   HIGHEST WIND DIRECTION     S (200)
  HIGHEST GUST SPEED    27   HIGHEST GUST DIRECTION     S (190)
  AVERAGE WIND SPEED     7.3


SKY COVER
  POSSIBLE SUNSHINE  MM
  AVERAGE SKY COVER 0.2


WEATHER CONDITIONS
 THE FOLLOWING WEATHER WAS RECORDED TODAY.
  LIGHT RAIN


RELATIVE HUMIDITY (PERCENT)
 HIGHEST    94           600 AM
 LOWEST     74           100 PM
 AVERAGE    84

..........................................................


THE NEW IBERIA CLIMATE NORMALS FOR TOMORROW
                         NORMAL    RECORD    YEAR
 MAXIMUM TEMPERATURE (F)   91       100      2011
 MINIMUM TEMPERATURE (F)   73        63      1992


SUNRISE AND SUNSET
AUGUST 29 2014........SUNRISE   643 AM CDT   SUNSET   733 PM CDT
AUGUST 30 2014........SUNRISE   643 AM CDT   SUNSET   732 PM CDT


-  INDICATES NEGATIVE NUMBERS.
R  INDICATES RECORD WAS SET OR TIED.
MM INDICATES DATA IS MISSING.
T  INDICATES TRACE AMOUNT.




$$
