555
CDUS44 KLCH 060841
CLIARA


CLIMATE REPORT
NATIONAL WEATHER SERVICE LAKE CHARLES, LA
340 AM CDT FRI MAY 6 2016


...................................

...THE NEW IBERIA CLIMATE SUMMARY FOR MAY 5 2016...

CLIMATE NORMAL PERIOD 1981 TO 2010
CLIMATE RECORD PERIOD 1948 TO 2016


WEATHER ITEM   OBSERVED TIME   RECORD YEAR NORMAL DEPARTURE LAST
                VALUE   (LST)  VALUE       VALUE  FROM      YEAR
                                                  NORMAL
..................................................................
TEMPERATURE (F)
 YESTERDAY
  MAXIMUM         81    131 PM  92    1952  84     -3       MM
  MINIMUM         60    549 AM  45    1954  63     -3       MM
  AVERAGE         71                        74     -3       MM

PRECIPITATION (IN)
  YESTERDAY        0.00          2.09 1981   0.13  -0.13     0.00
  MONTH TO DATE    1.86                      0.65   1.21     0.00
  SINCE MAR 1     12.15                      8.49   3.66    13.98
  SINCE JAN 1     22.38                     17.90   4.48    20.44

SNOWFALL (IN)
  YESTERDAY        0.0           0.0    MM  MM               0.0
  MONTH TO DATE    0.0                      MM               0.0
  SINCE MAR 1      0.0                      MM                T
  SINCE JUL 1      0.0                      MM                T

DEGREE DAYS
 HEATING
  YESTERDAY        0                         0      0       MM
  MONTH TO DATE    0                         0      0        0
  SINCE MAR 1     81                       192   -111       73
  SINCE JUL 1    997                      1408   -411     1416

 COOLING
  YESTERDAY        6                         9     -3       MM
  MONTH TO DATE   31                        40     -9       31
  SINCE MAR 1    317                       229     88      349
  SINCE JAN 1    327                       260     67      353
..................................................................


WIND (MPH)
  RESULTANT WIND SPEED   7   RESULTANT WIND DIRECTION   N (350)
  HIGHEST WIND SPEED    17   HIGHEST WIND DIRECTION     N (360)
  HIGHEST GUST SPEED    22   HIGHEST GUST DIRECTION     N (350)
  AVERAGE WIND SPEED     8.1


SKY COVER
  POSSIBLE SUNSHINE  MM
  AVERAGE SKY COVER 0.0


WEATHER CONDITIONS
 THE FOLLOWING WEATHER WAS RECORDED YESTERDAY.
  NO SIGNIFICANT WEATHER WAS OBSERVED.


RELATIVE HUMIDITY (PERCENT)
 HIGHEST    90           600 AM
 LOWEST     30           300 PM
 AVERAGE    60

..........................................................


THE NEW IBERIA CLIMATE NORMALS FOR TODAY
                         NORMAL    RECORD    YEAR
 MAXIMUM TEMPERATURE (F)   84        92      2012
                                             1952
 MINIMUM TEMPERATURE (F)   64        47      1957


SUNRISE AND SUNSET
MAY  6 2016...........SUNRISE   620 AM CDT   SUNSET   749 PM CDT
MAY  7 2016...........SUNRISE   619 AM CDT   SUNSET   749 PM CDT


-  INDICATES NEGATIVE NUMBERS.
R  INDICATES RECORD WAS SET OR TIED.
MM INDICATES DATA IS MISSING.
T  INDICATES TRACE AMOUNT.




$$
