000
CDUS44 KLCH 190910
CLIARA


CLIMATE REPORT
NATIONAL WEATHER SERVICE LAKE CHARLES, LA
304 AM CST SUN NOV 19 2017


...................................

...THE NEW IBERIA CLIMATE SUMMARY FOR NOVEMBER 18 2017...

CLIMATE NORMAL PERIOD 1981 TO 2010
CLIMATE RECORD PERIOD 1948 TO 2017


WEATHER ITEM   OBSERVED TIME   RECORD YEAR NORMAL DEPARTURE LAST
                VALUE   (LST)  VALUE       VALUE  FROM      YEAR
                                                  NORMAL
..................................................................
TEMPERATURE (F)
 YESTERDAY
  MAXIMUM         81    154 PM  84    1966  71     10       83
  MINIMUM         60   1159 PM  25    1959  49     11       56
  AVERAGE         71                        60     11       70

PRECIPITATION (IN)
  YESTERDAY        0.01          2.27 2000   0.14  -0.13     0.14
  MONTH TO DATE    0.25                      2.15  -1.90     0.55
  SINCE SEP 1      7.09                     11.74  -4.65     8.66
  SINCE JAN 1     59.47                     52.59   6.88    76.01

SNOWFALL (IN)
  YESTERDAY        0.0           9.0  2010  MM               0.0
  MONTH TO DATE    0.0                      MM               0.0
  SINCE SEP 1      0.0                      MM               0.0
  SINCE JUL 1      0.0                      MM               0.0

DEGREE DAYS
 HEATING
  YESTERDAY        0                         6     -6        0
  MONTH TO DATE   24                        71    -47       20
  SINCE SEP 1     75                       105    -30       27
  SINCE JUL 1     75                       105    -30       27

 COOLING
  YESTERDAY        6                         1      5        5
  MONTH TO DATE   83                        31     52       62
  SINCE SEP 1    779                       633    146      842
  SINCE JAN 1   3082                      2776    306     3127
..................................................................


WIND (MPH)
  RESULTANT WIND SPEED   7   RESULTANT WIND DIRECTION  SW (220)
  HIGHEST WIND SPEED    29   HIGHEST WIND DIRECTION     N (360)
  HIGHEST GUST SPEED    37   HIGHEST GUST DIRECTION     N (360)
  AVERAGE WIND SPEED    12.7


SKY COVER
  POSSIBLE SUNSHINE  MM
  AVERAGE SKY COVER 0.5


WEATHER CONDITIONS
 THE FOLLOWING WEATHER WAS RECORDED YESTERDAY.
  LIGHT RAIN


RELATIVE HUMIDITY (PERCENT)
 HIGHEST    87          1200 AM
 LOWEST     52          1000 PM
 AVERAGE    70

..........................................................


THE NEW IBERIA CLIMATE NORMALS FOR TODAY
                         NORMAL    RECORD    YEAR
 MAXIMUM TEMPERATURE (F)   71        83      1991
                                             1974
 MINIMUM TEMPERATURE (F)   49        28      1951


SUNRISE AND SUNSET
NOVEMBER 19 2017......SUNRISE   636 AM CST   SUNSET   510 PM CST
NOVEMBER 20 2017......SUNRISE   637 AM CST   SUNSET   509 PM CST


-  INDICATES NEGATIVE NUMBERS.
R  INDICATES RECORD WAS SET OR TIED.
MM INDICATES DATA IS MISSING.
T  INDICATES TRACE AMOUNT.




$$
