000
CDUS43 KLOT 210632
CLIARR


CLIMATE REPORT
NATIONAL WEATHER SERVICE CHICAGO IL
132 AM CDT TUE OCT 21 2014


...................................

...THE AURORA MUNICIPAL AIRPORT CLIMATE SUMMARY FOR OCTOBER 20 2014...

CLIMATE NORMAL PERIOD 1981 TO 2010
CLIMATE RECORD PERIOD 1998 TO 2014


WEATHER ITEM   OBSERVED TIME   RECORD YEAR NORMAL DEPARTURE LAST
                VALUE   (LST)  VALUE       VALUE  FROM      YEAR
                                                  NORMAL
..................................................................
TEMPERATURE (F)
 YESTERDAY
  MAXIMUM         67    131 PM  84    2003  61      6       63
  MINIMUM         43    636 AM  25    2002  38      5       32
  AVERAGE         55                        49      6       48

PRECIPITATION (IN)
  YESTERDAY        0.00          0.26 2008   0.10  -0.10      T
  MONTH TO DATE    2.33                      2.04   0.29     0.89
  SINCE SEP 1      4.89                      5.48  -0.59     2.11
  SINCE JAN 1     27.76                     30.68  -2.92    28.34

DEGREE DAYS
 HEATING
  YESTERDAY       10                        16     -6       17
  MONTH TO DATE  254                       259     -5      181
  SINCE SEP 1    404                       388     16      282
  SINCE JUL 1    425                       412     13      310

 COOLING
  YESTERDAY        0                         0      0        0
  MONTH TO DATE    3                         9     -6       14
  SINCE SEP 1     63                        72     -9      118
  SINCE JAN 1    693                       656     37      745
..................................................................


WIND (MPH)
  RESULTANT WIND SPEED   6   RESULTANT WIND DIRECTION  NW (320)
  HIGHEST WIND SPEED    20   HIGHEST WIND DIRECTION     N (340)
  HIGHEST GUST SPEED    25   HIGHEST GUST DIRECTION    NW (310)
  AVERAGE WIND SPEED     9.4


SKY COVER
  POSSIBLE SUNSHINE  MM
  AVERAGE SKY COVER 0.3


WEATHER CONDITIONS
 THE FOLLOWING WEATHER WAS RECORDED YESTERDAY.
  NO SIGNIFICANT WEATHER WAS OBSERVED.


RELATIVE HUMIDITY (PERCENT)
 HIGHEST    89           600 AM
 LOWEST     40           300 PM
 AVERAGE    65

..........................................................


THE AURORA MUNICIPAL AIRPORT CLIMATE NORMALS FOR TODAY
                         NORMAL    RECORD    YEAR
 MAXIMUM TEMPERATURE (F)   60        80      2007
 MINIMUM TEMPERATURE (F)   38        27      2013


SUNRISE AND SUNSET
OCTOBER 21 2014.......SUNRISE   713 AM CDT   SUNSET   603 PM CDT
OCTOBER 22 2014.......SUNRISE   714 AM CDT   SUNSET   602 PM CDT


-  INDICATES NEGATIVE NUMBERS.
R  INDICATES RECORD WAS SET OR TIED.
MM INDICATES DATA IS MISSING.
T  INDICATES TRACE AMOUNT.




$$
