000
CDUS43 KLOT 270636
CLIARR


CLIMATE REPORT
NATIONAL WEATHER SERVICE CHICAGO IL
1235 AM CST MON FEB 27 2017


...................................

...THE AURORA MUNICIPAL AIRPORT CLIMATE SUMMARY FOR FEBRUARY 26 2017...

CLIMATE NORMAL PERIOD 1981 TO 2010
CLIMATE RECORD PERIOD 1998 TO 2017


WEATHER ITEM   OBSERVED TIME   RECORD YEAR NORMAL DEPARTURE LAST
                VALUE   (LST)  VALUE       VALUE  FROM      YEAR
                                                  NORMAL
..................................................................
TEMPERATURE (F)
 YESTERDAY
  MAXIMUM         49    248 PM  61    2000  38     11       34
  MINIMUM         23    334 AM -11    2015  20      3       26
  AVERAGE         36                        29      7       30

PRECIPITATION (IN)
  YESTERDAY        0.00          1.94 2009   0.08  -0.08     0.00
  MONTH TO DATE    0.72                      1.47  -0.75     0.97
  SINCE DEC 1      3.80                      4.90  -1.10     5.83
  SINCE JAN 1      2.97                      2.94   0.03     1.48

DEGREE DAYS
 HEATING
  YESTERDAY       29                        36     -7       35
  MONTH TO DATE  725                      1052   -327      938
  SINCE DEC 1   3128                      3655   -527     2980
  SINCE JUL 1   4026                      5069  -1043     4060

 COOLING
  YESTERDAY        0                         0      0        0
  MONTH TO DATE    0                         0      0        0
  SINCE DEC 1      0                         0      0        0
  SINCE JAN 1      0                         0      0        0
..................................................................


WIND (MPH)
  RESULTANT WIND SPEED  12   RESULTANT WIND DIRECTION  SW (210)
  HIGHEST WIND SPEED    29   HIGHEST WIND DIRECTION    SW (220)
  HIGHEST GUST SPEED    36   HIGHEST GUST DIRECTION    SW (220)
  AVERAGE WIND SPEED    13.4


SKY COVER
  POSSIBLE SUNSHINE  MM
  AVERAGE SKY COVER 0.6


WEATHER CONDITIONS
 THE FOLLOWING WEATHER WAS RECORDED YESTERDAY.
  NO SIGNIFICANT WEATHER WAS OBSERVED.


RELATIVE HUMIDITY (PERCENT)
 HIGHEST    81           100 AM
 LOWEST     36           200 PM
 AVERAGE    59

..........................................................


THE AURORA MUNICIPAL AIRPORT CLIMATE NORMALS FOR TODAY
                         NORMAL    RECORD    YEAR
 MAXIMUM TEMPERATURE (F)   39        56      2016
 MINIMUM TEMPERATURE (F)   21       -16      2015


SUNRISE AND SUNSET
FEBRUARY 27 2017......SUNRISE   631 AM CST   SUNSET   542 PM CST
FEBRUARY 28 2017......SUNRISE   630 AM CST   SUNSET   543 PM CST


-  INDICATES NEGATIVE NUMBERS.
R  INDICATES RECORD WAS SET OR TIED.
MM INDICATES DATA IS MISSING.
T  INDICATES TRACE AMOUNT.




$$
