579
CDUS43 KLOT 050659
CLIARR


CLIMATE REPORT
NATIONAL WEATHER SERVICE CHICAGO IL
158 AM CDT THU MAY 5 2016


...................................

...THE AURORA MUNICIPAL AIRPORT CLIMATE SUMMARY FOR MAY 4 2016...

CLIMATE NORMAL PERIOD 1981 TO 2010
CLIMATE RECORD PERIOD 1998 TO 2016


WEATHER ITEM   OBSERVED TIME   RECORD YEAR NORMAL DEPARTURE LAST
                VALUE   (LST)  VALUE       VALUE  FROM      YEAR
                                                  NORMAL
..................................................................
TEMPERATURE (F)
 YESTERDAY
  MAXIMUM         57    423 PM  81    1999  67    -10       75
  MINIMUM         38   1159 PM  27    2005  43     -5       53
  AVERAGE         48                        55     -7       64

PRECIPITATION (IN)
  YESTERDAY        0.17          1.15 2003   0.13   0.04     0.19
  MONTH TO DATE    0.70                      0.53   0.17     0.33
  SINCE MAR 1      6.03                      6.06  -0.03     4.96
  SINCE JAN 1      7.52                      9.15  -1.63     5.64

DEGREE DAYS
 HEATING
  YESTERDAY       17                        11      6        1
  MONTH TO DATE   61                        44     17       21
  SINCE MAR 1   1189                      1412   -223     1415
  SINCE JUL 1   5310                      6550  -1240     6870

 COOLING
  YESTERDAY        0                         0      0        0
  MONTH TO DATE    0                         0      0        1
  SINCE MAR 1      5                         3      2        1
  SINCE JAN 1      5                         3      2        1
..................................................................


WIND (MPH)
  RESULTANT WIND SPEED  13   RESULTANT WIND DIRECTION   N (350)
  HIGHEST WIND SPEED    32   HIGHEST WIND DIRECTION    NW (330)
  HIGHEST GUST SPEED    43   HIGHEST GUST DIRECTION    NW (330)
  AVERAGE WIND SPEED    14.2


SKY COVER
  POSSIBLE SUNSHINE  MM
  AVERAGE SKY COVER 0.6


WEATHER CONDITIONS
 THE FOLLOWING WEATHER WAS RECORDED YESTERDAY.
  THUNDERSTORM
  RAIN
  LIGHT RAIN
  FOG


RELATIVE HUMIDITY (PERCENT)
 HIGHEST    86           200 AM
 LOWEST     55           400 PM
 AVERAGE    71

..........................................................


THE AURORA MUNICIPAL AIRPORT CLIMATE NORMALS FOR TODAY
                         NORMAL    RECORD    YEAR
 MAXIMUM TEMPERATURE (F)   67        85      2000
 MINIMUM TEMPERATURE (F)   43        32      2005


SUNRISE AND SUNSET
MAY  5 2016...........SUNRISE   545 AM CDT   SUNSET   757 PM CDT
MAY  6 2016...........SUNRISE   543 AM CDT   SUNSET   758 PM CDT


-  INDICATES NEGATIVE NUMBERS.
R  INDICATES RECORD WAS SET OR TIED.
MM INDICATES DATA IS MISSING.
T  INDICATES TRACE AMOUNT.




$$
