000
CDUS41 KBUF 300705
CLIART


CLIMATE REPORT
NATIONAL WEATHER SERVICE BUFFALO NY
305 AM EDT TUE AUG 30 2016


...................................

...THE WATERTOWN NY CLIMATE SUMMARY FOR AUGUST 29 2016...

CLIMATE NORMAL PERIOD 1981 TO 2010
CLIMATE RECORD PERIOD 1949 TO 2016


WEATHER ITEM   OBSERVED TIME   RECORD YEAR NORMAL DEPARTURE LAST
                VALUE   (LST)  VALUE       VALUE  FROM      YEAR
                                                  NORMAL
..................................................................
TEMPERATURE (F)
 YESTERDAY
  MAXIMUM         80    420 PM  89    1953  76      4       76
  MINIMUM         52   1157 PM  34    1982  54     -2       50
  AVERAGE         66                        65      1       63

PRECIPITATION (IN)
  YESTERDAY        0.00          1.32 1979   0.10  -0.10     0.00
  MONTH TO DATE    2.86                      2.95  -0.09     2.65
  SINCE JUN 1      6.86                      8.45  -1.59     9.95
  SINCE JAN 1     17.86                     21.60  -3.74    17.35

DEGREE DAYS
 HEATING
  YESTERDAY        0                         2     -2        2
  MONTH TO DATE    6                        39    -33       17
  SINCE JUN 1    109                       172    -63      171
  SINCE JUL 1     11                        65    -54       55

 COOLING
  YESTERDAY        1                         2     -1        0
  MONTH TO DATE  231                       107    124       98
  SINCE JUN 1    480                       308    172      252
  SINCE JAN 1    510                       319    191      298
..................................................................


WIND (MPH)
  HIGHEST WIND SPEED    15   HIGHEST WIND DIRECTION    NW (320)
  HIGHEST GUST SPEED    20   HIGHEST GUST DIRECTION    NW (320)
  AVERAGE WIND SPEED     4.9


SKY COVER
  AVERAGE SKY COVER 0.1


WEATHER CONDITIONS
 THE FOLLOWING WEATHER WAS RECORDED YESTERDAY.
  FOG


RELATIVE HUMIDITY (PERCENT)
 HIGHEST    97           300 AM
 LOWEST     36           300 PM
 AVERAGE    67

..........................................................


THE WATERTOWN NY CLIMATE NORMALS FOR TODAY
                         NORMAL    RECORD    YEAR
 MAXIMUM TEMPERATURE (F)   76        92      1953
 MINIMUM TEMPERATURE (F)   54        38      1999


SUNRISE AND SUNSET
AUGUST 30 2016........SUNRISE   626 AM EDT   SUNSET   743 PM EDT
AUGUST 31 2016........SUNRISE   627 AM EDT   SUNSET   741 PM EDT


-  INDICATES NEGATIVE NUMBERS.
R  INDICATES RECORD WAS SET OR TIED.
MM INDICATES DATA IS MISSING.
T  INDICATES TRACE AMOUNT.




$$
