000
CDUS41 KBUF 241004
CLIART


CLIMATE REPORT
NATIONAL WEATHER SERVICE BUFFALO NY
603 AM EDT THU APR 24 2014


...................................

...THE WATERTOWN NY CLIMATE SUMMARY FOR APRIL 23 2014...

CLIMATE NORMAL PERIOD 1981 TO 2010
CLIMATE RECORD PERIOD 1949 TO 2014


WEATHER ITEM   OBSERVED TIME   RECORD YEAR NORMAL DEPARTURE LAST
                VALUE   (LST)  VALUE       VALUE  FROM      YEAR
                                                  NORMAL
..................................................................
TEMPERATURE (F)
 YESTERDAY
  MAXIMUM         49    558 PM  84    2001  58     -9       63
  MINIMUM         31    956 PM  24    2010  36     -5       29
                                      1989
  AVERAGE         40                        47     -7       46

PRECIPITATION (IN)
  YESTERDAY        0.04          0.74 1996   0.09  -0.05     0.00
  MONTH TO DATE    3.50                      2.22   1.28     3.17
  SINCE MAR 1      5.61                      4.52   1.09     4.16
  SINCE JAN 1     12.71                      9.40   3.31     8.46

DEGREE DAYS
 HEATING
  YESTERDAY       25                        18      7       19
  MONTH TO DATE  492                       519    -27      534
  SINCE MAR 1   1797                      1585    212     1542
  SINCE JUL 1   7468                      7026    442     6392

 COOLING
  YESTERDAY        0                         0      0        0
  MONTH TO DATE    0                         0      0        0
  SINCE MAR 1      0                         0      0        0
  SINCE JAN 1      0                         0      0        0
..................................................................


WIND (MPH)
  HIGHEST WIND SPEED    21   HIGHEST WIND DIRECTION     N (350)
  HIGHEST GUST SPEED    28   HIGHEST GUST DIRECTION     N (350)
  AVERAGE WIND SPEED    10.4


SKY COVER
  AVERAGE SKY COVER 0.6


WEATHER CONDITIONS
 THE FOLLOWING WEATHER WAS RECORDED YESTERDAY.
  LIGHT RAIN
  FOG
  HAZE


RELATIVE HUMIDITY (PERCENT)
 HIGHEST    85          1000 PM
 LOWEST     42           500 PM
 AVERAGE    64

..........................................................


THE WATERTOWN NY CLIMATE NORMALS FOR TODAY
                         NORMAL    RECORD    YEAR
 MAXIMUM TEMPERATURE (F)   59        78      1958
 MINIMUM TEMPERATURE (F)   36        18      1972


SUNRISE AND SUNSET
APRIL 24 2014.........SUNRISE   606 AM EDT   SUNSET   759 PM EDT
APRIL 25 2014.........SUNRISE   605 AM EDT   SUNSET   800 PM EDT


-  INDICATES NEGATIVE NUMBERS.
R  INDICATES RECORD WAS SET OR TIED.
MM INDICATES DATA IS MISSING.
T  INDICATES TRACE AMOUNT.




$$
