295
CDUS41 KBUF 221026
CLIART


CLIMATE REPORT
NATIONAL WEATHER SERVICE BUFFALO NY
625 AM EDT SUN OCT 22 2017


...................................

...THE WATERTOWN NY CLIMATE SUMMARY FOR OCTOBER 21 2017...

CLIMATE NORMAL PERIOD 1981 TO 2010
CLIMATE RECORD PERIOD 1949 TO 2017


WEATHER ITEM   OBSERVED TIME   RECORD YEAR NORMAL DEPARTURE LAST
                VALUE   (LST)  VALUE       VALUE  FROM      YEAR
                                                  NORMAL
..................................................................
TEMPERATURE (F)
 YESTERDAY
  MAXIMUM         68   1211 PM  78    1979  56     12       51
  MINIMUM         41   1157 PM  14    1974  37      4       43
  AVERAGE         55                        46      9       47

PRECIPITATION (IN)
  YESTERDAY        0.00          1.64 1995   0.11  -0.11     0.94
  MONTH TO DATE    5.56                      2.53   3.03     4.85
  SINCE SEP 1      6.85                      6.25   0.60     7.30
  SINCE JAN 1     37.58                     28.05   9.53    26.33

DEGREE DAYS
 HEATING
  YESTERDAY       10                        19     -9       18
  MONTH TO DATE  181                       322   -141      216
  SINCE SEP 1    328                       524   -196      360
  SINCE JUL 1    398                       596   -198      371

 COOLING
  YESTERDAY        0                         0      0        0
  MONTH TO DATE    5                         0      5        5
  SINCE SEP 1     58                        35     23       52
  SINCE JAN 1    388                       359     29      566
..................................................................


WIND (MPH)
  HIGHEST WIND SPEED    14   HIGHEST WIND DIRECTION    SW (210)
  HIGHEST GUST SPEED    18   HIGHEST GUST DIRECTION    SW (220)
  AVERAGE WIND SPEED     5.2


SKY COVER
  AVERAGE SKY COVER 0.0


WEATHER CONDITIONS
 THE FOLLOWING WEATHER WAS RECORDED YESTERDAY.
  NO SIGNIFICANT WEATHER WAS OBSERVED.


RELATIVE HUMIDITY (PERCENT)
 HIGHEST   100           800 PM
 LOWEST     42          1200 PM
 AVERAGE    71

..........................................................


THE WATERTOWN NY CLIMATE NORMALS FOR TODAY
                         NORMAL    RECORD    YEAR
 MAXIMUM TEMPERATURE (F)   56        84      1979
 MINIMUM TEMPERATURE (F)   37        23      1992


SUNRISE AND SUNSET
OCTOBER 22 2017.......SUNRISE   728 AM EDT   SUNSET   609 PM EDT
OCTOBER 23 2017.......SUNRISE   729 AM EDT   SUNSET   607 PM EDT


-  INDICATES NEGATIVE NUMBERS.
R  INDICATES RECORD WAS SET OR TIED.
MM INDICATES DATA IS MISSING.
T  INDICATES TRACE AMOUNT.




$$
