000
CDUS41 KBUF 301023
CLIART


CLIMATE REPORT
NATIONAL WEATHER SERVICE BUFFALO NY
622 AM EDT FRI SEP 30 2016


...................................

...THE WATERTOWN NY CLIMATE SUMMARY FOR SEPTEMBER 29 2016...

CLIMATE NORMAL PERIOD 1981 TO 2010
CLIMATE RECORD PERIOD 1949 TO 2016


WEATHER ITEM   OBSERVED TIME   RECORD YEAR NORMAL DEPARTURE LAST
                VALUE   (LST)  VALUE       VALUE  FROM      YEAR
                                                  NORMAL
..................................................................
TEMPERATURE (F)
 YESTERDAY
  MAXIMUM         68    241 PM  88    1959  65      3       72
  MINIMUM         46    559 AM  23    2000  44      2       55
  AVERAGE         57                        54      3       64

PRECIPITATION (IN)
  YESTERDAY        T             1.81 1997   0.13  -0.13     0.39
  MONTH TO DATE    2.45                      3.58  -1.13     3.39
  SINCE SEP 1      2.45                      3.58  -1.13     3.39
  SINCE JAN 1     21.48                     25.38  -3.90    20.74

DEGREE DAYS
 HEATING
  YESTERDAY        8                        11     -3        1
  MONTH TO DATE  134                       190    -56       81
  SINCE SEP 1    134                       190    -56       81
  SINCE JUL 1    145                       262   -117      136

 COOLING
  YESTERDAY        0                         0      0        0
  MONTH TO DATE   47                        36     11       82
  SINCE SEP 1     47                        36     11       82
  SINCE JAN 1    561                       360    201      388
..................................................................


WIND (MPH)
  HIGHEST WIND SPEED    16   HIGHEST WIND DIRECTION    NE (40)
  HIGHEST GUST SPEED    25   HIGHEST GUST DIRECTION    NE (50)
  AVERAGE WIND SPEED     9.3


SKY COVER
  AVERAGE SKY COVER 0.3


WEATHER CONDITIONS
 THE FOLLOWING WEATHER WAS RECORDED YESTERDAY.
  NO SIGNIFICANT WEATHER WAS OBSERVED.


RELATIVE HUMIDITY (PERCENT)
 HIGHEST    93           600 AM
 LOWEST     55           200 PM
 AVERAGE    74

..........................................................


THE WATERTOWN NY CLIMATE NORMALS FOR TODAY
                         NORMAL    RECORD    YEAR
 MAXIMUM TEMPERATURE (F)   64        80      1953
 MINIMUM TEMPERATURE (F)   43        22      1991


SUNRISE AND SUNSET
SEPTEMBER 30 2016.....SUNRISE   701 AM EDT   SUNSET   646 PM EDT
OCTOBER  1 2016.......SUNRISE   702 AM EDT   SUNSET   644 PM EDT


-  INDICATES NEGATIVE NUMBERS.
R  INDICATES RECORD WAS SET OR TIED.
MM INDICATES DATA IS MISSING.
T  INDICATES TRACE AMOUNT.

$$
