000
CDUS46 KPQR 260222
CLIAST


CLIMATE REPORT
NATIONAL WEATHER SERVICE PORTLAND OREGON
722 PM PDT WED MAY 25 2016


...................................

...THE ASTORIA OR CLIMATE SUMMARY FOR MAY 25 2016...
VALID TODAY AS OF 0700 PM LOCAL TIME.

CLIMATE NORMAL PERIOD 1981 TO 2010
CLIMATE RECORD PERIOD 1892 TO 2016


WEATHER ITEM   OBSERVED TIME   RECORD YEAR NORMAL DEPARTURE LAST
                VALUE   (LST)  VALUE       VALUE  FROM      YEAR
                                                  NORMAL
..................................................................
TEMPERATURE (F)
 TODAY
  MAXIMUM         61    128 PM  81    2005  62     -1       64
  MINIMUM         55    637 AM  34    1967  47      8       51
  AVERAGE         58                        54      4       58

PRECIPITATION (IN)
  TODAY            T             1.50 1900   0.10  -0.10     0.03
  MONTH TO DATE    0.76                      2.72  -1.96     1.29
  SINCE OCT 1     79.66                     59.78  19.88    52.28
  SINCE JAN 1     37.13                     32.76   4.37    26.66

DEGREE DAYS
 HEATING
  TODAY            7                        11     -4        7
  MONTH TO DATE  227                       311    -84      265
  SINCE MAR 1   1033                      1378   -345     1195
  SINCE JUL 1   3652                      4720  -1068     3735

 COOLING
  TODAY            0                         0      0        0
  MONTH TO DATE    0                         0      0        0
  SINCE MAR 1      3                         0      3        2
  SINCE JAN 1      3                         0      3        2
..................................................................


WIND (MPH)
  HIGHEST WIND SPEED    16   HIGHEST WIND DIRECTION    NW (310)
  HIGHEST GUST SPEED    20   HIGHEST GUST DIRECTION    NW (300)
  AVERAGE WIND SPEED     9.4


SKY COVER
  POSSIBLE SUNSHINE  MM
  AVERAGE SKY COVER 1.0


WEATHER CONDITIONS
 THE FOLLOWING WEATHER WAS RECORDED TODAY.
  LIGHT RAIN


RELATIVE HUMIDITY (PERCENT)
 HIGHEST    86          1200 AM
 LOWEST     64           200 PM
 AVERAGE    75

..........................................................


THE ASTORIA OR CLIMATE NORMALS FOR TOMORROW
                         NORMAL    RECORD    YEAR
 MAXIMUM TEMPERATURE (F)   62        81      1947
 MINIMUM TEMPERATURE (F)   47        37      1998
                                             1973


SUNRISE AND SUNSET
MAY 25 2016...........SUNRISE   532 AM PDT   SUNSET   853 PM PDT
MAY 26 2016...........SUNRISE   531 AM PDT   SUNSET   854 PM PDT


-  INDICATES NEGATIVE NUMBERS.
R  INDICATES RECORD WAS SET OR TIED.
MM INDICATES DATA IS MISSING.
T  INDICATES TRACE AMOUNT.




$$
