000
CDUS46 KPQR 191142
CLIAST


CLIMATE REPORT
NATIONAL WEATHER SERVICE PORTLAND OREGON
441 AM PDT SAT APR 19 2014


...................................

...THE ASTORIA OR CLIMATE SUMMARY FOR APRIL 18 2014...

CLIMATE NORMAL PERIOD 1981 TO 2010
CLIMATE RECORD PERIOD 1892 TO 2014


WEATHER ITEM   OBSERVED TIME   RECORD YEAR NORMAL DEPARTURE LAST
                VALUE   (LST)  VALUE       VALUE  FROM      YEAR
                                                  NORMAL
..................................................................
TEMPERATURE (F)
 YESTERDAY
  MAXIMUM         57    259 PM  70    1934  57      0       53
  MINIMUM         40    549 AM  26    1927  41     -1       43
  AVERAGE         49                        49      0       48

PRECIPITATION (IN)
  YESTERDAY        0.00          1.69 1970   0.17  -0.17     0.24
  MONTH TO DATE    3.12                      3.38  -0.26     5.29
  SINCE OCT 1     39.90                     55.24 -15.34    66.19
  SINCE JAN 1     27.74                     28.22  -0.48    24.57

DEGREE DAYS
 HEATING
  YESTERDAY       16                        16      0       17
  MONTH TO DATE  275                       304    -29      302
  SINCE MAR 1    791                       882    -91      875
  SINCE JUL 1   4220                      4224     -4     4255

 COOLING
  YESTERDAY        0                         0      0        0
  MONTH TO DATE    0                         0      0        0
  SINCE MAR 1      0                         0      0        0
  SINCE JAN 1      0                         0      0        0
..................................................................


WIND (MPH)
  HIGHEST WIND SPEED    14   HIGHEST WIND DIRECTION    NW (330)
  HIGHEST GUST SPEED    19   HIGHEST GUST DIRECTION     N (10)
  AVERAGE WIND SPEED     5.3


SKY COVER
  POSSIBLE SUNSHINE  MM
  AVERAGE SKY COVER 0.2


WEATHER CONDITIONS
 THE FOLLOWING WEATHER WAS RECORDED YESTERDAY.
  NO SIGNIFICANT WEATHER WAS OBSERVED.


RELATIVE HUMIDITY (PERCENT)
 HIGHEST    96           700 AM
 LOWEST     47           300 PM
 AVERAGE    72

..........................................................


THE ASTORIA OR CLIMATE NORMALS FOR TODAY
                         NORMAL    RECORD    YEAR
 MAXIMUM TEMPERATURE (F)   57        74      1956
                                             1934
 MINIMUM TEMPERATURE (F)   41        30      1967
                                             1966


SUNRISE AND SUNSET
APRIL 19 2014.........SUNRISE   622 AM PDT   SUNSET   808 PM PDT
APRIL 20 2014.........SUNRISE   620 AM PDT   SUNSET   810 PM PDT


-  INDICATES NEGATIVE NUMBERS.
R  INDICATES RECORD WAS SET OR TIED.
MM INDICATES DATA IS MISSING.
T  INDICATES TRACE AMOUNT.




$$
