000
CDUS46 KPQR 292321
CLIAST


CLIMATE REPORT
NATIONAL WEATHER SERVICE PORTLAND OREGON
421 PM PDT WED MAR 29 2017


...................................

...THE ASTORIA OR CLIMATE SUMMARY FOR MARCH 29 2017...
VALID TODAY AS OF 0400 PM LOCAL TIME.

CLIMATE NORMAL PERIOD 1981 TO 2010
CLIMATE RECORD PERIOD 1892 TO 2017


WEATHER ITEM   OBSERVED TIME   RECORD YEAR NORMAL DEPARTURE LAST
                VALUE   (LST)  VALUE       VALUE  FROM      YEAR
                                                  NORMAL
..................................................................
TEMPERATURE (F)
 TODAY
  MAXIMUM         52    944 AM  73    1964  55     -3       61
  MINIMUM         46   1210 AM  28    1938  40      6       34
  AVERAGE         49                        47      2       48

PRECIPITATION (IN)
  TODAY            0.29          2.54 2012   0.21   0.08     0.00
  MONTH TO DATE   14.39                      7.01   7.38    12.10
  SINCE OCT 1     76.14                     51.42  24.72    76.91
  SINCE JAN 1     32.27                     24.40   7.87    34.38

DEGREE DAYS
 HEATING
  TODAY           16                        18     -2       17
  MONTH TO DATE  531                       544    -13      433
  SINCE MAR 1    531                       544    -13      433
  SINCE JUL 1   3514                      3886   -372     3052

 COOLING
  TODAY            0                         0      0        0
  MONTH TO DATE    0                         0      0        0
  SINCE MAR 1      0                         0      0        0
  SINCE JAN 1      0                         0      0        0
..................................................................


WIND (MPH)
  HIGHEST WIND SPEED    30   HIGHEST WIND DIRECTION     S (200)
  HIGHEST GUST SPEED    46   HIGHEST GUST DIRECTION     S (180)
  AVERAGE WIND SPEED    17.1


SKY COVER
  POSSIBLE SUNSHINE  MM
  AVERAGE SKY COVER 1.0


WEATHER CONDITIONS
 THE FOLLOWING WEATHER WAS RECORDED TODAY.
  LIGHT RAIN
  FOG


RELATIVE HUMIDITY (PERCENT)
 HIGHEST    89           600 AM
 LOWEST     80           300 AM
 AVERAGE    85

..........................................................


THE ASTORIA OR CLIMATE NORMALS FOR TOMORROW
                         NORMAL    RECORD    YEAR
 MAXIMUM TEMPERATURE (F)   55        72      1941
 MINIMUM TEMPERATURE (F)   40        28      1954


SUNRISE AND SUNSET
MARCH 29 2017.........SUNRISE   700 AM PDT   SUNSET   741 PM PDT
MARCH 30 2017.........SUNRISE   658 AM PDT   SUNSET   742 PM PDT


-  INDICATES NEGATIVE NUMBERS.
R  INDICATES RECORD WAS SET OR TIED.
MM INDICATES DATA IS MISSING.
T  INDICATES TRACE AMOUNT.




$$
