000
CDUS46 KPQR 181146
CLIAST


CLIMATE REPORT
NATIONAL WEATHER SERVICE PORTLAND OREGON
345 AM PST THU DEC 18 2014


...................................

...THE ASTORIA OR CLIMATE SUMMARY FOR DECEMBER 17 2014...

CLIMATE NORMAL PERIOD 1981 TO 2010
CLIMATE RECORD PERIOD 1892 TO 2014


WEATHER ITEM   OBSERVED TIME   RECORD YEAR NORMAL DEPARTURE LAST
                VALUE   (LST)  VALUE       VALUE  FROM      YEAR
                                                  NORMAL
..................................................................
TEMPERATURE (F)
 YESTERDAY
  MAXIMUM         50    102 PM  60    1979  48      2       43
  MINIMUM         44   1133 PM  13    1924  36      8       35
  AVERAGE         47                        42      5       39

PRECIPITATION (IN)
  YESTERDAY        0.22          3.22 1933   0.30  -0.08     0.00
  MONTH TO DATE    4.40                      5.56  -1.16     3.10
  SINCE OCT 1     19.45                     22.69  -3.24    10.26
  SINCE JAN 1     66.70                     62.93   3.77    57.31

DEGREE DAYS
 HEATING
  YESTERDAY       18                        23     -5       26
  MONTH TO DATE  279                       377    -98      505
  SINCE DEC 1    279                       377    -98      505
  SINCE JUL 1   1261                      1790   -529     1858

 COOLING
  YESTERDAY        0                         0      0        0
  MONTH TO DATE    0                         0      0        0
  SINCE DEC 1      0                         0      0        0
  SINCE JAN 1     45                        12     33        9
..................................................................


WIND (MPH)
  HIGHEST WIND SPEED    10   HIGHEST WIND DIRECTION     E (80)
  HIGHEST GUST SPEED    14   HIGHEST GUST DIRECTION     N (350)
  AVERAGE WIND SPEED     4.9


SKY COVER
  POSSIBLE SUNSHINE  MM
  AVERAGE SKY COVER 1.0


WEATHER CONDITIONS
 THE FOLLOWING WEATHER WAS RECORDED YESTERDAY.
  LIGHT RAIN
  FOG


RELATIVE HUMIDITY (PERCENT)
 HIGHEST   100          1000 PM
 LOWEST     66           100 PM
 AVERAGE    83

..........................................................


THE ASTORIA OR CLIMATE NORMALS FOR TODAY
                         NORMAL    RECORD    YEAR
 MAXIMUM TEMPERATURE (F)   48        61      1981
 MINIMUM TEMPERATURE (F)   36        13      1924


SUNRISE AND SUNSET
DECEMBER 18 2014......SUNRISE   753 AM PST   SUNSET   431 PM PST
DECEMBER 19 2014......SUNRISE   754 AM PST   SUNSET   431 PM PST


-  INDICATES NEGATIVE NUMBERS.
R  INDICATES RECORD WAS SET OR TIED.
MM INDICATES DATA IS MISSING.
T  INDICATES TRACE AMOUNT.




$$
