919
CDUS46 KPQR 121145
CLIAST


CLIMATE REPORT
NATIONAL WEATHER SERVICE PORTLAND OREGON
344 AM PST FRI FEB 12 2016


...................................

...THE ASTORIA OR CLIMATE SUMMARY FOR FEBRUARY 11 2016...

CLIMATE NORMAL PERIOD 1981 TO 2010
CLIMATE RECORD PERIOD 1892 TO 2016


WEATHER ITEM   OBSERVED TIME   RECORD YEAR NORMAL DEPARTURE LAST
                VALUE   (LST)  VALUE       VALUE  FROM      YEAR
                                                  NORMAL
..................................................................
TEMPERATURE (F)
 YESTERDAY
  MAXIMUM         59    111 PM  66    1934  51      8       56
  MINIMUM         49   1105 PM  21    1905  37     12       42
  AVERAGE         54                        44     10       49

PRECIPITATION (IN)
  YESTERDAY        0.71          2.01 1937   0.27   0.44     0.00
  MONTH TO DATE    2.39                      2.97  -0.58     5.38
  SINCE OCT 1     58.67                     40.19  18.48    40.19
  SINCE JAN 1     16.14                     13.17   2.97    14.57

DEGREE DAYS
 HEATING
  YESTERDAY       11                        21    -10       16
  MONTH TO DATE  172                       231    -59      154
  SINCE DEC 1   1336                      1583   -247     1276
  SINCE JUL 1   2336                      2996   -660     2263

 COOLING
  YESTERDAY        0                         0      0        0
  MONTH TO DATE    0                         0      0        0
  SINCE DEC 1      0                         0      0        0
  SINCE JAN 1      0                         0      0        0
..................................................................


WIND (MPH)
  HIGHEST WIND SPEED    13   HIGHEST WIND DIRECTION     E (110)
  HIGHEST GUST SPEED    16   HIGHEST GUST DIRECTION     E (100)
  AVERAGE WIND SPEED     4.2


SKY COVER
  POSSIBLE SUNSHINE  MM
  AVERAGE SKY COVER 0.9


WEATHER CONDITIONS
 THE FOLLOWING WEATHER WAS RECORDED YESTERDAY.
  RAIN
  LIGHT RAIN
  FOG


RELATIVE HUMIDITY (PERCENT)
 HIGHEST   100          1200 AM
 LOWEST     75           100 PM
 AVERAGE    88

..........................................................


THE ASTORIA OR CLIMATE NORMALS FOR TODAY
                         NORMAL    RECORD    YEAR
 MAXIMUM TEMPERATURE (F)   51        67      1996
 MINIMUM TEMPERATURE (F)   37        23      1905


SUNRISE AND SUNSET
FEBRUARY 12 2016......SUNRISE   724 AM PST   SUNSET   537 PM PST
FEBRUARY 13 2016......SUNRISE   722 AM PST   SUNSET   538 PM PST


-  INDICATES NEGATIVE NUMBERS.
R  INDICATES RECORD WAS SET OR TIED.
MM INDICATES DATA IS MISSING.
T  INDICATES TRACE AMOUNT.




$$
