000
CDUS46 KPQR 281142
CLIAST


CLIMATE REPORT
NATIONAL WEATHER SERVICE PORTLAND OREGON
441 AM PDT FRI JUL 28 2017


...................................

...THE ASTORIA OR CLIMATE SUMMARY FOR JULY 27 2017...

CLIMATE NORMAL PERIOD 1981 TO 2010
CLIMATE RECORD PERIOD 1892 TO 2017


WEATHER ITEM   OBSERVED TIME   RECORD YEAR NORMAL DEPARTURE LAST
                VALUE   (LST)  VALUE       VALUE  FROM      YEAR
                                                  NORMAL
..................................................................
TEMPERATURE (F)
 YESTERDAY
  MAXIMUM         68    154 PM  90    1958  68      0       71
  MINIMUM         57   1159 PM  37    1930  54      3       59
  AVERAGE         63                        61      2       65

PRECIPITATION (IN)
  YESTERDAY        0.00          1.10 1916   0.02  -0.02     0.00
  MONTH TO DATE    0.10                      0.94  -0.84     1.12
  SINCE OCT 1     93.54                     63.87  29.67    82.88
  SINCE JAN 1     49.67                     36.85  12.82    40.35

DEGREE DAYS
 HEATING
  YESTERDAY        2                         4     -2        0
  MONTH TO DATE  127                       132     -5       55
  SINCE JUN 1    334                       374    -40      231
  SINCE JUL 1    127                       132     -5       55

 COOLING
  YESTERDAY        0                         0      0        0
  MONTH TO DATE    3                         0      3        1
  SINCE JUN 1     13                         0     13        7
  SINCE JAN 1     15                         0     15       10
..................................................................


WIND (MPH)
  HIGHEST WIND SPEED    21   HIGHEST WIND DIRECTION    NW (320)
  HIGHEST GUST SPEED    26   HIGHEST GUST DIRECTION    NW (320)
  AVERAGE WIND SPEED    10.5


SKY COVER
  POSSIBLE SUNSHINE  MM
  AVERAGE SKY COVER 0.6


WEATHER CONDITIONS
 THE FOLLOWING WEATHER WAS RECORDED YESTERDAY.
  NO SIGNIFICANT WEATHER WAS OBSERVED.


RELATIVE HUMIDITY (PERCENT)
 HIGHEST    86           200 AM
 LOWEST     56           400 PM
 AVERAGE    71

..........................................................


THE ASTORIA OR CLIMATE NORMALS FOR TODAY
                         NORMAL    RECORD    YEAR
 MAXIMUM TEMPERATURE (F)   68        82      2003
 MINIMUM TEMPERATURE (F)   54        45      2008
                                             1954
                                             1949


SUNRISE AND SUNSET
JULY 28 2017..........SUNRISE   553 AM PDT   SUNSET   850 PM PDT
JULY 29 2017..........SUNRISE   554 AM PDT   SUNSET   849 PM PDT


-  INDICATES NEGATIVE NUMBERS.
R  INDICATES RECORD WAS SET OR TIED.
MM INDICATES DATA IS MISSING.
T  INDICATES TRACE AMOUNT.




$$
