000
CDUS42 KFFC 200920
CLIATL


CLIMATE REPORT
NATIONAL WEATHER SERVICE PEACHTREE CITY GA
420 AM EST FRI JAN 20 2017


...................................

...THE ATLANTA CLIMATE SUMMARY FOR JANUARY 19 2017...

CLIMATE NORMAL PERIOD 1981 TO 2010
CLIMATE RECORD PERIOD 1878 TO 2017


WEATHER ITEM   OBSERVED TIME   RECORD YEAR NORMAL DEPARTURE LAST
                VALUE   (LST)  VALUE       VALUE  FROM      YEAR
                                                  NORMAL
..................................................................
TEMPERATURE (F)
 YESTERDAY
  MAXIMUM         75R   305 PM  69    1950  52     23       39
  MINIMUM         54    514 AM   1    1977  34     20       20
  AVERAGE         65                        43     22       30

PRECIPITATION (IN)
  YESTERDAY        0.27          2.42 1883   0.13   0.14     0.00
  MONTH TO DATE    3.85                      2.41   1.44     2.22
  SINCE DEC 1      6.85                      6.31   0.54    14.73
  SINCE JAN 1      3.85                      2.41   1.44     2.22

SNOWFALL (IN)
  YESTERDAY        0.0           1.0  2008   0.1   -0.1      0.0
  MONTH TO DATE    0.0                       0.9   -0.9       T
  SINCE DEC 1      0.0                       1.3   -1.3       T
  SINCE JUL 1      0.0                       1.3   -1.3       T
  SNOW DEPTH       0

DEGREE DAYS
 HEATING
  YESTERDAY        0                        22    -22       35
  MONTH TO DATE  244                       418   -174      443
  SINCE DEC 1    735                      1031   -296      690
  SINCE JUL 1    957                      1499   -542      994

 COOLING
  YESTERDAY        0                         0      0        0
  MONTH TO DATE    0                         0      0        0
  SINCE DEC 1      0                         1     -1       22
  SINCE JAN 1      0                         0      0        0
..................................................................


WIND (MPH)
  RESULTANT WIND SPEED   3   RESULTANT WIND DIRECTION  SE (150)
  HIGHEST WIND SPEED    16   HIGHEST WIND DIRECTION     S (200)
  HIGHEST GUST SPEED    25   HIGHEST GUST DIRECTION     S (190)
  AVERAGE WIND SPEED     5.2


SKY COVER
  AVERAGE SKY COVER 0.8


WEATHER CONDITIONS
 THE FOLLOWING WEATHER WAS RECORDED YESTERDAY.
  HEAVY RAIN
  RAIN
  LIGHT RAIN
  FOG


RELATIVE HUMIDITY (PERCENT)
 HIGHEST    93          1100 PM
 LOWEST     50           300 PM
 AVERAGE    72

..........................................................


THE ATLANTA CLIMATE NORMALS FOR TODAY
                         NORMAL    RECORD    YEAR
 MAXIMUM TEMPERATURE (F)   52        74      1927
 MINIMUM TEMPERATURE (F)   34        -6      1985


SUNRISE AND SUNSET
JANUARY 20 2017.......SUNRISE   741 AM EST   SUNSET   557 PM EST
JANUARY 21 2017.......SUNRISE   740 AM EST   SUNSET   558 PM EST


-  INDICATES NEGATIVE NUMBERS.
R  INDICATES RECORD WAS SET OR TIED.
MM INDICATES DATA IS MISSING.
T  INDICATES TRACE AMOUNT.




$$
