000
CDUS42 KFFC 230023
CLIATL


CLIMATE REPORT
NATIONAL WEATHER SERVICE PEACHTREE CITY GA
723 PM EST MON JAN 22 2018


...................................

...THE ATLANTA CLIMATE SUMMARY FOR JANUARY 22 2018...
VALID AS OF 0700 PM LOCAL TIME.

CLIMATE NORMAL PERIOD 1981 TO 2010
CLIMATE RECORD PERIOD 1878 TO 2018


WEATHER ITEM   OBSERVED TIME   RECORD YEAR NORMAL DEPARTURE LAST
                VALUE   (LST)  VALUE       VALUE  FROM      YEAR
                                                  NORMAL
..................................................................
TEMPERATURE (F)
 TODAY
  MAXIMUM         62    527 PM  74    1999  53      9       63
                                      1937
                                      1929
  MINIMUM         47    809 AM  10    1961  34     13       50
  AVERAGE         55                        44     11       57

PRECIPITATION (IN)
  TODAY            0.22          1.94 2016   0.14   0.08     0.65
  MONTH TO DATE    1.22                      2.84  -1.62     7.69
  SINCE DEC 1      5.60                      6.74  -1.14    10.69
  SINCE JAN 1      1.22                      2.84  -1.62     7.69

SNOWFALL (IN)
  TODAY           MM             T    2014   0.1   MM        0.0
  MONTH TO DATE    2.4                       1.0    1.4       T
  SINCE DEC 1      4.7                       1.4    3.3       T
  SINCE JUL 1      4.7                       1.4    3.3       T
  SNOW DEPTH       0

DEGREE DAYS
 HEATING
  TODAY           10                        22    -12        8
  MONTH TO DATE  596                       484    112      257
  SINCE DEC 1   1152                      1097     55      748
  SINCE JUL 1   1549                      1565    -16      970

 COOLING
  TODAY            0                         0      0        0
  MONTH TO DATE    0                         0      0        2
  SINCE DEC 1      0                         1     -1        2
  SINCE JAN 1      0                         0      0        2
..................................................................


WIND (MPH)
  RESULTANT WIND SPEED   6   RESULTANT WIND DIRECTION  SE (140)
  HIGHEST WIND SPEED    14   HIGHEST WIND DIRECTION     S (160)
  HIGHEST GUST SPEED    18   HIGHEST GUST DIRECTION     S (180)
  AVERAGE WIND SPEED     6.9


SKY COVER
  AVERAGE SKY COVER 1.0


WEATHER CONDITIONS
 THE FOLLOWING WEATHER WAS RECORDED TODAY.
  HEAVY RAIN
  RAIN
  LIGHT RAIN
  FOG


RELATIVE HUMIDITY (PERCENT)
 HIGHEST    97           400 PM
 LOWEST     66          1200 AM

..........................................................


THE ATLANTA CLIMATE NORMALS FOR TOMORROW
                         NORMAL    RECORD    YEAR
 MAXIMUM TEMPERATURE (F)   53        74      1937
 MINIMUM TEMPERATURE (F)   34         8      1963


SUNRISE AND SUNSET
JANUARY 22 2018.......SUNRISE   740 AM EST   SUNSET   559 PM EST
JANUARY 23 2018.......SUNRISE   739 AM EST   SUNSET   600 PM EST


-  INDICATES NEGATIVE NUMBERS.
R  INDICATES RECORD WAS SET OR TIED.
MM INDICATES DATA IS MISSING.
T  INDICATES TRACE AMOUNT.




$$
