000
CDUS42 KFFC 100948
CLIATL


CLIMATE REPORT
NATIONAL WEATHER SERVICE PEACHTREE CITY GA
448 AM EST SAT DEC 10 2016


...................................

...THE ATLANTA CLIMATE SUMMARY FOR DECEMBER 9 2016...

CLIMATE NORMAL PERIOD 1981 TO 2010
CLIMATE RECORD PERIOD 1878 TO 2016


WEATHER ITEM   OBSERVED TIME   RECORD YEAR NORMAL DEPARTURE LAST
                VALUE   (LST)  VALUE       VALUE  FROM      YEAR
                                                  NORMAL
..................................................................
TEMPERATURE (F)
 YESTERDAY
  MAXIMUM         44    241 PM  76    2007  55    -11       66
  MINIMUM         27    746 AM   8    1917  38    -11       42
  AVERAGE         36                        46    -10       54

PRECIPITATION (IN)
  YESTERDAY        0.00          5.71 1919   0.13  -0.13     0.00
  MONTH TO DATE    2.00                      1.22   0.78     0.15
  SINCE DEC 1      2.00                      1.22   0.78     0.15
  SINCE JAN 1     37.69                     47.03  -9.34    56.02

SNOWFALL (IN)
  YESTERDAY        0.0           0.0  2001   0.0    0.0      0.0
  MONTH TO DATE    0.0                       0.0    0.0      0.0
  SINCE DEC 1      0.0                       0.0    0.0      0.0
  SINCE JUL 1      0.0                       0.0    0.0      0.0
  SNOW DEPTH       0

DEGREE DAYS
 HEATING
  YESTERDAY       29                        19     10       11
  MONTH TO DATE  150                       157     -7      108
  SINCE DEC 1    150                       157     -7      108
  SINCE JUL 1    372                       625   -253      412

 COOLING
  YESTERDAY        0                         0      0        0
  MONTH TO DATE    0                         0      0        0
  SINCE DEC 1      0                         0      0        0
  SINCE JAN 1   2561                      1882    679     2128
..................................................................


WIND (MPH)
  RESULTANT WIND SPEED  12   RESULTANT WIND DIRECTION  NW (330)
  HIGHEST WIND SPEED    20   HIGHEST WIND DIRECTION    NW (320)
  HIGHEST GUST SPEED    26   HIGHEST GUST DIRECTION    NW (330)
  AVERAGE WIND SPEED    12.2


SKY COVER
  AVERAGE SKY COVER 0.0


WEATHER CONDITIONS
 THE FOLLOWING WEATHER WAS RECORDED YESTERDAY.
  NO SIGNIFICANT WEATHER WAS OBSERVED.


RELATIVE HUMIDITY (PERCENT)
 HIGHEST    63           300 AM
 LOWEST     30           400 PM
 AVERAGE    47

..........................................................


THE ATLANTA CLIMATE NORMALS FOR TODAY
                         NORMAL    RECORD    YEAR
 MAXIMUM TEMPERATURE (F)   55        77      2007
 MINIMUM TEMPERATURE (F)   37        13      1995
                                             1917


SUNRISE AND SUNSET
DECEMBER 10 2016......SUNRISE   732 AM EST   SUNSET   530 PM EST
DECEMBER 11 2016......SUNRISE   732 AM EST   SUNSET   530 PM EST


-  INDICATES NEGATIVE NUMBERS.
R  INDICATES RECORD WAS SET OR TIED.
MM INDICATES DATA IS MISSING.
T  INDICATES TRACE AMOUNT.




$$
