000
CDUS42 KFFC 290927
CLIATL


CLIMATE REPORT
NATIONAL WEATHER SERVICE PEACHTREE CITY GA
426 AM EST THU JAN 29 2015


...................................

...THE ATLANTA CLIMATE SUMMARY FOR JANUARY 28 2015...

CLIMATE NORMAL PERIOD 1981 TO 2010
CLIMATE RECORD PERIOD 1878 TO 2015


WEATHER ITEM   OBSERVED TIME   RECORD YEAR NORMAL DEPARTURE LAST
                VALUE   (LST)  VALUE       VALUE  FROM      YEAR
                                                  NORMAL
..................................................................
TEMPERATURE (F)
 YESTERDAY
  MAXIMUM         55    512 PM  73    1999  53      2       30
  MINIMUM         32    812 AM   4    1940  35     -3       20
  AVERAGE         44                        44      0       25

PRECIPITATION (IN)
  YESTERDAY        0.00          1.89 1918   0.16  -0.16     0.23
  MONTH TO DATE    4.36                      3.73   0.63     3.35
  SINCE DEC 1      9.87                      7.63   2.24    11.15
  SINCE JAN 1      4.36                      3.73   0.63     3.35

SNOWFALL (IN)
  YESTERDAY        0.0           T    2005   0.0    0.0      2.6
  MONTH TO DATE    0.0                       1.2   -1.2      2.6
  SINCE DEC 1      0.0                       1.6   -1.6      2.6
  SINCE JUL 1      0.0                       1.6   -1.6      3.0
  SNOW DEPTH       0

DEGREE DAYS
 HEATING
  YESTERDAY       21                        21      0       40
  MONTH TO DATE  614                       610      4      753
  SINCE DEC 1   1070                      1223   -153     1276
  SINCE JUL 1   1617                      1691    -74     1803

 COOLING
  YESTERDAY        0                         0      0        0
  MONTH TO DATE    0                         0      0        0
  SINCE DEC 1      0                         1     -1        7
  SINCE JAN 1      0                         0      0        0
..................................................................


WIND (MPH)
  RESULTANT WIND SPEED   5   RESULTANT WIND DIRECTION   N (340)
  HIGHEST WIND SPEED    22   HIGHEST WIND DIRECTION     N (350)
  HIGHEST GUST SPEED    26   HIGHEST GUST DIRECTION     N (350)
  AVERAGE WIND SPEED     6.9


SKY COVER
  AVERAGE SKY COVER 0.2


WEATHER CONDITIONS
 THE FOLLOWING WEATHER WAS RECORDED YESTERDAY.
  NO SIGNIFICANT WEATHER WAS OBSERVED.


RELATIVE HUMIDITY (PERCENT)
 HIGHEST    72           600 AM
 LOWEST     26           500 PM
 AVERAGE    49

..........................................................


THE ATLANTA CLIMATE NORMALS FOR TODAY
                         NORMAL    RECORD    YEAR
 MAXIMUM TEMPERATURE (F)   54        77      1975
 MINIMUM TEMPERATURE (F)   35         5      1966


SUNRISE AND SUNSET
JANUARY 29 2015.......SUNRISE   736 AM EST   SUNSET   606 PM EST
JANUARY 30 2015.......SUNRISE   736 AM EST   SUNSET   607 PM EST


-  INDICATES NEGATIVE NUMBERS.
R  INDICATES RECORD WAS SET OR TIED.
MM INDICATES DATA IS MISSING.
T  INDICATES TRACE AMOUNT.




$$
