000
CDUS42 KFFC 282035
CLIATL


CLIMATE REPORT
NATIONAL WEATHER SERVICE PEACHTREE CITY GA
435 PM EDT SAT MAY 28 2016


...................................

...THE ATLANTA CLIMATE SUMMARY FOR MAY 28 2016...
VALID TODAY AS OF 0400 PM LOCAL TIME.

CLIMATE NORMAL PERIOD 1981 TO 2010
CLIMATE RECORD PERIOD 1878 TO 2016


WEATHER ITEM   OBSERVED TIME   RECORD YEAR NORMAL DEPARTURE LAST
                VALUE   (LST)  VALUE       VALUE  FROM      YEAR
                                                  NORMAL
..................................................................
TEMPERATURE (F)
 TODAY
  MAXIMUM         86    323 PM  94    1941  83      3       81
  MINIMUM         66    556 AM  42    1961  64      2       67
  AVERAGE         76                        73      3       74

PRECIPITATION (IN)
  TODAY            0.00          2.10 1973   0.11  -0.11     0.59
  MONTH TO DATE    1.25                      3.33  -2.08     4.25
  SINCE MAR 1      6.61                     11.50  -4.89    15.02
  SINCE JAN 1     19.14                     20.37  -1.23    23.53

DEGREE DAYS
 HEATING
  TODAY            0                         0      0        0
  MONTH TO DATE   19                        24     -5        6
  SINCE MAR 1    284                       509   -225      298
  SINCE JUL 1   1999                      2764   -765     2656

 COOLING
  TODAY           11                         8      3        9
  MONTH TO DATE  170                       156     14      230
  SINCE MAR 1    282                       221     61      326
  SINCE JAN 1    282                       222     60      326
..................................................................


WIND (MPH)
  HIGHEST WIND SPEED    15   HIGHEST WIND DIRECTION     E (70)
  HIGHEST GUST SPEED    20   HIGHEST GUST DIRECTION     E (80)
  AVERAGE WIND SPEED     7.6


SKY COVER
  POSSIBLE SUNSHINE  MM
  AVERAGE SKY COVER 0.2


WEATHER CONDITIONS
 THE FOLLOWING WEATHER WAS RECORDED TODAY.
  NO SIGNIFICANT WEATHER WAS OBSERVED.


RELATIVE HUMIDITY (PERCENT)
 HIGHEST    78           500 AM
 LOWEST     31           300 PM
 AVERAGE    55

..........................................................


THE ATLANTA CLIMATE NORMALS FOR TOMORROW
                         NORMAL    RECORD    YEAR
 MAXIMUM TEMPERATURE (F)   83        97      1941
                                             1914
 MINIMUM TEMPERATURE (F)   64        49      1984


SUNRISE AND SUNSET
MAY 28 2016...........SUNRISE   630 AM EDT   SUNSET   841 PM EDT
MAY 29 2016...........SUNRISE   629 AM EDT   SUNSET   841 PM EDT


-  INDICATES NEGATIVE NUMBERS.
R  INDICATES RECORD WAS SET OR TIED.
MM INDICATES DATA IS MISSING.
T  INDICATES TRACE AMOUNT.




$$
