000
CDUS42 KFFC 230821
CLIATL


CLIMATE REPORT
NATIONAL WEATHER SERVICE PEACHTREE CITY GA
420 AM EDT WED AUG 23 2017


...................................

...THE ATLANTA CLIMATE SUMMARY FOR AUGUST 22 2017...

CLIMATE NORMAL PERIOD 1981 TO 2010
CLIMATE RECORD PERIOD 1878 TO 2017


WEATHER ITEM   OBSERVED TIME   RECORD YEAR NORMAL DEPARTURE LAST
                VALUE   (LST)  VALUE       VALUE  FROM      YEAR
                                                  NORMAL
..................................................................
TEMPERATURE (F)
 YESTERDAY
  MAXIMUM         93    346 PM 104    2007  88      5       89
  MINIMUM         74    636 AM  57    1930  71      3       71
  AVERAGE         84                        79      5       80

PRECIPITATION (IN)
  YESTERDAY        0.00          3.66 1901   0.14  -0.14     0.00
  MONTH TO DATE    4.24                      2.74   1.50     2.26
  SINCE JUN 1     14.63                     11.96   2.67     9.18
  SINCE JAN 1     37.71                     32.67   5.04    28.32

DEGREE DAYS
 HEATING
  YESTERDAY        0                         0      0        0
  MONTH TO DATE    0                         0      0        0
  SINCE JUN 1      0                         2     -2        0
  SINCE JUL 1      0                         0      0        0

 COOLING
  YESTERDAY       19                        14      5       15
  MONTH TO DATE  338                       325     13      397
  SINCE JUN 1   1204                      1167     37     1463
  SINCE JAN 1   1612                      1417    195     1792
..................................................................


WIND (MPH)
  RESULTANT WIND SPEED   4   RESULTANT WIND DIRECTION  SW (230)
  HIGHEST WIND SPEED    14   HIGHEST WIND DIRECTION    SW (230)
  HIGHEST GUST SPEED    18   HIGHEST GUST DIRECTION     S (190)
  AVERAGE WIND SPEED     5.3


SKY COVER
  AVERAGE SKY COVER 0.2


WEATHER CONDITIONS
 THE FOLLOWING WEATHER WAS RECORDED YESTERDAY.
  NO SIGNIFICANT WEATHER WAS OBSERVED.


RELATIVE HUMIDITY (PERCENT)
 HIGHEST    93           500 AM
 LOWEST     44           300 PM
 AVERAGE    69

..........................................................


THE ATLANTA CLIMATE NORMALS FOR TODAY
                         NORMAL    RECORD    YEAR
 MAXIMUM TEMPERATURE (F)   88        98      2007
 MINIMUM TEMPERATURE (F)   70        57      1931


SUNRISE AND SUNSET
AUGUST 23 2017........SUNRISE   706 AM EDT   SUNSET   814 PM EDT
AUGUST 24 2017........SUNRISE   706 AM EDT   SUNSET   813 PM EDT


-  INDICATES NEGATIVE NUMBERS.
R  INDICATES RECORD WAS SET OR TIED.
MM INDICATES DATA IS MISSING.
T  INDICATES TRACE AMOUNT.




$$
