000
CDUS42 KFFC 020822
CLIATL


CLIMATE REPORT
NATIONAL WEATHER SERVICE PEACHTREE CITY GA
422 AM EDT THU JUL 2 2015


...................................

...THE ATLANTA CLIMATE SUMMARY FOR JULY 1 2015...

CLIMATE NORMAL PERIOD 1981 TO 2010
CLIMATE RECORD PERIOD 1878 TO 2015


WEATHER ITEM   OBSERVED TIME   RECORD YEAR NORMAL DEPARTURE LAST
                VALUE   (LST)  VALUE       VALUE  FROM      YEAR
                                                  NORMAL
..................................................................
TEMPERATURE (F)
 YESTERDAY
  MAXIMUM         85    320 PM 105    2012  89     -4       90
  MINIMUM         69   1144 PM  59    1938  71     -2       71
                                      1937
  AVERAGE         77                        80     -3       81

PRECIPITATION (IN)
  YESTERDAY        0.61          2.96 2003   0.18   0.43     0.00
  MONTH TO DATE    0.61                      0.18   0.43     0.00
  SINCE JUN 1      7.52                      4.13   3.39     5.10
  SINCE JAN 1     31.24                     24.84   6.40    23.57

DEGREE DAYS
 HEATING
  YESTERDAY        0                         0      0        0
  MONTH TO DATE    0                         0      0        0
  SINCE JUN 1      0                         2     -2        0
  SINCE JUL 1      0                         0      0        0

 COOLING
  YESTERDAY       12                        15     -3       16
  MONTH TO DATE   12                        15     -3       16
  SINCE JUN 1    458                       386     72      421
  SINCE JAN 1    817                       636    181      704
..................................................................


WIND (MPH)
  RESULTANT WIND SPEED   6   RESULTANT WIND DIRECTION   W (250)
  HIGHEST WIND SPEED    18   HIGHEST WIND DIRECTION     W (290)
  HIGHEST GUST SPEED    28   HIGHEST GUST DIRECTION     W (290)
  AVERAGE WIND SPEED     7.3


SKY COVER
  AVERAGE SKY COVER 0.8


WEATHER CONDITIONS
 THE FOLLOWING WEATHER WAS RECORDED YESTERDAY.
  THUNDERSTORM
  HEAVY RAIN
  RAIN
  LIGHT RAIN
  FOG
  HAZE


RELATIVE HUMIDITY (PERCENT)
 HIGHEST    90           500 AM
 LOWEST     59           300 PM
 AVERAGE    75

..........................................................


THE ATLANTA CLIMATE NORMALS FOR TODAY
                         NORMAL    RECORD    YEAR
 MAXIMUM TEMPERATURE (F)   89        99      1954
 MINIMUM TEMPERATURE (F)   71        58      1937


SUNRISE AND SUNSET
JULY  2 2015..........SUNRISE   631 AM EDT   SUNSET   852 PM EDT
JULY  3 2015..........SUNRISE   632 AM EDT   SUNSET   852 PM EDT


-  INDICATES NEGATIVE NUMBERS.
R  INDICATES RECORD WAS SET OR TIED.
MM INDICATES DATA IS MISSING.
T  INDICATES TRACE AMOUNT.




$$
