000
CDUS42 KFFC 300819
CLIATL


CLIMATE REPORT
NATIONAL WEATHER SERVICE PEACHTREE CITY GA
418 AM EDT SUN APR 30 2017


...................................

...THE ATLANTA CLIMATE SUMMARY FOR APRIL 29 2017...

CLIMATE NORMAL PERIOD 1981 TO 2010
CLIMATE RECORD PERIOD 1878 TO 2017


WEATHER ITEM   OBSERVED TIME   RECORD YEAR NORMAL DEPARTURE LAST
                VALUE   (LST)  VALUE       VALUE  FROM      YEAR
                                                  NORMAL
..................................................................
TEMPERATURE (F)
 YESTERDAY
  MAXIMUM         87    402 PM  88    2016  76     11       88
                                      1894
  MINIMUM         69    631 AM  39    1992  55     14       63
  AVERAGE         78                        66     12       76

PRECIPITATION (IN)
  YESTERDAY        0.00          3.71 1937   0.11  -0.11     0.00
  MONTH TO DATE    5.75                      3.25   2.50     2.49
  SINCE MAR 1      8.43                      8.06   0.37     4.70
  SINCE JAN 1     18.48                     16.93   1.55    17.23

DEGREE DAYS
 HEATING
  YESTERDAY        0                         2     -2        0
  MONTH TO DATE   47                       141    -94       95
  SINCE MAR 1    310                       483   -173      265
  SINCE JUL 1   1666                      2738  -1072     1980

 COOLING
  YESTERDAY       13                         3     10       11
  MONTH TO DATE  128                        51     77       61
  SINCE MAR 1    173                        63    110       99
  SINCE JAN 1    178                        64    114       99
..................................................................


WIND (MPH)
  RESULTANT WIND SPEED   8   RESULTANT WIND DIRECTION   S (160)
  HIGHEST WIND SPEED    20   HIGHEST WIND DIRECTION     S (170)
  HIGHEST GUST SPEED    25   HIGHEST GUST DIRECTION     S (160)
  AVERAGE WIND SPEED     8.9


SKY COVER
  AVERAGE SKY COVER 0.7


WEATHER CONDITIONS
 THE FOLLOWING WEATHER WAS RECORDED YESTERDAY.
  NO SIGNIFICANT WEATHER WAS OBSERVED.


RELATIVE HUMIDITY (PERCENT)
 HIGHEST    90           600 AM
 LOWEST     48           500 PM
 AVERAGE    69

..........................................................


THE ATLANTA CLIMATE NORMALS FOR TODAY
                         NORMAL    RECORD    YEAR
 MAXIMUM TEMPERATURE (F)   76        89      1987
                                             1942
 MINIMUM TEMPERATURE (F)   56        40      1969
                                             1908


SUNRISE AND SUNSET
APRIL 30 2017.........SUNRISE   650 AM EDT   SUNSET   820 PM EDT
MAY  1 2017...........SUNRISE   649 AM EDT   SUNSET   821 PM EDT


-  INDICATES NEGATIVE NUMBERS.
R  INDICATES RECORD WAS SET OR TIED.
MM INDICATES DATA IS MISSING.
T  INDICATES TRACE AMOUNT.




$$
