000
CDUS44 KEWX 080756
CLIATT


CLIMATE REPORT
NATIONAL WEATHER SERVICE AUSTIN/SAN ANTONIO, TX
156 AM CST THU DEC 8 2016


...................................

...THE AUSTIN CAMP MABRY CLIMATE SUMMARY FOR DECEMBER 7 2016...

CLIMATE NORMAL PERIOD 1981 TO 2010
CLIMATE RECORD PERIOD 1897 TO 2016


WEATHER ITEM   OBSERVED TIME   RECORD YEAR NORMAL DEPARTURE LAST
                VALUE   (LST)  VALUE       VALUE  FROM      YEAR
                                                  NORMAL
..................................................................
TEMPERATURE (F)
 YESTERDAY
  MAXIMUM         56    349 PM  85    1924  64     -8       69
  MINIMUM         39    713 AM  16    1950  43     -4       44
  AVERAGE         48                        54     -6

PRECIPITATION (IN)
  YESTERDAY        0.00          2.56 1915   0.07  -0.07     0.00
  MONTH TO DATE    2.51                      0.53   1.98     0.00
  SINCE DEC 1      2.51                      0.53   1.98     0.00
  SINCE JAN 1     38.82                     32.45   6.37    56.96

SNOWFALL (IN)
  YESTERDAY        0.0
  MONTH TO DATE    0.0
  SINCE DEC 1      0.0
  SINCE JUL 1      0.0
  SNOW DEPTH       0

DEGREE DAYS
 HEATING
  YESTERDAY       17                        12      5        8
  MONTH TO DATE   93                        77     16       80
  SINCE DEC 1     93                        77     16       80
  SINCE JUL 1    153                       289   -136      240

 COOLING
  YESTERDAY        0                         0      0        0
  MONTH TO DATE    0                         6     -6        0
  SINCE DEC 1      0                         6     -6        0
  SINCE JAN 1   3450                      3132    318     3364
..................................................................


WIND (MPH)
  HIGHEST WIND SPEED    13   HIGHEST WIND DIRECTION     N (10)
  HIGHEST GUST SPEED    19   HIGHEST GUST DIRECTION     N (20)
  AVERAGE WIND SPEED     2.8


SKY COVER
  AVERAGE SKY COVER 0.7


WEATHER CONDITIONS
 THE FOLLOWING WEATHER WAS RECORDED YESTERDAY.
  FOG


RELATIVE HUMIDITY (PERCENT)
 HIGHEST   100           700 AM
 LOWEST     72           300 PM
 AVERAGE    86

..........................................................


THE AUSTIN CAMP MABRY CLIMATE NORMALS FOR TODAY
                         NORMAL    RECORD    YEAR
 MAXIMUM TEMPERATURE (F)   64        83      2007
 MINIMUM TEMPERATURE (F)   43        23      2005
                                             1927
                                             1917


SUNRISE AND SUNSET
DECEMBER  8 2016......SUNRISE   715 AM CST   SUNSET   530 PM CST
DECEMBER  9 2016......SUNRISE   716 AM CST   SUNSET   531 PM CST


-  INDICATES NEGATIVE NUMBERS.
R  INDICATES RECORD WAS SET OR TIED.
MM INDICATES DATA IS MISSING.
T  INDICATES TRACE AMOUNT.




$$
