000
CDUS44 KEWX 310817
CLIATT


CLIMATE REPORT
NATIONAL WEATHER SERVICE AUSTIN/SAN ANTONIO, TX
217 AM CST SAT JAN 31 2015


...................................

...THE AUSTIN CAMP MABRY CLIMATE SUMMARY FOR JANUARY 30 2015...

CLIMATE NORMAL PERIOD 1981 TO 2010
CLIMATE RECORD PERIOD 1897 TO 2015


WEATHER ITEM   OBSERVED TIME   RECORD YEAR NORMAL DEPARTURE LAST
                VALUE   (LST)  VALUE       VALUE  FROM      YEAR
                                                  NORMAL
..................................................................
TEMPERATURE (F)
 YESTERDAY
  MAXIMUM         58    412 PM  90    1971  63     -5       65
  MINIMUM         48   1020 AM   4    1949  42      6       31
  AVERAGE         53                        52      1

PRECIPITATION (IN)
  YESTERDAY        T             1.48 1964   0.07  -0.07     0.00
  MONTH TO DATE    4.71                      2.16   2.55     0.45
  SINCE DEC 1      5.77                      4.56   1.21     1.17
  SINCE JAN 1      4.71                      2.16   2.55     0.45

SNOWFALL (IN)
  YESTERDAY       MM
  MONTH TO DATE    T
  SINCE DEC 1      T
  SINCE JUL 1      T
  SNOW DEPTH       0

DEGREE DAYS
 HEATING
  YESTERDAY       12                        13     -1       17
  MONTH TO DATE  492                       412     80      441
  SINCE DEC 1    801                       812    -11      909
  SINCE JUL 1   1091                      1024     67     1183

 COOLING
  YESTERDAY        0                         0      0        0
  MONTH TO DATE    3                         0      3        0
  SINCE DEC 1     12                        13     -1       15
  SINCE JAN 1      3                         0      3        0
..................................................................


WIND (MPH)
  HIGHEST WIND SPEED    14   HIGHEST WIND DIRECTION     N (20)
  HIGHEST GUST SPEED    23   HIGHEST GUST DIRECTION     N (20)
  AVERAGE WIND SPEED     5.5


SKY COVER
  AVERAGE SKY COVER 0.6


WEATHER CONDITIONS
 THE FOLLOWING WEATHER WAS RECORDED YESTERDAY.
  LIGHT RAIN


RELATIVE HUMIDITY (PERCENT)
 HIGHEST    63          1000 PM
 LOWEST     40          1200 AM
 AVERAGE    52

..........................................................


THE AUSTIN CAMP MABRY CLIMATE NORMALS FOR TODAY
                         NORMAL    RECORD    YEAR
 MAXIMUM TEMPERATURE (F)   63        83      1911
 MINIMUM TEMPERATURE (F)   42        -2      1949


SUNRISE AND SUNSET
JANUARY 31 2015.......SUNRISE   722 AM CST   SUNSET   607 PM CST
FEBRUARY  1 2015......SUNRISE   722 AM CST   SUNSET   607 PM CST


-  INDICATES NEGATIVE NUMBERS.
R  INDICATES RECORD WAS SET OR TIED.
MM INDICATES DATA IS MISSING.
T  INDICATES TRACE AMOUNT.




$$
