000
CDUS44 KEWX 300702
CLIATT


CLIMATE REPORT
NATIONAL WEATHER SERVICE AUSTIN/SAN ANTONIO, TX
200 AM CDT WED JUL 30 2014


...................................

...THE AUSTIN CAMP MABRY CLIMATE SUMMARY FOR JULY 29 2014...

CLIMATE NORMAL PERIOD 1981 TO 2010
CLIMATE RECORD PERIOD 1898 TO 2014


WEATHER ITEM   OBSERVED TIME   RECORD YEAR NORMAL DEPARTURE LAST
                VALUE   (LST)  VALUE       VALUE  FROM      YEAR
                                                  NORMAL
..................................................................
TEMPERATURE (F)
 YESTERDAY
  MAXIMUM         97    335 PM 105    1925  97      0      101
  MINIMUM         76    622 AM  62    1903  75      1       78
  AVERAGE         87                        86      1

PRECIPITATION (IN)
  YESTERDAY        0.00          4.81 1903   0.06  -0.06     0.00
  MONTH TO DATE    5.58                      1.77   3.81     2.91
  SINCE JUN 1      8.66                      6.10   2.56     3.83
  SINCE JAN 1     19.74                     19.63   0.11    17.51

SNOWFALL (IN)
  YESTERDAY        0.0
  MONTH TO DATE    0.0
  SINCE JUN 1      0.0
  SINCE JUL 1      0.0
  SNOW DEPTH       0

DEGREE DAYS
 HEATING
  YESTERDAY        0                         0      0        0
  MONTH TO DATE    0                         0      0        0
  SINCE JUN 1      0                         0      0        0
  SINCE JUL 1      0                         0      0        0

 COOLING
  YESTERDAY       22                        21      1       25
  MONTH TO DATE  564                       578    -14      601
  SINCE JUN 1   1083                      1094    -11     1213
  SINCE JAN 1   1657                      1707    -50     1837
..................................................................


WIND (MPH)
  HIGHEST WIND SPEED    13   HIGHEST WIND DIRECTION    NE (50)
  HIGHEST GUST SPEED    23   HIGHEST GUST DIRECTION     E (80)
  AVERAGE WIND SPEED     4.0


SKY COVER
  AVERAGE SKY COVER 0.0


WEATHER CONDITIONS
 THE FOLLOWING WEATHER WAS RECORDED YESTERDAY.
  NO SIGNIFICANT WEATHER WAS OBSERVED.


RELATIVE HUMIDITY (PERCENT)
 HIGHEST    87           600 AM
 LOWEST     38           300 PM
 AVERAGE    63

..........................................................


THE AUSTIN CAMP MABRY CLIMATE NORMALS FOR TODAY
                         NORMAL    RECORD    YEAR
 MAXIMUM TEMPERATURE (F)   97       104      1957
                                             1925
                                             1923
 MINIMUM TEMPERATURE (F)   75        67      1900


SUNRISE AND SUNSET
JULY 30 2014..........SUNRISE   648 AM CDT   SUNSET   826 PM CDT
JULY 31 2014..........SUNRISE   649 AM CDT   SUNSET   825 PM CDT


-  INDICATES NEGATIVE NUMBERS.
R  INDICATES RECORD WAS SET OR TIED.
MM INDICATES DATA IS MISSING.
T  INDICATES TRACE AMOUNT.




$$
