000
CDUS44 KEWX 230708
CLIATT


CLIMATE REPORT
NATIONAL WEATHER SERVICE AUSTIN/SAN ANTONIO, TX
202 AM CDT SAT AUG 23 2014


...................................

...THE AUSTIN CAMP MABRY CLIMATE SUMMARY FOR AUGUST 22 2014...

CLIMATE NORMAL PERIOD 1981 TO 2010
CLIMATE RECORD PERIOD 1897 TO 2014


WEATHER ITEM   OBSERVED TIME   RECORD YEAR NORMAL DEPARTURE LAST
                VALUE   (LST)  VALUE       VALUE  FROM      YEAR
                                                  NORMAL
..................................................................
TEMPERATURE (F)
 YESTERDAY
  MAXIMUM        103    303 PM 105    2011  97      6      100
                                      1925
                                      1917
  MINIMUM         79    659 AM  60    1901  75      4       75
  AVERAGE         91                        86      5

PRECIPITATION (IN)
  YESTERDAY        0.00          1.00 1894   0.09  -0.09     0.00
  MONTH TO DATE    0.05                      1.47  -1.42     0.18
  SINCE JUN 1      8.71                      7.68   1.03     4.01
  SINCE JAN 1     19.79                     21.21  -1.42    17.69

SNOWFALL (IN)
  YESTERDAY        0.0
  MONTH TO DATE    0.0
  SINCE JUN 1      0.0
  SINCE JUL 1      0.0
  SNOW DEPTH       0

DEGREE DAYS
 HEATING
  YESTERDAY        0                         0      0        0
  MONTH TO DATE    0                         0      0        0
  SINCE JUN 1      0                         0      0        0
  SINCE JUL 1      0                         0      0        0

 COOLING
  YESTERDAY       26                        21      5       23
  MONTH TO DATE  489                       462     27      524
  SINCE JUN 1   1615                      1598     17     1785
  SINCE JAN 1   2189                      2211    -22     2409
..................................................................


WIND (MPH)
  HIGHEST WIND SPEED    15   HIGHEST WIND DIRECTION     S (160)
  HIGHEST GUST SPEED    23   HIGHEST GUST DIRECTION    SE (140)
  AVERAGE WIND SPEED     7.6


SKY COVER
  AVERAGE SKY COVER 0.2


WEATHER CONDITIONS
 THE FOLLOWING WEATHER WAS RECORDED YESTERDAY.
  NO SIGNIFICANT WEATHER WAS OBSERVED.


RELATIVE HUMIDITY (PERCENT)
 HIGHEST    85           600 AM
 LOWEST     25           300 PM
 AVERAGE    55

..........................................................


THE AUSTIN CAMP MABRY CLIMATE NORMALS FOR TODAY
                         NORMAL    RECORD    YEAR
 MAXIMUM TEMPERATURE (F)   97       106      2010
 MINIMUM TEMPERATURE (F)   75        64      1961
                                             1949


SUNRISE AND SUNSET
AUGUST 23 2014........SUNRISE   702 AM CDT   SUNSET   804 PM CDT
AUGUST 24 2014........SUNRISE   703 AM CDT   SUNSET   803 PM CDT


-  INDICATES NEGATIVE NUMBERS.
R  INDICATES RECORD WAS SET OR TIED.
MM INDICATES DATA IS MISSING.
T  INDICATES TRACE AMOUNT.




$$
