000
CDUS43 KABR 011027
CLIATY


CLIMATE REPORT
NATIONAL WEATHER SERVICE ABERDEEN SD
526 AM CDT WED OCT 1 2014


...................................

...THE WATERTOWN SD CLIMATE SUMMARY FOR SEPTEMBER 30 2014...

CLIMATE NORMAL PERIOD 1981 TO 2010
CLIMATE RECORD PERIOD 1898 TO 2014


WEATHER ITEM   OBSERVED TIME   RECORD YEAR NORMAL DEPARTURE LAST
                VALUE   (LST)  VALUE       VALUE  FROM      YEAR
                                                  NORMAL
..................................................................
TEMPERATURE (F)
 YESTERDAY
  MAXIMUM         64    528 PM  87    1976  64      0       80
                                      1932
  MINIMUM         47    747 AM  20    1939  41      6       52
  AVERAGE         56                        52      4       66

PRECIPITATION (IN)
  YESTERDAY        0.07          1.60 1995   0.07   0.00     0.00
  MONTH TO DATE    0.84                      2.64  -1.80     3.12
  SINCE SEP 1      0.84                      2.64  -1.80     3.12
  SINCE JAN 1     14.46                     18.87  -4.41    19.94

DEGREE DAYS
 HEATING
  YESTERDAY        9                        13     -4        0
  MONTH TO DATE  191                       219    -28       85
  SINCE SEP 1    191                       219    -28       85
  SINCE JUL 1    245                       276    -31      136

 COOLING
  YESTERDAY        0                         0      0        1
  MONTH TO DATE   36                        39     -3      104
  SINCE SEP 1     36                        39     -3      104
  SINCE JAN 1    369                       513   -144      618
..................................................................


WIND (MPH)
  HIGHEST WIND SPEED    30   HIGHEST WIND DIRECTION     S (160)
  HIGHEST GUST SPEED    43   HIGHEST GUST DIRECTION     S (160)
  AVERAGE WIND SPEED    16.6


SKY COVER
  POSSIBLE SUNSHINE  MM
  AVERAGE SKY COVER 0.9


WEATHER CONDITIONS
 THE FOLLOWING WEATHER WAS RECORDED YESTERDAY.
  LIGHT RAIN
  FOG


RELATIVE HUMIDITY (PERCENT)
 HIGHEST    93           400 AM
 LOWEST     78           500 PM
 AVERAGE    86

..........................................................


THE WATERTOWN SD CLIMATE NORMALS FOR TODAY
                         NORMAL    RECORD    YEAR
 MAXIMUM TEMPERATURE (F)   64        91      1951
 MINIMUM TEMPERATURE (F)   40        20      2003


SUNRISE AND SUNSET
OCTOBER  1 2014.......SUNRISE   727 AM CDT   SUNSET   709 PM CDT
OCTOBER  2 2014.......SUNRISE   728 AM CDT   SUNSET   707 PM CDT


-  INDICATES NEGATIVE NUMBERS.
R  INDICATES RECORD WAS SET OR TIED.
MM INDICATES DATA IS MISSING.
T  INDICATES TRACE AMOUNT.




$$
