000
CDUS43 KABR 011155
CLIATY


CLIMATE REPORT
NATIONAL WEATHER SERVICE ABERDEEN SD
655 AM CDT TUE SEP 1 2015


...................................

...THE WATERTOWN SD CLIMATE SUMMARY FOR AUGUST 31 2015...

CLIMATE NORMAL PERIOD 1981 TO 2010
CLIMATE RECORD PERIOD 1898 TO 2015


WEATHER ITEM   OBSERVED TIME   RECORD YEAR NORMAL DEPARTURE LAST
                VALUE   (LST)  VALUE       VALUE  FROM      YEAR
                                                  NORMAL
..................................................................
TEMPERATURE (F)
 YESTERDAY
  MAXIMUM         85    319 PM  94    1930  77      8       78
  MINIMUM         64    621 AM  38    1987  54     10       60
  AVERAGE         75                        65     10       69

PRECIPITATION (IN)
  YESTERDAY        0.00          0.98 1977   0.08  -0.08      T
  MONTH TO DATE    5.44                      2.78   2.66     2.90
  SINCE JUN 1     11.94                      9.38   2.56     8.75
  SINCE JAN 1     17.94                     16.23   1.71    13.62

DEGREE DAYS
 HEATING
  YESTERDAY        0                         3     -3        0
  MONTH TO DATE   49                        42      7       19
  SINCE JUN 1     89                       135    -46      117
  SINCE JUL 1     62                        57      5       54

 COOLING
  YESTERDAY       10                         3      7        4
  MONTH TO DATE  149                       150     -1      110
  SINCE JUN 1    469                       452     17      292
  SINCE JAN 1    477                       474      3      333
..................................................................


WIND (MPH)
  HIGHEST WIND SPEED    25   HIGHEST WIND DIRECTION    SW (210)
  HIGHEST GUST SPEED    30   HIGHEST GUST DIRECTION    SW (210)
  AVERAGE WIND SPEED    11.2


SKY COVER
  POSSIBLE SUNSHINE  MM
  AVERAGE SKY COVER 0.1


WEATHER CONDITIONS
 THE FOLLOWING WEATHER WAS RECORDED YESTERDAY.
  NO SIGNIFICANT WEATHER WAS OBSERVED.


RELATIVE HUMIDITY (PERCENT)
 HIGHEST    93          1200 AM
 LOWEST     51           100 PM
 AVERAGE    72

..........................................................


THE WATERTOWN SD CLIMATE NORMALS FOR TODAY
                         NORMAL    RECORD    YEAR
 MAXIMUM TEMPERATURE (F)   76        98      1983
                                             1913
 MINIMUM TEMPERATURE (F)   54        34      1946


SUNRISE AND SUNSET
SEPTEMBER  1 2015.....SUNRISE   650 AM CDT   SUNSET   806 PM CDT
SEPTEMBER  2 2015.....SUNRISE   652 AM CDT   SUNSET   804 PM CDT


-  INDICATES NEGATIVE NUMBERS.
R  INDICATES RECORD WAS SET OR TIED.
MM INDICATES DATA IS MISSING.
T  INDICATES TRACE AMOUNT.




$$
