000
CDUS43 KABR 291031
CLIATY


CLIMATE REPORT
NATIONAL WEATHER SERVICE ABERDEEN SD
530 AM CDT THU SEP 29 2016


...................................

...THE WATERTOWN SD CLIMATE SUMMARY FOR SEPTEMBER 28 2016...

CLIMATE NORMAL PERIOD 1981 TO 2010
CLIMATE RECORD PERIOD 1898 TO 2016


WEATHER ITEM   OBSERVED TIME   RECORD YEAR NORMAL DEPARTURE LAST
                VALUE   (LST)  VALUE       VALUE  FROM      YEAR
                                                  NORMAL
..................................................................
TEMPERATURE (F)
 YESTERDAY
  MAXIMUM         63    225 PM  87    2011  65     -2       73
                                      1922
  MINIMUM         36    629 AM  19    1942  42     -6       57
  AVERAGE         50                        53     -3       65

PRECIPITATION (IN)
  YESTERDAY        0.00          0.78 2013   0.08  -0.08     0.01
  MONTH TO DATE    2.06                      2.49  -0.43     0.27
  SINCE SEP 1      2.06                      2.49  -0.43     0.27
  SINCE JAN 1     18.70                     18.72  -0.02    18.21

DEGREE DAYS
 HEATING
  YESTERDAY       15                        12      3        0
  MONTH TO DATE   99                       194    -95       73
  SINCE SEP 1     99                       194    -95       73
  SINCE JUL 1    125                       251   -126      135

 COOLING
  YESTERDAY        0                         0      0        0
  MONTH TO DATE   36                        37     -1      106
  SINCE SEP 1     36                        37     -1      106
  SINCE JAN 1    721                       511    210      583
..................................................................


WIND (MPH)
  HIGHEST WIND SPEED    15   HIGHEST WIND DIRECTION    NE (30)
  HIGHEST GUST SPEED    19   HIGHEST GUST DIRECTION    NE (40)
  AVERAGE WIND SPEED     6.8


SKY COVER
  POSSIBLE SUNSHINE  MM
  AVERAGE SKY COVER 0.2


WEATHER CONDITIONS
 THE FOLLOWING WEATHER WAS RECORDED YESTERDAY.
  HAZE


RELATIVE HUMIDITY (PERCENT)
 HIGHEST    92           100 AM
 LOWEST     52           200 PM
 AVERAGE    72

..........................................................


THE WATERTOWN SD CLIMATE NORMALS FOR TODAY
                         NORMAL    RECORD    YEAR
 MAXIMUM TEMPERATURE (F)   65        87      1933
 MINIMUM TEMPERATURE (F)   41         9      1899


SUNRISE AND SUNSET
SEPTEMBER 29 2016.....SUNRISE   725 AM CDT   SUNSET   712 PM CDT
SEPTEMBER 30 2016.....SUNRISE   726 AM CDT   SUNSET   710 PM CDT


-  INDICATES NEGATIVE NUMBERS.
R  INDICATES RECORD WAS SET OR TIED.
MM INDICATES DATA IS MISSING.
T  INDICATES TRACE AMOUNT.




$$
