000
CDUS43 KABR 191042
CLIATY


CLIMATE REPORT
NATIONAL WEATHER SERVICE ABERDEEN SD
542 AM CDT SAT APR 19 2014


...................................

...THE WATERTOWN SD CLIMATE SUMMARY FOR APRIL 18 2014...

CLIMATE NORMAL PERIOD 1981 TO 2010
CLIMATE RECORD PERIOD 1898 TO 2014


WEATHER ITEM   OBSERVED TIME   RECORD YEAR NORMAL DEPARTURE LAST
                VALUE   (LST)  VALUE       VALUE  FROM      YEAR
                                                  NORMAL
..................................................................
TEMPERATURE (F)
 YESTERDAY
  MAXIMUM         62    432 PM  90    1985  57      5       30
  MINIMUM         32    429 AM  14    1988  33     -1       24
  AVERAGE         47                        45      2       27

PRECIPITATION (IN)
  YESTERDAY        0.00          1.30 1977   0.07  -0.07     0.09
  MONTH TO DATE    0.05                      1.08  -1.03     1.94
  SINCE MAR 1      1.02                      2.19  -1.17     3.15
  SINCE JAN 1      1.45                      3.27  -1.82     4.37

SNOWFALL (IN)
  YESTERDAY        0.0
  MONTH TO DATE    4.0
  SINCE OCT 1     28.2
  SINCE JUL 1     28.2
  SNOW DEPTH       0

DEGREE DAYS
 HEATING
  YESTERDAY       18                        20     -2       38
  MONTH TO DATE  509                       432     77      613
  SINCE MAR 1   1758                      1536    222     1991
  SINCE JUL 1   8724                      7947    777     8354

 COOLING
  YESTERDAY        0                         0      0        0
  MONTH TO DATE    0                         0      0        0
  SINCE MAR 1      0                         0      0        0
  SINCE JAN 1      0                         0      0        0
..................................................................


WIND (MPH)
  HIGHEST WIND SPEED    33   HIGHEST WIND DIRECTION     S (160)
  HIGHEST GUST SPEED    45   HIGHEST GUST DIRECTION     S (170)
  AVERAGE WIND SPEED    17.9


SKY COVER
  POSSIBLE SUNSHINE  MM
  AVERAGE SKY COVER 0.5


WEATHER CONDITIONS
 THE FOLLOWING WEATHER WAS RECORDED YESTERDAY.
  NO SIGNIFICANT WEATHER WAS OBSERVED.


RELATIVE HUMIDITY (PERCENT)
 HIGHEST    75           600 AM
 LOWEST     36           400 PM
 AVERAGE    56

..........................................................


THE WATERTOWN SD CLIMATE NORMALS FOR TODAY
                         NORMAL    RECORD    YEAR
 MAXIMUM TEMPERATURE (F)   58        86      1987
 MINIMUM TEMPERATURE (F)   34        11      1928


SUNRISE AND SUNSET
APRIL 19 2014.........SUNRISE   637 AM CDT   SUNSET   819 PM CDT
APRIL 20 2014.........SUNRISE   635 AM CDT   SUNSET   820 PM CDT


-  INDICATES NEGATIVE NUMBERS.
R  INDICATES RECORD WAS SET OR TIED.
MM INDICATES DATA IS MISSING.
T  INDICATES TRACE AMOUNT.




$$
