000
CDUS43 KABR 310908
CLIATY


CLIMATE REPORT
NATIONAL WEATHER SERVICE ABERDEEN SD
408 AM CDT SUN AUG 31 2014


...................................

...THE WATERTOWN SD CLIMATE SUMMARY FOR AUGUST 30 2014...

CLIMATE NORMAL PERIOD 1981 TO 2010
CLIMATE RECORD PERIOD 1898 TO 2014


WEATHER ITEM   OBSERVED TIME   RECORD YEAR NORMAL DEPARTURE LAST
                VALUE   (LST)  VALUE       VALUE  FROM      YEAR
                                                  NORMAL
..................................................................
TEMPERATURE (F)
 YESTERDAY
  MAXIMUM         70    505 PM  95    1930  77     -7       88
  MINIMUM         59   1106 PM  36    1915  54      5       61
  AVERAGE         65                        66     -1       75

PRECIPITATION (IN)
  YESTERDAY        0.00          2.51 1971   0.09  -0.09     0.00
  MONTH TO DATE    2.90                      2.70   0.20     0.53
  SINCE JUN 1      8.75                      9.30  -0.55     8.83
  SINCE JAN 1     13.62                     16.15  -2.53    16.82

DEGREE DAYS
 HEATING
  YESTERDAY        0                         3     -3        0
  MONTH TO DATE   19                        39    -20       19
  SINCE JUN 1    117                       134    -17      139
  SINCE JUL 1     54                        56     -2       51

 COOLING
  YESTERDAY        0                         3     -3       10
  MONTH TO DATE  106                       146    -40      194
  SINCE JUN 1    288                       448   -160      480
  SINCE JAN 1    329                       470   -141      502
..................................................................


WIND (MPH)
  HIGHEST WIND SPEED    15   HIGHEST WIND DIRECTION     N (350)
  HIGHEST GUST SPEED    19   HIGHEST GUST DIRECTION     N (350)
  AVERAGE WIND SPEED     7.6


SKY COVER
  POSSIBLE SUNSHINE  MM
  AVERAGE SKY COVER 0.7


WEATHER CONDITIONS
 THE FOLLOWING WEATHER WAS RECORDED YESTERDAY.
  FOG


RELATIVE HUMIDITY (PERCENT)
 HIGHEST    97           100 AM
 LOWEST     66           400 PM
 AVERAGE    82

..........................................................


THE WATERTOWN SD CLIMATE NORMALS FOR TODAY
                         NORMAL    RECORD    YEAR
 MAXIMUM TEMPERATURE (F)   77        94      1930
 MINIMUM TEMPERATURE (F)   54        38      1987


SUNRISE AND SUNSET
AUGUST 31 2014........SUNRISE   650 AM CDT   SUNSET   807 PM CDT
SEPTEMBER  1 2014.....SUNRISE   651 AM CDT   SUNSET   805 PM CDT


-  INDICATES NEGATIVE NUMBERS.
R  INDICATES RECORD WAS SET OR TIED.
MM INDICATES DATA IS MISSING.
T  INDICATES TRACE AMOUNT.




$$
