000
CDUS43 KABR 172330
CLIATY


CLIMATE REPORT
NATIONAL WEATHER SERVICE ABERDEEN SD
529 PM CST WED DEC 17 2014


...................................

...THE WATERTOWN SD CLIMATE SUMMARY FOR DECEMBER 17 2014...
VALID TODAY AS OF 0500 PM LOCAL TIME.

CLIMATE NORMAL PERIOD 1981 TO 2010
CLIMATE RECORD PERIOD 1898 TO 2014


WEATHER ITEM   OBSERVED TIME   RECORD YEAR NORMAL DEPARTURE LAST
                VALUE   (LST)  VALUE       VALUE  FROM      YEAR
                                                  NORMAL
..................................................................
TEMPERATURE (F)
 TODAY
  MAXIMUM         22    319 PM  58    1939  24     -2       32
  MINIMUM          0    833 AM -23    1914   6     -6       10
  AVERAGE         11                        15     -4       21

PRECIPITATION (IN)
  TODAY            0.00          0.55 1977   0.01  -0.01     0.00
  MONTH TO DATE    0.25                      0.30  -0.05     0.29
  SINCE DEC 1      0.25                      0.30  -0.05     0.29
  SINCE JAN 1     16.04                     21.85  -5.81    24.44

SNOWFALL (IN)
  TODAY            0.0
  MONTH TO DATE    1.0
  SINCE OCT 1     11.4
  SINCE JUL 1     11.4
  SNOW DEPTH       1

DEGREE DAYS
 HEATING
  TODAY           54                        50      4       44
  MONTH TO DATE  684                       802   -118      945
  SINCE DEC 1    684                       802   -118      945
  SINCE JUL 1   2765                      2742     23     2783

 COOLING
  TODAY            0                         0      0        0
  MONTH TO DATE    0                         0      0        0
  SINCE DEC 1      0                         0      0        0
  SINCE JAN 1    369                       515   -146      618
..................................................................


WIND (MPH)
  HIGHEST WIND SPEED     8   HIGHEST WIND DIRECTION    NE (30)
  HIGHEST GUST SPEED    10   HIGHEST GUST DIRECTION    NE (30)
  AVERAGE WIND SPEED     2.0


SKY COVER
  POSSIBLE SUNSHINE  MM
  AVERAGE SKY COVER 0.0


WEATHER CONDITIONS
 THE FOLLOWING WEATHER WAS RECORDED TODAY.
  FOG


RELATIVE HUMIDITY (PERCENT)
 HIGHEST    95           300 AM
 LOWEST     73           300 PM
 AVERAGE    84

..........................................................


THE WATERTOWN SD CLIMATE NORMALS FOR TOMORROW
                         NORMAL    RECORD    YEAR
 MAXIMUM TEMPERATURE (F)   24        56      1923
 MINIMUM TEMPERATURE (F)    6       -24      1983
                                             1955


SUNRISE AND SUNSET
DECEMBER 17 2014......SUNRISE   801 AM CST   SUNSET   448 PM CST
DECEMBER 18 2014......SUNRISE   802 AM CST   SUNSET   449 PM CST


-  INDICATES NEGATIVE NUMBERS.
R  INDICATES RECORD WAS SET OR TIED.
MM INDICATES DATA IS MISSING.
T  INDICATES TRACE AMOUNT.




$$
