000
CDUS43 KABR 252239
CLIATY


CLIMATE REPORT
NATIONAL WEATHER SERVICE ABERDEEN SD
537 PM CDT SUN JUN 25 2017


...................................

...THE WATERTOWN SD CLIMATE SUMMARY FOR JUNE 25 2017...
VALID TODAY AS OF 0500 PM LOCAL TIME.

CLIMATE NORMAL PERIOD 1981 TO 2010
CLIMATE RECORD PERIOD 1898 TO 2017


WEATHER ITEM   OBSERVED TIME   RECORD YEAR NORMAL DEPARTURE LAST
                VALUE   (LST)  VALUE       VALUE  FROM      YEAR
                                                  NORMAL
..................................................................
TEMPERATURE (F)
 TODAY
  MAXIMUM         67    232 PM 106    1936  80    -13       88
  MINIMUM         48    419 AM  37    1897  57     -9       62
  AVERAGE         58                        69    -11       75

PRECIPITATION (IN)
  TODAY            T             1.11 2000   0.12  -0.12     0.00
  MONTH TO DATE    3.70                      3.03   0.67     1.53
  SINCE JUN 1      3.70                      3.03   0.67     1.53
  SINCE JAN 1      8.65                      9.88  -1.23     7.18

SNOWFALL (IN)
  TODAY            0.0
  MONTH TO DATE    0.0
  SINCE OCT 1     40.7
  SINCE JUL 1     40.7
  SNOW DEPTH       0

DEGREE DAYS
 HEATING
  TODAY            7                         1      6        0
  MONTH TO DATE   33                        72    -39       23
  SINCE JUN 1     33                        72    -39       23
  SINCE JUL 1   7657                      8519   -862     6911

 COOLING
  TODAY            0                         5     -5       10
  MONTH TO DATE  101                        69     32      180
  SINCE JUN 1    101                        69     32      180
  SINCE JAN 1    112                        91     21      204
..................................................................


WIND (MPH)
  HIGHEST WIND SPEED    20   HIGHEST WIND DIRECTION     N (350)
  HIGHEST GUST SPEED    24   HIGHEST GUST DIRECTION     N (350)
  AVERAGE WIND SPEED    12.7


SKY COVER
  POSSIBLE SUNSHINE  MM
  AVERAGE SKY COVER 0.5


WEATHER CONDITIONS
 THE FOLLOWING WEATHER WAS RECORDED TODAY.
  LIGHT RAIN


RELATIVE HUMIDITY (PERCENT)
 HIGHEST    93           500 AM
 LOWEST     42           100 PM
 AVERAGE    68

..........................................................


THE WATERTOWN SD CLIMATE NORMALS FOR TOMORROW
                         NORMAL    RECORD    YEAR
 MAXIMUM TEMPERATURE (F)   80       106      1933
 MINIMUM TEMPERATURE (F)   58        37      1926


SUNRISE AND SUNSET
JUNE 25 2017..........SUNRISE   543 AM CDT   SUNSET   919 PM CDT
JUNE 26 2017..........SUNRISE   544 AM CDT   SUNSET   919 PM CDT


-  INDICATES NEGATIVE NUMBERS.
R  INDICATES RECORD WAS SET OR TIED.
MM INDICATES DATA IS MISSING.
T  INDICATES TRACE AMOUNT.




$$
