000
CDUS43 KABR 311035
CLIATY


CLIMATE REPORT
NATIONAL WEATHER SERVICE ABERDEEN SD
534 AM CDT FRI OCT 31 2014


...................................

...THE WATERTOWN SD CLIMATE SUMMARY FOR OCTOBER 30 2014...

CLIMATE NORMAL PERIOD 1981 TO 2010
CLIMATE RECORD PERIOD 1898 TO 2014


WEATHER ITEM   OBSERVED TIME   RECORD YEAR NORMAL DEPARTURE LAST
                VALUE   (LST)  VALUE       VALUE  FROM      YEAR
                                                  NORMAL
..................................................................
TEMPERATURE (F)
 YESTERDAY
  MAXIMUM         44    936 AM  85    1950  49     -5       39
  MINIMUM         23   1159 PM   3    1925  29     -6       32
  AVERAGE         34                        39     -5       36

PRECIPITATION (IN)
  YESTERDAY        0.00          1.91 1977   0.05  -0.05      T
  MONTH TO DATE    0.61                      1.88  -1.27     4.21
  SINCE SEP 1      1.45                      4.52  -3.07     7.33
  SINCE JAN 1     15.07                     20.75  -5.68    24.15

SNOWFALL (IN)
  YESTERDAY        0.0
  MONTH TO DATE    0.0
  SINCE OCT 1      0.0
  SINCE JUL 1      0.0
  SNOW DEPTH       0

DEGREE DAYS
 HEATING
  YESTERDAY       31                        26      5       29
  MONTH TO DATE  499                       582    -83      603
  SINCE SEP 1    690                       801   -111      688
  SINCE JUL 1    744                       858   -114      739

 COOLING
  YESTERDAY        0                         0      0        0
  MONTH TO DATE    0                         0      0        0
  SINCE SEP 1     36                        39     -3      104
  SINCE JAN 1    369                       513   -144      618
..................................................................


WIND (MPH)
  HIGHEST WIND SPEED    28   HIGHEST WIND DIRECTION     N (350)
  HIGHEST GUST SPEED    35   HIGHEST GUST DIRECTION     N (360)
  AVERAGE WIND SPEED    12.0


SKY COVER
  POSSIBLE SUNSHINE  MM
  AVERAGE SKY COVER 0.7


WEATHER CONDITIONS
 THE FOLLOWING WEATHER WAS RECORDED YESTERDAY.
  FOG


RELATIVE HUMIDITY (PERCENT)
 HIGHEST   100           700 AM
 LOWEST     63           800 PM
 AVERAGE    82

..........................................................


THE WATERTOWN SD CLIMATE NORMALS FOR TODAY
                         NORMAL    RECORD    YEAR
 MAXIMUM TEMPERATURE (F)   49        78      1933
 MINIMUM TEMPERATURE (F)   29        10      1930


SUNRISE AND SUNSET
OCTOBER 31 2014.......SUNRISE   806 AM CDT   SUNSET   618 PM CDT
NOVEMBER  1 2014......SUNRISE   807 AM CDT   SUNSET   617 PM CDT


-  INDICATES NEGATIVE NUMBERS.
R  INDICATES RECORD WAS SET OR TIED.
MM INDICATES DATA IS MISSING.
T  INDICATES TRACE AMOUNT.




$$
