846
CDUS41 KGYX 260802
CLIAUG


CLIMATE REPORT
NATIONAL WEATHER SERVICE GRAY ME
401 AM EDT WED APR 26 2017


...................................

...THE AUGUSTA CLIMATE SUMMARY FOR APRIL 25 2017...

CLIMATE NORMAL PERIOD 1981 TO 2010
CLIMATE RECORD PERIOD 1948 TO 2017


WEATHER ITEM   OBSERVED TIME   RECORD YEAR NORMAL DEPARTURE LAST
                VALUE   (LST)  VALUE       VALUE  FROM      YEAR
                                                  NORMAL
..................................................................
TEMPERATURE (F)
 YESTERDAY
  MAXIMUM         51        MM  78    2009  58     -7       59
  MINIMUM         39        MM  27    2004  38      1       32
  AVERAGE         45                        48     -3       46

PRECIPITATION (IN)
  YESTERDAY        0.17          2.02 1968   0.13   0.04     0.00
  MONTH TO DATE    2.75                      3.14  -0.39     2.63
  SINCE MAR 1      6.24                      6.51  -0.27     6.13
  SINCE JAN 1     12.72                     11.55   1.17    12.00

DEGREE DAYS
 HEATING
  YESTERDAY       20                        17      3       19
  MONTH TO DATE  504                       554    -50      564
  SINCE MAR 1   1696                      1580    116     1497
  SINCE JUL 1   6508                      6923   -415     6176

 COOLING
  YESTERDAY        0                         0      0        0
  MONTH TO DATE    0                         0      0        0
  SINCE MAR 1      0                         0      0        0
  SINCE JAN 1      0                         0      0        0
..................................................................


WIND (MPH)
  HIGHEST WIND SPEED    13   HIGHEST WIND DIRECTION     N (20)
  HIGHEST GUST SPEED    MM   HIGHEST GUST DIRECTION    MM
  AVERAGE WIND SPEED     6.8


SKY COVER
  AVERAGE SKY COVER 0.5


WEATHER CONDITIONS
 THE FOLLOWING WEATHER WAS RECORDED YESTERDAY.
  LIGHT RAIN
  FOG


RELATIVE HUMIDITY (PERCENT)
 HIGHEST    89          1100 PM
 LOWEST     43           700 AM
 AVERAGE    66

..........................................................


THE AUGUSTA CLIMATE NORMALS FOR TODAY
                         NORMAL    RECORD    YEAR
 MAXIMUM TEMPERATURE (F)   58        74      2009
 MINIMUM TEMPERATURE (F)   38        30      2016
                                             1966


SUNRISE AND SUNSET
APRIL 26 2017.........SUNRISE   537 AM EDT   SUNSET   737 PM EDT
APRIL 27 2017.........SUNRISE   536 AM EDT   SUNSET   739 PM EDT


-  INDICATES NEGATIVE NUMBERS.
R  INDICATES RECORD WAS SET OR TIED.
MM INDICATES DATA IS MISSING.
T  INDICATES TRACE AMOUNT.




$$
