000
CDUS41 KGYX 220806
CLIAUG


CLIMATE REPORT
NATIONAL WEATHER SERVICE GRAY ME
406 AM EDT SAT JUL 22 2017


...................................

...THE AUGUSTA CLIMATE SUMMARY FOR JULY 21 2017...

CLIMATE NORMAL PERIOD 1981 TO 2010
CLIMATE RECORD PERIOD 1948 TO 2017


WEATHER ITEM   OBSERVED TIME   RECORD YEAR NORMAL DEPARTURE LAST
                VALUE   (LST)  VALUE       VALUE  FROM      YEAR
                                                  NORMAL
..................................................................
TEMPERATURE (F)
 YESTERDAY
  MAXIMUM         86    341 PM  94    1994  80      6       83
  MINIMUM         64    425 AM  51    1966  60      4       59
  AVERAGE         75                        70      5       71

PRECIPITATION (IN)
  YESTERDAY        0.00          1.70 1981   0.11  -0.11      T
  MONTH TO DATE    1.09                      2.27  -1.18     1.36
  SINCE JUN 1      3.13                      5.83  -2.70     5.10
  SINCE JAN 1     22.08                     21.72   0.36    18.67

DEGREE DAYS
 HEATING
  YESTERDAY        0                         0      0        0
  MONTH TO DATE    7                        12     -5       21
  SINCE JUN 1     85                       106    -21       99
  SINCE JUL 1      7                        12     -5       21

 COOLING
  YESTERDAY       10                         5      5        6
  MONTH TO DATE  123                       100     23      109
  SINCE JUN 1    204                       164     40      144
  SINCE JAN 1    215                       173     42      159
..................................................................


WIND (MPH)
  HIGHEST WIND SPEED    13   HIGHEST WIND DIRECTION    SW (210)
  HIGHEST GUST SPEED    20   HIGHEST GUST DIRECTION    SW (230)
  AVERAGE WIND SPEED     5.1


SKY COVER
  AVERAGE SKY COVER 0.0


WEATHER CONDITIONS
 THE FOLLOWING WEATHER WAS RECORDED YESTERDAY.
  NO SIGNIFICANT WEATHER WAS OBSERVED.


RELATIVE HUMIDITY (PERCENT)
 HIGHEST   100           100 AM
 LOWEST     37           300 PM
 AVERAGE    69

..........................................................


THE AUGUSTA CLIMATE NORMALS FOR TODAY
                         NORMAL    RECORD    YEAR
 MAXIMUM TEMPERATURE (F)   80        95      2011
 MINIMUM TEMPERATURE (F)   60        50      1992


SUNRISE AND SUNSET
JULY 22 2017..........SUNRISE   516 AM EDT   SUNSET   815 PM EDT
JULY 23 2017..........SUNRISE   517 AM EDT   SUNSET   814 PM EDT


-  INDICATES NEGATIVE NUMBERS.
R  INDICATES RECORD WAS SET OR TIED.
MM INDICATES DATA IS MISSING.
T  INDICATES TRACE AMOUNT.




$$
