836
CDUS41 KGYX 160903
CLIAUG


CLIMATE REPORT
NATIONAL WEATHER SERVICE GRAY ME
403 AM EST MON JAN 16 2017


...................................

...THE AUGUSTA CLIMATE SUMMARY FOR JANUARY 15 2017...

CLIMATE NORMAL PERIOD 1981 TO 2010
CLIMATE RECORD PERIOD 1948 TO 2017


WEATHER ITEM   OBSERVED TIME   RECORD YEAR NORMAL DEPARTURE LAST
                VALUE   (LST)  VALUE       VALUE  FROM      YEAR
                                                  NORMAL
..................................................................
TEMPERATURE (F)
 YESTERDAY
  MAXIMUM         27   1254 PM  53    1995  27      0       25
  MINIMUM         15    622 AM -22    1957  11      4        8
  AVERAGE         21                        19      2       17

PRECIPITATION (IN)
  YESTERDAY        0.00          2.02 1999   0.08  -0.08     0.00
  MONTH TO DATE    1.38                      1.25   0.13     2.21
  SINCE DEC 1      5.35                      4.49   0.86     6.18
  SINCE JAN 1      1.38                      1.25   0.13     2.21

DEGREE DAYS
 HEATING
  YESTERDAY       44                        46     -2       48
  MONTH TO DATE  610                       681    -71      593
  SINCE DEC 1   1853                      1888    -35     1522
  SINCE JUL 1   3171                      3436   -265     2900

 COOLING
  YESTERDAY        0                         0      0        0
  MONTH TO DATE    0                         0      0        0
  SINCE DEC 1      0                         0      0        0
  SINCE JAN 1      0                         0      0        0
..................................................................


WIND (MPH)
  HIGHEST WIND SPEED    16   HIGHEST WIND DIRECTION    NW (310)
  HIGHEST GUST SPEED    23   HIGHEST GUST DIRECTION    NW (320)
  AVERAGE WIND SPEED     6.0


SKY COVER
  AVERAGE SKY COVER 0.4


WEATHER CONDITIONS
 THE FOLLOWING WEATHER WAS RECORDED YESTERDAY.
  NO SIGNIFICANT WEATHER WAS OBSERVED.


RELATIVE HUMIDITY (PERCENT)
 HIGHEST    61           500 AM
 LOWEST     36           300 PM
 AVERAGE    49

..........................................................


THE AUGUSTA CLIMATE NORMALS FOR TODAY
                         NORMAL    RECORD    YEAR
 MAXIMUM TEMPERATURE (F)   27        54      1995
 MINIMUM TEMPERATURE (F)   10       -16      1994


SUNRISE AND SUNSET
JANUARY 16 2017.......SUNRISE   711 AM EST   SUNSET   428 PM EST
JANUARY 17 2017.......SUNRISE   710 AM EST   SUNSET   429 PM EST


-  INDICATES NEGATIVE NUMBERS.
R  INDICATES RECORD WAS SET OR TIED.
MM INDICATES DATA IS MISSING.
T  INDICATES TRACE AMOUNT.




$$
