000
CDUS41 KGYX 040804
CLIAUG


CLIMATE REPORT
NATIONAL WEATHER SERVICE GRAY ME
404 AM EDT TUE AUG 4 2015


...................................

...THE AUGUSTA CLIMATE SUMMARY FOR AUGUST 3 2015...

CLIMATE NORMAL PERIOD 1981 TO 2010
CLIMATE RECORD PERIOD 1948 TO 2015


WEATHER ITEM   OBSERVED TIME   RECORD YEAR NORMAL DEPARTURE LAST
                VALUE   (LST)  VALUE       VALUE  FROM      YEAR
                                                  NORMAL
..................................................................
TEMPERATURE (F)
 YESTERDAY
  MAXIMUM         83    212 PM  MM      MM  80      3       74
  MINIMUM         61    455 AM  MM      MM  60      1       55
  AVERAGE         72                        70      2       65

PRECIPITATION (IN)
  YESTERDAY        0.18         MM      MM   0.12   0.06     0.00
  MONTH TO DATE    0.61                      0.35   0.26      T
  SINCE JUN 1      8.84                      7.33   1.51    11.28
  SINCE JAN 1     18.52                     23.22  -4.70    25.40

DEGREE DAYS
 HEATING
  YESTERDAY        0                         0      0        0
  MONTH TO DATE    0                         0      0        0
  SINCE JUN 1    169                       110     59       78
  SINCE JUL 1     18                        16      2        2

 COOLING
  YESTERDAY        7                         5      2        0
  MONTH TO DATE   18                        15      3        6
  SINCE JUN 1    178                       236    -58      230
  SINCE JAN 1    212                       245    -33      230
..................................................................


WIND (MPH)
  HIGHEST WIND SPEED    20   HIGHEST WIND DIRECTION     S (170)
  HIGHEST GUST SPEED    29   HIGHEST GUST DIRECTION     S (180)
  AVERAGE WIND SPEED     7.8


SKY COVER
  AVERAGE SKY COVER 0.1


WEATHER CONDITIONS
 THE FOLLOWING WEATHER WAS RECORDED YESTERDAY.
  THUNDERSTORM
  HEAVY RAIN
  LIGHT RAIN
  FOG


RELATIVE HUMIDITY (PERCENT)
 HIGHEST    97           400 AM
 LOWEST     51           500 PM
 AVERAGE    74

..........................................................


THE AUGUSTA CLIMATE NORMALS FOR TODAY
                         NORMAL
 MAXIMUM TEMPERATURE (F)   80
 MINIMUM TEMPERATURE (F)   60


SUNRISE AND SUNSET
AUGUST  4 2015........SUNRISE   529 AM EDT   SUNSET   800 PM EDT
AUGUST  5 2015........SUNRISE   531 AM EDT   SUNSET   759 PM EDT


-  INDICATES NEGATIVE NUMBERS.
R  INDICATES RECORD WAS SET OR TIED.
MM INDICATES DATA IS MISSING.
T  INDICATES TRACE AMOUNT.




$$
