000
CDUS41 KGYX 290924
CLIAUG


CLIMATE REPORT
NATIONAL WEATHER SERVICE GRAY ME
424 AM EST THU JAN 29 2015


...................................

...THE AUGUSTA CLIMATE SUMMARY FOR JANUARY 28 2015...

CLIMATE NORMAL PERIOD 1981 TO 2010
CLIMATE RECORD PERIOD 1948 TO 2015


WEATHER ITEM   OBSERVED TIME   RECORD YEAR NORMAL DEPARTURE LAST
                VALUE   (LST)  VALUE       VALUE  FROM      YEAR
                                                  NORMAL
..................................................................
TEMPERATURE (F)
 YESTERDAY
  MAXIMUM         23    208 PM  MM      MM  28     -5       17
  MINIMUM          8   1140 PM  MM      MM  11     -3        7
  AVERAGE         16                        19     -3       12

PRECIPITATION (IN)
  YESTERDAY        T            MM      MM   0.08  -0.08     0.00
  MONTH TO DATE    1.31                      2.36  -1.05     3.10
  SINCE DEC 1      5.79                      5.60   0.19     5.72
  SINCE JAN 1      1.31                      2.36  -1.05     3.10

DEGREE DAYS
 HEATING
  YESTERDAY       49                        46      3       53
  MONTH TO DATE 1356                      1279     77     1277
  SINCE DEC 1   2462                      2486    -24     2641
  SINCE JUL 1   3951                      4034    -83     4150

 COOLING
  YESTERDAY        0                         0      0        0
  MONTH TO DATE    0                         0      0        0
  SINCE DEC 1      0                         0      0        0
  SINCE JAN 1      0                         0      0        0
..................................................................


WIND (MPH)
  HIGHEST WIND SPEED    29   HIGHEST WIND DIRECTION     N (340)
  HIGHEST GUST SPEED    39   HIGHEST GUST DIRECTION     N (350)
  AVERAGE WIND SPEED    14.5


SKY COVER
  AVERAGE SKY COVER 0.5


WEATHER CONDITIONS
 THE FOLLOWING WEATHER WAS RECORDED YESTERDAY.
  LIGHT SNOW
  FOG
  HAZE
  BLOWING SNOW


RELATIVE HUMIDITY (PERCENT)
 HIGHEST    83          1200 AM
 LOWEST     53           900 PM
 AVERAGE    68

..........................................................


THE AUGUSTA CLIMATE NORMALS FOR TODAY
                         NORMAL
 MAXIMUM TEMPERATURE (F)   28
 MINIMUM TEMPERATURE (F)   11


SUNRISE AND SUNSET
JANUARY 29 2015.......SUNRISE   701 AM EST   SUNSET   444 PM EST
JANUARY 30 2015.......SUNRISE   700 AM EST   SUNSET   446 PM EST


-  INDICATES NEGATIVE NUMBERS.
R  INDICATES RECORD WAS SET OR TIED.
MM INDICATES DATA IS MISSING.
T  INDICATES TRACE AMOUNT.




$$
