000
CDUS41 KGYX 171015
CLIAUG


CLIMATE REPORT
NATIONAL WEATHER SERVICE GRAY ME
514 AM EST SUN DEC 17 2017


...................................

...THE AUGUSTA CLIMATE SUMMARY FOR DECEMBER 16 2017...

CLIMATE NORMAL PERIOD 1981 TO 2010
CLIMATE RECORD PERIOD 1948 TO 2017


WEATHER ITEM   OBSERVED TIME   RECORD YEAR NORMAL DEPARTURE LAST
                VALUE   (LST)  VALUE       VALUE  FROM      YEAR
                                                  NORMAL
..................................................................
TEMPERATURE (F)
 YESTERDAY
  MAXIMUM         28    313 PM  53    1982  33     -5        4
  MINIMUM         13    739 AM  -9    2016  18     -5       -9
  AVERAGE         21                        26     -5       -2

PRECIPITATION (IN)
  YESTERDAY        T             1.99 1960   0.10  -0.10     0.00
  MONTH TO DATE    1.46                      1.86  -0.40     1.82
  SINCE DEC 1      1.46                      1.86  -0.40     1.82
  SINCE JAN 1     39.07                     40.50  -1.43    33.10

DEGREE DAYS
 HEATING
  YESTERDAY       44                        39      5       67
  MONTH TO DATE  572                       579     -7      642
  SINCE DEC 1    572                       579     -7      642
  SINCE JUL 1   1808                      2127   -319     1960

 COOLING
  YESTERDAY        0                         0      0        0
  MONTH TO DATE    0                         0      0        0
  SINCE DEC 1      0                         0      0        0
  SINCE JAN 1    446                       388     58      530
..................................................................


WIND (MPH)
  HIGHEST WIND SPEED    17   HIGHEST WIND DIRECTION    NW (320)
  HIGHEST GUST SPEED    23   HIGHEST GUST DIRECTION    NW (320)
  AVERAGE WIND SPEED     5.8


SKY COVER
  AVERAGE SKY COVER 0.5


WEATHER CONDITIONS
 THE FOLLOWING WEATHER WAS RECORDED YESTERDAY.
  LIGHT SNOW
  FOG
  HAZE


RELATIVE HUMIDITY (PERCENT)
 HIGHEST    92           700 AM
 LOWEST     50           100 PM
 AVERAGE    71

..........................................................


THE AUGUSTA CLIMATE NORMALS FOR TODAY
                         NORMAL    RECORD    YEAR
 MAXIMUM TEMPERATURE (F)   33        60      2000
 MINIMUM TEMPERATURE (F)   18       -12      1951


SUNRISE AND SUNSET
DECEMBER 17 2017......SUNRISE   710 AM EST   SUNSET   401 PM EST
DECEMBER 18 2017......SUNRISE   710 AM EST   SUNSET   402 PM EST


-  INDICATES NEGATIVE NUMBERS.
R  INDICATES RECORD WAS SET OR TIED.
MM INDICATES DATA IS MISSING.
T  INDICATES TRACE AMOUNT.




$$
