000
CDUS41 KGYX 010802
CLIAUG


CLIMATE REPORT
NATIONAL WEATHER SERVICE GRAY ME
402 AM EDT WED OCT 1 2014


...................................

...THE AUGUSTA CLIMATE SUMMARY FOR SEPTEMBER 30 2014...

CLIMATE NORMAL PERIOD 1981 TO 2010
CLIMATE RECORD PERIOD 1948 TO 2014


WEATHER ITEM   OBSERVED TIME   NORMAL DEPARTURE LAST
                VALUE   (LST)  VALUE  FROM      YEAR
                                      NORMAL
......................................................
TEMPERATURE (F)
 YESTERDAY
  MAXIMUM         57    447 PM  64     -7       67
  MINIMUM         49    941 AM  45      4       46
  AVERAGE         53            54     -1       57

PRECIPITATION (IN)
  YESTERDAY        0.00          0.14  -0.14     0.00
  MONTH TO DATE    0.59          3.74  -3.15     7.51
  SINCE SEP 1      0.59          3.74  -3.15     7.51
  SINCE JAN 1     31.22         29.92   1.30    34.65

DEGREE DAYS
 HEATING
  YESTERDAY       12            11      1        8
  MONTH TO DATE  195           178     17      188
  SINCE SEP 1    195           178     17      188
  SINCE JUL 1    214           220     -6      201

 COOLING
  YESTERDAY        0             0      0        0
  MONTH TO DATE   53            30     23       37
  SINCE SEP 1     53            30     23       37
  SINCE JAN 1    367           387    -20      428
......................................................


WIND (MPH)
  HIGHEST WIND SPEED    15   HIGHEST WIND DIRECTION     N (360)
  HIGHEST GUST SPEED    17   HIGHEST GUST DIRECTION     N (360)
  AVERAGE WIND SPEED     6.7


SKY COVER
  AVERAGE SKY COVER 1.0


WEATHER CONDITIONS
 THE FOLLOWING WEATHER WAS RECORDED YESTERDAY.
  FOG


RELATIVE HUMIDITY (PERCENT)
 HIGHEST   100           500 AM
 LOWEST     72           300 PM
 AVERAGE    86

..........................................................


THE AUGUSTA CLIMATE NORMALS FOR TODAY
                         NORMAL
 MAXIMUM TEMPERATURE (F)   63
 MINIMUM TEMPERATURE (F)   45


SUNRISE AND SUNSET
OCTOBER  1 2014.......SUNRISE   637 AM EDT   SUNSET   620 PM EDT
OCTOBER  2 2014.......SUNRISE   638 AM EDT   SUNSET   618 PM EDT


-  INDICATES NEGATIVE NUMBERS.
R  INDICATES RECORD WAS SET OR TIED.
MM INDICATES DATA IS MISSING.
T  INDICATES TRACE AMOUNT.




$$
