000
CDUS41 KGYX 032145
CLIAUG


CLIMATE REPORT
NATIONAL WEATHER SERVICE GRAY ME
445 PM EST TUE MAR 3 2015


...................................

...THE AUGUSTA CLIMATE SUMMARY FOR MARCH 3 2015...
VALID TODAY AS OF 0400 PM LOCAL TIME.

CLIMATE NORMAL PERIOD 1981 TO 2010
CLIMATE RECORD PERIOD 1948 TO 2015


WEATHER ITEM   OBSERVED TIME   RECORD YEAR NORMAL DEPARTURE LAST
                VALUE   (LST)  VALUE       VALUE  FROM      YEAR
                                                  NORMAL
..................................................................
TEMPERATURE (F)
 TODAY
  MAXIMUM         28    259 PM  MM      MM  36     -8       21
  MINIMUM         10    632 AM  MM      MM  19     -9        5
  AVERAGE         19                        28     -9       13

PRECIPITATION (IN)
  TODAY            0.00         MM      MM   0.09  -0.09     0.00
  MONTH TO DATE    0.04                      0.28  -0.24      T
  SINCE MAR 1      0.04                      0.28  -0.24      T
  SINCE JAN 1      2.31                      5.32  -3.01     4.79

DEGREE DAYS
 HEATING
  TODAY           46                        37      9       52
  MONTH TO DATE  137                       113     24      148
  SINCE MAR 1    137                       113     24      148
  SINCE JUL 1   5764                      5456    308     5654

 COOLING
  TODAY            0                         0      0        0
  MONTH TO DATE    0                         0      0        0
  SINCE MAR 1      0                         0      0        0
  SINCE JAN 1      0                         0      0        0
..................................................................


WIND (MPH)
  HIGHEST WIND SPEED    25   HIGHEST WIND DIRECTION    NW (310)
  HIGHEST GUST SPEED    36   HIGHEST GUST DIRECTION    NW (310)
  AVERAGE WIND SPEED     9.4


SKY COVER
  AVERAGE SKY COVER 0.0


WEATHER CONDITIONS
 THE FOLLOWING WEATHER WAS RECORDED TODAY.
  NO SIGNIFICANT WEATHER WAS OBSERVED.


RELATIVE HUMIDITY (PERCENT)
 HIGHEST    46           400 AM
 LOWEST     21           200 PM
 AVERAGE    34

..........................................................


THE AUGUSTA CLIMATE NORMALS FOR TOMORROW
                         NORMAL
 MAXIMUM TEMPERATURE (F)   37
 MINIMUM TEMPERATURE (F)   19


SUNRISE AND SUNSET
MARCH  3 2015.........SUNRISE   613 AM EST   SUNSET   530 PM EST
MARCH  4 2015.........SUNRISE   612 AM EST   SUNSET   531 PM EST


-  INDICATES NEGATIVE NUMBERS.
R  INDICATES RECORD WAS SET OR TIED.
MM INDICATES DATA IS MISSING.
T  INDICATES TRACE AMOUNT.




$$
