000
CDUS41 KGYX 280655
CLIAUG


CLIMATE REPORT
NATIONAL WEATHER SERVICE GRAY ME
255 AM EDT MON JUL 28 2014


...................................

...THE AUGUSTA CLIMATE SUMMARY FOR JULY 27 2014...

CLIMATE NORMAL PERIOD 1981 TO 2010
CLIMATE RECORD PERIOD 1948 TO 2014


WEATHER ITEM   OBSERVED TIME   NORMAL DEPARTURE LAST
                VALUE   (LST)  VALUE  FROM      YEAR
                                      NORMAL
......................................................
TEMPERATURE (F)
 YESTERDAY
  MAXIMUM         76   1119 AM  80     -4       82
  MINIMUM         59    515 AM  60     -1       62
  AVERAGE         68            70     -2       72

PRECIPITATION (IN)
  YESTERDAY        0.33          0.11   0.22     0.00
  MONTH TO DATE    5.06          2.95   2.11     3.00
  SINCE JUN 1      9.97          6.51   3.46     9.81
  SINCE JAN 1     24.09         22.40   1.69    21.30

DEGREE DAYS
 HEATING
  YESTERDAY        0             0      0        0
  MONTH TO DATE    2            12    -10        6
  SINCE JUN 1     78           106    -28       84
  SINCE JUL 1      2            12    -10        6

 COOLING
  YESTERDAY        3             5     -2        7
  MONTH TO DATE  158           130     28      193
  SINCE JUN 1    217           194     23      270
  SINCE JAN 1    217           203     14      285
......................................................


WIND (MPH)
  HIGHEST WIND SPEED    16   HIGHEST WIND DIRECTION     S (170)
  HIGHEST GUST SPEED    25   HIGHEST GUST DIRECTION     S (190)
  AVERAGE WIND SPEED     6.4


SKY COVER
  AVERAGE SKY COVER 0.6


WEATHER CONDITIONS
 THE FOLLOWING WEATHER WAS RECORDED YESTERDAY.
  THUNDERSTORM
  RAIN
  LIGHT RAIN
  FOG
  FOG W/VISIBILITY <= 1/4 MILE


RELATIVE HUMIDITY (PERCENT)
 HIGHEST   100           200 AM
 LOWEST     69          1100 AM
 AVERAGE    85

..........................................................


THE AUGUSTA CLIMATE NORMALS FOR TODAY
                         NORMAL
 MAXIMUM TEMPERATURE (F)   80
 MINIMUM TEMPERATURE (F)   60


SUNRISE AND SUNSET
JULY 28 2014..........SUNRISE   522 AM EDT   SUNSET   809 PM EDT
JULY 29 2014..........SUNRISE   523 AM EDT   SUNSET   807 PM EDT


-  INDICATES NEGATIVE NUMBERS.
R  INDICATES RECORD WAS SET OR TIED.
MM INDICATES DATA IS MISSING.
T  INDICATES TRACE AMOUNT.




$$
