000
CDUS41 KGYX 250802
CLIAUG


CLIMATE REPORT
NATIONAL WEATHER SERVICE GRAY ME
402 AM EDT MON JUL 25 2016


...................................

...THE AUGUSTA CLIMATE SUMMARY FOR JULY 24 2016...

CLIMATE NORMAL PERIOD 1981 TO 2010
CLIMATE RECORD PERIOD 1948 TO 2016


WEATHER ITEM   OBSERVED TIME   RECORD YEAR NORMAL DEPARTURE LAST
                VALUE   (LST)  VALUE       VALUE  FROM      YEAR
                                                  NORMAL
..................................................................
TEMPERATURE (F)
 YESTERDAY
  MAXIMUM         83    442 PM  95    1987  80      3       75
  MINIMUM         64    519 AM  50    1981  60      4       59
  AVERAGE         74                        70      4       67

PRECIPITATION (IN)
  YESTERDAY        0.00          2.10 1976   0.11  -0.11      T
  MONTH TO DATE    1.46                      2.61  -1.15     1.51
  SINCE JUN 1      5.20                      6.17  -0.97     6.97
  SINCE JAN 1     18.77                     22.06  -3.29    16.65

DEGREE DAYS
 HEATING
  YESTERDAY        0                         0      0        0
  MONTH TO DATE   21                        12      9        9
  SINCE JUN 1     99                       106     -7      160
  SINCE JUL 1     21                        12      9        9

 COOLING
  YESTERDAY        9                         5      4        2
  MONTH TO DATE  140                       115     25       87
  SINCE JUN 1    175                       179     -4      120
  SINCE JAN 1    190                       188      2      154
..................................................................


WIND (MPH)
  HIGHEST WIND SPEED    15   HIGHEST WIND DIRECTION     N (350)
  HIGHEST GUST SPEED    19   HIGHEST GUST DIRECTION    NW (300)
  AVERAGE WIND SPEED     6.6


SKY COVER
  AVERAGE SKY COVER 0.1


WEATHER CONDITIONS
 THE FOLLOWING WEATHER WAS RECORDED YESTERDAY.
  NO SIGNIFICANT WEATHER WAS OBSERVED.


RELATIVE HUMIDITY (PERCENT)
 HIGHEST    87           300 AM
 LOWEST     36           100 PM
 AVERAGE    62

..........................................................


THE AUGUSTA CLIMATE NORMALS FOR TODAY
                         NORMAL    RECORD    YEAR
 MAXIMUM TEMPERATURE (F)   80        96      1963
 MINIMUM TEMPERATURE (F)   60        50      2002


SUNRISE AND SUNSET
JULY 25 2016..........SUNRISE   519 AM EDT   SUNSET   811 PM EDT
JULY 26 2016..........SUNRISE   520 AM EDT   SUNSET   810 PM EDT


-  INDICATES NEGATIVE NUMBERS.
R  INDICATES RECORD WAS SET OR TIED.
MM INDICATES DATA IS MISSING.
T  INDICATES TRACE AMOUNT.




$$
