000
CDUS41 KGYX 190911
CLIAUG


CLIMATE REPORT
NATIONAL WEATHER SERVICE GRAY ME
411 AM EST FRI DEC 19 2014


...................................

...THE AUGUSTA CLIMATE SUMMARY FOR DECEMBER 18 2014...

CLIMATE NORMAL PERIOD 1981 TO 2010
CLIMATE RECORD PERIOD 1948 TO 2014


WEATHER ITEM   OBSERVED TIME   RECORD YEAR NORMAL DEPARTURE LAST
                VALUE   (LST)  VALUE       VALUE  FROM      YEAR
                                                  NORMAL
..................................................................
TEMPERATURE (F)
 YESTERDAY
  MAXIMUM         35    400 PM  MM      MM  33      2       25
  MINIMUM         30   1159 PM  MM      MM  18     12        8
  AVERAGE         33                        25      8       17

PRECIPITATION (IN)
  YESTERDAY        0.15         MM      MM   0.09   0.06     0.01
  MONTH TO DATE    3.32                      2.05   1.27     1.31
  SINCE DEC 1      3.32                      2.05   1.27     1.31
  SINCE JAN 1     41.82                     40.69   1.13    41.04

DEGREE DAYS
 HEATING
  YESTERDAY       32                        40     -8       48
  MONTH TO DATE  656                       659     -3      785
  SINCE DEC 1    656                       659     -3      785
  SINCE JUL 1   2145                      2207    -62     2294

 COOLING
  YESTERDAY        0                         0      0        0
  MONTH TO DATE    0                         0      0        0
  SINCE DEC 1      0                         0      0        0
  SINCE JAN 1    371                       388    -17      428
..................................................................


WIND (MPH)
  HIGHEST WIND SPEED    16   HIGHEST WIND DIRECTION    NW (300)
  HIGHEST GUST SPEED    24   HIGHEST GUST DIRECTION    NW (300)
  AVERAGE WIND SPEED     8.0


SKY COVER
  AVERAGE SKY COVER 0.8


WEATHER CONDITIONS
 THE FOLLOWING WEATHER WAS RECORDED YESTERDAY.
  LIGHT SNOW
  FOG


RELATIVE HUMIDITY (PERCENT)
 HIGHEST   100           300 AM
 LOWEST     64           700 PM
 AVERAGE    82

..........................................................


THE AUGUSTA CLIMATE NORMALS FOR TODAY
                         NORMAL
 MAXIMUM TEMPERATURE (F)   32
 MINIMUM TEMPERATURE (F)   17


SUNRISE AND SUNSET
DECEMBER 19 2014......SUNRISE   711 AM EST   SUNSET   402 PM EST
DECEMBER 20 2014......SUNRISE   711 AM EST   SUNSET   402 PM EST


-  INDICATES NEGATIVE NUMBERS.
R  INDICATES RECORD WAS SET OR TIED.
MM INDICATES DATA IS MISSING.
T  INDICATES TRACE AMOUNT.




$$
