000
CDUS44 KEWX 252340
CLIAUS


CLIMATE REPORT
NATIONAL WEATHER SERVICE AUSTIN/SAN ANTONIO, TX
540 PM CST THU DEC 25 2014


...................................

...THE AUSTIN BERGSTROM CLIMATE SUMMARY FOR DECEMBER 25 2014...
VALID TODAY AS OF 0500 PM LOCAL TIME.

CLIMATE NORMAL PERIOD 1981 TO 2010
CLIMATE RECORD PERIOD 1943 TO 2014


WEATHER ITEM   OBSERVED TIME   RECORD YEAR NORMAL DEPARTURE LAST
                VALUE   (LST)  VALUE       VALUE  FROM      YEAR
                                                  NORMAL
..................................................................
TEMPERATURE (F)
 TODAY
  MAXIMUM         65    341 PM  91    1955  63      2       54
  MINIMUM         27    430 AM  11    1983  36     -9       31
  AVERAGE         46                        49     -3       43

PRECIPITATION (IN)
  TODAY            0.00          1.10 2000   0.07  -0.07      T
  MONTH TO DATE    1.85                      1.79   0.06     0.86
  SINCE DEC 1      1.85                      1.79   0.06     0.86
  SINCE JAN 1     29.20                     34.69  -5.49    37.04

SNOWFALL (IN)
  TODAY            0.0
  MONTH TO DATE    0.0
  SINCE DEC 1      0.0
  SINCE JUL 1      0.0
  SNOW DEPTH       0

DEGREE DAYS
 HEATING
  TODAY           19                        16      3       22
  MONTH TO DATE  248                       366   -118      427
  SINCE DEC 1    248                       366   -118      427
  SINCE JUL 1    586                       651    -65      752

 COOLING
  TODAY            0                         0      0        0
  MONTH TO DATE    4                         5     -1        5
  SINCE DEC 1      4                         5     -1        5
  SINCE JAN 1   2832                      2746     86     3045
..................................................................


WIND (MPH)
  HIGHEST WIND SPEED    29   HIGHEST WIND DIRECTION     S (170)
  HIGHEST GUST SPEED    36   HIGHEST GUST DIRECTION     S (170)
  AVERAGE WIND SPEED    10.4


SKY COVER
  AVERAGE SKY COVER 0.2


WEATHER CONDITIONS
 THE FOLLOWING WEATHER WAS RECORDED TODAY.
  NO SIGNIFICANT WEATHER WAS OBSERVED.


RELATIVE HUMIDITY (PERCENT)
 HIGHEST    92          1200 AM
 LOWEST     26           200 PM
 AVERAGE    59

..........................................................


THE AUSTIN BERGSTROM CLIMATE NORMALS FOR TOMORROW
                         NORMAL    RECORD    YEAR
 MAXIMUM TEMPERATURE (F)   62        81      2008
                                             2005
 MINIMUM TEMPERATURE (F)   36        18      1983


SUNRISE AND SUNSET
DECEMBER 25 2014......SUNRISE   725 AM CST   SUNSET   537 PM CST
DECEMBER 26 2014......SUNRISE   725 AM CST   SUNSET   538 PM CST


-  INDICATES NEGATIVE NUMBERS.
R  INDICATES RECORD WAS SET OR TIED.
MM INDICATES DATA IS MISSING.
T  INDICATES TRACE AMOUNT.




$$
