000
CDUS44 KEWX 252353
CLIAUS


CLIMATE REPORT
NATIONAL WEATHER SERVICE AUSTIN/SAN ANTONIO, TX
552 PM CST SAT FEB 25 2017


...................................

...THE AUSTIN BERGSTROM CLIMATE SUMMARY FOR FEBRUARY 25 2017...
VALID TODAY AS OF 552 PM LOCAL TIME.

CLIMATE NORMAL PERIOD 1981 TO 2010
CLIMATE RECORD PERIOD 1943 TO 2017


WEATHER ITEM   OBSERVED TIME   RECORD YEAR NORMAL DEPARTURE LAST
                VALUE   (LST)  VALUE       VALUE  FROM      YEAR
                                                  NORMAL
..................................................................
TEMPERATURE (F)
 TODAY
  MAXIMUM         63    324 PM  89    2008  67     -4       69
  MINIMUM         44    747 AM  23    2010  42      2       29
  AVERAGE         54                        54      0       49

PRECIPITATION (IN)
  TODAY            0.00          1.55 1952   0.08  -0.08     0.00
  MONTH TO DATE    2.65                      2.01   0.64     1.14
  SINCE DEC 1     10.41                      6.42   3.99     4.47
  SINCE JAN 1      7.30                      4.21   3.09     2.18

SNOWFALL (IN)
  TODAY            0.0
  MONTH TO DATE    0.0
  SINCE DEC 1      0.0
  SINCE JUL 1      0.0
  SNOW DEPTH       0

DEGREE DAYS
 HEATING
  TODAY           11                        11      0       16
  MONTH TO DATE  102                       339   -237      234
  SINCE DEC 1    766                      1296   -530     1028
  SINCE JUL 1    860                      1581   -721     1206

 COOLING
  TODAY            0                         1     -1        0
  MONTH TO DATE   68                         5     63       18
  SINCE DEC 1    132                        20    112       37
  SINCE JAN 1     90                        10     80       18
..................................................................


WIND (MPH)
  HIGHEST WIND SPEED    24   HIGHEST WIND DIRECTION     N (20)
  HIGHEST GUST SPEED    30   HIGHEST GUST DIRECTION    NE (30)
  AVERAGE WIND SPEED    15.0


SKY COVER
  AVERAGE SKY COVER 0.1


WEATHER CONDITIONS
 THE FOLLOWING WEATHER WAS RECORDED TODAY.
  NO SIGNIFICANT WEATHER WAS OBSERVED.


RELATIVE HUMIDITY (PERCENT)
 HIGHEST    58           800 AM
 LOWEST     27           200 PM
 AVERAGE    43

..........................................................


THE AUSTIN BERGSTROM CLIMATE NORMALS FOR TOMORROW
                         NORMAL    RECORD    YEAR
 MAXIMUM TEMPERATURE (F)   67        88      2009
 MINIMUM TEMPERATURE (F)   42        23      2002


SUNRISE AND SUNSET
FEBRUARY 25 2017......SUNRISE   701 AM CST   SUNSET   627 PM CST
FEBRUARY 26 2017......SUNRISE   700 AM CST   SUNSET   628 PM CST


-  INDICATES NEGATIVE NUMBERS.
R  INDICATES RECORD WAS SET OR TIED.
MM INDICATES DATA IS MISSING.
T  INDICATES TRACE AMOUNT.




$$
