000
CDUS44 KEWX 212343
CLIAUS


CLIMATE REPORT
NATIONAL WEATHER SERVICE AUSTIN/SAN ANTONIO, TX
543 PM CST SUN JAN 21 2018


...................................

...THE AUSTIN BERGSTROM CLIMATE SUMMARY FOR JANUARY 21 2018...
VALID TODAY AS OF 0500 PM LOCAL TIME.

CLIMATE NORMAL PERIOD 1981 TO 2010
CLIMATE RECORD PERIOD 1943 TO 2018


WEATHER ITEM   OBSERVED TIME   RECORD YEAR NORMAL DEPARTURE LAST
                VALUE   (LST)  VALUE       VALUE  FROM      YEAR
                                                  NORMAL
..................................................................
TEMPERATURE (F)
 TODAY
  MAXIMUM         72    333 PM  84    2017  62     10       84
  MINIMUM         55   1201 AM  17    1985  37     18       43
  AVERAGE         64                        49     15       64

PRECIPITATION (IN)
  TODAY            T             4.77 1965   0.07  -0.07      T
  MONTH TO DATE    0.19                      1.55  -1.36     4.65
  SINCE DEC 1      3.84                      3.76   0.08     7.76
  SINCE JAN 1      0.19                      1.55  -1.36     4.65

SNOWFALL (IN)
  TODAY            0.0
  MONTH TO DATE    T
  SINCE DEC 1      1.3
  SINCE JUL 1      1.3
  SNOW DEPTH       0

DEGREE DAYS
 HEATING
  TODAY            1                        16    -15        1
  MONTH TO DATE  426                       336     90      202
  SINCE DEC 1    880                       798     82      554
  SINCE JUL 1   1087                      1083      4      648

 COOLING
  TODAY            0                         0      0        0
  MONTH TO DATE    0                         0      0       22
  SINCE DEC 1     12                        10      2       64
  SINCE JAN 1      0                         0      0       22
..................................................................


WIND (MPH)
  HIGHEST WIND SPEED    24   HIGHEST WIND DIRECTION     S (180)
  HIGHEST GUST SPEED    31   HIGHEST GUST DIRECTION     S (170)
  AVERAGE WIND SPEED    12.3


SKY COVER
  AVERAGE SKY COVER 1.0


WEATHER CONDITIONS
 THE FOLLOWING WEATHER WAS RECORDED TODAY.
  LIGHT RAIN
  FOG


RELATIVE HUMIDITY (PERCENT)
 HIGHEST   100          1200 AM
 LOWEST     84           100 PM
 AVERAGE    92

..........................................................


THE AUSTIN BERGSTROM CLIMATE NORMALS FOR TOMORROW
                         NORMAL    RECORD    YEAR
 MAXIMUM TEMPERATURE (F)   62        83      1972
 MINIMUM TEMPERATURE (F)   37        20      2011


SUNRISE AND SUNSET
JANUARY 21 2018.......SUNRISE   726 AM CST   SUNSET   558 PM CST
JANUARY 22 2018.......SUNRISE   726 AM CST   SUNSET   559 PM CST


-  INDICATES NEGATIVE NUMBERS.
R  INDICATES RECORD WAS SET OR TIED.
MM INDICATES DATA IS MISSING.
T  INDICATES TRACE AMOUNT.




$$
