000
CDUS44 KEWX 272258
CLIAUS


CLIMATE REPORT
NATIONAL WEATHER SERVICE AUSTIN/SAN ANTONIO, TX
557 PM CDT WED MAY 27 2015


...................................

...THE AUSTIN BERGSTROM CLIMATE SUMMARY FOR MAY 27 2015...
VALID TODAY AS OF 557 PM LOCAL TIME.

CLIMATE NORMAL PERIOD 1981 TO 2010
CLIMATE RECORD PERIOD 1943 TO 2015


WEATHER ITEM   OBSERVED TIME   RECORD YEAR NORMAL DEPARTURE LAST
                VALUE   (LST)  VALUE       VALUE  FROM      YEAR
                                                  NORMAL
..................................................................
TEMPERATURE (F)
 TODAY
  MAXIMUM         86    359 PM 100    2011  89     -3       73
  MINIMUM         67    639 AM  59    1950  67      0       63
  AVERAGE         77                        78     -1       68

PRECIPITATION (IN)
  TODAY            0.20          1.78 2014   0.10   0.10     1.78
  MONTH TO DATE   12.21                      2.28   9.93     7.89
  SINCE MAR 1     18.60                      7.37  11.23    10.73
  SINCE JAN 1     24.34                     11.88  12.46    11.82

SNOWFALL (IN)
  TODAY            0.0
  MONTH TO DATE    0.0
  SINCE MAR 1      0.0
  SINCE JUL 1      T
  SNOW DEPTH       0

DEGREE DAYS
 HEATING
  TODAY            0                         0      0        0
  MONTH TO DATE    0                         0      0       13
  SINCE MAR 1    265                       285    -20      370
  SINCE JUL 1   1979                      1900     79     2187

 COOLING
  TODAY           12                        13     -1        3
  MONTH TO DATE  236                       267    -31      219
  SINCE MAR 1    442                       439      3      390
  SINCE JAN 1    444                       455    -11      407
..................................................................


WIND (MPH)
  HIGHEST WIND SPEED    18   HIGHEST WIND DIRECTION    SE (150)
  HIGHEST GUST SPEED    22   HIGHEST GUST DIRECTION     S (160)
  AVERAGE WIND SPEED     7.4


SKY COVER
  AVERAGE SKY COVER 0.9


WEATHER CONDITIONS
 THE FOLLOWING WEATHER WAS RECORDED TODAY.
  THUNDERSTORM
  RAIN
  LIGHT RAIN
  FOG


RELATIVE HUMIDITY (PERCENT)
 HIGHEST   100           200 AM
 LOWEST     61           400 PM
 AVERAGE    81

..........................................................


THE AUSTIN BERGSTROM CLIMATE NORMALS FOR TOMORROW
                         NORMAL    RECORD    YEAR
 MAXIMUM TEMPERATURE (F)   89       100      2011
 MINIMUM TEMPERATURE (F)   67        56      2003


SUNRISE AND SUNSET
MAY 27 2015...........SUNRISE   631 AM CDT   SUNSET   825 PM CDT
MAY 28 2015...........SUNRISE   631 AM CDT   SUNSET   825 PM CDT


-  INDICATES NEGATIVE NUMBERS.
R  INDICATES RECORD WAS SET OR TIED.
MM INDICATES DATA IS MISSING.
T  INDICATES TRACE AMOUNT.




$$
