000
CDUS44 KEWX 252301
CLIAUS


CLIMATE REPORT
NATIONAL WEATHER SERVICE AUSTIN/SAN ANTONIO, TX
601 PM CDT SUN SEP 25 2016


...................................

...THE AUSTIN BERGSTROM CLIMATE SUMMARY FOR SEPTEMBER 25 2016...
VALID TODAY AS OF 601 PM LOCAL TIME.

CLIMATE NORMAL PERIOD 1981 TO 2010
CLIMATE RECORD PERIOD 1943 TO 2016


WEATHER ITEM   OBSERVED TIME   RECORD YEAR NORMAL DEPARTURE LAST
                VALUE   (LST)  VALUE       VALUE  FROM      YEAR
                                                  NORMAL
..................................................................
TEMPERATURE (F)
 TODAY
  MAXIMUM         84   1256 PM 108    2005  88     -4       92
  MINIMUM         72    357 PM  50    2000  63      9       67
  AVERAGE         78                        75      3       80

PRECIPITATION (IN)
  TODAY            0.35          1.32 1980   0.09   0.26     1.15
  MONTH TO DATE    1.41                      2.16  -0.75     3.65
  SINCE SEP 1      1.41                      2.16  -0.75     3.65
  SINCE JAN 1     46.29                     24.87  21.42    33.18

SNOWFALL (IN)
  TODAY            0.0
  MONTH TO DATE    0.0
  SINCE SEP 1      0.0
  SINCE JUL 1      0.0
  SNOW DEPTH       0

DEGREE DAYS
 HEATING
  TODAY            0                         0      0        0
  MONTH TO DATE    0                         0      0        0
  SINCE SEP 1      0                         0      0        0
  SINCE JUL 1      0                         0      0        0

 COOLING
  TODAY           13                        10      3       15
  MONTH TO DATE  437                       339     98      406
  SINCE SEP 1    437                       339     98      406
  SINCE JAN 1   2694                      2479    215     2501
..................................................................


WIND (MPH)
  HIGHEST WIND SPEED    13   HIGHEST WIND DIRECTION     W (250)
  HIGHEST GUST SPEED    17   HIGHEST GUST DIRECTION     W (250)
  AVERAGE WIND SPEED     5.0


SKY COVER
  AVERAGE SKY COVER 0.9


WEATHER CONDITIONS
 THE FOLLOWING WEATHER WAS RECORDED TODAY.
  THUNDERSTORM
  HEAVY RAIN
  LIGHT RAIN
  FOG


RELATIVE HUMIDITY (PERCENT)
 HIGHEST   100          1200 AM
 LOWEST     74          1000 AM
 AVERAGE    87

..........................................................


THE AUSTIN BERGSTROM CLIMATE NORMALS FOR TOMORROW
                         NORMAL    RECORD    YEAR
 MAXIMUM TEMPERATURE (F)   88       107      2005
 MINIMUM TEMPERATURE (F)   62        47      2001
                                             2000


SUNRISE AND SUNSET
SEPTEMBER 25 2016.....SUNRISE   721 AM CDT   SUNSET   723 PM CDT
SEPTEMBER 26 2016.....SUNRISE   722 AM CDT   SUNSET   722 PM CDT


-  INDICATES NEGATIVE NUMBERS.
R  INDICATES RECORD WAS SET OR TIED.
MM INDICATES DATA IS MISSING.
T  INDICATES TRACE AMOUNT.




$$
