307
CDUS44 KEWX 062226
CLIAUS


CLIMATE REPORT
NATIONAL WEATHER SERVICE AUSTIN/SAN ANTONIO, TX
425 PM CST SAT FEB 6 2016


...................................

...THE AUSTIN BERGSTROM CLIMATE SUMMARY FOR FEBRUARY 6 2016...
VALID TODAY AS OF 425 PM LOCAL TIME.

CLIMATE NORMAL PERIOD 1981 TO 2010
CLIMATE RECORD PERIOD 1943 TO 2016


WEATHER ITEM   OBSERVED TIME   RECORD YEAR NORMAL DEPARTURE LAST
                VALUE   (LST)  VALUE       VALUE  FROM      YEAR
                                                  NORMAL
..................................................................
TEMPERATURE (F)
 TODAY
  MAXIMUM         61    337 PM  79    2009  63     -2       58
                                      1999
  MINIMUM         42    503 AM  21    1982  38      4       37
  AVERAGE         52                        51      1       48

PRECIPITATION (IN)
  TODAY            T             1.42 1970   0.08  -0.08     0.00
  MONTH TO DATE    T                         0.44  -0.44     0.28
  SINCE DEC 1      3.33                      4.85  -1.52     7.68
  SINCE JAN 1      1.04                      2.64  -1.60     5.56

SNOWFALL (IN)
  TODAY            0.0
  MONTH TO DATE    0.0
  SINCE DEC 1      T
  SINCE JUL 1      T
  SNOW DEPTH       0

DEGREE DAYS
 HEATING
  TODAY           13                        15     -2       17
  MONTH TO DATE   90                        90      0      106
  SINCE DEC 1    884                      1047   -163     1047
  SINCE JUL 1   1062                      1332   -270     1385

 COOLING
  TODAY            0                         0      0        0
  MONTH TO DATE    0                         0      0        0
  SINCE DEC 1     19                        15      4        4
  SINCE JAN 1      0                         5     -5        0
..................................................................


WIND (MPH)
  HIGHEST WIND SPEED    29   HIGHEST WIND DIRECTION     N (340)
  HIGHEST GUST SPEED    36   HIGHEST GUST DIRECTION     N (350)
  AVERAGE WIND SPEED    12.8


SKY COVER
  AVERAGE SKY COVER 0.2


WEATHER CONDITIONS
 THE FOLLOWING WEATHER WAS RECORDED TODAY.
  THUNDERSTORM
  LIGHT RAIN


RELATIVE HUMIDITY (PERCENT)
 HIGHEST    82           500 AM
 LOWEST     26           100 PM
 AVERAGE    54

..........................................................


THE AUSTIN BERGSTROM CLIMATE NORMALS FOR TOMORROW
                         NORMAL    RECORD    YEAR
 MAXIMUM TEMPERATURE (F)   64        84      1999
 MINIMUM TEMPERATURE (F)   38        19      1967


SUNRISE AND SUNSET
FEBRUARY  6 2016......SUNRISE   718 AM CST   SUNSET   611 PM CST
FEBRUARY  7 2016......SUNRISE   718 AM CST   SUNSET   612 PM CST


-  INDICATES NEGATIVE NUMBERS.
R  INDICATES RECORD WAS SET OR TIED.
MM INDICATES DATA IS MISSING.
T  INDICATES TRACE AMOUNT.




$$
