889
CDUS43 KGRB 220634
CLIAUW


CLIMATE REPORT
NATIONAL WEATHER SERVICE GREEN BAY
1234 AM CST WED NOV 22 2017


...................................

...THE WAUSAU WI CLIMATE SUMMARY FOR NOVEMBER 21 2017...

CLIMATE NORMAL PERIOD 1981 TO 2010
CLIMATE RECORD PERIOD 1896 TO 2017


WEATHER ITEM   OBSERVED TIME   RECORD YEAR NORMAL DEPARTURE LAST
                VALUE   (LST)  VALUE       VALUE  FROM      YEAR
                                                  NORMAL
..................................................................
TEMPERATURE (F)
 YESTERDAY
  MAXIMUM         41   1234 AM  64    1990  37      4       34
  MINIMUM         20   1159 PM  -2    2014  22     -2       21
  AVERAGE         31                        30      1

PRECIPITATION (IN)
  YESTERDAY        0.00          1.19 1934   0.07  -0.07     0.00
  MONTH TO DATE    1.18                      1.46  -0.28     0.07
  SINCE SEP 1      6.74                      8.30  -1.56     7.15
  SINCE JAN 1     36.06                     30.51   5.55    32.50

SNOWFALL (IN)
  YESTERDAY        0.0          10.0  1906   0.4   -0.4      0.0
  MONTH TO DATE    8.3                       3.9    4.4      0.1
  SINCE JUL 1      8.3                       5.3    3.0      0.1
  SNOW DEPTH       0

DEGREE DAYS
 HEATING
  YESTERDAY       34                        35     -1       37
  MONTH TO DATE  734                       635     99      436
  SINCE SEP 1   1349                      1453   -104      985
  SINCE JUL 1   1407                      1519   -112     1007

 COOLING
  YESTERDAY        0                         0      0        0
  MONTH TO DATE    0                         0      0        0
  SINCE SEP 1     67                        32     35       25
  SINCE JAN 1    339                       407    -68      512
..................................................................


WIND (MPH)
  HIGHEST WIND SPEED    29   HIGHEST WIND DIRECTION     W (290)
  HIGHEST GUST SPEED    39   HIGHEST GUST DIRECTION    NW (300)
  AVERAGE WIND SPEED    14.7


SKY COVER
  POSSIBLE SUNSHINE  MM
  AVERAGE SKY COVER 0.5


WEATHER CONDITIONS
 THE FOLLOWING WEATHER WAS RECORDED YESTERDAY.
  NO SIGNIFICANT WEATHER WAS OBSERVED.


RELATIVE HUMIDITY (PERCENT)
 HIGHEST    67           900 PM
 LOWEST     50          1000 AM
 AVERAGE    59

..........................................................


THE WAUSAU WI CLIMATE NORMALS FOR TODAY
                         NORMAL    RECORD    YEAR
 MAXIMUM TEMPERATURE (F)   36        62      2012
 MINIMUM TEMPERATURE (F)   22        -2      1929


SUNRISE AND SUNSET
NOVEMBER 22 2017......SUNRISE   706 AM CST   SUNSET   424 PM CST
NOVEMBER 23 2017......SUNRISE   707 AM CST   SUNSET   423 PM CST


-  INDICATES NEGATIVE NUMBERS.
R  INDICATES RECORD WAS SET OR TIED.
MM INDICATES DATA IS MISSING.
T  INDICATES TRACE AMOUNT.




$$
