000
CDUS43 KGRB 230643
CLIAUW


CLIMATE REPORT
NATIONAL WEATHER SERVICE GREEN BAY
142 AM CDT SUN APR 23 2017


...................................

...THE WAUSAU WI CLIMATE SUMMARY FOR APRIL 22 2017...

CLIMATE NORMAL PERIOD 1981 TO 2010
CLIMATE RECORD PERIOD 1896 TO 2017


WEATHER ITEM   OBSERVED TIME   RECORD YEAR NORMAL DEPARTURE LAST
                VALUE   (LST)  VALUE       VALUE  FROM      YEAR
                                                  NORMAL
..................................................................
TEMPERATURE (F)
 YESTERDAY
  MAXIMUM         64    347 PM  88    1980  58      6       62
  MINIMUM         29    522 AM  20    1986  36     -7       40
  AVERAGE         47                        47      0

PRECIPITATION (IN)
  YESTERDAY        0.00          1.13 1920   0.10  -0.10     0.00
  MONTH TO DATE    4.54                      1.89   2.65     1.15
  SINCE MAR 1      6.72                      3.65   3.07     6.10
  SINCE JAN 1     10.66                      5.59   5.07     7.53

SNOWFALL (IN)
  YESTERDAY        0.0           5.0  1963   0.1   -0.1      0.0
  MONTH TO DATE    0.4                       3.4   -3.0      5.8
  SINCE JUL 1     59.2                      58.7    0.5     43.4
  SNOW DEPTH       0

DEGREE DAYS
 HEATING
  YESTERDAY       18                        18      0       14
  MONTH TO DATE  405                       501    -96      464
  SINCE MAR 1   1490                      1586    -96     1272
  SINCE JUL 1   6716                      7722  -1006     6395

 COOLING
  YESTERDAY        0                         0      0        0
  MONTH TO DATE    0                         0      0        2
  SINCE MAR 1      0                         0      0        2
  SINCE JAN 1      0                         0      0        2
..................................................................


WIND (MPH)
  HIGHEST WIND SPEED    16   HIGHEST WIND DIRECTION     W (260)
  HIGHEST GUST SPEED    22   HIGHEST GUST DIRECTION     W (250)
  AVERAGE WIND SPEED     5.8


SKY COVER
  POSSIBLE SUNSHINE  MM
  AVERAGE SKY COVER 0.0


WEATHER CONDITIONS
 THE FOLLOWING WEATHER WAS RECORDED YESTERDAY.
  NO SIGNIFICANT WEATHER WAS OBSERVED.


RELATIVE HUMIDITY (PERCENT)
 HIGHEST    85           600 AM
 LOWEST     27          1200 PM
 AVERAGE    56

..........................................................


THE WAUSAU WI CLIMATE NORMALS FOR TODAY
                         NORMAL    RECORD    YEAR
 MAXIMUM TEMPERATURE (F)   59        83      1925
 MINIMUM TEMPERATURE (F)   37        20      1909


SUNRISE AND SUNSET
APRIL 23 2017.........SUNRISE   600 AM CDT   SUNSET   754 PM CDT
APRIL 24 2017.........SUNRISE   558 AM CDT   SUNSET   756 PM CDT


-  INDICATES NEGATIVE NUMBERS.
R  INDICATES RECORD WAS SET OR TIED.
MM INDICATES DATA IS MISSING.
T  INDICATES TRACE AMOUNT.




$$
