000
CDUS43 KGRB 270639
CLIAUW


CLIMATE REPORT
NATIONAL WEATHER SERVICE GREEN BAY
139 AM CDT FRI MAR 27 2015


...................................

...THE WAUSAU WI CLIMATE SUMMARY FOR MARCH 26 2015...

CLIMATE NORMAL PERIOD 1981 TO 2010
CLIMATE RECORD PERIOD 1896 TO 2015


WEATHER ITEM   OBSERVED TIME   RECORD YEAR NORMAL DEPARTURE LAST
                VALUE   (LST)  VALUE       VALUE  FROM      YEAR
                                                  NORMAL
..................................................................
TEMPERATURE (F)
 YESTERDAY
  MAXIMUM         34   1246 AM  77    2007  44    -10       30
  MINIMUM         15   1138 PM  -9    1996  25    -10        1
                                      1899
  AVERAGE         25                        34     -9

PRECIPITATION (IN)
  YESTERDAY        T             0.87 1950   0.06  -0.06      T
  MONTH TO DATE    0.54                      1.44  -0.90     0.35
  SINCE MAR 1      0.54                      1.44  -0.90     0.35
  SINCE JAN 1      1.29                      3.38  -2.09     3.29

SNOWFALL (IN)
  YESTERDAY        T             5.1  1926   0.2   -0.2       T
  MONTH TO DATE    4.5                       8.9   -4.4      5.4
  SINCE JUL 1     48.5                      54.2   -5.7     75.0
  SNOW DEPTH       1

DEGREE DAYS
 HEATING
  YESTERDAY       40                        31      9       49
  MONTH TO DATE  879                       938    -59     1191
  SINCE MAR 1    879                       938    -59     1191
  SINCE JUL 1   7459                      7074    385     8138

 COOLING
  YESTERDAY        0                         0      0        0
  MONTH TO DATE    0                         0      0        0
  SINCE MAR 1      0                         0      0        0
  SINCE JAN 1      0                         0      0        0
..................................................................


WIND (MPH)
  HIGHEST WIND SPEED    21   HIGHEST WIND DIRECTION    NW (320)
  HIGHEST GUST SPEED    31   HIGHEST GUST DIRECTION    NW (310)
  AVERAGE WIND SPEED    11.2


SKY COVER
  POSSIBLE SUNSHINE  MM
  AVERAGE SKY COVER 0.8


WEATHER CONDITIONS
 THE FOLLOWING WEATHER WAS RECORDED YESTERDAY.
  LIGHT SNOW


RELATIVE HUMIDITY (PERCENT)
 HIGHEST    69          1200 AM
 LOWEST     50           100 PM
 AVERAGE    60

..........................................................


THE WAUSAU WI CLIMATE NORMALS FOR TODAY
                         NORMAL    RECORD    YEAR
 MAXIMUM TEMPERATURE (F)   45        72      1946
                                             1910
 MINIMUM TEMPERATURE (F)   25        -5      1964


SUNRISE AND SUNSET
MARCH 27 2015.........SUNRISE   649 AM CDT   SUNSET   720 PM CDT
MARCH 28 2015.........SUNRISE   647 AM CDT   SUNSET   721 PM CDT


-  INDICATES NEGATIVE NUMBERS.
R  INDICATES RECORD WAS SET OR TIED.
MM INDICATES DATA IS MISSING.
T  INDICATES TRACE AMOUNT.




$$
