665
CDUS43 KGRB 240643
CLIAUW


CLIMATE REPORT
NATIONAL WEATHER SERVICE GREEN BAY
142 AM CDT FRI MAR 24 2017


...................................

...THE WAUSAU WI CLIMATE SUMMARY FOR MARCH 23 2017...

CLIMATE NORMAL PERIOD 1981 TO 2010
CLIMATE RECORD PERIOD 1896 TO 2017


WEATHER ITEM   OBSERVED TIME   RECORD YEAR NORMAL DEPARTURE LAST
                VALUE   (LST)  VALUE       VALUE  FROM      YEAR
                                                  NORMAL
..................................................................
TEMPERATURE (F)
 YESTERDAY
  MAXIMUM         41    200 PM  73    1910  43     -2       39
  MINIMUM         26    438 AM  -8    1940  23      3       28
                                      1906
  AVERAGE         34                        33      1

PRECIPITATION (IN)
  YESTERDAY        0.05          1.64 1979   0.06  -0.01     0.54
  MONTH TO DATE    1.20                      1.25  -0.05     3.69
  SINCE MAR 1      1.20                      1.25  -0.05     3.69
  SINCE JAN 1      5.14                      3.19   1.95     5.12

SNOWFALL (IN)
  YESTERDAY        0.0           7.0  2016   0.3   -0.3      7.0
  MONTH TO DATE    5.0                       8.2   -3.2      9.6
  SINCE JUL 1     58.8                      53.5    5.3     34.0
  SNOW DEPTH       0

DEGREE DAYS
 HEATING
  YESTERDAY       31                        32     -1       31
  MONTH TO DATE  874                       844     30      613
  SINCE MAR 1    874                       844     30      613
  SINCE JUL 1   6100                      6980   -880     5736

 COOLING
  YESTERDAY        0                         0      0        0
  MONTH TO DATE    0                         0      0        0
  SINCE MAR 1      0                         0      0        0
  SINCE JAN 1      0                         0      0        0
..................................................................


WIND (MPH)
  HIGHEST WIND SPEED    23   HIGHEST WIND DIRECTION     S (160)
  HIGHEST GUST SPEED    29   HIGHEST GUST DIRECTION     S (170)
  AVERAGE WIND SPEED    10.7


SKY COVER
  POSSIBLE SUNSHINE  MM
  AVERAGE SKY COVER 1.0


WEATHER CONDITIONS
 THE FOLLOWING WEATHER WAS RECORDED YESTERDAY.
  LIGHT RAIN
  FOG


RELATIVE HUMIDITY (PERCENT)
 HIGHEST    76          1100 PM
 LOWEST     41           200 PM
 AVERAGE    59

..........................................................


THE WAUSAU WI CLIMATE NORMALS FOR TODAY
                         NORMAL    RECORD    YEAR
 MAXIMUM TEMPERATURE (F)   43        75      1910
 MINIMUM TEMPERATURE (F)   24       -10      1974


SUNRISE AND SUNSET
MARCH 24 2017.........SUNRISE   654 AM CDT   SUNSET   716 PM CDT
MARCH 25 2017.........SUNRISE   652 AM CDT   SUNSET   718 PM CDT


-  INDICATES NEGATIVE NUMBERS.
R  INDICATES RECORD WAS SET OR TIED.
MM INDICATES DATA IS MISSING.
T  INDICATES TRACE AMOUNT.




$$
