000
CDUS43 KGRB 240640
CLIAUW


CLIMATE REPORT
NATIONAL WEATHER SERVICE GREEN BAY
1239 AM CST TUE JAN 24 2017


...................................

...THE WAUSAU WI CLIMATE SUMMARY FOR JANUARY 23 2017...

CLIMATE NORMAL PERIOD 1981 TO 2010
CLIMATE RECORD PERIOD 1896 TO 2017


WEATHER ITEM   OBSERVED TIME   RECORD YEAR NORMAL DEPARTURE LAST
                VALUE   (LST)  VALUE       VALUE  FROM      YEAR
                                                  NORMAL
..................................................................
TEMPERATURE (F)
 YESTERDAY
  MAXIMUM         36    229 PM  49    1942  23     13       29
  MINIMUM         33   1119 PM -34    1963   6     27        2
  AVERAGE         35                        14     21

PRECIPITATION (IN)
  YESTERDAY        0.00          0.60 1990   0.03  -0.03     0.00
  MONTH TO DATE    1.83                      0.77   1.06     0.61
  SINCE DEC 1      4.49                      2.13   2.36     5.56
  SINCE JAN 1      1.83                      0.77   1.06     0.61

SNOWFALL (IN)
  YESTERDAY        0.0           6.5  1990   0.5   -0.5      0.0
  MONTH TO DATE   11.8                      10.1    1.7      3.7
  SINCE JUL 1     39.0                      32.3    6.7     13.3
  SNOW DEPTH       8

DEGREE DAYS
 HEATING
  YESTERDAY       30                        51    -21       49
  MONTH TO DATE 1128                      1167    -39     1171
  SINCE DEC 1   2545                      2594    -49     2205
  SINCE JUL 1   3823                      4453   -630     3611

 COOLING
  YESTERDAY        0                         0      0        0
  MONTH TO DATE    0                         0      0        0
  SINCE DEC 1      0                         0      0        0
  SINCE JAN 1      0                         0      0        0
..................................................................


WIND (MPH)
  HIGHEST WIND SPEED     8   HIGHEST WIND DIRECTION     W (290)
  HIGHEST GUST SPEED    10   HIGHEST GUST DIRECTION     W (280)
  AVERAGE WIND SPEED     4.3


SKY COVER
  POSSIBLE SUNSHINE  MM
  AVERAGE SKY COVER 1.0


WEATHER CONDITIONS
 THE FOLLOWING WEATHER WAS RECORDED YESTERDAY.
  FOG


RELATIVE HUMIDITY (PERCENT)
 HIGHEST   100           100 AM
 LOWEST     92          1200 AM
 AVERAGE    96

..........................................................


THE WAUSAU WI CLIMATE NORMALS FOR TODAY
                         NORMAL    RECORD    YEAR
 MAXIMUM TEMPERATURE (F)   23        54      1942
 MINIMUM TEMPERATURE (F)    6       -33      1948


SUNRISE AND SUNSET
JANUARY 24 2017.......SUNRISE   726 AM CST   SUNSET   456 PM CST
JANUARY 25 2017.......SUNRISE   725 AM CST   SUNSET   457 PM CST


-  INDICATES NEGATIVE NUMBERS.
R  INDICATES RECORD WAS SET OR TIED.
MM INDICATES DATA IS MISSING.
T  INDICATES TRACE AMOUNT.




$$
