379
CDUS43 KGRB 220644
CLIAUW


CLIMATE REPORT
NATIONAL WEATHER SERVICE GREEN BAY
1243 AM CST WED FEB 22 2017


...................................

...THE WAUSAU WI CLIMATE SUMMARY FOR FEBRUARY 21 2017...

CLIMATE NORMAL PERIOD 1981 TO 2010
CLIMATE RECORD PERIOD 1896 TO 2017


WEATHER ITEM   OBSERVED TIME   RECORD YEAR NORMAL DEPARTURE LAST
                VALUE   (LST)  VALUE       VALUE  FROM      YEAR
                                                  NORMAL
..................................................................
TEMPERATURE (F)
 YESTERDAY
  MAXIMUM         54    338 PM  58    1930  30     24       36
  MINIMUM         37    821 AM -21    1963  12     25       29
                                      1936
  AVERAGE         46                        21     25

PRECIPITATION (IN)
  YESTERDAY        T             1.50 1937   0.03  -0.03      T
  MONTH TO DATE    0.88                      0.64   0.24     0.54
  SINCE DEC 1      5.88                      3.02   2.86     6.33
  SINCE JAN 1      3.22                      1.66   1.56     1.38

SNOWFALL (IN)
  YESTERDAY        0.0           8.0  1913   0.3   -0.3       T
  MONTH TO DATE    0.4                       7.1   -6.7      8.7
  SINCE JUL 1     46.5                      42.8    3.7     24.1
  SNOW DEPTH       0

DEGREE DAYS
 HEATING
  YESTERDAY       19                        44    -25       32
  MONTH TO DATE  843                       986   -143      938
  SINCE DEC 1   3713                      3977   -264     3446
  SINCE JUL 1   4991                      5836   -845     4852

 COOLING
  YESTERDAY        0                         0      0        0
  MONTH TO DATE    0                         0      0        0
  SINCE DEC 1      0                         0      0        0
  SINCE JAN 1      0                         0      0        0
..................................................................


WIND (MPH)
  HIGHEST WIND SPEED    20   HIGHEST WIND DIRECTION     W (270)
  HIGHEST GUST SPEED    27   HIGHEST GUST DIRECTION     W (270)
  AVERAGE WIND SPEED     9.3


SKY COVER
  POSSIBLE SUNSHINE  MM
  AVERAGE SKY COVER 0.5


WEATHER CONDITIONS
 THE FOLLOWING WEATHER WAS RECORDED YESTERDAY.
  LIGHT RAIN
  FOG
  FOG W/VISIBILITY <= 1/4 MILE


RELATIVE HUMIDITY (PERCENT)
 HIGHEST   100          1200 AM
 LOWEST     50           300 PM
 AVERAGE    75

..........................................................


THE WAUSAU WI CLIMATE NORMALS FOR TODAY
                         NORMAL    RECORD    YEAR
 MAXIMUM TEMPERATURE (F)   30        53      2000
                                             1984
                                             1930
 MINIMUM TEMPERATURE (F)   12       -23      1936


SUNRISE AND SUNSET
FEBRUARY 22 2017......SUNRISE   648 AM CST   SUNSET   537 PM CST
FEBRUARY 23 2017......SUNRISE   646 AM CST   SUNSET   538 PM CST


-  INDICATES NEGATIVE NUMBERS.
R  INDICATES RECORD WAS SET OR TIED.
MM INDICATES DATA IS MISSING.
T  INDICATES TRACE AMOUNT.




$$
