516
CDUS42 KGSP 260631
CLIAVL

CLIMATE REPORT
NATIONAL WEATHER SERVICE GREENVILLE-SPARTANBURG SC
230 AM EDT WED APR 26 2017


...................................

...THE ASHEVILLE NC CLIMATE SUMMARY FOR APRIL 25 2017...

CLIMATE NORMAL PERIOD 1981 TO 2010
CLIMATE RECORD PERIOD 1869 TO 2017


WEATHER ITEM   OBSERVED TIME   RECORD YEAR NORMAL DEPARTURE LAST
                VALUE   (LST)  VALUE       VALUE  FROM      YEAR
                                                  NORMAL
..................................................................
TEMPERATURE (F)
 YESTERDAY
  MAXIMUM         73    419 PM  88    1960  70      3       80
                                      1896
  MINIMUM         53    402 AM  32    1969  45      8       46
                                      1927
                                      1910
  AVERAGE         63                        58      5       63

PRECIPITATION (IN)
  YESTERDAY        0.01          2.06 1908   0.12  -0.11     0.00
  MONTH TO DATE    7.31                      2.77   4.54     1.26
  SINCE MAR 1     11.23                      6.60   4.63     2.82
  SINCE JAN 1     15.65                     14.03   1.62    11.80

SNOWFALL (IN)
  YESTERDAY        0.0           T    1910   0.0             0.0
  MONTH TO DATE    0.0                       0.7             0.0
  SINCE MAR 1      2.1                       2.6              T
  SINCE JUL 1      9.4                       9.9            13.9
  SNOW DEPTH       0

DEGREE DAYS
 HEATING
  YESTERDAY        2                         8     -6        2
  MONTH TO DATE  147                       267   -120      255
  SINCE MAR 1    654                       822   -168      616
  SINCE JUL 1   3048                      4039   -991     3363

 COOLING
  YESTERDAY        0                         0      0        0
  MONTH TO DATE   11                         0     11        0
  SINCE MAR 1     11                         1     10        0
  SINCE JAN 1     11                         1     10        0
..................................................................


WIND (MPH)
  HIGHEST WIND SPEED    21   HIGHEST WIND DIRECTION     N (340)
  HIGHEST GUST SPEED    27   HIGHEST GUST DIRECTION     N (340)
  AVERAGE WIND SPEED     9.1


SKY COVER
  POSSIBLE SUNSHINE  MM
  AVERAGE SKY COVER 0.6


WEATHER CONDITIONS
 THE FOLLOWING WEATHER WAS RECORDED YESTERDAY.
  LIGHT RAIN
  FOG


RELATIVE HUMIDITY (PERCENT)
 HIGHEST    93           400 AM
 LOWEST     47           200 PM
 AVERAGE    70

..........................................................


THE ASHEVILLE NC CLIMATE NORMALS FOR TODAY
                         NORMAL    RECORD    YEAR
 MAXIMUM TEMPERATURE (F)   70        86      1989
 MINIMUM TEMPERATURE (F)   46        30      1968


SUNRISE AND SUNSET
APRIL 26 2017.........SUNRISE   644 AM EDT   SUNSET   812 PM EDT
APRIL 27 2017.........SUNRISE   643 AM EDT   SUNSET   813 PM EDT


-  INDICATES NEGATIVE NUMBERS.
R  INDICATES RECORD WAS SET OR TIED.
MM INDICATES DATA IS MISSING.
T  INDICATES TRACE AMOUNT.




$$
