000
CDUS42 KGSP 280645 RRA
CLIAVL

CLIMATE REPORT
NATIONAL WEATHER SERVICE GREENVILLE-SPARTANBURG SC
145 AM EST SUN DEC 28 2014


...................................

...THE ASHEVILLE NC CLIMATE SUMMARY FOR DECEMBER 27 2014...

CLIMATE NORMAL PERIOD 1981 TO 2010
CLIMATE RECORD PERIOD 1869 TO 2014


WEATHER ITEM   OBSERVED TIME   RECORD YEAR NORMAL DEPARTURE LAST
                VALUE   (LST)  VALUE       VALUE  FROM      YEAR
                                                  NORMAL
..................................................................
TEMPERATURE (F)
 YESTERDAY
  MAXIMUM         63    131 PM  72    1971  48     15       50
  MINIMUM         34    213 AM   3    1925  28      6       22
  AVERAGE         49                        38     11       36

PRECIPITATION (IN)
  YESTERDAY        0.00          1.00 1875   0.11  -0.11     0.00
  MONTH TO DATE    2.02                      3.18  -1.16     6.67
  SINCE DEC 1      2.02                      3.18  -1.16     6.67
  SINCE JAN 1     46.53                     45.16   1.37    74.22

SNOWFALL (IN)
  YESTERDAY        0.0           2.0  1894   0.0             0.0
  MONTH TO DATE    T                         0.6             0.0
  SINCE DEC 1      T                         0.6             0.0
  SINCE JUL 1      3.2                       0.7             0.2
  SNOW DEPTH       0

DEGREE DAYS
 HEATING
  YESTERDAY       16                        27    -11       29
  MONTH TO DATE  561                       682   -121      589
  SINCE DEC 1    561                       682   -121      589
  SINCE JUL 1   1476                      1549    -73     1472

 COOLING
  YESTERDAY        0                         0      0        0
  MONTH TO DATE    0                         0      0        0
  SINCE DEC 1      0                         0      0        0
  SINCE JAN 1    919                       863     56      860
..................................................................


WIND (MPH)
  HIGHEST WIND SPEED    14   HIGHEST WIND DIRECTION     S (180)
  HIGHEST GUST SPEED    16   HIGHEST GUST DIRECTION     S (180)
  AVERAGE WIND SPEED     2.8


SKY COVER
  POSSIBLE SUNSHINE  MM
  AVERAGE SKY COVER 0.3


WEATHER CONDITIONS
 THE FOLLOWING WEATHER WAS RECORDED YESTERDAY.
  NO SIGNIFICANT WEATHER WAS OBSERVED.


RELATIVE HUMIDITY (PERCENT)
 HIGHEST    92           700 AM
 LOWEST     27           200 PM
 AVERAGE    60

..........................................................


THE ASHEVILLE NC CLIMATE NORMALS FOR TODAY
                         NORMAL    RECORD    YEAR
 MAXIMUM TEMPERATURE (F)   47        73      1889
 MINIMUM TEMPERATURE (F)   28         0      1925


SUNRISE AND SUNSET
DECEMBER 28 2014......SUNRISE   738 AM EST   SUNSET   525 PM EST
DECEMBER 29 2014......SUNRISE   739 AM EST   SUNSET   526 PM EST


-  INDICATES NEGATIVE NUMBERS.
R  INDICATES RECORD WAS SET OR TIED.
MM INDICATES DATA IS MISSING.
T  INDICATES TRACE AMOUNT.

$$
