000
CDUS42 KGSP 050632
CLIAVL

CLIMATE REPORT
NATIONAL WEATHER SERVICE GREENVILLE-SPARTANBURG SC
233 AM EDT SUN JUL 5 2015


...................................

...THE ASHEVILLE NC CLIMATE SUMMARY FOR JULY 4 2015...

CLIMATE NORMAL PERIOD 1981 TO 2010
CLIMATE RECORD PERIOD 1869 TO 2015


WEATHER ITEM   OBSERVED TIME   RECORD YEAR NORMAL DEPARTURE LAST
                VALUE   (LST)  VALUE       VALUE  FROM      YEAR
                                                  NORMAL
..................................................................
TEMPERATURE (F)
 YESTERDAY
  MAXIMUM         78    546 PM  97    1948  84     -6       78
  MINIMUM         65    612 AM  51    1986  63      2       61
  AVERAGE         72                        74     -2       70

PRECIPITATION (IN)
  YESTERDAY        0.21          2.09 2013   0.15   0.06     0.00
  MONTH TO DATE    0.34                      0.58  -0.24      T
  SINCE JUN 1      6.76                      5.23   1.53     5.39
  SINCE JAN 1     21.01                     23.48  -2.47    21.90

SNOWFALL (IN)
  YESTERDAY        0.0           0.0    MM   0.0             0.0
  MONTH TO DATE    0.0                       0.0             0.0
  SINCE JUN 1      0.0                       0.0             0.0
  SINCE JUL 1      0.0                       0.0             0.0
  SNOW DEPTH       0

DEGREE DAYS
 HEATING
  YESTERDAY        0                         0      0        0
  MONTH TO DATE    0                         0      0        0
  SINCE JUN 1      0                        14    -14        0
  SINCE JUL 1      0                         0      0        0

 COOLING
  YESTERDAY        7                         8     -1        5
  MONTH TO DATE   26                        32     -6       38
  SINCE JUN 1    289                       209     80      264
  SINCE JAN 1    411                       267    144      345
..................................................................


WIND (MPH)
  HIGHEST WIND SPEED    18   HIGHEST WIND DIRECTION     N (340)
  HIGHEST GUST SPEED    22   HIGHEST GUST DIRECTION    NW (330)
  AVERAGE WIND SPEED     2.8


SKY COVER
  POSSIBLE SUNSHINE  MM
  AVERAGE SKY COVER 0.8


WEATHER CONDITIONS
 THE FOLLOWING WEATHER WAS RECORDED YESTERDAY.
  HEAVY RAIN
  LIGHT RAIN
  FOG


RELATIVE HUMIDITY (PERCENT)
 HIGHEST    93           600 AM
 LOWEST     60           600 PM
 AVERAGE    77

..........................................................


THE ASHEVILLE NC CLIMATE NORMALS FOR TODAY
                         NORMAL    RECORD    YEAR
 MAXIMUM TEMPERATURE (F)   84        96      1948
 MINIMUM TEMPERATURE (F)   63        46      1967
                                             1933


SUNRISE AND SUNSET
JULY  5 2015..........SUNRISE   620 AM EDT   SUNSET   849 PM EDT
JULY  6 2015..........SUNRISE   621 AM EDT   SUNSET   849 PM EDT


-  INDICATES NEGATIVE NUMBERS.
R  INDICATES RECORD WAS SET OR TIED.
MM INDICATES DATA IS MISSING.
T  INDICATES TRACE AMOUNT.

$$

OUTLAW
