000
CDUS42 KGSP 240633
CLIAVL

CLIMATE REPORT
NATIONAL WEATHER SERVICE GREENVILLE-SPARTANBURG SC
232 AM EDT THU JUL 24 2014


...................................

...THE ASHEVILLE NC CLIMATE SUMMARY FOR JULY 23 2014...

CLIMATE NORMAL PERIOD 1981 TO 2010
CLIMATE RECORD PERIOD 1869 TO 2014


WEATHER ITEM   OBSERVED TIME   RECORD YEAR NORMAL DEPARTURE LAST
                VALUE   (LST)  VALUE       VALUE  FROM      YEAR
                                                  NORMAL
..................................................................
TEMPERATURE (F)
 YESTERDAY
  MAXIMUM         83   1239 PM  95    1983  84     -1       84
                                      1952
                                      1934
  MINIMUM         66    720 AM  50    1966  64      2       66
  AVERAGE         75                        74      1       75

PRECIPITATION (IN)
  YESTERDAY        T             1.65 1908   0.14  -0.14      T
  MONTH TO DATE    3.46                      3.21   0.25    11.74
  SINCE JUN 1      8.85                      7.86   0.99    20.71
  SINCE JAN 1     25.36                     26.11  -0.75    49.83

SNOWFALL (IN)
  YESTERDAY        0.0           0.0    MM   0.0             0.0
  MONTH TO DATE    0.0                       0.0             0.0
  SINCE JUN 1      0.0                       0.0             0.0
  SINCE JUL 1      0.0                       0.0             0.0
  SNOW DEPTH       0

DEGREE DAYS
 HEATING
  YESTERDAY        0                         0      0        0
  MONTH TO DATE    1                         0      1        0
  SINCE JUN 1      1                        14    -13        0
  SINCE JUL 1      1                         0      1        0

 COOLING
  YESTERDAY       10                         9      1       10
  MONTH TO DATE  159                       203    -44      209
  SINCE JUN 1    385                       380      5      411
  SINCE JAN 1    466                       438     28      462
..................................................................


WIND (MPH)
  HIGHEST WIND SPEED    15   HIGHEST WIND DIRECTION    NW (320)
  HIGHEST GUST SPEED    19   HIGHEST GUST DIRECTION    NW (330)
  AVERAGE WIND SPEED     4.7


SKY COVER
  POSSIBLE SUNSHINE  MM
  AVERAGE SKY COVER 0.8


WEATHER CONDITIONS
 THE FOLLOWING WEATHER WAS RECORDED YESTERDAY.
  THUNDERSTORM
  LIGHT RAIN
  FOG
  FOG W/VISIBILITY <= 1/4 MILE
  HAZE


RELATIVE HUMIDITY (PERCENT)
 HIGHEST   100           400 AM
 LOWEST     62          1200 PM
 AVERAGE    81

..........................................................


THE ASHEVILLE NC CLIMATE NORMALS FOR TODAY
                         NORMAL    RECORD    YEAR
 MAXIMUM TEMPERATURE (F)   84        96      1983
 MINIMUM TEMPERATURE (F)   64        52      1966
                                             1895


SUNRISE AND SUNSET
JULY 24 2014..........SUNRISE   633 AM EDT   SUNSET   840 PM EDT
JULY 25 2014..........SUNRISE   633 AM EDT   SUNSET   840 PM EDT


-  INDICATES NEGATIVE NUMBERS.
R  INDICATES RECORD WAS SET OR TIED.
MM INDICATES DATA IS MISSING.
T  INDICATES TRACE AMOUNT.




$$
