000
CDUS41 KBGM 210608
CLIAVP


CLIMATE REPORT
NATIONAL WEATHER SERVICE BINGHAMTON NY
207 AM EDT MON AUG 21 2017


...................................

...THE AVOCA PA CLIMATE SUMMARY FOR AUGUST 20 2017...

CLIMATE NORMAL PERIOD 1981 TO 2010
CLIMATE RECORD PERIOD 1901 TO 2017


WEATHER ITEM   OBSERVED TIME   RECORD YEAR NORMAL DEPARTURE LAST
                VALUE   (LST)  VALUE       VALUE  FROM      YEAR
                                                  NORMAL
..................................................................
TEMPERATURE (F)
 YESTERDAY
  MAXIMUM         81    534 PM  94    1983  80      1       87
                                      1937
  MINIMUM         62    630 AM  45    1998  59      3       62
                                      1944
  AVERAGE         72                        69      3       75

PRECIPITATION (IN)
  YESTERDAY        0.00          1.22 1997   0.10  -0.10     0.00
  MONTH TO DATE    1.55                      2.26  -0.71     2.16
  SINCE JUN 1     11.24                     10.08   1.16     7.83
  SINCE JAN 1     29.57                     23.88   5.69    20.65

SNOWFALL (IN)
  YESTERDAY        0.0           0.0  1995   0.0    0.0      0.0
  MONTH TO DATE    0.0                       0.0    0.0      0.0
  SINCE JUN 1      0.0                       0.0    0.0      0.0
  SINCE JUL 1      0.0                       0.0    0.0      0.0

DEGREE DAYS
 HEATING
  YESTERDAY        0                         1     -1        0
  MONTH TO DATE    2                         3     -1        0
  SINCE JUN 1     45                        65    -20       24
  SINCE JUL 1      2                        11     -9        0

 COOLING
  YESTERDAY        7                         5      2       10
  MONTH TO DATE  134                       115     19      225
  SINCE JUN 1    561                       438    123      718
  SINCE JAN 1    613                       475    138      790
..................................................................


WIND (MPH)
  HIGHEST WIND SPEED    14   HIGHEST WIND DIRECTION    NW (300)
  HIGHEST GUST SPEED    21   HIGHEST GUST DIRECTION     W (290)
  AVERAGE WIND SPEED     5.0


SKY COVER
  AVERAGE SKY COVER 0.4



RELATIVE HUMIDITY (PERCENT)
 HIGHEST   100          1200 AM
 LOWEST     49           400 PM
 AVERAGE    75

..........................................................


THE AVOCA PA CLIMATE NORMALS FOR TODAY
                         NORMAL    RECORD    YEAR
 MAXIMUM TEMPERATURE (F)   79        95      1916
 MINIMUM TEMPERATURE (F)   59        43      2000
                                             1908


SUNRISE AND SUNSET
AUGUST 21 2017........SUNRISE   618 AM EDT   SUNSET   753 PM EDT
AUGUST 22 2017........SUNRISE   619 AM EDT   SUNSET   751 PM EDT


-  INDICATES NEGATIVE NUMBERS.
R  INDICATES RECORD WAS SET OR TIED.
MM INDICATES DATA IS MISSING.
T  INDICATES TRACE AMOUNT.




$$
