000
CDUS41 KBGM 260550
CLIAVP


CLIMATE REPORT
NATIONAL WEATHER SERVICE BINGHAMTON NY
146 AM EDT SUN MAR 26 2017


...................................

...THE AVOCA PA CLIMATE SUMMARY FOR MARCH 25 2017...

CLIMATE NORMAL PERIOD 1981 TO 2010
CLIMATE RECORD PERIOD 1901 TO 2017


WEATHER ITEM   OBSERVED TIME   RECORD YEAR NORMAL DEPARTURE LAST
                VALUE   (LST)  VALUE       VALUE  FROM      YEAR
                                                  NORMAL
..................................................................
TEMPERATURE (F)
 YESTERDAY
  MAXIMUM         57   1234 PM  76    1913  50      7       66
                                      1910
  MINIMUM         40    707 AM  10    1974  31      9       34
                                      1960
                                      1906
  AVERAGE         49                        40      9       50

PRECIPITATION (IN)
  YESTERDAY        0.09          1.14 1909   0.09   0.00     0.03
  MONTH TO DATE    3.91                      1.99   1.92     1.37
  SINCE MAR 1      3.91                      1.99   1.92     1.37
  SINCE JAN 1     10.14                      6.39   3.75     7.17

SNOWFALL (IN)
  YESTERDAY        0.0           1.6  2002   0.2   -0.2      0.0
  MONTH TO DATE   30.6                       8.0   22.6      1.3
  SINCE MAR 1     30.6                       8.0   22.6      1.3
  SINCE JUL 1     55.4                      41.9   13.5     13.3

DEGREE DAYS
 HEATING
  YESTERDAY       16                        25     -9       15
  MONTH TO DATE  806                       730     76      519
  SINCE MAR 1    806                       730     76      519
  SINCE JUL 1   4561                      5336   -775     4089

 COOLING
  YESTERDAY        0                         0      0        0
  MONTH TO DATE    0                         0      0        0
  SINCE MAR 1      0                         0      0        0
  SINCE JAN 1      0                         0      0        0
..................................................................


WIND (MPH)
  HIGHEST WIND SPEED    18   HIGHEST WIND DIRECTION     N (340)
  HIGHEST GUST SPEED    23   HIGHEST GUST DIRECTION     N (340)
  AVERAGE WIND SPEED     4.5


SKY COVER
  AVERAGE SKY COVER 0.4



RELATIVE HUMIDITY (PERCENT)
 HIGHEST   100           700 PM
 LOWEST     61           100 PM
 AVERAGE    81

..........................................................


THE AVOCA PA CLIMATE NORMALS FOR TODAY
                         NORMAL    RECORD    YEAR
 MAXIMUM TEMPERATURE (F)   50        76      1945
                                             1919
 MINIMUM TEMPERATURE (F)   31         8      1960


SUNRISE AND SUNSET
MARCH 26 2017.........SUNRISE   656 AM EDT   SUNSET   722 PM EDT
MARCH 27 2017.........SUNRISE   654 AM EDT   SUNSET   723 PM EDT


-  INDICATES NEGATIVE NUMBERS.
R  INDICATES RECORD WAS SET OR TIED.
MM INDICATES DATA IS MISSING.
T  INDICATES TRACE AMOUNT.

$$
