000
CDUS41 KBGM 010834
CLIAVP


CLIMATE REPORT
NATIONAL WEATHER SERVICE BINGHAMTON NY
333 AM EST SUN MAR 1 2015


...................................

...THE AVOCA PA CLIMATE SUMMARY FOR FEBRUARY 28 2015...

CLIMATE NORMAL PERIOD 1981 TO 2010
CLIMATE RECORD PERIOD 1901 TO 2015


WEATHER ITEM   OBSERVED TIME   RECORD YEAR NORMAL DEPARTURE LAST
                VALUE   (LST)  VALUE       VALUE  FROM      YEAR
                                                  NORMAL
..................................................................
TEMPERATURE (F)
 YESTERDAY
  MAXIMUM         27    421 PM  64    1903  40    -13       20
  MINIMUM          1    649 AM  -6    1934  23    -22       -2
  AVERAGE         14                        32    -18        9

PRECIPITATION (IN)
  YESTERDAY        0.00          1.21 1958   0.07  -0.07     0.00
  MONTH TO DATE    1.13                      2.03  -0.90     2.77
  SINCE DEC 1      5.78                      7.08  -1.30     8.22
  SINCE JAN 1      3.00                      4.40  -1.40     4.88

SNOWFALL (IN)
  YESTERDAY        0.0           4.5  2005   0.3   -0.3      0.0
  MONTH TO DATE   13.4                       9.3    4.1     29.3
  SINCE DEC 1     33.0                      30.9    2.1     53.1
  SINCE JUL 1     41.9                      33.9    8.0     55.8

DEGREE DAYS
 HEATING
  YESTERDAY       51                        33     18       56
  MONTH TO DATE 1324                      1015    309     1152
  SINCE DEC 1   3507                      3293    214     3547
  SINCE JUL 1   4697                      4606     91     4823

 COOLING
  YESTERDAY        0                         0      0        0
  MONTH TO DATE    0                         0      0        0
  SINCE DEC 1      0                         0      0        0
  SINCE JAN 1      0                         0      0        0
..................................................................


WIND (MPH)
  HIGHEST WIND SPEED     9   HIGHEST WIND DIRECTION     E (100)
  HIGHEST GUST SPEED    12   HIGHEST GUST DIRECTION     W (290)
  AVERAGE WIND SPEED     2.2


SKY COVER
  AVERAGE SKY COVER 0.0



RELATIVE HUMIDITY (PERCENT)
 HIGHEST    75           700 AM
 LOWEST     32           400 PM
 AVERAGE    54

..........................................................


THE AVOCA PA CLIMATE NORMALS FOR TODAY
                         NORMAL    RECORD    YEAR
 MAXIMUM TEMPERATURE (F)   41        68      1972
 MINIMUM TEMPERATURE (F)   23         2      1980


SUNRISE AND SUNSET
MARCH  1 2015.........SUNRISE   638 AM EST   SUNSET   553 PM EST
MARCH  2 2015.........SUNRISE   636 AM EST   SUNSET   555 PM EST


-  INDICATES NEGATIVE NUMBERS.
R  INDICATES RECORD WAS SET OR TIED.
MM INDICATES DATA IS MISSING.
T  INDICATES TRACE AMOUNT.




$$

HEDEN
