000
CDUS41 KBGM 160545
CLIAVP


CLIMATE REPORT
NATIONAL WEATHER SERVICE BINGHAMTON NY
1244 AM EST SAT DEC 16 2017


...................................

...THE AVOCA PA CLIMATE SUMMARY FOR DECEMBER 15 2017...

CLIMATE NORMAL PERIOD 1981 TO 2010
CLIMATE RECORD PERIOD 1901 TO 2017


WEATHER ITEM   OBSERVED TIME   RECORD YEAR NORMAL DEPARTURE LAST
                VALUE   (LST)  VALUE       VALUE  FROM      YEAR
                                                  NORMAL
..................................................................
TEMPERATURE (F)
 YESTERDAY
  MAXIMUM         22    925 PM  60    1971  37    -15       25
  MINIMUM          8    706 AM   2    1904  24    -16       12
  AVERAGE         15                        31    -16       19

PRECIPITATION (IN)
  YESTERDAY        0.04          1.86 1901   0.08  -0.04      T
  MONTH TO DATE    0.74                      1.42  -0.68     0.97
  SINCE DEC 1      0.74                      1.42  -0.68     0.97
  SINCE JAN 1     36.57                     37.00  -0.43    30.21

SNOWFALL (IN)
  YESTERDAY        0.3           4.0  1989   0.2    0.1      0.5
  MONTH TO DATE    4.9                       2.7    2.2      4.3
  SINCE DEC 1      4.9                       2.7    2.2      4.3
  SINCE JUL 1      5.0                       5.7   -0.7     10.0

DEGREE DAYS
 HEATING
  YESTERDAY       50                        34     16       46
  MONTH TO DATE  497                       478     19      465
  SINCE DEC 1    497                       478     19      465
  SINCE JUL 1   1537                      1791   -254     1483

 COOLING
  YESTERDAY        0                         0      0        0
  MONTH TO DATE    0                         0      0        0
  SINCE DEC 1      0                         0      0        0
  SINCE JAN 1    804                       580    224      998
..................................................................


WIND (MPH)
  HIGHEST WIND SPEED    13   HIGHEST WIND DIRECTION    SW (240)
  HIGHEST GUST SPEED    17   HIGHEST GUST DIRECTION    SW (240)
  AVERAGE WIND SPEED     2.4


SKY COVER
  AVERAGE SKY COVER 0.6



RELATIVE HUMIDITY (PERCENT)
 HIGHEST    91           400 PM
 LOWEST     64          1200 AM
 AVERAGE    78

..........................................................


THE AVOCA PA CLIMATE NORMALS FOR TODAY
                         NORMAL    RECORD    YEAR
 MAXIMUM TEMPERATURE (F)   37        57      1971
 MINIMUM TEMPERATURE (F)   24         1      1917


SUNRISE AND SUNSET
DECEMBER 16 2017......SUNRISE   723 AM EST   SUNSET   435 PM EST
DECEMBER 17 2017......SUNRISE   723 AM EST   SUNSET   435 PM EST


-  INDICATES NEGATIVE NUMBERS.
R  INDICATES RECORD WAS SET OR TIED.
MM INDICATES DATA IS MISSING.
T  INDICATES TRACE AMOUNT.




$$
