000
CDUS41 KBGM 310556
CLIAVP


CLIMATE REPORT
NATIONAL WEATHER SERVICE BINGHAMTON NY
155 AM EDT TUE MAY 31 2016


...................................

...THE AVOCA PA CLIMATE SUMMARY FOR MAY 30 2016...

CLIMATE NORMAL PERIOD 1981 TO 2010
CLIMATE RECORD PERIOD 1901 TO 2016


WEATHER ITEM   OBSERVED TIME   RECORD YEAR NORMAL DEPARTURE LAST
                VALUE   (LST)  VALUE       VALUE  FROM      YEAR
                                                  NORMAL
..................................................................
TEMPERATURE (F)
 YESTERDAY
  MAXIMUM         86    318 PM  93    2006  73     13       86
  MINIMUM         63   1159 PM  37    1996  52     11       67
  AVERAGE         75                        63     12       77

PRECIPITATION (IN)
  YESTERDAY        0.22          0.84 1972   0.13   0.09     0.11
  MONTH TO DATE    2.55                      3.40  -0.85     1.36
  SINCE MAR 1      7.02                      9.28  -2.26     6.20
  SINCE JAN 1     12.82                     13.68  -0.86     9.20

SNOWFALL (IN)
  YESTERDAY        0.0           0.0    MM   0.0    0.0      0.0
  MONTH TO DATE    0.0                       0.3   -0.3      0.0
  SINCE MAR 1      3.5                      12.6   -9.1      9.0
  SINCE JUL 1     15.5                      46.5  -31.0     51.4

DEGREE DAYS
 HEATING
  YESTERDAY        0                         4     -4        0
  MONTH TO DATE  231                       224      7      100
  SINCE MAR 1   1372                      1591   -219     1547
  SINCE JUL 1   4942                      6197  -1255     6244

 COOLING
  YESTERDAY       10                         2      8       12
  MONTH TO DATE   63                        29     34      142
  SINCE MAR 1     64                        35     29      142
  SINCE JAN 1     64                        35     29      142
..................................................................


WIND (MPH)
  HIGHEST WIND SPEED    14   HIGHEST WIND DIRECTION    NW (300)
  HIGHEST GUST SPEED    18   HIGHEST GUST DIRECTION    NW (310)
  AVERAGE WIND SPEED     3.4


SKY COVER
  AVERAGE SKY COVER 0.5



RELATIVE HUMIDITY (PERCENT)
 HIGHEST   100           600 AM
 LOWEST     40           300 PM
 AVERAGE    70

..........................................................


THE AVOCA PA CLIMATE NORMALS FOR TODAY
                         NORMAL    RECORD    YEAR
 MAXIMUM TEMPERATURE (F)   74        91      2011
                                             1939
 MINIMUM TEMPERATURE (F)   52        36      1996


SUNRISE AND SUNSET
MAY 31 2016...........SUNRISE   532 AM EDT   SUNSET   830 PM EDT
JUNE  1 2016..........SUNRISE   532 AM EDT   SUNSET   830 PM EDT


-  INDICATES NEGATIVE NUMBERS.
R  INDICATES RECORD WAS SET OR TIED.
MM INDICATES DATA IS MISSING.
T  INDICATES TRACE AMOUNT.




$$
