000
CDUS43 KGRR 281337
CLIAZO


CLIMATE REPORT
NATIONAL WEATHER SERVICE GRAND RAPIDS, MI
935 AM EDT SUN AUG 28 2016


...................................

...THE KALAMAZOO MI CLIMATE SUMMARY FOR AUGUST 28 2016...
VALID AS OF 0900 AM LOCAL TIME.

CLIMATE NORMAL PERIOD 1981 TO 2010
CLIMATE RECORD PERIOD 1998 TO 2016


WEATHER ITEM   OBSERVED TIME   NORMAL DEPARTURE LAST
                VALUE   (LST)  VALUE  FROM      YEAR
                                      NORMAL
......................................................
TEMPERATURE (F)
 TODAY
  MAXIMUM         74    121 AM  79     -5       78
  MINIMUM         71    713 AM  59     12       55
  AVERAGE         73            69      4       67

PRECIPITATION (IN)
  TODAY            0.00          0.13  -0.13      T
  MONTH TO DATE    7.23          3.42   3.81     2.58
  SINCE JUN 1     16.58         10.70   5.88    10.44
  SINCE JAN 1     27.56         23.14   4.42    20.15

DEGREE DAYS
 HEATING
  TODAY            0             1     -1        0
  MONTH TO DATE    0             4     -4       19
  SINCE JUN 1     29            57    -28       49
  SINCE JUL 1      1             9     -8       28

 COOLING
  TODAY            8             5      3        2
  MONTH TO DATE  247           173     74      163
  SINCE JUN 1    696           558    138      435
  SINCE JAN 1    763           599    164      502
......................................................


WIND (MPH)
  RESULTANT WIND SPEED   3   RESULTANT WIND DIRECTION   S (190)
  HIGHEST WIND SPEED     7   HIGHEST WIND DIRECTION     S (190)
  HIGHEST GUST SPEED     9   HIGHEST GUST DIRECTION     S (190)
  AVERAGE WIND SPEED     3.1


SKY COVER
  AVERAGE SKY COVER 0.3


WEATHER CONDITIONS
 THE FOLLOWING WEATHER WAS RECORDED TODAY.
  FOG


RELATIVE HUMIDITY (PERCENT)
 HIGHEST    93           400 AM
 LOWEST     87          1200 AM
 AVERAGE    90

..........................................................


THE KALAMAZOO MI CLIMATE NORMALS FOR TOMORROW
                         NORMAL
 MAXIMUM TEMPERATURE (F)   79
 MINIMUM TEMPERATURE (F)   58


SUNRISE AND SUNSET
AUGUST 28 2016........SUNRISE   704 AM EDT   SUNSET   822 PM EDT
AUGUST 29 2016........SUNRISE   705 AM EDT   SUNSET   820 PM EDT


-  INDICATES NEGATIVE NUMBERS.
R  INDICATES RECORD WAS SET OR TIED.
MM INDICATES DATA IS MISSING.
T  INDICATES TRACE AMOUNT.




$$
