000
CDUS43 KGRR 300518
CLIAZO


CLIMATE REPORT
NATIONAL WEATHER SERVICE GRAND RAPIDS, MI
117 AM EDT SAT AUG 30 2014


...................................

...THE KALAMAZOO MI CLIMATE SUMMARY FOR AUGUST 29 2014...

CLIMATE NORMAL PERIOD 1981 TO 2010
CLIMATE RECORD PERIOD 1998 TO 2014


WEATHER ITEM   OBSERVED TIME   NORMAL DEPARTURE LAST
                VALUE   (LST)  VALUE  FROM      YEAR
                                      NORMAL
......................................................
TEMPERATURE (F)
 YESTERDAY
  MAXIMUM         81    356 PM  79      2       87
  MINIMUM         63    720 AM  58      5       63
  AVERAGE         72            69      3       75

PRECIPITATION (IN)
  YESTERDAY        0.03          0.13  -0.10     0.00
  MONTH TO DATE    1.35          3.55  -2.20     4.20
  SINCE JUN 1      8.17         10.83  -2.66    14.03
  SINCE JAN 1     16.59         23.27  -6.68    29.09

DEGREE DAYS
 HEATING
  YESTERDAY        0             1     -1        0
  MONTH TO DATE    9             5      4       20
  SINCE JUN 1     51            58     -7       76
  SINCE JUL 1     32            10     22       37

 COOLING
  YESTERDAY        7             4      3       10
  MONTH TO DATE  185           177      8      144
  SINCE JUN 1    476           562    -86      524
  SINCE JAN 1    530           603    -73      604
......................................................


WIND (MPH)
  RESULTANT WIND SPEED   5   RESULTANT WIND DIRECTION   S (160)
  HIGHEST WIND SPEED    17   HIGHEST WIND DIRECTION    SW (240)
  HIGHEST GUST SPEED    23   HIGHEST GUST DIRECTION    SW (230)
  AVERAGE WIND SPEED     6.4


SKY COVER
  AVERAGE SKY COVER 0.4


WEATHER CONDITIONS
 THE FOLLOWING WEATHER WAS RECORDED YESTERDAY.
  THUNDERSTORM
  LIGHT RAIN
  FOG


RELATIVE HUMIDITY (PERCENT)
 HIGHEST    84           900 PM
 LOWEST     58           100 PM
 AVERAGE    71

..........................................................


THE KALAMAZOO MI CLIMATE NORMALS FOR TODAY
                         NORMAL
 MAXIMUM TEMPERATURE (F)   79
 MINIMUM TEMPERATURE (F)   58


SUNRISE AND SUNSET
AUGUST 30 2014........SUNRISE   705 AM EDT   SUNSET   819 PM EDT
AUGUST 31 2014........SUNRISE   706 AM EDT   SUNSET   818 PM EDT


-  INDICATES NEGATIVE NUMBERS.
R  INDICATES RECORD WAS SET OR TIED.
MM INDICATES DATA IS MISSING.
T  INDICATES TRACE AMOUNT.




$$
