000
CDUS43 KGRR 260522
CLIAZO


CLIMATE REPORT
NATIONAL WEATHER SERVICE GRAND RAPIDS, MI
122 AM EDT WED APR 26 2017


...................................

...THE KALAMAZOO MI CLIMATE SUMMARY FOR APRIL 25 2017...

CLIMATE NORMAL PERIOD 1981 TO 2010
CLIMATE RECORD PERIOD 1998 TO 2017


WEATHER ITEM   OBSERVED TIME   NORMAL DEPARTURE LAST
                VALUE   (LST)  VALUE  FROM      YEAR
                                      NORMAL
......................................................
TEMPERATURE (F)
 YESTERDAY
  MAXIMUM         75    501 PM  64     11       79
  MINIMUM         51    343 AM  42      9       52
  AVERAGE         63            52     11       66

PRECIPITATION (IN)
  YESTERDAY        0.00          0.11  -0.11     1.05
  MONTH TO DATE    1.74          2.42  -0.68     2.65
  SINCE MAR 1      5.91          4.67   1.24     5.61
  SINCE JAN 1     10.63          7.91   2.72     7.17

DEGREE DAYS
 HEATING
  YESTERDAY        2            13    -11        0
  MONTH TO DATE  306           427   -121      434
  SINCE MAR 1   1190          1311   -121     1136
  SINCE JUL 1   5086          6084   -998     5184

 COOLING
  YESTERDAY        0             0      0        1
  MONTH TO DATE    5             0      5        2
  SINCE MAR 1      5             0      5        2
  SINCE JAN 1      5             0      5        2
......................................................


WIND (MPH)
  RESULTANT WIND SPEED   7   RESULTANT WIND DIRECTION  SE (140)
  HIGHEST WIND SPEED    14   HIGHEST WIND DIRECTION    SE (140)
  HIGHEST GUST SPEED    21   HIGHEST GUST DIRECTION    SE (130)
  AVERAGE WIND SPEED     7.1


SKY COVER
  AVERAGE SKY COVER 0.1


WEATHER CONDITIONS
 THE FOLLOWING WEATHER WAS RECORDED YESTERDAY.
  NO SIGNIFICANT WEATHER WAS OBSERVED.


RELATIVE HUMIDITY (PERCENT)
 HIGHEST    77           500 AM
 LOWEST     43          1200 AM
 AVERAGE    60

..........................................................


THE KALAMAZOO MI CLIMATE NORMALS FOR TODAY
                         NORMAL
 MAXIMUM TEMPERATURE (F)   64
 MINIMUM TEMPERATURE (F)   42


SUNRISE AND SUNSET
APRIL 26 2017.........SUNRISE   644 AM EDT   SUNSET   836 PM EDT
APRIL 27 2017.........SUNRISE   643 AM EDT   SUNSET   837 PM EDT


-  INDICATES NEGATIVE NUMBERS.
R  INDICATES RECORD WAS SET OR TIED.
MM INDICATES DATA IS MISSING.
T  INDICATES TRACE AMOUNT.




$$
