000
CDUS43 KGRR 040523
CLIAZO


CLIMATE REPORT
NATIONAL WEATHER SERVICE GRAND RAPIDS, MI
122 AM EDT TUE AUG 4 2015


...................................

...THE KALAMAZOO MI CLIMATE SUMMARY FOR AUGUST 3 2015...

CLIMATE NORMAL PERIOD 1981 TO 2010
CLIMATE RECORD PERIOD 1998 TO 2015


WEATHER ITEM   OBSERVED TIME   NORMAL DEPARTURE LAST
                VALUE   (LST)  VALUE  FROM      YEAR
                                      NORMAL
......................................................
TEMPERATURE (F)
 YESTERDAY
  MAXIMUM         80    237 PM  82     -2       85
  MINIMUM         60   1159 PM  62     -2       53
  AVERAGE         70            72     -2       69

PRECIPITATION (IN)
  YESTERDAY        T             0.09  -0.09     0.00
  MONTH TO DATE    0.83          0.27   0.56     0.06
  SINCE JUN 1      8.69          7.55   1.14     6.88
  SINCE JAN 1     18.40         19.99  -1.59    15.30

DEGREE DAYS
 HEATING
  YESTERDAY        0             0      0        0
  MONTH TO DATE    0             0      0        0
  SINCE JUN 1     30            53    -23       42
  SINCE JUL 1      9             5      4       23

 COOLING
  YESTERDAY        5             7     -2        4
  MONTH TO DATE   26            21      5       15
  SINCE JUN 1    298           406   -108      306
  SINCE JAN 1    365           447    -82      360
......................................................


WIND (MPH)
  RESULTANT WIND SPEED   7   RESULTANT WIND DIRECTION   W (270)
  HIGHEST WIND SPEED    22   HIGHEST WIND DIRECTION     W (290)
  HIGHEST GUST SPEED    26   HIGHEST GUST DIRECTION     W (290)
  AVERAGE WIND SPEED     8.0


SKY COVER
  AVERAGE SKY COVER 0.4


WEATHER CONDITIONS
 THE FOLLOWING WEATHER WAS RECORDED YESTERDAY.
  THUNDERSTORM
  LIGHT RAIN


RELATIVE HUMIDITY (PERCENT)
 HIGHEST    93           300 AM
 LOWEST     36           400 PM
 AVERAGE    65

..........................................................


THE KALAMAZOO MI CLIMATE NORMALS FOR TODAY
                         NORMAL
 MAXIMUM TEMPERATURE (F)   82
 MINIMUM TEMPERATURE (F)   62


SUNRISE AND SUNSET
AUGUST  4 2015........SUNRISE   638 AM EDT   SUNSET   858 PM EDT
AUGUST  5 2015........SUNRISE   639 AM EDT   SUNSET   857 PM EDT


-  INDICATES NEGATIVE NUMBERS.
R  INDICATES RECORD WAS SET OR TIED.
MM INDICATES DATA IS MISSING.
T  INDICATES TRACE AMOUNT.




$$
