000
CDUS43 KGRR 202229
CLIAZO


CLIMATE REPORT
NATIONAL WEATHER SERVICE GRAND RAPIDS, MI
527 PM EST SAT DEC 20 2014


...................................

...THE KALAMAZOO MI CLIMATE SUMMARY FOR DECEMBER 20 2014...
VALID TODAY AS OF 0500 PM LOCAL TIME.

CLIMATE NORMAL PERIOD 1981 TO 2010
CLIMATE RECORD PERIOD 1998 TO 2014


WEATHER ITEM   OBSERVED TIME   RECORD YEAR NORMAL DEPARTURE LAST
                VALUE   (LST)  VALUE       VALUE  FROM      YEAR
                                                  NORMAL
..................................................................
TEMPERATURE (F)
 TODAY
  MAXIMUM         31    459 PM  MM      MM  33     -2       40
  MINIMUM         17    728 AM  MM      MM  21     -4       32
  AVERAGE         24                        27     -3       36

PRECIPITATION (IN)
  TODAY            T            MM      MM   0.06  -0.06     0.33
  MONTH TO DATE    0.17                      1.38  -1.21     0.73
  SINCE DEC 1      0.17                      1.38  -1.21     0.73
  SINCE JAN 1     27.24                     35.14  -7.90    38.70

DEGREE DAYS
 HEATING
  TODAY           41                        38      3       29
  MONTH TO DATE  637                       695    -58      770
  SINCE DEC 1    637                       695    -58      770
  SINCE JUL 1   2167                      2022    145     2127

 COOLING
  TODAY            0                         0      0        0
  MONTH TO DATE    0                         0      0        0
  SINCE DEC 1      0                         0      0        0
  SINCE JAN 1    609                       675    -66      725
..................................................................


WIND (MPH)
  RESULTANT WIND SPEED   2   RESULTANT WIND DIRECTION   S (180)
  HIGHEST WIND SPEED     8   HIGHEST WIND DIRECTION     S (190)
  HIGHEST GUST SPEED    10   HIGHEST GUST DIRECTION     S (180)
  AVERAGE WIND SPEED     2.0



WEATHER CONDITIONS
 THE FOLLOWING WEATHER WAS RECORDED TODAY.
  LIGHT SNOW
  FOG
  HAZE


RELATIVE HUMIDITY (PERCENT)
 HIGHEST    92           700 AM
 LOWEST     72           200 PM
 AVERAGE    82

..........................................................




SUNRISE AND SUNSET
DECEMBER 20 2014......SUNRISE   807 AM EST   SUNSET   513 PM EST
DECEMBER 21 2014......SUNRISE   808 AM EST   SUNSET   513 PM EST


-  INDICATES NEGATIVE NUMBERS.
R  INDICATES RECORD WAS SET OR TIED.
MM INDICATES DATA IS MISSING.
T  INDICATES TRACE AMOUNT.




$$

JAM
