000
CDUS43 KGRR 280556
CLIAZO


CLIMATE REPORT
NATIONAL WEATHER SERVICE GRAND RAPIDS, MI
154 AM EDT WED SEP 28 2016


...................................

...THE KALAMAZOO MI CLIMATE SUMMARY FOR SEPTEMBER 27 2016...

CLIMATE NORMAL PERIOD 1981 TO 2010
CLIMATE RECORD PERIOD 1998 TO 2016


WEATHER ITEM   OBSERVED TIME   NORMAL DEPARTURE LAST
                VALUE   (LST)  VALUE  FROM      YEAR
                                      NORMAL
......................................................
TEMPERATURE (F)
 YESTERDAY
  MAXIMUM         69    320 PM  68      1       75
  MINIMUM         50    659 AM  47      3       60
  AVERAGE         60            58      2       68

PRECIPITATION (IN)
  YESTERDAY        0.00          0.12  -0.12     0.00
  MONTH TO DATE    2.07          3.52  -1.45     4.33
  SINCE SEP 1      2.07          3.52  -1.45     4.33
  SINCE JAN 1     29.78         27.11   2.67    24.84

DEGREE DAYS
 HEATING
  YESTERDAY        5             8     -3        0
  MONTH TO DATE   15           103    -88       43
  SINCE SEP 1     15           103    -88       43
  SINCE JUL 1     16           119   -103       71

 COOLING
  YESTERDAY        0             1     -1        3
  MONTH TO DATE  101            55     46      136
  SINCE SEP 1    101            55     46      136
  SINCE JAN 1    895           666    229      651
......................................................


WIND (MPH)
  RESULTANT WIND SPEED   9   RESULTANT WIND DIRECTION   W (250)
  HIGHEST WIND SPEED    26   HIGHEST WIND DIRECTION     W (270)
  HIGHEST GUST SPEED    39   HIGHEST GUST DIRECTION     W (290)
  AVERAGE WIND SPEED    11.3


SKY COVER
  AVERAGE SKY COVER 0.3


WEATHER CONDITIONS
 THE FOLLOWING WEATHER WAS RECORDED YESTERDAY.
  NO SIGNIFICANT WEATHER WAS OBSERVED.


RELATIVE HUMIDITY (PERCENT)
 HIGHEST    72          1000 PM
 LOWEST     29           100 PM
 AVERAGE    51

..........................................................


THE KALAMAZOO MI CLIMATE NORMALS FOR TODAY
                         NORMAL
 MAXIMUM TEMPERATURE (F)   68
 MINIMUM TEMPERATURE (F)   47


SUNRISE AND SUNSET
SEPTEMBER 28 2016.....SUNRISE   736 AM EDT   SUNSET   728 PM EDT
SEPTEMBER 29 2016.....SUNRISE   738 AM EDT   SUNSET   726 PM EDT


-  INDICATES NEGATIVE NUMBERS.
R  INDICATES RECORD WAS SET OR TIED.
MM INDICATES DATA IS MISSING.
T  INDICATES TRACE AMOUNT.




$$
