000
CDUS43 KGRR 222124
CLIAZO


CLIMATE REPORT
NATIONAL WEATHER SERVICE GRAND RAPIDS, MI
524 PM EDT TUE JUL 22 2014


...................................

...THE KALAMAZOO MI CLIMATE SUMMARY FOR JULY 22 2014...
VALID TODAY AS OF 0500 PM LOCAL TIME.

CLIMATE NORMAL PERIOD 1981 TO 2010
CLIMATE RECORD PERIOD 9999 TO 9999


WEATHER ITEM   OBSERVED TIME   RECORD YEAR NORMAL DEPARTURE LAST
                VALUE   (LST)  VALUE       VALUE  FROM      YEAR
                                                  NORMAL
..................................................................
TEMPERATURE (F)
 TODAY
  MAXIMUM         88    344 PM  MM      MM  83      5       81
  MINIMUM         63    341 AM  MM      MM  62      1       64
  AVERAGE         76                        73      3       73

PRECIPITATION (IN)
  TODAY            0.00         MM      MM   0.13  -0.13     0.07
  MONTH TO DATE    2.77                      2.61   0.16     3.08
  SINCE JUN 1      6.64                      6.19   0.45     9.37
  SINCE JAN 1     15.06                     18.63  -3.57    24.43

DEGREE DAYS
 HEATING
  TODAY            0                         0      0        0
  MONTH TO DATE   14                         0     14        2
  SINCE JUN 1     33                        48    -15       41
  SINCE JUL 1     14                         0     14        2

 COOLING
  TODAY           11                         8      3        8
  MONTH TO DATE   90                       173    -83      222
  SINCE JUN 1    270                       318    -48      368
  SINCE JAN 1    324                       359    -35      448
..................................................................


WIND (MPH)
  RESULTANT WIND SPEED   7   RESULTANT WIND DIRECTION   S (190)
  HIGHEST WIND SPEED    18   HIGHEST WIND DIRECTION     S (200)
  HIGHEST GUST SPEED    22   HIGHEST GUST DIRECTION    SW (210)
  AVERAGE WIND SPEED     7.6



WEATHER CONDITIONS
 THE FOLLOWING WEATHER WAS RECORDED TODAY.
  NO SIGNIFICANT WEATHER WAS OBSERVED.


RELATIVE HUMIDITY (PERCENT)
 HIGHEST    93           400 AM
 LOWEST     50           400 PM
 AVERAGE    72

..........................................................




SUNRISE AND SUNSET
JULY 22 2014..........SUNRISE   625 AM EDT   SUNSET   911 PM EDT
JULY 23 2014..........SUNRISE   626 AM EDT   SUNSET   911 PM EDT


-  INDICATES NEGATIVE NUMBERS.
R  INDICATES RECORD WAS SET OR TIED.
MM INDICATES DATA IS MISSING.
T  INDICATES TRACE AMOUNT.




$$
