000
CDUS43 KGRR 132226
CLIAZO


CLIMATE REPORT
NATIONAL WEATHER SERVICE GRAND RAPIDS, MI
525 PM EST SAT FEB 13 2016


...................................

...THE KALAMAZOO MI CLIMATE SUMMARY FOR FEBRUARY 13 2016...
VALID TODAY AS OF 0500 PM LOCAL TIME.

CLIMATE NORMAL PERIOD 1981 TO 2010
CLIMATE RECORD PERIOD 1998 TO 2016


WEATHER ITEM   OBSERVED TIME   NORMAL DEPARTURE LAST
                VALUE   (LST)  VALUE  FROM      YEAR
                                      NORMAL
......................................................
TEMPERATURE (F)
 TODAY
  MAXIMUM         17    328 PM  33    -16       23
  MINIMUM         -6    403 AM  19    -25        7
  AVERAGE          6            26    -20       15

PRECIPITATION (IN)
  TODAY            T             0.05  -0.05      T
  MONTH TO DATE    0.38          0.60  -0.22     0.53
  SINCE DEC 1      4.45          4.37   0.08     2.55
  SINCE JAN 1      1.26          2.39  -1.13     1.49

DEGREE DAYS
 HEATING
  TODAY           59            39     20       50
  MONTH TO DATE  508           515     -7      589
  SINCE DEC 1   2462          2896   -434     2909
  SINCE JUL 1   3527          4223   -696     4439

 COOLING
  TODAY            0             0      0        0
  MONTH TO DATE    0             0      0        0
  SINCE DEC 1      0             0      0        0
  SINCE JAN 1      0             0      0        0
......................................................


WIND (MPH)
  RESULTANT WIND SPEED   9   RESULTANT WIND DIRECTION  NW (320)
  HIGHEST WIND SPEED    23   HIGHEST WIND DIRECTION     N (350)
  HIGHEST GUST SPEED    26   HIGHEST GUST DIRECTION     N (350)
  AVERAGE WIND SPEED    10.0


SKY COVER
  AVERAGE SKY COVER 0.7


WEATHER CONDITIONS
 THE FOLLOWING WEATHER WAS RECORDED TODAY.
  HEAVY SNOW
  SNOW
  LIGHT SNOW
  FOG
  HAZE


RELATIVE HUMIDITY (PERCENT)
 HIGHEST    86           700 AM
 LOWEST     59           200 PM
 AVERAGE    73

..........................................................


THE KALAMAZOO MI CLIMATE NORMALS FOR TOMORROW
                         NORMAL
 MAXIMUM TEMPERATURE (F)   34
 MINIMUM TEMPERATURE (F)   20


SUNRISE AND SUNSET
FEBRUARY 13 2016......SUNRISE   742 AM EST   SUNSET   612 PM EST
FEBRUARY 14 2016......SUNRISE   740 AM EST   SUNSET   613 PM EST


-  INDICATES NEGATIVE NUMBERS.
R  INDICATES RECORD WAS SET OR TIED.
MM INDICATES DATA IS MISSING.
T  INDICATES TRACE AMOUNT.




$$
