207
CDUS43 KGRR 201425
CLIAZO


CLIMATE REPORT
NATIONAL WEATHER SERVICE GRAND RAPIDS, MI
924 AM EST MON NOV 20 2017


...................................

...THE KALAMAZOO MI CLIMATE SUMMARY FOR NOVEMBER 20 2017...
VALID AS OF 0900 AM LOCAL TIME.

CLIMATE NORMAL PERIOD 1981 TO 2010
CLIMATE RECORD PERIOD 1998 TO 2017


WEATHER ITEM   OBSERVED TIME   NORMAL DEPARTURE LAST
                VALUE   (LST)  VALUE  FROM      YEAR
                                      NORMAL
......................................................
TEMPERATURE (F)
 TODAY
  MAXIMUM         32    859 AM  45    -13       33
  MINIMUM         28    742 AM  32     -4       30
  AVERAGE         30            39     -9       32

PRECIPITATION (IN)
  TODAY            0.00          0.09  -0.09      T
  MONTH TO DATE    3.25          2.11   1.14     0.82
  SINCE SEP 1     17.47          9.26   8.21     7.51
  SINCE JAN 1     38.50         32.85   5.65    35.22

DEGREE DAYS
 HEATING
  TODAY           35            26      9       33
  MONTH TO DATE  530           448     82      322
  SINCE SEP 1    910          1024   -114      643
  SINCE JUL 1    928          1040   -112      644

 COOLING
  TODAY            0             0      0        0
  MONTH TO DATE    0             0      0        0
  SINCE SEP 1    152            64     88      118
  SINCE JAN 1    768           675     93      912
......................................................


WIND (MPH)
  RESULTANT WIND SPEED  11   RESULTANT WIND DIRECTION  SW (210)
  HIGHEST WIND SPEED    18   HIGHEST WIND DIRECTION     S (190)
  HIGHEST GUST SPEED    21   HIGHEST GUST DIRECTION     S (200)
  AVERAGE WIND SPEED    11.2


SKY COVER
  AVERAGE SKY COVER 0.0


WEATHER CONDITIONS
 THE FOLLOWING WEATHER WAS RECORDED TODAY.
  NO SIGNIFICANT WEATHER WAS OBSERVED.


RELATIVE HUMIDITY (PERCENT)
 HIGHEST    75           100 AM
 LOWEST     63           900 AM
 AVERAGE    69

..........................................................


THE KALAMAZOO MI CLIMATE NORMALS FOR TOMORROW
                         NORMAL
 MAXIMUM TEMPERATURE (F)   45
 MINIMUM TEMPERATURE (F)   32


SUNRISE AND SUNSET
NOVEMBER 20 2017......SUNRISE   739 AM EST   SUNSET   516 PM EST
NOVEMBER 21 2017......SUNRISE   740 AM EST   SUNSET   516 PM EST


-  INDICATES NEGATIVE NUMBERS.
R  INDICATES RECORD WAS SET OR TIED.
MM INDICATES DATA IS MISSING.
T  INDICATES TRACE AMOUNT.




$$

JAM
