000
CDUS41 KBOX 240539
CLIBDL


CLIMATE REPORT
NATIONAL WEATHER SERVICE TAUNTON MA
136 AM EDT TUE OCT 24 2017


...................................

...THE HARTFORD CT CLIMATE SUMMARY FOR OCTOBER 23 2017...

CLIMATE NORMAL PERIOD 1981 TO 2010
CLIMATE RECORD PERIOD 1904 TO 2017


WEATHER ITEM   OBSERVED TIME   RECORD YEAR NORMAL DEPARTURE LAST
                VALUE   (LST)  VALUE       VALUE  FROM      YEAR
                                                  NORMAL
..................................................................
TEMPERATURE (F)
 YESTERDAY
  MAXIMUM         74    143 PM  85    1947  61     13       62
  MINIMUM         45    216 AM  24    1982  39      6       42
  AVERAGE         60                        50     10       52

PRECIPITATION (IN)
  YESTERDAY        T             3.93 1923   0.13  -0.13     0.01
  MONTH TO DATE    0.91                      3.35  -2.44     0.85
  SINCE SEP 1      3.16                      7.23  -4.07     3.27
  SINCE JAN 1     34.27                     37.50  -3.23    25.61

SNOWFALL (IN)
  YESTERDAY        0.0           T    2002   0.0    0.0      0.0
  MONTH TO DATE    0.0                       0.0    0.0      0.0
  SINCE SEP 1      0.0                       0.0    0.0      0.0
  SINCE JUL 1      0.0                       0.0    0.0      0.0
  SNOW DEPTH       0

DEGREE DAYS
 HEATING
  YESTERDAY        5                        15    -10       13
  MONTH TO DATE  122                       273   -151      190
  SINCE SEP 1    181                       383   -202      248
  SINCE JUL 1    197                       395   -198      248

 COOLING
  YESTERDAY        0                         0      0        0
  MONTH TO DATE   31                         5     26       12
  SINCE SEP 1    173                        79     94      138
  SINCE JAN 1    860                       754    106     1068
..................................................................


WIND (MPH)
  RESULTANT WIND SPEED   4   RESULTANT WIND DIRECTION   S (160)
  HIGHEST WIND SPEED    18   HIGHEST WIND DIRECTION     S (170)
  HIGHEST GUST SPEED    23   HIGHEST GUST DIRECTION     S (160)
  AVERAGE WIND SPEED     5.3


SKY COVER
  POSSIBLE SUNSHINE  MM
  AVERAGE SKY COVER 0.8


WEATHER CONDITIONS
 THE FOLLOWING WEATHER WAS RECORDED YESTERDAY.
  FOG
  FOG W/VISIBILITY <= 1/4 MILE


RELATIVE HUMIDITY (PERCENT)
 HIGHEST   100           400 AM
 LOWEST     57           100 PM
 AVERAGE    79

..........................................................


THE HARTFORD CT CLIMATE NORMALS FOR TODAY
                         NORMAL    RECORD    YEAR
 MAXIMUM TEMPERATURE (F)   60        80      1972
 MINIMUM TEMPERATURE (F)   39        21      1969


SUNRISE AND SUNSET
OCTOBER 24 2017.......SUNRISE   714 AM EDT   SUNSET   555 PM EDT
OCTOBER 25 2017.......SUNRISE   715 AM EDT   SUNSET   554 PM EDT


-  INDICATES NEGATIVE NUMBERS.
R  INDICATES RECORD WAS SET OR TIED.
MM INDICATES DATA IS MISSING.
T  INDICATES TRACE AMOUNT.




$$
