000
CDUS41 KOKX 300621
CLIBDR


CLIMATE REPORT
NATIONAL WEATHER SERVICE NEW YORK NY
121 AM EST FRI JAN 30 2015


...................................

...THE BRIDGEPORT CT CLIMATE SUMMARY FOR JANUARY 29 2015...

CLIMATE NORMAL PERIOD 1981 TO 2010
CLIMATE RECORD PERIOD 1948 TO 2015


WEATHER ITEM   OBSERVED TIME   RECORD YEAR NORMAL DEPARTURE LAST
                VALUE   (LST)  VALUE       VALUE  FROM      YEAR
                                                  NORMAL
..................................................................
TEMPERATURE (F)
 YESTERDAY
  MAXIMUM         32   1159 PM  68    2002  37     -5       25
  MINIMUM          9    714 AM   4    1966  23    -14       14
                                      1963
  AVERAGE         21                        30     -9       20

PRECIPITATION (IN)
  YESTERDAY        0.00          1.40 1973   0.09  -0.09     0.05
  MONTH TO DATE    4.01                      2.91   1.10     2.78
  SINCE DEC 1      9.66                      6.24   3.42     7.11
  SINCE JAN 1      4.01                      2.91   1.10     2.78

SNOWFALL (IN)
  YESTERDAY        0.0           3.8  1973   0.3   -0.3      0.5
  MONTH TO DATE   16.9                       7.2    9.7     13.4
  SINCE OCT 1     17.8                      13.0    4.8     24.4
  SINCE JUL 1     17.8                      13.0    4.8     24.4
  SNOW DEPTH       6

DEGREE DAYS
 HEATING
  YESTERDAY       44                        35      9       45
  MONTH TO DATE 1059                      1011     48     1093
  SINCE DEC 1   1857                      1930    -73     2014
  SINCE JUL 1   2763                      2904   -141     2967

 COOLING
  YESTERDAY        0                         0      0        0
  MONTH TO DATE    0                         0      0        0
  SINCE DEC 1      0                         0      0        0
  SINCE JAN 1      0                         0      0        0
..................................................................


WIND (MPH)
  HIGHEST WIND SPEED    10   HIGHEST WIND DIRECTION    SE (120)
  HIGHEST GUST SPEED    13   HIGHEST GUST DIRECTION    SE (120)
  AVERAGE WIND SPEED     3.6


SKY COVER
  AVERAGE SKY COVER 0.3


WEATHER CONDITIONS
 THE FOLLOWING WEATHER WAS RECORDED YESTERDAY.
  NO SIGNIFICANT WEATHER WAS OBSERVED.


RELATIVE HUMIDITY (PERCENT)
 HIGHEST    85          1000 PM
 LOWEST     37          1100 AM
 AVERAGE    61

..........................................................


THE BRIDGEPORT CT CLIMATE NORMALS FOR TODAY
                         NORMAL    RECORD    YEAR
 MAXIMUM TEMPERATURE (F)   37        57      2002
 MINIMUM TEMPERATURE (F)   23         2      1952


SUNRISE AND SUNSET
JANUARY 30 2015.......SUNRISE   706 AM EST   SUNSET   506 PM EST
JANUARY 31 2015.......SUNRISE   705 AM EST   SUNSET   508 PM EST


-  INDICATES NEGATIVE NUMBERS.
R  INDICATES RECORD WAS SET OR TIED.
MM INDICATES DATA IS MISSING.
T  INDICATES TRACE AMOUNT.




$$
