000
CDUS41 KOKX 090622
CLIBDR


CLIMATE REPORT
NATIONAL WEATHER SERVICE NEW YORK NY
122 AM EST TUE FEB 9 2016


...................................

...THE BRIDGEPORT CT CLIMATE SUMMARY FOR FEBRUARY 8 2016...

CLIMATE NORMAL PERIOD 1981 TO 2010
CLIMATE RECORD PERIOD 1948 TO 2016


WEATHER ITEM   OBSERVED TIME   RECORD YEAR NORMAL DEPARTURE LAST
                VALUE   (LST)  VALUE       VALUE  FROM      YEAR
                                                  NORMAL
..................................................................
TEMPERATURE (F)
 YESTERDAY
  MAXIMUM         38    621 AM  57    1965  38      0       35
  MINIMUM         26   1159 PM  -5    1963  24      2       22
  AVERAGE         32                        31      1       29

PRECIPITATION (IN)
  YESTERDAY        0.37          1.73 2013   0.08   0.29     0.01
  MONTH TO DATE    2.43                      0.72   1.71     1.02
  SINCE DEC 1      9.63                      7.15   2.48    10.78
  SINCE JAN 1      4.69                      3.82   0.87     5.13

SNOWFALL (IN)
  YESTERDAY        3.5          18.5  2013   0.3    3.2       T
  MONTH TO DATE   11.5                       2.2    9.3     11.4
  SINCE OCT 1     22.5                      15.7    6.8     31.0
  SINCE JUL 1     22.5                      15.7    6.8     31.0
  SNOW DEPTH       3

DEGREE DAYS
 HEATING
  YESTERDAY       33                        34     -1       36
  MONTH TO DATE  213                       273    -60      345
  SINCE DEC 1   1737                      2275   -538     2288
  SINCE JUL 1   2481                      3249   -768     3194

 COOLING
  YESTERDAY        0                         0      0        0
  MONTH TO DATE    0                         0      0        0
  SINCE DEC 1      0                         0      0        0
  SINCE JAN 1      0                         0      0        0
..................................................................


WIND (MPH)
  HIGHEST WIND SPEED    23   HIGHEST WIND DIRECTION    NE (50)
  HIGHEST GUST SPEED    31   HIGHEST GUST DIRECTION    NE (50)
  AVERAGE WIND SPEED    13.3


SKY COVER
  AVERAGE SKY COVER 0.8


WEATHER CONDITIONS
 THE FOLLOWING WEATHER WAS RECORDED YESTERDAY.
  SNOW
  LIGHT SNOW
  FOG


RELATIVE HUMIDITY (PERCENT)
 HIGHEST    85          1000 AM
 LOWEST     59          1200 AM
 AVERAGE    72

..........................................................


THE BRIDGEPORT CT CLIMATE NORMALS FOR TODAY
                         NORMAL    RECORD    YEAR
 MAXIMUM TEMPERATURE (F)   39        58      1949
 MINIMUM TEMPERATURE (F)   24         5      1963


SUNRISE AND SUNSET
FEBRUARY  9 2016......SUNRISE   655 AM EST   SUNSET   519 PM EST
FEBRUARY 10 2016......SUNRISE   654 AM EST   SUNSET   520 PM EST


-  INDICATES NEGATIVE NUMBERS.
R  INDICATES RECORD WAS SET OR TIED.
MM INDICATES DATA IS MISSING.
T  INDICATES TRACE AMOUNT.




$$
