000
CDUS41 KOKX 252132
CLIBDR


CLIMATE REPORT
NATIONAL WEATHER SERVICE NEW YORK NY
432 PM EST SUN FEB 25 2018


...................................

...THE BRIDGEPORT CT CLIMATE SUMMARY FOR FEBRUARY 25 2018...
VALID TODAY AS OF 0400 PM LOCAL TIME.

CLIMATE NORMAL PERIOD 1981 TO 2010
CLIMATE RECORD PERIOD 1948 TO 2018


WEATHER ITEM   OBSERVED TIME   RECORD YEAR NORMAL DEPARTURE LAST
                VALUE   (LST)  VALUE       VALUE  FROM      YEAR
                                                  NORMAL
..................................................................
TEMPERATURE (F)
 TODAY
  MAXIMUM         45    359 PM  62    1985  42      3       58
  MINIMUM         39   1135 AM  11    1993  27     12       44
                                      1990
  AVERAGE         42                        34      8       51

PRECIPITATION (IN)
  TODAY            0.68          2.36 2010   0.11   0.57     0.39
  MONTH TO DATE    6.43                      2.44   3.99     1.91
  SINCE DEC 1     10.62                      8.87   1.75     8.62
  SINCE JAN 1      8.93                      5.54   3.39     5.19

SNOWFALL (IN)
  TODAY            0.0           7.2  1990   0.3   -0.3      0.0
  MONTH TO DATE    5.3                       7.3   -2.0     12.8
  SINCE OCT 1     25.4                      20.8    4.6     29.8
  SINCE JUL 1     25.4                      20.8    4.6     29.8
  SNOW DEPTH       0

DEGREE DAYS
 HEATING
  TODAY           23                        31     -8       14
  MONTH TO DATE  684                       821   -137      669
  SINCE DEC 1   2778                      2823    -45     2369
  SINCE JUL 1   3533                      3797   -264     3097

 COOLING
  TODAY            0                         0      0        0
  MONTH TO DATE    0                         0      0        0
  SINCE DEC 1      0                         0      0        0
  SINCE JAN 1      0                         0      0        0
..................................................................


WIND (MPH)
  HIGHEST WIND SPEED    24   HIGHEST WIND DIRECTION     E (80)
  HIGHEST GUST SPEED    29   HIGHEST GUST DIRECTION     E (80)
  AVERAGE WIND SPEED    15.9


SKY COVER
  AVERAGE SKY COVER 1.0


WEATHER CONDITIONS
 THE FOLLOWING WEATHER WAS RECORDED TODAY.
  RAIN
  LIGHT RAIN
  FOG


RELATIVE HUMIDITY (PERCENT)
 HIGHEST    92           400 AM
 LOWEST     82          1200 AM
 AVERAGE    87

..........................................................


THE BRIDGEPORT CT CLIMATE NORMALS FOR TOMORROW
                         NORMAL    RECORD    YEAR
 MAXIMUM TEMPERATURE (F)   42        57      2002
                                             1996
                                             1951
 MINIMUM TEMPERATURE (F)   27         5      1990


SUNRISE AND SUNSET
FEBRUARY 25 2018......SUNRISE   633 AM EST   SUNSET   539 PM EST
FEBRUARY 26 2018......SUNRISE   631 AM EST   SUNSET   540 PM EST


-  INDICATES NEGATIVE NUMBERS.
R  INDICATES RECORD WAS SET OR TIED.
MM INDICATES DATA IS MISSING.
T  INDICATES TRACE AMOUNT.




$$
