000
CDUS41 KOKX 270626
CLIBDR


CLIMATE REPORT
NATIONAL WEATHER SERVICE NEW YORK NY
225 AM EDT WED AUG 27 2014


...................................

...THE BRIDGEPORT CT CLIMATE SUMMARY FOR AUGUST 26 2014...

CLIMATE NORMAL PERIOD 1981 TO 2010
CLIMATE RECORD PERIOD 1948 TO 2014


WEATHER ITEM   OBSERVED TIME   RECORD YEAR NORMAL DEPARTURE LAST
                VALUE   (LST)  VALUE       VALUE  FROM      YEAR
                                                  NORMAL
..................................................................
TEMPERATURE (F)
 YESTERDAY
  MAXIMUM         84    212 PM  94    1948  80      4       80
  MINIMUM         66    523 AM  50    1963  65      1       71
  AVERAGE         75                        72      3       76

PRECIPITATION (IN)
  YESTERDAY        0.00          0.74 1998   0.11  -0.11     0.29
  MONTH TO DATE    2.05                      3.42  -1.37     1.54
  SINCE JUN 1      9.52                     10.49  -0.97    12.61
  SINCE JAN 1     31.18                     28.36   2.82    26.21

SNOWFALL (IN)
  YESTERDAY        0.0           0.0  2002   0.0    0.0      0.0
                                      2001
  MONTH TO DATE    0.0                       0.0    0.0      0.0
  SINCE OCT 1     57.4                      27.6   29.8     64.3
  SINCE JUL 1      0.0                       0.0    0.0      0.0
  SNOW DEPTH       0

DEGREE DAYS
 HEATING
  YESTERDAY        0                         0      0        0
  MONTH TO DATE    0                         0      0        0
  SINCE JUN 1      4                        33    -29       18
  SINCE JUL 1      0                         1     -1        0

 COOLING
  YESTERDAY       10                         7      3       11
  MONTH TO DATE  196                       228    -32      192
  SINCE JUN 1    665                       660      5      792
  SINCE JAN 1    688                       684      4      830
..................................................................


WIND (MPH)
  HIGHEST WIND SPEED    13   HIGHEST WIND DIRECTION    SW (220)
  HIGHEST GUST SPEED    16   HIGHEST GUST DIRECTION    SW (210)
  AVERAGE WIND SPEED     6.7


SKY COVER
  AVERAGE SKY COVER 0.1


WEATHER CONDITIONS
 THE FOLLOWING WEATHER WAS RECORDED YESTERDAY.
  NO SIGNIFICANT WEATHER WAS OBSERVED.


RELATIVE HUMIDITY (PERCENT)
 HIGHEST    97           700 AM
 LOWEST     55           200 PM
 AVERAGE    76

..........................................................


THE BRIDGEPORT CT CLIMATE NORMALS FOR TODAY
                         NORMAL    RECORD    YEAR
 MAXIMUM TEMPERATURE (F)   80       100      1948
 MINIMUM TEMPERATURE (F)   64        51      1969


SUNRISE AND SUNSET
AUGUST 27 2014........SUNRISE   614 AM EDT   SUNSET   733 PM EDT
AUGUST 28 2014........SUNRISE   615 AM EDT   SUNSET   732 PM EDT


-  INDICATES NEGATIVE NUMBERS.
R  INDICATES RECORD WAS SET OR TIED.
MM INDICATES DATA IS MISSING.
T  INDICATES TRACE AMOUNT.




$$
