518
CDAK48 PAFC 211324 RRA
CLIBET

CLIMATE REPORT
NATIONAL WEATHER SERVICE ANCHORAGE, AK
423 AM AKST SAT JAN 21 2017


...................................

...THE BETHEL CLIMATE SUMMARY FOR JANUARY 20 2017...

CLIMATE NORMAL PERIOD 1981 TO 2010
CLIMATE RECORD PERIOD 1948 TO 2017


WEATHER ITEM   OBSERVED TIME   RECORD YEAR NORMAL DEPARTURE LAST
                VALUE   (LST)  VALUE       VALUE  FROM      YEAR
                                                  NORMAL
..................................................................
TEMPERATURE (F)
 YESTERDAY
  MAXIMUM        -11   1240 AM  45    1937  12    -23       12
  MINIMUM        -23   1108 PM -44    1947   1    -24        5
  AVERAGE        -17                         6    -23        9

PRECIPITATION (IN)
  YESTERDAY        0.00          0.85 1982   0.02  -0.02     0.00
  MONTH TO DATE    0.64                      0.53   0.11     0.14
  SINCE DEC 1      1.40                      1.65  -0.25     1.38
  SINCE JAN 1      0.64                      0.53   0.11     0.14

SNOWFALL (IN)
  YESTERDAY        0.0           2.0  1979   0.3   -0.3      0.0
  MONTH TO DATE    4.3                       6.6   -2.3      2.2
  SINCE DEC 1     11.8                      18.0   -6.2     15.6
  SINCE JUL 1     15.4                      35.9  -20.5     25.0
  SNOW DEPTH       4

DEGREE DAYS
 HEATING
  YESTERDAY       82                        59     23       56
  MONTH TO DATE 1167                      1175     -8      865
  SINCE DEC 1   2756                      2869   -113     2363
  SINCE JUL 1   5984                      6592   -608     5575

 COOLING
  YESTERDAY        0                         0      0        0
  MONTH TO DATE    0                         0      0        0
  SINCE DEC 1      0                         0      0        0
  SINCE JAN 1      0                         0      0        0
..................................................................


WIND (MPH)
  RESULTANT WIND SPEED  10   RESULTANT WIND DIRECTION  NW (320)
  HIGHEST WIND SPEED    17   HIGHEST WIND DIRECTION    NW (330)
  HIGHEST GUST SPEED    21   HIGHEST GUST DIRECTION    NW (330)
  AVERAGE WIND SPEED    10.4



WEATHER CONDITIONS
 THE FOLLOWING WEATHER WAS RECORDED YESTERDAY.
  FOG
  HAZE


RELATIVE HUMIDITY (PERCENT)
 HIGHEST    81
 LOWEST     69
 AVERAGE    75

..........................................................


THE BETHEL CLIMATE NORMALS FOR TODAY
                         NORMAL    RECORD    YEAR
 MAXIMUM TEMPERATURE (F)   12        43      1937
 MINIMUM TEMPERATURE (F)    1       -46      1973


SUNRISE AND SUNSET
JANUARY 21 2017.......SUNRISE  1029 AM AKST  SUNSET   529 PM AKST
JANUARY 22 2017.......SUNRISE  1027 AM AKST  SUNSET   532 PM AKST

CIVIL TWILIGHT
JANUARY 21 2017         START    937 AM GMT     END    622 PM GMT
JANUARY 22 2017         START    935 AM GMT     END    625 PM GMT



-  INDICATES NEGATIVE NUMBERS.
R  INDICATES RECORD WAS SET OR TIED.
MM INDICATES DATA IS MISSING.
T  INDICATES TRACE AMOUNT.




$$
&&
------------------------------------------------------
AMOUNT OF DAYLIGHT TODAY  (HOUR:MIN)........ 7:00
GAIN/LOSS SINCE YESTERDAY (HOUR:MIN:SEC)....+0:04:34

$$
