000
CDAK48 PABE 212331
CLIBET

CLIMATE REPORT
NATIONAL WEATHER SERVICE BETHEL, AK
331 PM AKDT THU AUG 21 2014

...................................
...THE BETHEL AP CLIMATE SUMMARY FOR AUGUST 21 2014...
VALID TODAY AS OF 2:00 PM LOCAL TIME

CLIMATE NORMAL PERIOD  1981 TO  2010
CLIMATE RECORD PERIOD  1923 TO  2014

WEATHER ITEM   OBSERVED TIME    RECORD YEAR NORMAL DEPARTURE LAST
               VALUE    (LST)   VALUE       VALUE  FROM      YEAR
                                                   NORMAL
...................................................................
TEMPERATURE
TODAY
 MAXIMUM            66  0133 PM    84  1977     60       6     54
 MINIMUM            50  0741 AM    36  1993     47       3     52
 AVERAGE            58                          53       5     53

PRECIPITATION
(INCHES)
 TODAY            0.00           0.72  1968   0.11   -0.11   0.43
 MONTH TO DATE    1.68                        2.21   -0.53   2.41
 SINCE JUN 1      5.93                        6.29   -0.36   6.31
 SINCE JAN 1      8.97                       10.38   -1.41   9.61

SNOWFALL
(INCHES)
 TODAY             0.0            0.0  2014    0.0     0.0    0.0
 MONTH TO DATE     0.0                         0.0     0.0    0.0
 SINCE JUN 1       0.0                         0.0     0.0    0.0
 SINCE JUL 1       0.0                         0.0     0.0    0.0
 SNOW DEPTH (IN)     0                                          0

DEGREE DAYS
 HEATING
  TODAY              7                          12      -5     12
  MONTH TO DATE    125                         229    -104    179
  SINCE JUN 1      818                         890     -72    732
  SINCE JUL 1      398                         513    -115    444

 COOLING
  TODAY              0                           0       0      0
  MONTH TO DATE      0                           0       0      0
  SINCE JUN 1        0                           0       0     18
  SINCE JAN 1        0                           0       0     18
...................................................................

WIND (MPH)
 HIGHEST WIND SPEED     9     HIGHEST WIND DIRECTION     40
 HIGHEST GUST SPEED    10     HIGHEST GUST DIRECTION    150
 AVERAGE WIND SPEED    MM

SKY COVER
  POSSIBLE SUNSHINE  MM            AVERAGE SKY COVER MM

WEATHER CONDITIONS
 THE FOLLOWING WEATHER WAS RECORDED TODAY.
FOG


RELATIVE HUMIDITY
 HIGHEST RH     MM PERCENT       MM
 LOWEST  RH     MM PERCENT       MM
 AVERAGE RH     MM PERCENT       MM
...................................................................

THE BETHEL CLIMATE NORMALS FOR TOMORROW
                        NORMAL    RECORD   YEAR
 MAXIMUM TEMPERATURE      59        80     1923
 MINIMUM TEMPERATURE      47        35     1998

SUNRISE AND SUNSET
 AUG 21 2014..........SUNRISE  7:14 AM      SUNSET 10:26 PM
 AUG 22 2014..........SUNRISE  7:17 AM      SUNSET 10:23 PM

-  INDICATES NEGATIVE NUMBERS.
R  INDICATES RECORD HAS BEEN SET OR TIED.
MM INDICATES DATA IS MISSING.
T  INDICATES TRACE OF PRECIPITATION.

&&
-------------------------------------------------------------------

AMOUNT OF DAYLIGHT TODAY  (HOUR:MIN)........15 HOURS 12 MINUTES
GAIN/LOSS SINCE YESTERDAY (HOUR:MIN:SEC)....-0:05:29

$$
BW AUG 14
