630
CDAK48 PAFC 120102
CLIBET


CLIMATE REPORT
NATIONAL WEATHER SERVICE ANCHORAGE, AK
401 PM AKST MON DEC 11 2017


...................................

...THE BETHEL CLIMATE SUMMARY FOR DECEMBER 11 2017...
VALID TODAY AS OF 0400 PM LOCAL TIME.

CLIMATE NORMAL PERIOD 1981 TO 2010
CLIMATE RECORD PERIOD 1948 TO 2017


WEATHER ITEM   OBSERVED TIME   RECORD YEAR NORMAL DEPARTURE LAST
                VALUE   (LST)  VALUE       VALUE  FROM      YEAR
                                                  NORMAL
..................................................................
TEMPERATURE (F)
 TODAY
  MAXIMUM         31   1205 AM  40    1932  18     13        4
  MINIMUM         23    146 PM -30    1975   5     18       -9
                                      1964
                                      1953
  AVERAGE         27                        11     16       -2

PRECIPITATION (IN)
  TODAY            0.01          0.54 2000   0.03  -0.02     0.00
  MONTH TO DATE    0.39                      0.43  -0.04      T
  SINCE SEP 1      9.13                      6.43   2.70     4.38
  SINCE JAN 1     24.06                     17.85   6.21    15.30

SNOWFALL (IN)
  TODAY           MM             5.0  2000   0.3   MM        0.0
  MONTH TO DATE    2.5                       4.3   -1.8       T
  SINCE SEP 1      9.8                      22.2  -12.4      3.6
  SINCE JUL 1      9.8                      22.2  -12.4      3.6
  SNOW DEPTH       4

DEGREE DAYS
 HEATING
  TODAY           38                        54    -16       67
  MONTH TO DATE  451                       579   -128      772
  SINCE DEC 1    451                       579   -128      772
  SINCE JUL 1   3617                      4302   -685     4000

 COOLING
  TODAY            0                         0      0        0
  MONTH TO DATE    0                         0      0        0
  SINCE DEC 1      0                         0      0        0
  SINCE JAN 1      6                         4      2       13
..................................................................


WIND (MPH)
  RESULTANT WIND SPEED  12   RESULTANT WIND DIRECTION   N (10)
  HIGHEST WIND SPEED    22   HIGHEST WIND DIRECTION    NE (30)
  HIGHEST GUST SPEED    26   HIGHEST GUST DIRECTION    NE (30)
  AVERAGE WIND SPEED    12.5



WEATHER CONDITIONS
 THE FOLLOWING WEATHER WAS RECORDED TODAY.
  NO SIGNIFICANT WEATHER WAS OBSERVED.


RELATIVE HUMIDITY (PERCENT)
 HIGHEST    92
 LOWEST     84
 AVERAGE    88

..........................................................


THE BETHEL CLIMATE NORMALS FOR TOMORROW
                         NORMAL    RECORD    YEAR
 MAXIMUM TEMPERATURE (F)   18        41      2000
 MINIMUM TEMPERATURE (F)    5       -32      1953


SUNRISE AND SUNSET
DECEMBER 11 2017......SUNRISE  1048 AM AKST  SUNSET   434 PM AKST
DECEMBER 12 2017......SUNRISE  1049 AM AKST  SUNSET   433 PM AKST


-  INDICATES NEGATIVE NUMBERS.
R  INDICATES RECORD WAS SET OR TIED.
MM INDICATES DATA IS MISSING.
T  INDICATES TRACE AMOUNT.




$$
