000
CDAK48 PABE 290049
CLIBET


CLIMATE REPORT
NATIONAL WEATHER SERVICE ANCHORAGE, AK
449 PM AKDT WED JUN 28 2017


...................................

...THE BETHEL CLIMATE SUMMARY FOR JUNE 28 2017...
VALID TODAY AS OF 0400 PM LOCAL TIME.

CLIMATE NORMAL PERIOD 1981 TO 2010
CLIMATE RECORD PERIOD 1948 TO 2017


WEATHER ITEM   OBSERVED TIME   RECORD YEAR NORMAL DEPARTURE LAST
                VALUE   (LST)  VALUE       VALUE  FROM      YEAR
                                                  NORMAL
..................................................................
TEMPERATURE (F)
 TODAY
  MAXIMUM         52        MM  87    1939  64    -12       70
  MINIMUM         47        MM  36    1933  48     -1       44
  AVERAGE         50                        56     -6       57

PRECIPITATION (IN)
  TODAY            0.05          0.62 1931   0.06  -0.01     0.00
  MONTH TO DATE    1.23                      1.60  -0.37     1.42
  SINCE JUN 1      1.23                      1.60  -0.37     1.42
  SINCE JAN 1      6.20                      5.69   0.51     4.66

SNOWFALL (IN)
  TODAY            0.0          MM      MM   0.0    0.0      0.0
  MONTH TO DATE    0.0                       0.0    0.0      0.0
  SINCE JUN 1      0.0                       0.0    0.0      0.0
  SINCE JUL 1     31.2                      61.8  -30.6     29.9
  SNOW DEPTH       0

DEGREE DAYS
 HEATING
  TODAY           15                         9      6        8
  MONTH TO DATE  256                       359   -103      268
  SINCE JUN 1    256                       359   -103      268
  SINCE JUL 1  11826                     12500   -674     9981

 COOLING
  TODAY            0                         0      0        0
  MONTH TO DATE    0                         0      0        0
  SINCE JUN 1      0                         0      0        0
  SINCE JAN 1      0                         0      0        0
..................................................................


WIND (MPH)
  RESULTANT WIND SPEED   9   RESULTANT WIND DIRECTION   S (170)
  HIGHEST WIND SPEED    18   HIGHEST WIND DIRECTION     S (160)
  HIGHEST GUST SPEED    23   HIGHEST GUST DIRECTION     S (160)
  AVERAGE WIND SPEED     9.9



WEATHER CONDITIONS
 THE FOLLOWING WEATHER WAS RECORDED TODAY.
  LIGHT RAIN


RELATIVE HUMIDITY (PERCENT)
 HIGHEST   100
 LOWEST     83
 AVERAGE    92

..........................................................


THE BETHEL CLIMATE NORMALS FOR TOMORROW
                         NORMAL    RECORD    YEAR
 MAXIMUM TEMPERATURE (F)   64        87      1934
 MINIMUM TEMPERATURE (F)   48        37      1968
                                             1952
                                             1928


SUNRISE AND SUNSET
JUNE 28 2017..........SUNRISE   518 AM AKDT  SUNSET  1223 AM AKDT
JUNE 29 2017..........SUNRISE   519 AM AKDT  SUNSET  1223 AM AKDT


-  INDICATES NEGATIVE NUMBERS.
R  INDICATES RECORD WAS SET OR TIED.
MM INDICATES DATA IS MISSING.
T  INDICATES TRACE AMOUNT.




$$
