000
CDAK48 PAFC 200057
CLIBET


CLIMATE REPORT
NATIONAL WEATHER SERVICE ANCHORAGE, AK
456 PM AKDT THU OCT 19 2017


...................................

...THE BETHEL CLIMATE SUMMARY FOR OCTOBER 19 2017...
VALID TODAY AS OF 0400 PM LOCAL TIME.

CLIMATE NORMAL PERIOD 1981 TO 2010
CLIMATE RECORD PERIOD 1948 TO 2017


WEATHER ITEM   OBSERVED TIME   RECORD YEAR NORMAL DEPARTURE LAST
                VALUE   (LST)  VALUE       VALUE  FROM      YEAR
                                                  NORMAL
..................................................................
TEMPERATURE (F)
 TODAY
  MAXIMUM         31        MM  54    1957  34     -3       35
  MINIMUM         24        MM  -1    1929  23      1       21
  AVERAGE         28                        28      0       28

PRECIPITATION (IN)
  TODAY            T             0.73 1961   0.04  -0.04     0.00
  MONTH TO DATE    2.81                      1.11   1.70     0.37
  SINCE SEP 1      5.49                      3.86   1.63     3.54
  SINCE JAN 1     20.42                     15.28   5.14    14.46

SNOWFALL (IN)
  TODAY            T             2.1  1998   0.1   -0.1      0.0
  MONTH TO DATE    T                         1.8   -1.8       T
  SINCE SEP 1      T                         2.4   -2.4       T
  SINCE JUL 1      T                         2.4   -2.4       T
  SNOW DEPTH       0

DEGREE DAYS
 HEATING
  TODAY           37                        36      1       37
  MONTH TO DATE  480                       600   -120      450
  SINCE SEP 1   1050                      1182   -132      937
  SINCE JUL 1   1601                      1818   -217     1299

 COOLING
  TODAY            0                         0      0        0
  MONTH TO DATE    0                         0      0        0
  SINCE SEP 1      0                         0      0        0
  SINCE JAN 1      6                         4      2       13
..................................................................


WIND (MPH)
  RESULTANT WIND SPEED   7   RESULTANT WIND DIRECTION  NW (300)
  HIGHEST WIND SPEED    13   HIGHEST WIND DIRECTION    NW (310)
  HIGHEST GUST SPEED    MM   HIGHEST GUST DIRECTION    MM
  AVERAGE WIND SPEED     6.9



WEATHER CONDITIONS
 THE FOLLOWING WEATHER WAS RECORDED TODAY.
  LIGHT SNOW
  FOG
  FOG W/VISIBILITY <= 1/4 MILE


RELATIVE HUMIDITY (PERCENT)
 HIGHEST   100
 LOWEST     78
 AVERAGE    89

..........................................................


THE BETHEL CLIMATE NORMALS FOR TOMORROW
                         NORMAL    RECORD    YEAR
 MAXIMUM TEMPERATURE (F)   33        55      1925
 MINIMUM TEMPERATURE (F)   23         4      1983


SUNRISE AND SUNSET
OCTOBER 19 2017.......SUNRISE   940 AM AKDT  SUNSET   723 PM AKDT
OCTOBER 20 2017.......SUNRISE   943 AM AKDT  SUNSET   720 PM AKDT


-  INDICATES NEGATIVE NUMBERS.
R  INDICATES RECORD WAS SET OR TIED.
MM INDICATES DATA IS MISSING.
T  INDICATES TRACE AMOUNT.




$$
