000
CDAK48 PABE 051235
CLIBET

CLIMATE REPORT
NATIONAL WEATHER SERVICE BETHEL, AK
435 AM AKDT SAT SEP 5 2015

...................................
...THE BETHEL AP CLIMATE SUMMARY FOR SEPTEMBER 4 2015...

CLIMATE NORMAL PERIOD  1981 TO  2010
CLIMATE RECORD PERIOD  1923 TO  2015

WEATHER ITEM   OBSERVED TIME    RECORD YEAR NORMAL DEPARTURE LAST
               VALUE    (LST)   VALUE       VALUE  FROM      YEAR
                                                   NORMAL
...................................................................
TEMPERATURE
YESTERDAY
 MAXIMUM            53  0654 PM    69  1996     57      -4     60
 MINIMUM            48  1159 PM    28  1940     44       4     43
 AVERAGE            51                          50       1     52

PRECIPITATION
(INCHES)
 YESTERDAY        0.15           1.01  1982   0.10    0.05   0.00
 MONTH TO DATE    1.28                        0.40    0.88   0.14
 SINCE SEP 1      1.28                        0.40    0.88   0.14
 SINCE JAN 1     11.08                       11.82   -0.74   9.45

SNOWFALL
(INCHES)
 YESTERDAY         0.0            0.0  2015    0.0     0.0    0.0
 MONTH TO DATE     0.0                         0.0     0.0    0.0
 SINCE SEP 1       0.0                         0.0     0.0    0.0
 SINCE JUL 1       0.0                         0.0     0.0    0.0
 SNOW DEPTH (IN)     0                                          0

DEGREE DAYS
 HEATING
  YESTERDAY         14                          15      -1     13
  MONTH TO DATE     59                          58       1     52
  SINCE SEP 1       59                          58       1     52
  SINCE JUL 1      673                         700     -27    573

 COOLING
  YESTERDAY          0                           0       0      0
  MONTH TO DATE      0                           0       0      0
  SINCE SEP 1        0                           0       0      0
  SINCE JAN 1       11                           0      11      0
...................................................................

WIND (MPH)
 HIGHEST WIND SPEED    17     HIGHEST WIND DIRECTION    240
 HIGHEST GUST SPEED    21     HIGHEST GUST DIRECTION    250
 AVERAGE WIND SPEED   9.5

WEATHER CONDITIONS
 THE FOLLOWING WEATHER WAS RECORDED YESTERDAY.
 FOG
 RAIN

...................................................................

THE BETHEL CLIMATE NORMALS FOR TODAY
                           NORMAL    RECORD   YEAR
 MAXIMUM TEMPERATURE (F)     57        69     1924
 MINIMUM TEMPERATURE (F)     43        28     1927

SUNRISE AND SUNSET
 SEP 5 2015..........SUNRISE  7:51 AM      SUNSET  9:41 PM
 SEP 6 2015..........SUNRISE  7:53 AM      SUNSET  9:38 PM

-  INDICATES NEGATIVE NUMBERS.
R  INDICATES RECORD HAS BEEN SET OR TIED.
MM INDICATES DATA IS MISSING.
T  INDICATES TRACE OF PRECIPITATION.

&&
-------------------------------------------------------------------

AMOUNT OF DAYLIGHT TODAY  (HOUR:MIN)........13 HOURS 50 MINUTES
LOSS SINCE YESTERDAY (HOUR:MIN:SEC)....-0:05:33

$$
CR SEP 15
