000
CDAK48 PABE 022202
CLIBET

CLIMATE REPORT
NATIONAL WEATHER SERVICE BETHEL, AK
202 PM AKDT TUE SEP 2 2014

...................................
...THE BETHEL AP CLIMATE SUMMARY FOR SEPTEMBER 2 2014...
VALID TODAY AS OF 2:00 PM LOCAL TIME

CLIMATE NORMAL PERIOD  1981 TO  2010
CLIMATE RECORD PERIOD  1923 TO  2014

WEATHER ITEM   OBSERVED TIME    RECORD YEAR NORMAL DEPARTURE LAST
               VALUE    (LST)   VALUE       VALUE  FROM      YEAR
                                                   NORMAL
...................................................................
TEMPERATURE
TODAY
 MAXIMUM            53  0101 PM    69  1974     57      -4     57
 MINIMUM            48  1050 AM    30  1983     44       4     49
 AVERAGE            51                          51       0     53

PRECIPITATION
(INCHES)
 TODAY            0.06           0.82  2012   0.10   -0.04   0.20
 MONTH TO DATE    0.13                        0.20   -0.07   1.67
 SINCE SEP 1      0.13                        0.20   -0.07   1.67
 SINCE JAN 1      9.44                       11.62   -2.18  12.15

SNOWFALL
(INCHES)
 TODAY             0.0            0.0  2014    0.0     0.0    0.0
 MONTH TO DATE     0.0                         0.0     0.0    0.0
 SINCE SEP 1       0.0                         0.0     0.0    0.0
 SINCE JUL 1       0.0                         0.0     0.0    0.0
 SNOW DEPTH (IN)     0                                          0

DEGREE DAYS
 HEATING
  TODAY             14                          14       0     12
  MONTH TO DATE     27                          28      -1     23
  SINCE SEP 1       27                          28      -1     23
  SINCE JUL 1      548                         670    -122    607

 COOLING
  TODAY              0                           0       0      0
  MONTH TO DATE      0                           0       0      0
  SINCE SEP 1        0                           0       0      0
  SINCE JAN 1        0                           0       0     18
...................................................................

WIND (MPH)
 HIGHEST WIND SPEED    18     HIGHEST WIND DIRECTION    210
 HIGHEST GUST SPEED    23     HIGHEST GUST DIRECTION    210
 AVERAGE WIND SPEED    MM

SKY COVER
  POSSIBLE SUNSHINE  MM            AVERAGE SKY COVER MM

WEATHER CONDITIONS
 THE FOLLOWING WEATHER WAS RECORDED TODAY.
FOG
RAIN


RELATIVE HUMIDITY
 HIGHEST RH     MM PERCENT       MM
 LOWEST  RH     MM PERCENT       MM
 AVERAGE RH     MM PERCENT       MM
...................................................................

THE BETHEL CLIMATE NORMALS FOR TOMORROW
                        NORMAL    RECORD   YEAR
 MAXIMUM TEMPERATURE      57        70     1974
 MINIMUM TEMPERATURE      44        30     1940

SUNRISE AND SUNSET
 SEP 2 2014..........SUNRISE  7:44 AM      SUNSET  9:49 PM
 SEP 3 2014..........SUNRISE  7:46 AM      SUNSET  9:46 PM

-  INDICATES NEGATIVE NUMBERS.
R  INDICATES RECORD HAS BEEN SET OR TIED.
MM INDICATES DATA IS MISSING.
T  INDICATES TRACE OF PRECIPITATION.

&&
-------------------------------------------------------------------

AMOUNT OF DAYLIGHT TODAY  (HOUR:MIN)........14 HOURS 5 MINUTES
GAIN/LOSS SINCE YESTERDAY (HOUR:MIN:SEC)....-0:05:32

$$
BW SEP 14
