000
CDAK48 PABE 201016
CLIBET

CLIMATE REPORT
NATIONAL WEATHER SERVICE BETHEL, AK
216 AM AKDT MON OCT 20 2014

...................................
...THE BETHEL AP CLIMATE SUMMARY FOR OCTOBER 19 2014...

CLIMATE NORMAL PERIOD  1981 TO  2010
CLIMATE RECORD PERIOD  1923 TO  2014

WEATHER ITEM   OBSERVED TIME    RECORD YEAR NORMAL DEPARTURE LAST
               VALUE    (LST)   VALUE       VALUE  FROM      YEAR
                                                   NORMAL
...................................................................
TEMPERATURE
YESTERDAY
 MAXIMUM            27  0450 PM    54  1957     34      -7     45
 MINIMUM            14  0937 AM    -1  1929     23      -9     40
 AVERAGE            21                          29      -8     43

PRECIPITATION
(INCHES)
 YESTERDAY           T           0.73  1961   0.04   -0.04   0.12
 MONTH TO DATE    0.05                        1.11   -1.06   3.47
 SINCE SEP 1      1.31                        3.86   -2.55   5.99
 SINCE JAN 1     10.62                       15.28   -4.66  16.47

SNOWFALL
(INCHES)
 YESTERDAY           T            2.1  1998    0.1    -0.1    0.0
 MONTH TO DATE     1.5                         1.8    -0.3    0.0
 SINCE SEP 1       1.5                         2.4    -0.9    0.0
 SINCE JUL 1       1.5                         2.4    -0.9      T
 SNOW DEPTH (IN)     T                                          0

DEGREE DAYS
 HEATING
  YESTERDAY         44                          36       8     22
  MONTH TO DATE    665                         600      65    478
  SINCE SEP 1     1168                        1184     -16   1089
  SINCE JUL 1     1689                        1826    -137   1673

 COOLING
  YESTERDAY          0                           0       0      0
  MONTH TO DATE      0                           0       0      0
  SINCE SEP 1        0                           0       0      0
  SINCE JAN 1        0                           0       0     18
...................................................................

WIND (MPH)
 HIGHEST WIND SPEED     9     HIGHEST WIND DIRECTION    300
 HIGHEST GUST SPEED    12     HIGHEST GUST DIRECTION    290
 AVERAGE WIND SPEED   4.2

SKY COVER
  POSSIBLE SUNSHINE    MM          AVERAGE SKY COVER     MM

WEATHER CONDITIONS
 THE FOLLOWING WEATHER WAS RECORDED YESTERDAY.
  SNOW


RELATIVE HUMIDITY
 HIGHEST RH     MM PERCENT       MM
 LOWEST  RH     MM PERCENT       MM
 AVERAGE RH     MM PERCENT       MM
...................................................................

THE BETHEL CLIMATE NORMALS FOR TODAY
                           NORMAL    RECORD   YEAR
 MAXIMUM TEMPERATURE (F)     33        55     1925
 MINIMUM TEMPERATURE (F)     23         4     1983

SUNRISE AND SUNSET
 OCT 20 2014..........SUNRISE  9:43 AM      SUNSET  7:21 PM
 OCT 21 2014..........SUNRISE  9:45 AM      SUNSET  7:18 PM

-  INDICATES NEGATIVE NUMBERS.
R  INDICATES RECORD HAS BEEN SET OR TIED.
MM INDICATES DATA IS MISSING.
T  INDICATES TRACE OF PRECIPITATION.

&&
-------------------------------------------------------------------

AMOUNT OF DAYLIGHT TODAY  (HOUR:MIN)........9 HOURS 38 MINUTES
GAIN/LOSS SINCE YESTERDAY (HOUR:MIN:SEC)....-0:05:31

$$
ANDERSON OCT 14
