000
CDUS41 KCTP 220642
CLIBFD


CLIMATE REPORT
NATIONAL WEATHER SERVICE STATE COLLEGE PA
141 AM EST WED NOV 22 2017


...................................

...THE BRADFORD CLIMATE SUMMARY FOR NOVEMBER 21 2017...

CLIMATE NORMAL PERIOD 1981 TO 2010
CLIMATE RECORD PERIOD 1957 TO 2017


WEATHER ITEM   OBSERVED TIME   RECORD YEAR NORMAL DEPARTURE LAST
                VALUE   (LST)  VALUE       VALUE  FROM      YEAR
                                                  NORMAL
..................................................................
TEMPERATURE (F)
 YESTERDAY
  MAXIMUM         50    354 PM  58    1991  43      7       30
  MINIMUM         33    127 AM   7    2014  28      5       25
  AVERAGE         42                        35      7       28

PRECIPITATION (IN)
  YESTERDAY        0.00          0.55 1991   0.14  -0.14     0.01
  MONTH TO DATE    3.77                      2.57   1.20     0.98
  SINCE SEP 1     11.78                      9.92   1.86    11.38
  SINCE JAN 1     46.93                     39.87   7.06    40.38

DEGREE DAYS
 HEATING
  YESTERDAY       23                        25     -2       37
  MONTH TO DATE  609                       456    153      478
  SINCE SEP 1   1168                      1296   -128     1080
  SINCE JUL 1   1277                      1449   -172     1123

 COOLING
  YESTERDAY        0                         0      0        0
  MONTH TO DATE    0                         0      0        0
  SINCE SEP 1     40                        16     24       45
  SINCE JAN 1    264                       193     71      370
..................................................................


WIND (MPH)
  HIGHEST WIND SPEED    22   HIGHEST WIND DIRECTION    SW (220)
  HIGHEST GUST SPEED    32   HIGHEST GUST DIRECTION    SW (210)
  AVERAGE WIND SPEED     9.2


SKY COVER
  POSSIBLE SUNSHINE  MM
  AVERAGE SKY COVER 0.0


WEATHER CONDITIONS
 THE FOLLOWING WEATHER WAS RECORDED YESTERDAY.
  NO SIGNIFICANT WEATHER WAS OBSERVED.


RELATIVE HUMIDITY (PERCENT)
 HIGHEST    61          1200 AM
 LOWEST     36           400 PM
 AVERAGE    49

..........................................................


THE BRADFORD CLIMATE NORMALS FOR TODAY
                         NORMAL    RECORD    YEAR
 MAXIMUM TEMPERATURE (F)   42        65      1999
 MINIMUM TEMPERATURE (F)   27         6      1987


SUNRISE AND SUNSET
NOVEMBER 22 2017......SUNRISE   713 AM EST   SUNSET   449 PM EST
NOVEMBER 23 2017......SUNRISE   714 AM EST   SUNSET   448 PM EST


-  INDICATES NEGATIVE NUMBERS.
R  INDICATES RECORD WAS SET OR TIED.
MM INDICATES DATA IS MISSING.
T  INDICATES TRACE AMOUNT.




$$
