000
CDUS41 KCTP 312135
CLIBFD


CLIMATE REPORT
NATIONAL WEATHER SERVICE STATE COLLEGE PA
535 PM EDT FRI JUL 31 2015


...................................

...THE BRADFORD CLIMATE SUMMARY FOR JULY 31 2015...
VALID TODAY AS OF 0500 PM LOCAL TIME.

CLIMATE NORMAL PERIOD 1981 TO 2010
CLIMATE RECORD PERIOD 1957 TO 2015


WEATHER ITEM   OBSERVED TIME   RECORD YEAR NORMAL DEPARTURE LAST
                VALUE   (LST)  VALUE       VALUE  FROM      YEAR
                                                  NORMAL
..................................................................
TEMPERATURE (F)
 TODAY
  MAXIMUM         80    206 PM  92    1975  77      3       73
  MINIMUM         51    523 AM  41    1964  53     -2       51
  AVERAGE         66                        65      1       62

PRECIPITATION (IN)
  TODAY            0.00          2.93 2012   0.14  -0.14     0.00
  MONTH TO DATE    2.69                      4.19  -1.50     3.58
  SINCE JUN 1     10.16                      9.10   1.06     9.62
  SINCE JAN 1     22.59                     25.84  -3.25    25.57

DEGREE DAYS
 HEATING
  TODAY            0                         0      0        3
  MONTH TO DATE   47                         1     46       94
  SINCE JUN 1    154                       209    -55      179
  SINCE JUL 1     47                        64    -17       94

 COOLING
  TODAY            1                         2     -1        0
  MONTH TO DATE   72                        74     -2       63
  SINCE JUN 1    110                       114     -4      119
  SINCE JAN 1    154                       124     30      137
..................................................................


WIND (MPH)
  HIGHEST WIND SPEED    16   HIGHEST WIND DIRECTION    NW (300)
  HIGHEST GUST SPEED    22   HIGHEST GUST DIRECTION     W (270)
  AVERAGE WIND SPEED     4.9


SKY COVER
  POSSIBLE SUNSHINE  MM
  AVERAGE SKY COVER 0.2


WEATHER CONDITIONS
 THE FOLLOWING WEATHER WAS RECORDED TODAY.
  FOG


RELATIVE HUMIDITY (PERCENT)
 HIGHEST    96           600 AM
 LOWEST     45          1200 PM
 AVERAGE    71

..........................................................


THE BRADFORD CLIMATE NORMALS FOR TOMORROW
                         NORMAL    RECORD    YEAR
 MAXIMUM TEMPERATURE (F)   77        91      1975
 MINIMUM TEMPERATURE (F)   53        41      1960


SUNRISE AND SUNSET
JULY 31 2015..........SUNRISE   607 AM EDT   SUNSET   834 PM EDT
AUGUST  1 2015........SUNRISE   608 AM EDT   SUNSET   833 PM EDT


-  INDICATES NEGATIVE NUMBERS.
R  INDICATES RECORD WAS SET OR TIED.
MM INDICATES DATA IS MISSING.
T  INDICATES TRACE AMOUNT.




$$
