000
CDUS41 KCTP 210634
CLIBFD


CLIMATE REPORT
NATIONAL WEATHER SERVICE STATE COLLEGE PA
234 AM EDT THU SEP 21 2017


...................................

...THE BRADFORD CLIMATE SUMMARY FOR SEPTEMBER 20 2017...

CLIMATE NORMAL PERIOD 1981 TO 2010
CLIMATE RECORD PERIOD 1957 TO 2017


WEATHER ITEM   OBSERVED TIME   RECORD YEAR NORMAL DEPARTURE LAST
                VALUE   (LST)  VALUE       VALUE  FROM      YEAR
                                                  NORMAL
..................................................................
TEMPERATURE (F)
 YESTERDAY
  MAXIMUM         80    320 PM  81    2016  67     13       81
                                      1978
  MINIMUM         50    614 AM  25    1979  44      6       47
  AVERAGE         65                        55     10       64

PRECIPITATION (IN)
  YESTERDAY        0.00          0.74 1963   0.14  -0.14     0.00
  MONTH TO DATE    2.31                      2.61  -0.30     1.86
  SINCE SEP 1      2.31                      2.61  -0.30     1.86
  SINCE JAN 1     37.46                     32.56   4.90    30.86

DEGREE DAYS
 HEATING
  YESTERDAY        0                         6     -6        1
  MONTH TO DATE  128                        69     59       60
  SINCE SEP 1    128                        69     59       60
  SINCE JUL 1    237                       222     15      103

 COOLING
  YESTERDAY        0                         0      0        0
  MONTH TO DATE    9                        13     -4       38
  SINCE SEP 1      9                        13     -4       38
  SINCE JAN 1    233                       190     43      363
..................................................................


WIND (MPH)
  HIGHEST WIND SPEED    12   HIGHEST WIND DIRECTION     N (340)
  HIGHEST GUST SPEED    15   HIGHEST GUST DIRECTION     N (20)
  AVERAGE WIND SPEED     2.0


SKY COVER
  POSSIBLE SUNSHINE  MM
  AVERAGE SKY COVER 0.0


WEATHER CONDITIONS
 THE FOLLOWING WEATHER WAS RECORDED YESTERDAY.
  FOG


RELATIVE HUMIDITY (PERCENT)
 HIGHEST   100          1200 AM
 LOWEST     45           300 PM
 AVERAGE    73

..........................................................


THE BRADFORD CLIMATE NORMALS FOR TODAY
                         NORMAL    RECORD    YEAR
 MAXIMUM TEMPERATURE (F)   66        82      1980
 MINIMUM TEMPERATURE (F)   43        28      1962


SUNRISE AND SUNSET
SEPTEMBER 21 2017.....SUNRISE   701 AM EDT   SUNSET   713 PM EDT
SEPTEMBER 22 2017.....SUNRISE   702 AM EDT   SUNSET   711 PM EDT


-  INDICATES NEGATIVE NUMBERS.
R  INDICATES RECORD WAS SET OR TIED.
MM INDICATES DATA IS MISSING.
T  INDICATES TRACE AMOUNT.




$$
