000
CDUS41 KCTP 280706
CLIBFD


CLIMATE REPORT
NATIONAL WEATHER SERVICE STATE COLLEGE PA
306 AM EDT FRI AUG 28 2015


...................................

...THE BRADFORD CLIMATE SUMMARY FOR AUGUST 27 2015...

CLIMATE NORMAL PERIOD 1981 TO 2010
CLIMATE RECORD PERIOD 1957 TO 2015


WEATHER ITEM   OBSERVED TIME   RECORD YEAR NORMAL DEPARTURE LAST
                VALUE   (LST)  VALUE       VALUE  FROM      YEAR
                                                  NORMAL
..................................................................
TEMPERATURE (F)
 YESTERDAY
  MAXIMUM         68    326 PM  89    1993  74     -6       81
  MINIMUM         46   1119 PM  36    1958  51     -5       54
  AVERAGE         57                        63     -6       68

PRECIPITATION (IN)
  YESTERDAY        T             2.21 1987   0.13  -0.13     0.00
  MONTH TO DATE    1.20                      3.61  -2.41     5.09
  SINCE JUN 1     11.36                     12.71  -1.35    14.71
  SINCE JAN 1     23.79                     29.45  -5.66    30.66

DEGREE DAYS
 HEATING
  YESTERDAY        8                         1      7        0
  MONTH TO DATE   68                        19     49       73
  SINCE JUN 1    222                       228     -6      252
  SINCE JUL 1    115                        83     32      167

 COOLING
  YESTERDAY        0                         1     -1        3
  MONTH TO DATE   46                        48     -2       25
  SINCE JUN 1    156                       162     -6      144
  SINCE JAN 1    200                       172     28      162
..................................................................


WIND (MPH)
  HIGHEST WIND SPEED    15   HIGHEST WIND DIRECTION    NW (300)
  HIGHEST GUST SPEED    20   HIGHEST GUST DIRECTION    NW (320)
  AVERAGE WIND SPEED     6.1


SKY COVER
  POSSIBLE SUNSHINE  MM
  AVERAGE SKY COVER 0.7


WEATHER CONDITIONS
 THE FOLLOWING WEATHER WAS RECORDED YESTERDAY.
  LIGHT RAIN
  FOG


RELATIVE HUMIDITY (PERCENT)
 HIGHEST    93          1200 AM
 LOWEST     58           300 PM
 AVERAGE    76

..........................................................


THE BRADFORD CLIMATE NORMALS FOR TODAY
                         NORMAL    RECORD    YEAR
 MAXIMUM TEMPERATURE (F)   74        92      1973
 MINIMUM TEMPERATURE (F)   51        32      1968


SUNRISE AND SUNSET
AUGUST 28 2015........SUNRISE   636 AM EDT   SUNSET   755 PM EDT
AUGUST 29 2015........SUNRISE   637 AM EDT   SUNSET   753 PM EDT


-  INDICATES NEGATIVE NUMBERS.
R  INDICATES RECORD WAS SET OR TIED.
MM INDICATES DATA IS MISSING.
T  INDICATES TRACE AMOUNT.




$$
