000
CDUS41 KCTP 020653
CLIBFD


CLIMATE REPORT
NATIONAL WEATHER SERVICE STATE COLLEGE PA
153 AM EST MON MAR 2 2015


...................................

...THE BRADFORD CLIMATE SUMMARY FOR MARCH 1 2015...

CLIMATE NORMAL PERIOD 1981 TO 2010
CLIMATE RECORD PERIOD 1957 TO 2015


WEATHER ITEM   OBSERVED TIME   RECORD YEAR NORMAL DEPARTURE LAST
                VALUE   (LST)  VALUE       VALUE  FROM      YEAR
                                                  NORMAL
..................................................................
TEMPERATURE (F)
 YESTERDAY
  MAXIMUM         31    449 PM  62    1972  36     -5       39
  MINIMUM          9   1208 AM -17    1980  17     -8        6
  AVERAGE         20                        26     -6       23

PRECIPITATION (IN)
  YESTERDAY        0.35          0.56 1963   0.10   0.25     0.00
  MONTH TO DATE    0.35                      0.10   0.25     0.00
  SINCE MAR 1      0.35                      0.10   0.25     0.00
  SINCE JAN 1      3.19                      5.74  -2.55     3.53

DEGREE DAYS
 HEATING
  YESTERDAY       45                        33     12       42
  MONTH TO DATE   45                        33     12       42
  SINCE MAR 1     45                        33     12       42
  SINCE JUL 1   5944                      5603    341     5708

 COOLING
  YESTERDAY        0                         0      0        0
  MONTH TO DATE    0                         0      0        0
  SINCE MAR 1      0                         0      0        0
  SINCE JAN 1      0                         0      0        0
..................................................................


WIND (MPH)
  HIGHEST WIND SPEED    12   HIGHEST WIND DIRECTION     W (280)
  HIGHEST GUST SPEED    16   HIGHEST GUST DIRECTION     W (260)
  AVERAGE WIND SPEED     6.1


SKY COVER
  POSSIBLE SUNSHINE  MM
  AVERAGE SKY COVER 1.0


WEATHER CONDITIONS
 THE FOLLOWING WEATHER WAS RECORDED YESTERDAY.
  SNOW
  LIGHT SNOW
  FOG
  FOG W/VISIBILITY <= 1/4 MILE
  HAZE


RELATIVE HUMIDITY (PERCENT)
 HIGHEST    92           700 PM
 LOWEST     40           100 AM
 AVERAGE    66

..........................................................


THE BRADFORD CLIMATE NORMALS FOR TODAY
                         NORMAL    RECORD    YEAR
 MAXIMUM TEMPERATURE (F)   36        64      1991
 MINIMUM TEMPERATURE (F)   17       -21      1980


SUNRISE AND SUNSET
MARCH  2 2015.........SUNRISE   648 AM EST   SUNSET   606 PM EST
MARCH  3 2015.........SUNRISE   647 AM EST   SUNSET   607 PM EST


-  INDICATES NEGATIVE NUMBERS.
R  INDICATES RECORD WAS SET OR TIED.
MM INDICATES DATA IS MISSING.
T  INDICATES TRACE AMOUNT.




$$
