000
CDUS41 KCTP 250633
CLIBFD


CLIMATE REPORT
NATIONAL WEATHER SERVICE STATE COLLEGE PA
233 AM EDT FRI JUL 25 2014


...................................

...THE BRADFORD CLIMATE SUMMARY FOR JULY 24 2014...

CLIMATE NORMAL PERIOD 1981 TO 2010
CLIMATE RECORD PERIOD 1957 TO 2014


WEATHER ITEM   OBSERVED TIME   RECORD YEAR NORMAL DEPARTURE LAST
                VALUE   (LST)  VALUE       VALUE  FROM      YEAR
                                                  NORMAL
..................................................................
TEMPERATURE (F)
 YESTERDAY
  MAXIMUM         70    347 PM  87    2001  77     -7       67
  MINIMUM         47   1153 PM  44    1993  54     -7       47
  AVERAGE         59                        65     -6       57

PRECIPITATION (IN)
  YESTERDAY        0.00          1.74 1967   0.14  -0.14     0.01
  MONTH TO DATE    2.80                      3.25  -0.45     1.99
  SINCE JUN 1      8.84                      8.16   0.68     6.60
  SINCE JAN 1     24.79                     24.90  -0.11    17.63

DEGREE DAYS
 HEATING
  YESTERDAY        6                         0      6        8
  MONTH TO DATE   57                         1     56       13
  SINCE JUN 1    142                       146     -4      117
  SINCE JUL 1     57                         1     56       13

 COOLING
  YESTERDAY        0                         2     -2        0
  MONTH TO DATE   57                        56      1      148
  SINCE JUN 1    113                        96     17      198
  SINCE JAN 1    131                       106     25      241
..................................................................


WIND (MPH)
  HIGHEST WIND SPEED    14   HIGHEST WIND DIRECTION    NW (330)
  HIGHEST GUST SPEED    20   HIGHEST GUST DIRECTION    NW (320)
  AVERAGE WIND SPEED     6.6


SKY COVER
  POSSIBLE SUNSHINE  MM
  AVERAGE SKY COVER 0.6


WEATHER CONDITIONS
 THE FOLLOWING WEATHER WAS RECORDED YESTERDAY.
  NO SIGNIFICANT WEATHER WAS OBSERVED.


RELATIVE HUMIDITY (PERCENT)
 HIGHEST    89          1000 PM
 LOWEST     47           100 PM
 AVERAGE    68

..........................................................


THE BRADFORD CLIMATE NORMALS FOR TODAY
                         NORMAL    RECORD    YEAR
 MAXIMUM TEMPERATURE (F)   77        85      1966
 MINIMUM TEMPERATURE (F)   54        39      2013


SUNRISE AND SUNSET
JULY 25 2014..........SUNRISE   602 AM EDT   SUNSET   840 PM EDT
JULY 26 2014..........SUNRISE   603 AM EDT   SUNSET   839 PM EDT


-  INDICATES NEGATIVE NUMBERS.
R  INDICATES RECORD WAS SET OR TIED.
MM INDICATES DATA IS MISSING.
T  INDICATES TRACE AMOUNT.




$$
