000
CDUS41 KCTP 242216
CLIBFD


CLIMATE REPORT
NATIONAL WEATHER SERVICE STATE COLLEGE PA
516 PM EST SAT FEB 24 2018


...................................

...THE BRADFORD CLIMATE SUMMARY FOR FEBRUARY 24 2018...
VALID TODAY AS OF 0500 PM LOCAL TIME.

CLIMATE NORMAL PERIOD 1981 TO 2010
CLIMATE RECORD PERIOD 1957 TO 2018


WEATHER ITEM   OBSERVED TIME   RECORD YEAR NORMAL DEPARTURE LAST
                VALUE   (LST)  VALUE       VALUE  FROM      YEAR
                                                  NORMAL
..................................................................
TEMPERATURE (F)
 TODAY
  MAXIMUM         46   1250 AM  69    2017  35     11       69
  MINIMUM         39    932 AM -20    2015  16     23       47
  AVERAGE         43                        25     18       58

PRECIPITATION (IN)
  TODAY            0.02          0.70 1994   0.08  -0.06     0.05
                                      1994
                                      2016
  MONTH TO DATE    2.87                      1.98   0.89     2.07
  SINCE DEC 1      8.64                      8.67  -0.03     9.88
  SINCE JAN 1      6.52                      5.27   1.25     6.64

DEGREE DAYS
 HEATING
  TODAY           22                        34    -12        7
  MONTH TO DATE  818                       868    -50      780
  SINCE DEC 1   3463                      3444     19     3082
  SINCE JUL 1   4997                      5279   -282     4470

 COOLING
  TODAY            0                         0      0        0
  MONTH TO DATE    0                         0      0        0
  SINCE DEC 1      0                         0      0        0
  SINCE JAN 1      0                         0      0        0
..................................................................


WIND (MPH)
  HIGHEST WIND SPEED    14   HIGHEST WIND DIRECTION    NW (300)
  HIGHEST GUST SPEED    18   HIGHEST GUST DIRECTION    NW (300)
  AVERAGE WIND SPEED     6.6


SKY COVER
  POSSIBLE SUNSHINE  MM
  AVERAGE SKY COVER 1.0


WEATHER CONDITIONS
 THE FOLLOWING WEATHER WAS RECORDED TODAY.
  LIGHT RAIN
  FOG


RELATIVE HUMIDITY (PERCENT)
 HIGHEST   100          1200 AM
 LOWEST     86          1000 AM
 AVERAGE    93

..........................................................


THE BRADFORD CLIMATE NORMALS FOR TOMORROW
                         NORMAL    RECORD    YEAR
 MAXIMUM TEMPERATURE (F)   35        62      2001
 MINIMUM TEMPERATURE (F)   16        -5      1963


SUNRISE AND SUNSET
FEBRUARY 24 2018......SUNRISE   657 AM EST   SUNSET   559 PM EST
FEBRUARY 25 2018......SUNRISE   656 AM EST   SUNSET   600 PM EST


-  INDICATES NEGATIVE NUMBERS.
R  INDICATES RECORD WAS SET OR TIED.
MM INDICATES DATA IS MISSING.
T  INDICATES TRACE AMOUNT.




$$
