000
CDUS45 KCYS 250740
CLIBFF


CLIMATE REPORT
NATIONAL WEATHER SERVICE CHEYENNE WY
139 AM MDT THU AUG 25 2016


...................................

...THE SCOTTSBLUFF NE AIRPORT CLIMATE SUMMARY FOR AUGUST 24 2016...

CLIMATE NORMAL PERIOD 1981 TO 2010
CLIMATE RECORD PERIOD 1871 TO 2016


WEATHER ITEM   OBSERVED TIME   RECORD YEAR NORMAL DEPARTURE LAST
                VALUE   (LST)  VALUE       VALUE  FROM      YEAR
                                                  NORMAL
..................................................................
TEMPERATURE (F)
 YESTERDAY
  MAXIMUM         75    246 PM 103    1936  87    -12       85
  MINIMUM         54   1159 PM  41    1928  55     -1       45
                                      1917
  AVERAGE         65                        70     -5       65

PRECIPITATION (IN)
  YESTERDAY        T             0.79 1960   0.04  -0.04     0.00
  MONTH TO DATE    1.85                      1.04   0.81     1.24
  SINCE JAN 1     13.31                     12.04   1.27    19.47

SNOWFALL (IN)
  YESTERDAY        0.0          MM      MM   0.0    0.0      0.0
  MONTH TO DATE    0.0                       0.0    0.0      0.0
  SINCE JUL 1      0.0                       0.0    0.0      0.0
  SNOW DEPTH       0

DEGREE DAYS
 HEATING
  YESTERDAY        0                         1     -1        0
  MONTH TO DATE   10                         3      7       27
  SINCE JUN 1     16                        69    -53       36
  SINCE JUL 1     10                         9      1       33

 COOLING
  YESTERDAY        0                         6     -6        0
  MONTH TO DATE  180                       191    -11      184
  SINCE JUN 1    792                       604    188      616
  SINCE JAN 1    796                       627    169      616
..................................................................


WIND (MPH)
  HIGHEST WIND SPEED    18   HIGHEST WIND DIRECTION     N (20)
  HIGHEST GUST SPEED    23   HIGHEST GUST DIRECTION     N (20)
  AVERAGE WIND SPEED     8.6


SKY COVER
  AVERAGE SKY COVER 0.3


WEATHER CONDITIONS
 THE FOLLOWING WEATHER WAS RECORDED YESTERDAY.
  NO SIGNIFICANT WEATHER WAS OBSERVED.


RELATIVE HUMIDITY (PERCENT)
 HIGHEST    77          1100 PM
 LOWEST     38           200 PM
 AVERAGE    58

..........................................................


THE SCOTTSBLUFF NE AIRPORT CLIMATE NORMALS FOR TODAY
                         NORMAL    RECORD    YEAR
 MAXIMUM TEMPERATURE (F)   86       101      1991
                                             1926
 MINIMUM TEMPERATURE (F)   54        30      1910


SUNRISE AND SUNSET
AUGUST 25 2016........SUNRISE   613 AM MDT   SUNSET   738 PM MDT
AUGUST 26 2016........SUNRISE   614 AM MDT   SUNSET   737 PM MDT


-  INDICATES NEGATIVE NUMBERS.
R  INDICATES RECORD WAS SET OR TIED.
MM INDICATES DATA IS MISSING.
T  INDICATES TRACE AMOUNT.




$$
