000
CDUS45 KCYS 260726
CLIBFF


CLIMATE REPORT
NATIONAL WEATHER SERVICE CHEYENNE WY
126 AM MDT SAT JUL 26 2014


...................................

...THE SCOTTSBLUFF NEBRASKA AIRPORT CLIMATE SUMMARY FOR JULY 25 2014...

CLIMATE NORMAL PERIOD 1981 TO 2010
CLIMATE RECORD PERIOD 1871 TO 2014


WEATHER ITEM   OBSERVED TIME   RECORD YEAR NORMAL DEPARTURE LAST
                VALUE   (LST)  VALUE       VALUE  FROM      YEAR
                                                  NORMAL
..................................................................
TEMPERATURE (F)
 YESTERDAY
  MAXIMUM         89    350 PM 104    1931  90     -1       88
                                      1899
  MINIMUM         63    500 AM  41    1911  59      4       59
  AVERAGE         76                        75      1       74

PRECIPITATION (IN)
  YESTERDAY        0.06          1.13 1982   0.06   0.00     0.00
  MONTH TO DATE    1.45                      1.51  -0.06     0.75
  SINCE JAN 1     10.33                     10.68  -0.35     6.93

SNOWFALL (IN)
  YESTERDAY        0.0          MM      MM   0.0    0.0      0.0
  MONTH TO DATE    0.0                       0.0    0.0      0.0
  SINCE JUL 1      0.0                       0.0    0.0      0.0
  SNOW DEPTH       0

DEGREE DAYS
 HEATING
  YESTERDAY        0                         0      0        0
  MONTH TO DATE    7                         1      6        0
  SINCE JUN 1     60                        61     -1       21
  SINCE JUL 1      7                         1      6        0

 COOLING
  YESTERDAY       11                        10      1        9
  MONTH TO DATE  237                       230      7      283
  SINCE JUN 1    332                       356    -24      478
  SINCE JAN 1    359                       379    -20      532
..................................................................


WIND (MPH)
  HIGHEST WIND SPEED    22   HIGHEST WIND DIRECTION    NW (320)
  HIGHEST GUST SPEED    27   HIGHEST GUST DIRECTION    NW (320)
  AVERAGE WIND SPEED     8.8


SKY COVER
  AVERAGE SKY COVER 0.0


WEATHER CONDITIONS
 THE FOLLOWING WEATHER WAS RECORDED YESTERDAY.
  THUNDERSTORM
  RAIN
  LIGHT RAIN


RELATIVE HUMIDITY (PERCENT)
 HIGHEST    78           500 AM
 LOWEST     24           100 PM
 AVERAGE    51

..........................................................


THE SCOTTSBLUFF NEBRASKA AIRPORT CLIMATE NORMALS FOR TODAY
                         NORMAL    RECORD    YEAR
 MAXIMUM TEMPERATURE (F)   90       104      1935
 MINIMUM TEMPERATURE (F)   59        47      1971


SUNRISE AND SUNSET
JULY 26 2014..........SUNRISE   542 AM MDT   SUNSET   819 PM MDT
JULY 27 2014..........SUNRISE   543 AM MDT   SUNSET   818 PM MDT


-  INDICATES NEGATIVE NUMBERS.
R  INDICATES RECORD WAS SET OR TIED.
MM INDICATES DATA IS MISSING.
T  INDICATES TRACE AMOUNT.




$$
