000
CDUS45 KCYS 020741
CLIBFF


CLIMATE REPORT
NATIONAL WEATHER SERVICE CHEYENNE WY
1240 AM MST MON MAR 2 2015


...................................

...THE SCOTTSBLUFF NEBRASKA AIRPORT CLIMATE SUMMARY FOR MARCH 1 2015...

CLIMATE NORMAL PERIOD 1981 TO 2010
CLIMATE RECORD PERIOD 1871 TO 2015


WEATHER ITEM   OBSERVED TIME   RECORD YEAR NORMAL DEPARTURE LAST
                VALUE   (LST)  VALUE       VALUE  FROM      YEAR
                                                  NORMAL
..................................................................
TEMPERATURE (F)
 YESTERDAY
  MAXIMUM         37    257 PM  72    2008  48    -11       11
                                      1974
  MINIMUM         14    617 AM -12    1947  20     -6       -3
  AVERAGE         26                        34     -8        4

PRECIPITATION (IN)
  YESTERDAY        0.00          0.20 1953   0.02  -0.02     0.15
                                      1896
  MONTH TO DATE    0.00                      0.02  -0.02     0.15
  SINCE JAN 1      0.84                      1.03  -0.19     1.75

SNOWFALL (IN)
  YESTERDAY        0.0           5.0  1953   0.2   -0.2      3.6
  MONTH TO DATE    0.0                       0.2   -0.2      3.6
  SINCE JUL 1     42.3                      28.6   13.7     54.9
  SNOW DEPTH       0

DEGREE DAYS
 HEATING
  YESTERDAY       39                        31      8       61
  MONTH TO DATE   39                        31      8       61
  SINCE MAR 1     39                        31      8       61
  SINCE JUL 1   4754                      4943   -189     5094

 COOLING
  YESTERDAY        0                         0      0        0
  MONTH TO DATE    0                         0      0        0
  SINCE MAR 1      0                         0      0        0
  SINCE JAN 1      0                         0      0        0
..................................................................


WIND (MPH)
  HIGHEST WIND SPEED    18   HIGHEST WIND DIRECTION     N (340)
  HIGHEST GUST SPEED    27   HIGHEST GUST DIRECTION    NW (300)
  AVERAGE WIND SPEED     6.3


SKY COVER
  AVERAGE SKY COVER 0.6


WEATHER CONDITIONS
 THE FOLLOWING WEATHER WAS RECORDED YESTERDAY.
  NO SIGNIFICANT WEATHER WAS OBSERVED.


RELATIVE HUMIDITY (PERCENT)
 HIGHEST    80           700 AM
 LOWEST     35           300 PM
 AVERAGE    58

..........................................................


THE SCOTTSBLUFF NEBRASKA AIRPORT CLIMATE NORMALS FOR TODAY
                         NORMAL    RECORD    YEAR
 MAXIMUM TEMPERATURE (F)   49        74      1974
 MINIMUM TEMPERATURE (F)   20       -14      1896


SUNRISE AND SUNSET
MARCH  2 2015.........SUNRISE   628 AM MST   SUNSET   546 PM MST
MARCH  3 2015.........SUNRISE   626 AM MST   SUNSET   547 PM MST


-  INDICATES NEGATIVE NUMBERS.
R  INDICATES RECORD WAS SET OR TIED.
MM INDICATES DATA IS MISSING.
T  INDICATES TRACE AMOUNT.




$$
