000
CDUS45 KCYS 280733
CLIBFF


CLIMATE REPORT
NATIONAL WEATHER SERVICE CHEYENNE WY
132 AM MDT THU MAY 28 2015


...................................

...THE SCOTTSBLUFF NE AIRPORT CLIMATE SUMMARY FOR MAY 27 2015...

CLIMATE NORMAL PERIOD 1981 TO 2010
CLIMATE RECORD PERIOD 1871 TO 2015


WEATHER ITEM   OBSERVED TIME   RECORD YEAR NORMAL DEPARTURE LAST
                VALUE   (LST)  VALUE       VALUE  FROM      YEAR
                                                  NORMAL
..................................................................
TEMPERATURE (F)
 YESTERDAY
  MAXIMUM         71   1138 AM  96    2006  75     -4       86
  MINIMUM         52    409 AM  29    1907  47      5       47
  AVERAGE         62                        61      1       67

PRECIPITATION (IN)
  YESTERDAY        0.63          2.11 1935   0.09   0.54     0.00
  MONTH TO DATE    7.06                      2.07   4.99     3.63
  SINCE JAN 1     11.27                      5.91   5.36     6.70

SNOWFALL (IN)
  YESTERDAY        0.0           1.8  1947   0.0    0.0      0.0
  MONTH TO DATE    8.0                       0.5    7.5      5.0
  SINCE JUL 1     51.7                      42.1    9.6     66.5
  SNOW DEPTH       0

DEGREE DAYS
 HEATING
  YESTERDAY        3                         5     -2        0
  MONTH TO DATE  332                       244     88      259
  SINCE MAR 1   1421                      1625   -204     1586
  SINCE JUL 1   6136                      6537   -401     6619

 COOLING
  YESTERDAY        0                         1     -1        2
  MONTH TO DATE    0                        16    -16        4
  SINCE MAR 1      0                        18    -18        4
  SINCE JAN 1      0                        18    -18        4
..................................................................


WIND (MPH)
  HIGHEST WIND SPEED    29   HIGHEST WIND DIRECTION     W (260)
  HIGHEST GUST SPEED    40   HIGHEST GUST DIRECTION     W (260)
  AVERAGE WIND SPEED     8.8


SKY COVER
  AVERAGE SKY COVER 0.4


WEATHER CONDITIONS
 THE FOLLOWING WEATHER WAS RECORDED YESTERDAY.
  THUNDERSTORM
  HEAVY RAIN
  LIGHT RAIN
  FOG


RELATIVE HUMIDITY (PERCENT)
 HIGHEST    93           100 AM
 LOWEST     51          1200 PM
 AVERAGE    72

..........................................................


THE SCOTTSBLUFF NE AIRPORT CLIMATE NORMALS FOR TODAY
                         NORMAL    RECORD    YEAR
 MAXIMUM TEMPERATURE (F)   75       100      1934
 MINIMUM TEMPERATURE (F)   47        23      1947


SUNRISE AND SUNSET
MAY 28 2015...........SUNRISE   524 AM MDT   SUNSET   820 PM MDT
MAY 29 2015...........SUNRISE   523 AM MDT   SUNSET   821 PM MDT


-  INDICATES NEGATIVE NUMBERS.
R  INDICATES RECORD WAS SET OR TIED.
MM INDICATES DATA IS MISSING.
T  INDICATES TRACE AMOUNT.




$$
