000
CDUS45 KCYS 302129
CLIBFF


CLIMATE REPORT
NATIONAL WEATHER SERVICE CHEYENNE WY
328 PM MDT SAT APR 30 2016


...................................

...THE SCOTTSBLUFF NE AIRPORT CLIMATE SUMMARY FOR APRIL 30 2016...
VALID AS OF 0300 PM LOCAL TIME.

CLIMATE NORMAL PERIOD 1981 TO 2010
CLIMATE RECORD PERIOD 1871 TO 2016


WEATHER ITEM   OBSERVED TIME   RECORD YEAR NORMAL DEPARTURE LAST
                VALUE   (LST)  VALUE       VALUE  FROM      YEAR
                                                  NORMAL
..................................................................
TEMPERATURE (F)
 TODAY
  MAXIMUM         39    159 PM  93    1992  66    -27       78
  MINIMUM         33    356 AM  16    1903  37     -4       40
  AVERAGE         36                        52    -16       59

PRECIPITATION (IN)
  TODAY            0.31          1.50 1898   0.07   0.24     0.01
  MONTH TO DATE    4.00                      1.83   2.17     3.10
  SINCE MAR 1      6.60                      2.83   3.77     3.37
  SINCE JAN 1      7.37                      3.84   3.53     4.21

SNOWFALL (IN)
  TODAY            1.0          11.3  1911   0.1    0.9      0.0
  MONTH TO DATE    1.0                       5.4   -4.4      0.5
  SINCE JUL 1     32.4                      41.6   -9.2     43.7
  SNOW DEPTH       1

DEGREE DAYS
 HEATING
  TODAY           29                        14     15        6
  MONTH TO DATE  497                       552    -55      469
  SINCE MAR 1   1192                      1381   -189     1089
  SINCE JUL 1   5622                      6293   -671     5804

 COOLING
  TODAY            0                         0      0        0
  MONTH TO DATE    0                         2     -2        0
  SINCE MAR 1      0                         2     -2        0
  SINCE JAN 1      0                         2     -2        0
..................................................................


WIND (MPH)
  HIGHEST WIND SPEED    24   HIGHEST WIND DIRECTION     N (350)
  HIGHEST GUST SPEED    29   HIGHEST GUST DIRECTION     N (350)
  AVERAGE WIND SPEED    13.6


SKY COVER
  AVERAGE SKY COVER 1.0


WEATHER CONDITIONS
 THE FOLLOWING WEATHER WAS RECORDED TODAY.
  LIGHT RAIN
  LIGHT SNOW
  FOG


RELATIVE HUMIDITY (PERCENT)
 HIGHEST   100           100 PM
 LOWEST     82           700 AM
 AVERAGE    91

..........................................................


THE SCOTTSBLUFF NE AIRPORT CLIMATE NORMALS FOR TOMORROW
                         NORMAL    RECORD    YEAR
 MAXIMUM TEMPERATURE (F)   67        90      1959
 MINIMUM TEMPERATURE (F)   37        12      1898


SUNRISE AND SUNSET
APRIL 30 2016.........SUNRISE   551 AM MDT   SUNSET   752 PM MDT
MAY  1 2016...........SUNRISE   550 AM MDT   SUNSET   754 PM MDT


-  INDICATES NEGATIVE NUMBERS.
R  INDICATES RECORD WAS SET OR TIED.
MM INDICATES DATA IS MISSING.
T  INDICATES TRACE AMOUNT.




$$
