000
CDUS45 KCYS 310727
CLIBFF


CLIMATE REPORT
NATIONAL WEATHER SERVICE CHEYENNE WY
127 AM MDT FRI JUL 31 2015


...................................

...THE SCOTTSBLUFF NE AIRPORT CLIMATE SUMMARY FOR JULY 30 2015...

CLIMATE NORMAL PERIOD 1981 TO 2010
CLIMATE RECORD PERIOD 1871 TO 2015


WEATHER ITEM   OBSERVED TIME   RECORD YEAR NORMAL DEPARTURE LAST
                VALUE   (LST)  VALUE       VALUE  FROM      YEAR
                                                  NORMAL
..................................................................
TEMPERATURE (F)
 YESTERDAY
  MAXIMUM         90    417 PM 104    1934  90      0       79
  MINIMUM         55    528 AM  44    2009  59     -4       61
  AVERAGE         73                        74     -1       70

PRECIPITATION (IN)
  YESTERDAY        0.00          1.30 1997   0.06  -0.06      T
  MONTH TO DATE    3.83                      1.78   2.05     1.50
  SINCE JAN 1     18.23                     10.95   7.28    10.38

SNOWFALL (IN)
  YESTERDAY        0.0          MM      MM   0.0    0.0      0.0
  MONTH TO DATE    0.0                       0.0    0.0      0.0
  SINCE JUL 1      0.0                       0.0    0.0      0.0
  SNOW DEPTH       0

DEGREE DAYS
 HEATING
  YESTERDAY        0                         0      0        0
  MONTH TO DATE    6                         1      5        7
  SINCE JUN 1      9                        61    -52       60
  SINCE JUL 1      6                         1      5        7

 COOLING
  YESTERDAY        8                        10     -2        5
  MONTH TO DATE  236                       280    -44      277
  SINCE JUN 1    421                       406     15      372
  SINCE JAN 1    421                       429     -8      399
..................................................................


WIND (MPH)
  HIGHEST WIND SPEED    22   HIGHEST WIND DIRECTION    NE (50)
  HIGHEST GUST SPEED    25   HIGHEST GUST DIRECTION     N (350)
  AVERAGE WIND SPEED     5.9


SKY COVER
  AVERAGE SKY COVER 0.0


WEATHER CONDITIONS
 THE FOLLOWING WEATHER WAS RECORDED YESTERDAY.
  NO SIGNIFICANT WEATHER WAS OBSERVED.


RELATIVE HUMIDITY (PERCENT)
 HIGHEST    83           500 AM
 LOWEST     19           400 PM
 AVERAGE    51

..........................................................


THE SCOTTSBLUFF NE AIRPORT CLIMATE NORMALS FOR TODAY
                         NORMAL    RECORD    YEAR
 MAXIMUM TEMPERATURE (F)   90       105      2002
 MINIMUM TEMPERATURE (F)   59        39      1913


SUNRISE AND SUNSET
JULY 31 2015..........SUNRISE   547 AM MDT   SUNSET   814 PM MDT
AUGUST  1 2015........SUNRISE   548 AM MDT   SUNSET   813 PM MDT


-  INDICATES NEGATIVE NUMBERS.
R  INDICATES RECORD WAS SET OR TIED.
MM INDICATES DATA IS MISSING.
T  INDICATES TRACE AMOUNT.




$$
