000
CDUS46 KHNX 080829
CLIBFL


CLIMATE REPORT
NATIONAL WEATHER SERVICE SAN JOAQUIN VALLEY, CA
1225 AM PST MON FEB 8 2016


...................................

...THE BAKERSFIELD CLIMATE SUMMARY FOR FEBRUARY 7 2016...

CLIMATE NORMAL PERIOD 1981 TO 2010
CLIMATE RECORD PERIOD 1889 TO 2016


WEATHER ITEM   OBSERVED TIME   RECORD YEAR NORMAL DEPARTURE
                VALUE   (LST)  VALUE       VALUE  FROM
                                                  NORMAL
...............................................................
TEMPERATURE (F)
 YESTERDAY
  MAXIMUM         68    351 PM  81    1987  61      7
                                      1930
  MINIMUM         40    626 AM  26    1989  41     -1
  AVERAGE         54                        51      3

PRECIPITATION (IN)
  YESTERDAY        0.00          0.73 2009   0.04  -0.04
  MONTH TO DATE    T                         0.31  -0.31
  SINCE OCT 1      3.28                      3.43  -0.15
  SINCE JAN 1      1.95                      1.47   0.48

SNOWFALL (IN)
  YESTERDAY        0.0
  MONTH TO DATE    0.0
  SINCE DEC 1      0.0
  SINCE JUL 1      0.0
  SNOW DEPTH       0

DEGREE DAYS
 HEATING
  YESTERDAY       11                               -3
  MONTH TO DATE  119                               17
  SINCE DEC 1   1044                             -126
  SINCE JUL 1   1387                             -141

 COOLING
  YESTERDAY        0                                0
  MONTH TO DATE    0                                0
  SINCE DEC 1      0                                0
  SINCE JAN 1      0                                0
...............................................................


WIND (MPH)
  HIGHEST WIND SPEED     9   HIGHEST WIND DIRECTION    NW (330)
  HIGHEST GUST SPEED    13   HIGHEST GUST DIRECTION    NW (300)
  AVERAGE WIND SPEED     4.0




RELATIVE HUMIDITY (PERCENT)
 HIGHEST    86
 LOWEST     48
 AVERAGE    67

..........................................................


THE BAKERSFIELD CLIMATE NORMALS FOR TODAY
                         NORMAL    RECORD    YEAR
 MAXIMUM TEMPERATURE (F)   61        82      2015
 MINIMUM TEMPERATURE (F)   41        23      1929


SUNRISE AND SUNSET
FEBRUARY  8 2016......SUNRISE   650 AM PST   SUNSET   531 PM PST
FEBRUARY  9 2016......SUNRISE   649 AM PST   SUNSET   532 PM PST


-  INDICATES NEGATIVE NUMBERS.
R  INDICATES RECORD WAS SET OR TIED.
MM INDICATES DATA IS MISSING.
T  INDICATES TRACE AMOUNT.




$$
