000
CDUS46 KHNX 290023
CLIBFL


CLIMATE REPORT
NATIONAL WEATHER SERVICE SAN JOAQUIN VALLEY, CA
422 PM PST SUN DEC 28 2014


...................................

...THE BAKERSFIELD CLIMATE SUMMARY FOR DECEMBER 28 2014...
VALID AS OF 0400 PM LOCAL TIME.

CLIMATE NORMAL PERIOD 1981 TO 2010
CLIMATE RECORD PERIOD 1889 TO 2014


WEATHER ITEM   OBSERVED TIME   RECORD YEAR NORMAL DEPARTURE LAST
                VALUE   (LST)  VALUE       VALUE  FROM      YEAR
                                                  NORMAL
..................................................................
TEMPERATURE (F)
 TODAY
  MAXIMUM         56    342 PM  73    1977  55      1       60
  MINIMUM         34    539 AM  24    1930  39     -5       36
                                      1912
                                      1904
  AVERAGE         45                        47     -2       48

PRECIPITATION (IN)
  TODAY            0.00          0.79 1977   0.04  -0.04     0.00
  MONTH TO DATE    1.91                      0.91   0.00     0.10
  SINCE JUL 1      2.57                      1.97   0.60     1.07
  SINCE JAN 1      3.91                      6.36  -2.45     3.43

SNOWFALL (IN)
  TODAY            0.0
  MONTH TO DATE    0.0
  SINCE DEC 1      0.0
  SINCE JUL 1      0.0
  SNOW DEPTH       0

DEGREE DAYS
 HEATING
  TODAY           20                        18      2       17
  MONTH TO DATE  273                       478   -205      490
  SINCE DEC 1    273                       478   -205      490
  SINCE JUL 1    447                       836   -389      734

 COOLING
  TODAY            0                         0      0        0
  MONTH TO DATE    0                         0      0        0
  SINCE DEC 1      0                         0      0        0
  SINCE JAN 1   2983                      2258    725     2557
..................................................................


WIND (MPH)
  HIGHEST WIND SPEED     8   HIGHEST WIND DIRECTION     N (340)
  HIGHEST GUST SPEED    11   HIGHEST GUST DIRECTION     N (360)
  AVERAGE WIND SPEED     2.1




RELATIVE HUMIDITY (PERCENT)
 HIGHEST    82
 LOWEST     38
 AVERAGE    60

..........................................................


THE BAKERSFIELD CLIMATE NORMALS FOR TOMORROW
                         NORMAL    RECORD    YEAR
 MAXIMUM TEMPERATURE (F)   55        73      1956
 MINIMUM TEMPERATURE (F)   39        22      1929


SUNRISE AND SUNSET
DECEMBER 28 2014......SUNRISE   704 AM PST   SUNSET   451 PM PST
DECEMBER 29 2014......SUNRISE   705 AM PST   SUNSET   452 PM PST


-  INDICATES NEGATIVE NUMBERS.
R  INDICATES RECORD WAS SET OR TIED.
MM INDICATES DATA IS MISSING.
T  INDICATES TRACE AMOUNT.




$$
