000
CDUS46 KHNX 220831
CLIBFL


CLIMATE REPORT
NATIONAL WEATHER SERVICE SAN JOAQUIN VALLEY, CA
129 AM PDT MON MAY 22 2017


...................................

...THE BAKERSFIELD CLIMATE SUMMARY FOR MAY 21 2017...

CLIMATE NORMAL PERIOD 1981 TO 2010
CLIMATE RECORD PERIOD 1889 TO 2017


WEATHER ITEM   OBSERVED TIME   RECORD YEAR NORMAL DEPARTURE
                VALUE   (LST)  VALUE       VALUE  FROM
                                                  NORMAL
...............................................................
TEMPERATURE (F)
 YESTERDAY
  MAXIMUM         99    439 PM 103    1988  85     14
  MINIMUM         65    453 AM  42    1902  59      6
  AVERAGE         82                        72     10

PRECIPITATION (IN)
  YESTERDAY        0.00          0.58 1921   0.00   0.00
  MONTH TO DATE    0.05                      0.14  -0.09
  SINCE OCT 1      7.81                      6.23   1.58
  SINCE JAN 1      4.78                      4.27   0.51

SNOWFALL (IN)
  YESTERDAY        0.0
  MONTH TO DATE    0.0
  SINCE MAR 1      0.0
  SINCE JUL 1      0.0
  SNOW DEPTH       0

DEGREE DAYS
 HEATING
  YESTERDAY        0                               -1
  MONTH TO DATE   23                               -4
  SINCE MAR 1    247                             -148
  SINCE JUL 1   1615                             -554

 COOLING
  YESTERDAY       17                               10
  MONTH TO DATE  147                               29
  SINCE MAR 1    224                               40
  SINCE JAN 1    226                               42
...............................................................


WIND (MPH)
  HIGHEST WIND SPEED    14   HIGHEST WIND DIRECTION    NW (320)
  HIGHEST GUST SPEED    18   HIGHEST GUST DIRECTION    NW (320)
  AVERAGE WIND SPEED     6.5




RELATIVE HUMIDITY (PERCENT)
 HIGHEST    40
 LOWEST     11
 AVERAGE    26

..........................................................


THE BAKERSFIELD CLIMATE NORMALS FOR TODAY
                         NORMAL    RECORD    YEAR
 MAXIMUM TEMPERATURE (F)   85       102      2001
                                             2000
                                             1967
 MINIMUM TEMPERATURE (F)   59        36      1903


SUNRISE AND SUNSET
MAY 22 2017...........SUNRISE   547 AM PDT   SUNSET   759 PM PDT
MAY 23 2017...........SUNRISE   546 AM PDT   SUNSET   800 PM PDT


-  INDICATES NEGATIVE NUMBERS.
R  INDICATES RECORD WAS SET OR TIED.
MM INDICATES DATA IS MISSING.
T  INDICATES TRACE AMOUNT.




$$
