000
CDUS46 KHNX 220829
CLIBFL


CLIMATE REPORT
NATIONAL WEATHER SERVICE SAN JOAQUIN VALLEY, CA
127 AM PDT FRI SEP 22 2017


...................................

...THE BAKERSFIELD CLIMATE SUMMARY FOR SEPTEMBER 21 2017...

CLIMATE NORMAL PERIOD 1981 TO 2010
CLIMATE RECORD PERIOD 1889 TO 2017


WEATHER ITEM   OBSERVED TIME   RECORD YEAR NORMAL DEPARTURE
                VALUE   (LST)  VALUE       VALUE  FROM
                                                  NORMAL
...............................................................
TEMPERATURE (F)
 YESTERDAY
  MAXIMUM         73        MM 105    2003  89    -16
  MINIMUM         57        MM  37    1908  63     -6
  AVERAGE         65                        76    -11

PRECIPITATION (IN)
  YESTERDAY        0.01          0.05 1999   0.01   0.00
                                      1990
  MONTH TO DATE    0.52                      0.05   0.47
  SINCE OCT 1      8.34                      6.44   1.90
  SINCE JAN 1      5.31                      4.48   0.83

SNOWFALL (IN)
  YESTERDAY        0.0
  MONTH TO DATE    0.0
  SINCE SEP 1      0.0
  SINCE JUL 1      0.0
  SNOW DEPTH       0

DEGREE DAYS
 HEATING
  YESTERDAY        0                                0
  MONTH TO DATE    0                                0
  SINCE SEP 1      0                                0
  SINCE JUL 1      0                                0

 COOLING
  YESTERDAY        0                              -11
  MONTH TO DATE  361                               85
  SINCE SEP 1    361                               85
  SINCE JAN 1   2729                              685
...............................................................


WIND (MPH)
  HIGHEST WIND SPEED    16   HIGHEST WIND DIRECTION    NW (330)
  HIGHEST GUST SPEED    MM   HIGHEST GUST DIRECTION    MM
  AVERAGE WIND SPEED     6.6




RELATIVE HUMIDITY (PERCENT)
 HIGHEST    86
 LOWEST     31
 AVERAGE    59

..........................................................


THE BAKERSFIELD CLIMATE NORMALS FOR TODAY
                         NORMAL    RECORD    YEAR
 MAXIMUM TEMPERATURE (F)   89       105      2003
                                             1928
 MINIMUM TEMPERATURE (F)   63        40      1908


SUNRISE AND SUNSET
SEPTEMBER 22 2017.....SUNRISE   644 AM PDT   SUNSET   652 PM PDT
SEPTEMBER 23 2017.....SUNRISE   645 AM PDT   SUNSET   651 PM PDT


-  INDICATES NEGATIVE NUMBERS.
R  INDICATES RECORD WAS SET OR TIED.
MM INDICATES DATA IS MISSING.
T  INDICATES TRACE AMOUNT.




$$
