000
CDUS44 KAMA 290633
CLIBGD


CLIMATE REPORT
NATIONAL WEATHER SERVICE AMARILLO TX
131 AM CDT WED MAR 29 2017


...................................

...THE BORGER CLIMATE SUMMARY FOR MARCH 28 2017...

CLIMATE NORMAL PERIOD 1981 TO 2010
CLIMATE RECORD PERIOD 1949 TO 2017


WEATHER ITEM   OBSERVED TIME   RECORD YEAR NORMAL DEPARTURE LAST
                VALUE   (LST)  VALUE       VALUE  FROM      YEAR
                                                  NORMAL
..................................................................
TEMPERATURE (F)
 YESTERDAY
  MAXIMUM         55   1244 AM  93    1963  67    -12       77
  MINIMUM         45    234 PM -99    2016  40      5       37
  AVERAGE         50                        53     -3       57

PRECIPITATION (IN)
  YESTERDAY        1.44R         1.17 1970   0.06   1.38     0.00
  MONTH TO DATE    1.49                      1.24   0.25     0.71
  SINCE MAR 1      1.49                      1.24   0.25     0.71
  SINCE JAN 1      4.97                      2.45   2.52     1.63

SNOWFALL (IN)
  YESTERDAY        0.0          10.5  1970                   0.0
  MONTH TO DATE    0.0                                       2.7
  SINCE MAR 1      0.0                                       2.7
  SINCE JUL 1      0.1                                       8.9
  SNOW DEPTH       0

DEGREE DAYS
 HEATING
  YESTERDAY       15                        12      3        8
  MONTH TO DATE  259                       450   -191      291
  SINCE MAR 1    259                       450   -191      291
  SINCE JUL 1   2594                      3443   -849     2786

 COOLING
  YESTERDAY        0                         0      0        0
  MONTH TO DATE   33                         0     33       11
  SINCE MAR 1     33                         0     33       11
  SINCE JAN 1     47                         0     47       17
..................................................................


WIND (MPH)
  RESULTANT WIND SPEED   7   RESULTANT WIND DIRECTION   E (90)
  HIGHEST WIND SPEED    26   HIGHEST WIND DIRECTION    SE (120)
  HIGHEST GUST SPEED    36   HIGHEST GUST DIRECTION    SE (140)
  AVERAGE WIND SPEED    13.4


SKY COVER
  AVERAGE SKY COVER 0.8


WEATHER CONDITIONS
 THE FOLLOWING WEATHER WAS RECORDED YESTERDAY.
  THUNDERSTORM
  HEAVY RAIN
  RAIN
  LIGHT RAIN
  FOG
  FOG W/VISIBILITY <= 1/4 MILE


RELATIVE HUMIDITY (PERCENT)
 HIGHEST   100           200 PM
 LOWEST     61          1200 AM
 AVERAGE    81

..........................................................


THE BORGER CLIMATE NORMALS FOR TODAY
                         NORMAL    RECORD    YEAR
 MAXIMUM TEMPERATURE (F)   68        89      2012
                                             1967
 MINIMUM TEMPERATURE (F)   40        14      1987


SUNRISE AND SUNSET
MARCH 29 2017.........SUNRISE   736 AM CDT   SUNSET   805 PM CDT
MARCH 30 2017.........SUNRISE   735 AM CDT   SUNSET   806 PM CDT


-  INDICATES NEGATIVE NUMBERS.
R  INDICATES RECORD WAS SET OR TIED.
MM INDICATES DATA IS MISSING.
T  INDICATES TRACE AMOUNT.




$$
