000
CDUS44 KAMA 290649
CLIBGD


CLIMATE REPORT
NATIONAL WEATHER SERVICE AMARILLO TX
149 AM CDT SUN MAY 29 2016


...................................

...THE BORGER CLIMATE SUMMARY FOR MAY 28 2016...

CLIMATE NORMAL PERIOD 1981 TO 2010
CLIMATE RECORD PERIOD 1949 TO 2016


WEATHER ITEM   OBSERVED TIME   RECORD YEAR NORMAL DEPARTURE LAST
                VALUE   (LST)  VALUE       VALUE  FROM      YEAR
                                                  NORMAL
..................................................................
TEMPERATURE (F)
 YESTERDAY
  MAXIMUM         86    501 PM 100    2006  84      2       74
  MINIMUM         54    622 AM  38    1992  59     -5       62
  AVERAGE         70                        72     -2       68

PRECIPITATION (IN)
  YESTERDAY        0.00          1.42 1958   0.14  -0.14     0.00
  MONTH TO DATE    1.99                      2.49  -0.50     9.00
  SINCE MAR 1      5.52                      5.44   0.08    13.67
  SINCE JAN 1      6.24                      6.65  -0.41    15.52

SNOWFALL (IN)
  YESTERDAY        0.0           T    1996                   0.0
  MONTH TO DATE    0.0                                       0.0
  SINCE MAR 1      0.0                                        T
  SINCE JUL 1      6.2                                      17.5
  SNOW DEPTH       0

DEGREE DAYS
 HEATING
  YESTERDAY        0                         0      0        0
  MONTH TO DATE  106                        60     46       77
  SINCE MAR 1    553                       770   -217      578
  SINCE JUL 1   3048                      3763   -715     3450

 COOLING
  YESTERDAY        5                         7     -2        3
  MONTH TO DATE  125                       130     -5       62
  SINCE MAR 1    170                       174     -4      118
  SINCE JAN 1    176                       174      2      118
..................................................................


WIND (MPH)
  RESULTANT WIND SPEED   2   RESULTANT WIND DIRECTION  SE (120)
  HIGHEST WIND SPEED    15   HIGHEST WIND DIRECTION    SE (140)
  HIGHEST GUST SPEED    20   HIGHEST GUST DIRECTION    SE (140)
  AVERAGE WIND SPEED     5.2


SKY COVER
  AVERAGE SKY COVER 0.0


WEATHER CONDITIONS
 THE FOLLOWING WEATHER WAS RECORDED YESTERDAY.
  NO SIGNIFICANT WEATHER WAS OBSERVED.


RELATIVE HUMIDITY (PERCENT)
 HIGHEST    66           600 AM
 LOWEST     20           500 PM
 AVERAGE    43

..........................................................


THE BORGER CLIMATE NORMALS FOR TODAY
                         NORMAL    RECORD    YEAR
 MAXIMUM TEMPERATURE (F)   85       105      2011
 MINIMUM TEMPERATURE (F)   60        41      1984


SUNRISE AND SUNSET
MAY 29 2016...........SUNRISE   632 AM CDT   SUNSET   855 PM CDT
MAY 30 2016...........SUNRISE   632 AM CDT   SUNSET   855 PM CDT


-  INDICATES NEGATIVE NUMBERS.
R  INDICATES RECORD WAS SET OR TIED.
MM INDICATES DATA IS MISSING.
T  INDICATES TRACE AMOUNT.




$$
