000
CDUS44 KAMA 280630
CLIBGD


CLIMATE REPORT
NATIONAL WEATHER SERVICE AMARILLO TX
130 AM CDT SAT MAR 28 2015


...THE BORGER CLIMATE SUMMARY FOR MARCH 27 2015...

CLIMATE NORMAL PERIOD 1981 TO 2013
CLIMATE RECORD PERIOD 1949 TO 2015


WEATHER ITEM   OBSERVED TIME   RECORD YEAR NORMAL DEPARTURE LAST
                VALUE   (LST)  VALUE       VALUE  FROM      YEAR
                                                  NORMAL
..................................................................
TEMPERATURE (F)
 YESTERDAY
  MAXIMUM         74    559 PM  95    1971  67      7       74
  MINIMUM         42    723 AM  13    1955  39      3       51
  AVERAGE         58                        53      5       63

PRECIPITATION (IN)
  YESTERDAY        0.00          1.30 1980   0.06  -0.06     0.00
  MONTH TO DATE    0.27                      1.18  -0.91     0.07
  SINCE MAR 1      0.27                      1.18  -0.91     0.07
  SINCE JAN 1      2.12                      2.39  -0.27     0.45

SNOWFALL (IN)
  YESTERDAY        0.0           9.0  2009                   0.0
  MONTH TO DATE    T                                         1.0
  SINCE MAR 1      T                                         1.0
  SINCE JUL 1     17.5                                      13.6
  SNOW DEPTH       0

DEGREE DAYS
 HEATING
  YESTERDAY        7                        12     -5        2
  MONTH TO DATE  358                       438    -80      479
  SINCE MAR 1    358                       438    -80      479
  SINCE JUL 1   3230                      3431   -201     3557

 COOLING
  YESTERDAY        0                         0      0        0
  MONTH TO DATE    3                         0      3        0
  SINCE MAR 1      3                         0      3        0
  SINCE JAN 1      3                         0      3        0
..................................................................


WIND (MPH)
  RESULTANT WIND SPEED   3   RESULTANT WIND DIRECTION  SE (150)
  HIGHEST WIND SPEED    22   HIGHEST WIND DIRECTION     S (180)
  HIGHEST GUST SPEED    27   HIGHEST GUST DIRECTION     S (180)
  AVERAGE WIND SPEED   6.2


SKY COVER
  AVERAGE SKY COVER 0.0


WEATHER CONDITIONS
 THE FOLLOWING WEATHER WAS RECORDED YESTERDAY.
  NO SIGNIFICANT WEATHER WAS OBSERVED.


RELATIVE HUMIDITY (PERCENT)
 HIGHEST    53           700 AM
 LOWEST     17           500 PM
 AVERAGE    35

..................................................................


THE BORGER CLIMATE NORMALS FOR TODAY
                         NORMAL    RECORD    YEAR
 MAXIMUM TEMPERATURE (F)   67        93      1963
 MINIMUM TEMPERATURE (F)   40        17      1975


SUNRISE AND SUNSET
MARCH 28 2015.........SUNRISE   738 AM CDT   SUNSET   804 PM CDT
MARCH 29 2015.........SUNRISE   737 AM CDT   SUNSET   805 PM CDT


-  INDICATES NEGATIVE NUMBERS.
R  INDICATES RECORD WAS SET OR TIED.
MM INDICATES DATA IS MISSING.
T  INDICATES TRACE AMOUNT.


$$
