000
CDUS44 KAMA 040636
CLIBGD


CLIMATE REPORT
NATIONAL WEATHER SERVICE AMARILLO TX
135 AM CDT SAT JUL 4 2015


...................................

...THE BORGER CLIMATE SUMMARY FOR JULY 3 2015...

CLIMATE NORMAL PERIOD 1981 TO 2013
CLIMATE RECORD PERIOD 1949 TO 2015


WEATHER ITEM   OBSERVED TIME   RECORD YEAR NORMAL DEPARTURE LAST
                VALUE   (LST)  VALUE       VALUE  FROM      YEAR
                                                  NORMAL
..................................................................
TEMPERATURE (F)
 YESTERDAY
  MAXIMUM         91    322 PM 104    2005  93     -2       86
  MINIMUM         65    708 PM  57    1992  69     -4       64
  AVERAGE         78                        81     -3       75

PRECIPITATION (IN)
  YESTERDAY        2.77R         1.78 1958   0.11   2.66     0.00
  MONTH TO DATE    2.83                      0.36   2.47     0.90
  SINCE JUN 1      7.98                      3.53   4.45     2.64
  SINCE JAN 1     23.50                     10.58  12.92     4.76

SNOWFALL (IN)
  YESTERDAY        0.0           0.0  2013                   0.0
                                      2012
                                      2011
  MONTH TO DATE    0.0                                       0.0
  SINCE JUN 1      0.0                                       0.0
  SINCE JUL 1      0.0                                       0.0
  SNOW DEPTH       0

DEGREE DAYS
 HEATING
  YESTERDAY        0                         0      0        0
  MONTH TO DATE    0                         0      0        0
  SINCE JUN 1      0                         3     -3        3
  SINCE JUL 1      0                         0      0        0

 COOLING
  YESTERDAY       13                        16     -3       10
  MONTH TO DATE   48                        47      1       26
  SINCE JUN 1    461                       405     56      433
  SINCE JAN 1    585                       602    -17      747
..................................................................


WIND (MPH)
  RESULTANT WIND SPEED   1   RESULTANT WIND DIRECTION   E (110)
  HIGHEST WIND SPEED    52   HIGHEST WIND DIRECTION    NE (30)
  HIGHEST GUST SPEED    66   HIGHEST GUST DIRECTION     N (20)
  AVERAGE WIND SPEED     4.9


SKY COVER
  AVERAGE SKY COVER 0.1


WEATHER CONDITIONS
 THE FOLLOWING WEATHER WAS RECORDED YESTERDAY.
  THUNDERSTORM
  HEAVY RAIN
  RAIN
  LIGHT RAIN
  FOG
  FOG W/VISIBILITY <= 1/4 MILE


RELATIVE HUMIDITY (PERCENT)
 HIGHEST   100           600 AM
 LOWEST     37           500 PM
 AVERAGE    69

..........................................................


THE BORGER CLIMATE NORMALS FOR TODAY
                         NORMAL    RECORD    YEAR
 MAXIMUM TEMPERATURE (F)   93       104      1980
 MINIMUM TEMPERATURE (F)   69        54      1972


SUNRISE AND SUNSET
JULY  4 2015..........SUNRISE   635 AM CDT   SUNSET   905 PM CDT
JULY  5 2015..........SUNRISE   635 AM CDT   SUNSET   905 PM CDT


-  INDICATES NEGATIVE NUMBERS.
R  INDICATES RECORD WAS SET OR TIED.
MM INDICATES DATA IS MISSING.
T  INDICATES TRACE AMOUNT.




$$
