000
CDUS44 KAMA 030739
CLIBGD


CLIMATE REPORT
NATIONAL WEATHER SERVICE AMARILLO TX
139 AM CST SAT DEC 3 2016


...................................

...THE BORGER CLIMATE SUMMARY FOR DECEMBER 2 2016...

CLIMATE NORMAL PERIOD 1981 TO 2010
CLIMATE RECORD PERIOD 1949 TO 2016


WEATHER ITEM   OBSERVED TIME   RECORD YEAR NORMAL DEPARTURE LAST
                VALUE   (LST)  VALUE       VALUE  FROM      YEAR
                                                  NORMAL
..................................................................
TEMPERATURE (F)
 YESTERDAY
  MAXIMUM         51    227 PM  76    2012  54     -3       56
                                      1995
  MINIMUM         27    725 AM   4    1985  30     -3       29
  AVERAGE         39                        42     -3       43

PRECIPITATION (IN)
  YESTERDAY        0.07          0.76 1971   0.02   0.05     0.00
  MONTH TO DATE    0.07                      0.04   0.03     0.00
  SINCE DEC 1      0.07                      0.04   0.03     0.00
  SINCE JAN 1     15.63                     20.99  -5.36    42.00

SNOWFALL (IN)
  YESTERDAY       MM            MM      MM                   0.0
  MONTH TO DATE    0.0                                       0.0
  SINCE DEC 1      0.0                                       0.0
  SINCE JUL 1      0.0                                       0.8
  SNOW DEPTH       0

DEGREE DAYS
 HEATING
  YESTERDAY       26                        23      3       22
  MONTH TO DATE   53                        46      7       48
  SINCE DEC 1     53                        46      7       48
  SINCE JUL 1    426                       763   -337      620

 COOLING
  YESTERDAY        0                         0      0        0
  MONTH TO DATE    0                         0      0        0
  SINCE DEC 1      0                         0      0        0
  SINCE JAN 1   2180                      1839    341     1960
..................................................................


WIND (MPH)
  RESULTANT WIND SPEED   7   RESULTANT WIND DIRECTION  NE (60)
  HIGHEST WIND SPEED    21   HIGHEST WIND DIRECTION    NE (60)
  HIGHEST GUST SPEED    26   HIGHEST GUST DIRECTION     E (70)
  AVERAGE WIND SPEED     7.8


SKY COVER
  AVERAGE SKY COVER 0.4


WEATHER CONDITIONS
 THE FOLLOWING WEATHER WAS RECORDED YESTERDAY.
  LIGHT RAIN
  FOG


RELATIVE HUMIDITY (PERCENT)
 HIGHEST   100          1000 PM
 LOWEST     28           200 PM
 AVERAGE    64

..........................................................


THE BORGER CLIMATE NORMALS FOR TODAY
                         NORMAL    RECORD    YEAR
 MAXIMUM TEMPERATURE (F)   53        75      2013
 MINIMUM TEMPERATURE (F)   29        13      1978


SUNRISE AND SUNSET
DECEMBER  3 2016......SUNRISE   739 AM CST   SUNSET   532 PM CST
DECEMBER  4 2016......SUNRISE   740 AM CST   SUNSET   532 PM CST


-  INDICATES NEGATIVE NUMBERS.
R  INDICATES RECORD WAS SET OR TIED.
MM INDICATES DATA IS MISSING.
T  INDICATES TRACE AMOUNT.




$$
