000
CDUS44 KAMA 281411
CLIBGD


CLIMATE REPORT
NATIONAL WEATHER SERVICE AMARILLO TX
911 AM CDT FRI JUL 28 2017


...................................

...THE BORGER CLIMATE SUMMARY FOR JULY 28 2017...
VALID AS OF 0900 AM LOCAL TIME.

CLIMATE NORMAL PERIOD 1981 TO 2010
CLIMATE RECORD PERIOD 1949 TO 2017


WEATHER ITEM   OBSERVED TIME   RECORD YEAR NORMAL DEPARTURE LAST
                VALUE   (LST)  VALUE       VALUE  FROM      YEAR
                                                  NORMAL
..................................................................
TEMPERATURE (F)
 TODAY
  MINIMUM         73    629 AM  57    1994  70      3       64

PRECIPITATION (IN)
  TODAY            T             2.08 1950   0.10  -0.10     0.00
  MONTH TO DATE    1.50                      2.21  -0.71     1.31
  SINCE JUN 1      1.94                      5.38  -3.44     2.66
  SINCE JAN 1     13.09                     12.43   0.66    11.53

SNOWFALL (IN)
  TODAY            0.0           T    1950                   0.0
  MONTH TO DATE    0.0                                       0.0
  SINCE JUN 1      0.0                                       0.0
  SINCE JUL 1      0.0                                       0.0
  SNOW DEPTH       0

..................................................................


WIND (MPH)
  RESULTANT WIND SPEED   6   RESULTANT WIND DIRECTION   E (70)
  HIGHEST WIND SPEED    12   HIGHEST WIND DIRECTION    SE (120)
  HIGHEST GUST SPEED    15   HIGHEST GUST DIRECTION    SE (120)
  AVERAGE WIND SPEED     6.5


SKY COVER
  AVERAGE SKY COVER 0.6


WEATHER CONDITIONS
 THE FOLLOWING WEATHER WAS RECORDED TODAY.
  NO SIGNIFICANT WEATHER WAS OBSERVED.


RELATIVE HUMIDITY (PERCENT)
 HIGHEST    93           500 AM
 LOWEST     74           100 AM
 AVERAGE    84

..........................................................


THE BORGER CLIMATE NORMALS FOR TOMORROW
                         NORMAL    RECORD    YEAR
 MAXIMUM TEMPERATURE (F)   94       105      2012
 MINIMUM TEMPERATURE (F)   70        59      1991


SUNRISE AND SUNSET
JULY 28 2017..........SUNRISE   651 AM CDT   SUNSET   853 PM CDT
JULY 29 2017..........SUNRISE   652 AM CDT   SUNSET   852 PM CDT


-  INDICATES NEGATIVE NUMBERS.
R  INDICATES RECORD WAS SET OR TIED.
MM INDICATES DATA IS MISSING.
T  INDICATES TRACE AMOUNT.




$$
