000
CDUS44 KAMA 232246
CLIBGD


CLIMATE REPORT
NATIONAL WEATHER SERVICE AMARILLO TX
446 PM CST TUE JAN 23 2018


...................................

...THE BORGER CLIMATE SUMMARY FOR JANUARY 23 2018...
VALID TODAY AS OF 0400 PM LOCAL TIME.

CLIMATE NORMAL PERIOD 1981 TO 2010
CLIMATE RECORD PERIOD 1949 TO 2018


WEATHER ITEM   OBSERVED TIME   RECORD YEAR NORMAL DEPARTURE LAST
                VALUE   (LST)  VALUE       VALUE  FROM      YEAR
                                                  NORMAL
..................................................................
TEMPERATURE (F)
 TODAY
  MAXIMUM         53    327 PM  77    1972  52      1       71
  MINIMUM         19    831 AM  -4    1966  27     -8       32
  AVERAGE         36                        39     -3       52

PRECIPITATION (IN)
  TODAY            0.00          0.12 1965   0.02  -0.02     0.00
  MONTH TO DATE    0.01                      0.39  -0.38     3.11
  SINCE DEC 1      0.01                      1.16  -1.15     3.33
  SINCE JAN 1      0.01                      0.39  -0.38     3.11

SNOWFALL (IN)
  TODAY            0.0           1.7  1965                   0.0
  MONTH TO DATE    0.0                                       3.5
  SINCE DEC 1      1.2                                       3.6
  SINCE JUL 1      2.0                                       3.6
  SNOW DEPTH       0

DEGREE DAYS
 HEATING
  TODAY           29                        26      3       13
  MONTH TO DATE  597                       616    -19      574
  SINCE DEC 1   1371                      1436    -65     1345
  SINCE JUL 1   1894                      2153   -259     1718

 COOLING
  TODAY            0                         0      0        0
  MONTH TO DATE    0                         0      0        0
  SINCE DEC 1      0                         0      0        0
  SINCE JAN 1      0                         0      0        0
..................................................................


WIND (MPH)
  RESULTANT WIND SPEED   3   RESULTANT WIND DIRECTION   W (260)
  HIGHEST WIND SPEED    12   HIGHEST WIND DIRECTION    NE (60)
  HIGHEST GUST SPEED    15   HIGHEST GUST DIRECTION    NE (30)
  AVERAGE WIND SPEED     5.1


SKY COVER
  AVERAGE SKY COVER 0.0


WEATHER CONDITIONS
 THE FOLLOWING WEATHER WAS RECORDED TODAY.
  NO SIGNIFICANT WEATHER WAS OBSERVED.


RELATIVE HUMIDITY (PERCENT)
 HIGHEST    56           800 AM
 LOWEST     18           300 PM
 AVERAGE    37

..........................................................


THE BORGER CLIMATE NORMALS FOR TOMORROW
                         NORMAL    RECORD    YEAR
 MAXIMUM TEMPERATURE (F)   52        78      1950
 MINIMUM TEMPERATURE (F)   27         5      1963


SUNRISE AND SUNSET
JANUARY 23 2018.......SUNRISE   751 AM CST   SUNSET   604 PM CST
JANUARY 24 2018.......SUNRISE   751 AM CST   SUNSET   605 PM CST


-  INDICATES NEGATIVE NUMBERS.
R  INDICATES RECORD WAS SET OR TIED.
MM INDICATES DATA IS MISSING.
T  INDICATES TRACE AMOUNT.




$$
