000
CDUS44 KAMA 260641
CLIBGD


CLIMATE REPORT
NATIONAL WEATHER SERVICE AMARILLO TX
141 AM CDT FRI MAY 26 2017


...................................

...THE BORGER CLIMATE SUMMARY FOR MAY 25 2017...

CLIMATE NORMAL PERIOD 1981 TO 2010
CLIMATE RECORD PERIOD 1949 TO 2017


WEATHER ITEM   OBSERVED TIME   RECORD YEAR NORMAL DEPARTURE LAST
                VALUE   (LST)  VALUE       VALUE  FROM      YEAR
                                                  NORMAL
..................................................................
TEMPERATURE (F)
 YESTERDAY
  MAXIMUM         96    138 PM 102    2012  84     12       93
  MINIMUM         56    553 AM  44    2002  58     -2       59
                                      1995
  AVERAGE         76                        71      5       76

PRECIPITATION (IN)
  YESTERDAY        0.00          1.66 1974   0.12  -0.12     0.00
  MONTH TO DATE    1.15                      2.10  -0.95     1.99
  SINCE MAR 1      7.66                      5.05   2.61     6.23
  SINCE JAN 1     11.14                      6.26   4.88     7.15

SNOWFALL (IN)
  YESTERDAY        0.0           T    2000                   0.0
  MONTH TO DATE    0.0                                       0.0
  SINCE MAR 1      1.1                                       2.7
  SINCE JUL 1      1.2                                       8.9
  SNOW DEPTH       0

DEGREE DAYS
 HEATING
  YESTERDAY        0                         1     -1        0
  MONTH TO DATE   67                        58      9      105
  SINCE MAR 1    574                       768   -194      591
  SINCE JUL 1   2909                      3761   -852     3086

 COOLING
  YESTERDAY       11                         7      4       11
  MONTH TO DATE   90                       109    -19      107
  SINCE MAR 1    191                       153     38      152
  SINCE JAN 1    205                       153     52      158
..................................................................


WIND (MPH)
  RESULTANT WIND SPEED  10   RESULTANT WIND DIRECTION  SW (230)
  HIGHEST WIND SPEED    23   HIGHEST WIND DIRECTION     W (250)
  HIGHEST GUST SPEED    30   HIGHEST GUST DIRECTION    SW (240)
  AVERAGE WIND SPEED    11.9


SKY COVER
  AVERAGE SKY COVER 0.0


WEATHER CONDITIONS
 THE FOLLOWING WEATHER WAS RECORDED YESTERDAY.
  NO SIGNIFICANT WEATHER WAS OBSERVED.


RELATIVE HUMIDITY (PERCENT)
 HIGHEST    62           200 AM
 LOWEST      9           600 PM
 AVERAGE    36

..........................................................


THE BORGER CLIMATE NORMALS FOR TODAY
                         NORMAL    RECORD    YEAR
 MAXIMUM TEMPERATURE (F)   84       101      1953
 MINIMUM TEMPERATURE (F)   59        40      1950


SUNRISE AND SUNSET
MAY 26 2017...........SUNRISE   633 AM CDT   SUNSET   852 PM CDT
MAY 27 2017...........SUNRISE   633 AM CDT   SUNSET   853 PM CDT


-  INDICATES NEGATIVE NUMBERS.
R  INDICATES RECORD WAS SET OR TIED.
MM INDICATES DATA IS MISSING.
T  INDICATES TRACE AMOUNT.




$$
