000
CDUS44 KAMA 190726
CLIBGD


CLIMATE REPORT
NATIONAL WEATHER SERVICE AMARILLO TX
126 AM CST SUN NOV 19 2017


...................................

...THE BORGER CLIMATE SUMMARY FOR NOVEMBER 18 2017...

CLIMATE NORMAL PERIOD 1981 TO 2010
CLIMATE RECORD PERIOD 1949 TO 2017


WEATHER ITEM   OBSERVED TIME   RECORD YEAR NORMAL DEPARTURE LAST
                VALUE   (LST)  VALUE       VALUE  FROM      YEAR
                                                  NORMAL
..................................................................
TEMPERATURE (F)
 YESTERDAY
  MAXIMUM         70    102 AM  79    2007  60     10       50
  MINIMUM         33   1159 PM  16    1980  35     -2       32
  AVERAGE         52                        48      4       41

PRECIPITATION (IN)
  YESTERDAY        T             0.57 1984   0.03  -0.03     0.00
  MONTH TO DATE    0.06                      0.57  -0.51     0.12
  SINCE SEP 1      5.10                      4.67   0.43     1.19
  SINCE JAN 1     26.10                     20.68   5.42    15.53

SNOWFALL (IN)
  YESTERDAY        0.0           3.3  1972                   0.0
  MONTH TO DATE    0.8                                       0.0
  SINCE SEP 1      0.8                                       0.0
  SINCE JUL 1      0.8                                       0.0
  SNOW DEPTH       0

DEGREE DAYS
 HEATING
  YESTERDAY       13                        17     -4       24
  MONTH TO DATE  187                       253    -66      140
  SINCE SEP 1    386                       473    -87      194
  SINCE JUL 1    386                       474    -88      194

 COOLING
  YESTERDAY        0                         0      0        0
  MONTH TO DATE    9                         0      9        4
  SINCE SEP 1    338                       285     53      462
  SINCE JAN 1   2001                      1835    166     2180
..................................................................


WIND (MPH)
  RESULTANT WIND SPEED  14   RESULTANT WIND DIRECTION   N (340)
  HIGHEST WIND SPEED    37   HIGHEST WIND DIRECTION     N (350)
  HIGHEST GUST SPEED    47   HIGHEST GUST DIRECTION     N (350)
  AVERAGE WIND SPEED    16.9


SKY COVER
  AVERAGE SKY COVER 0.2


WEATHER CONDITIONS
 THE FOLLOWING WEATHER WAS RECORDED YESTERDAY.
  LIGHT RAIN


RELATIVE HUMIDITY (PERCENT)
 HIGHEST    70           700 AM
 LOWEST     18           400 PM
 AVERAGE    44

..........................................................


THE BORGER CLIMATE NORMALS FOR TODAY
                         NORMAL    RECORD    YEAR
 MAXIMUM TEMPERATURE (F)   60        83      2007
 MINIMUM TEMPERATURE (F)   35        19      1969


SUNRISE AND SUNSET
NOVEMBER 19 2017......SUNRISE   726 AM CST   SUNSET   536 PM CST
NOVEMBER 20 2017......SUNRISE   727 AM CST   SUNSET   536 PM CST


-  INDICATES NEGATIVE NUMBERS.
R  INDICATES RECORD WAS SET OR TIED.
MM INDICATES DATA IS MISSING.
T  INDICATES TRACE AMOUNT.




$$
