000
CDUS44 KAMA 061510
CLIBGD


CLIMATE REPORT
NATIONAL WEATHER SERVICE AMARILLO TX
910 AM CST SAT FEB 6 2016


...................................

...THE BORGER CLIMATE SUMMARY FOR FEBRUARY 6 2016...
VALID AS OF 0900 AM LOCAL TIME.

CLIMATE NORMAL PERIOD 1981 TO 2010
CLIMATE RECORD PERIOD 1949 TO 2016


WEATHER ITEM   OBSERVED TIME   RECORD YEAR NORMAL DEPARTURE LAST
                VALUE   (LST)  VALUE       VALUE  FROM      YEAR
                                                  NORMAL
..................................................................
TEMPERATURE (F)
 TODAY
  MINIMUM         22    807 AM  -3    1982  28     -6       39

PRECIPITATION (IN)
  TODAY            0.00          0.51 2005   0.03  -0.03     0.00
  MONTH TO DATE    0.23                      0.15   0.08      T
  SINCE DEC 1      1.35                      1.51  -0.16     1.37
  SINCE JAN 1      0.51                      0.74  -0.23     1.23

SNOWFALL (IN)
  TODAY            0.0           3.0  2002                   0.0
  MONTH TO DATE    0.0                                        T
  SINCE DEC 1      6.7                                       9.1
  SINCE JUL 1      7.5                                      11.0
  SNOW DEPTH       0

..................................................................


WIND (MPH)
  RESULTANT WIND SPEED   6   RESULTANT WIND DIRECTION   W (280)
  HIGHEST WIND SPEED    12   HIGHEST WIND DIRECTION    NW (330)
  HIGHEST GUST SPEED    18   HIGHEST GUST DIRECTION     N (340)
  AVERAGE WIND SPEED     7.4


SKY COVER
  AVERAGE SKY COVER 0.0


WEATHER CONDITIONS
 THE FOLLOWING WEATHER WAS RECORDED TODAY.
  NO SIGNIFICANT WEATHER WAS OBSERVED.


RELATIVE HUMIDITY (PERCENT)
 HIGHEST    77           600 AM
 LOWEST     58           300 AM
 AVERAGE    68

..........................................................


THE BORGER CLIMATE NORMALS FOR TOMORROW
                         NORMAL    RECORD    YEAR
 MAXIMUM TEMPERATURE (F)   54        83      2015
 MINIMUM TEMPERATURE (F)   28         2      1989


SUNRISE AND SUNSET
FEBRUARY  6 2016......SUNRISE   742 AM CST   SUNSET   618 PM CST
FEBRUARY  7 2016......SUNRISE   741 AM CST   SUNSET   619 PM CST


-  INDICATES NEGATIVE NUMBERS.
R  INDICATES RECORD WAS SET OR TIED.
MM INDICATES DATA IS MISSING.
T  INDICATES TRACE AMOUNT.




$$
