000
CDUS41 KBGM 100624
CLIBGM


CLIMATE REPORT
NATIONAL WEATHER SERVICE BINGHAMTON NY
223 AM EDT THU JUL 10 2014


...................................

...THE BINGHAMTON NY CLIMATE SUMMARY FOR JULY 9 2014...

CLIMATE NORMAL PERIOD 1981 TO 2010
CLIMATE RECORD PERIOD 1951 TO 2014


WEATHER ITEM   OBSERVED TIME   RECORD YEAR NORMAL DEPARTURE LAST
                VALUE   (LST)  VALUE       VALUE  FROM      YEAR
                                                  NORMAL
..................................................................
TEMPERATURE (F)
 YESTERDAY
  MAXIMUM         80    142 PM  95    1988  78      2       82
  MINIMUM         59   1159 PM  39    1963  60     -1       64
  AVERAGE         70                        69      1       73

PRECIPITATION (IN)
  YESTERDAY        0.19          2.62 1952   0.12   0.07     0.41
  MONTH TO DATE    0.72                      1.10  -0.38     4.13
  SINCE JUN 1      5.09                      5.41  -0.32     9.37
  SINCE JAN 1     20.45                     20.16   0.29    22.53

SNOWFALL (IN)
  YESTERDAY        0.0           0.0  2002   0.0    0.0      0.0
                                      2000
                                      2001
  MONTH TO DATE    0.0                       0.0    0.0      0.0
  SINCE JUN 1      0.0                       0.0    0.0      0.0
  SINCE JUL 1      0.0                       0.0    0.0      0.0
  SNOW DEPTH       0

DEGREE DAYS
 HEATING
  YESTERDAY        0                         1     -1        0
  MONTH TO DATE    3                         9     -6        0
  SINCE JUN 1     48                       100    -52       87
  SINCE JUL 1      3                         9     -6        0

 COOLING
  YESTERDAY        5                         4      1        8
  MONTH TO DATE   56                        36     20       89
  SINCE JUN 1    141                       110     31      172
  SINCE JAN 1    166                       133     33      215
..................................................................


WIND (MPH)
  HIGHEST WIND SPEED    20   HIGHEST WIND DIRECTION    NW (320)
  HIGHEST GUST SPEED    26   HIGHEST GUST DIRECTION    NW (330)
  AVERAGE WIND SPEED     8.1


SKY COVER
  AVERAGE SKY COVER 0.3


WEATHER CONDITIONS
 THE FOLLOWING WEATHER WAS RECORDED YESTERDAY.
  THUNDERSTORM
  HEAVY RAIN
  RAIN
  LIGHT RAIN
  FOG
  HAZE


RELATIVE HUMIDITY (PERCENT)
 HIGHEST   100           400 AM
 LOWEST     50           200 PM
 AVERAGE    75

..........................................................


THE BINGHAMTON NY CLIMATE NORMALS FOR TODAY
                         NORMAL    RECORD    YEAR
 MAXIMUM TEMPERATURE (F)   78        94      1988
 MINIMUM TEMPERATURE (F)   60        46      1953


SUNRISE AND SUNSET
JULY 10 2014..........SUNRISE   537 AM EDT   SUNSET   841 PM EDT
JULY 11 2014..........SUNRISE   538 AM EDT   SUNSET   841 PM EDT


-  INDICATES NEGATIVE NUMBERS.
R  INDICATES RECORD WAS SET OR TIED.
MM INDICATES DATA IS MISSING.
T  INDICATES TRACE AMOUNT.




$$
