000
CDUS41 KBGM 230536
CLIBGM


CLIMATE REPORT
NATIONAL WEATHER SERVICE BINGHAMTON NY
135 AM EDT THU OCT 23 2014


...................................

...THE BINGHAMTON NY CLIMATE SUMMARY FOR OCTOBER 22 2014...

CLIMATE NORMAL PERIOD 1981 TO 2010
CLIMATE RECORD PERIOD 1951 TO 2014


WEATHER ITEM   OBSERVED TIME   RECORD YEAR NORMAL DEPARTURE LAST
                VALUE   (LST)  VALUE       VALUE  FROM      YEAR
                                                  NORMAL
..................................................................
TEMPERATURE (F)
 YESTERDAY
  MAXIMUM         50   1141 AM  81    1979  55     -5       54
  MINIMUM         43   1159 PM  26    1969  38      5       38
  AVERAGE         47                        46      1       46

PRECIPITATION (IN)
  YESTERDAY        0.04          1.34 1988   0.10  -0.06     0.01
  MONTH TO DATE    3.08                      2.39   0.69     2.07
  SINCE SEP 1      4.99                      6.02  -1.03     4.98
  SINCE JAN 1     34.02                     32.23   1.79    35.27

SNOWFALL (IN)
  YESTERDAY        0.0           4.7  1988   0.0    0.0      0.0
  MONTH TO DATE    0.0                       0.4   -0.4      0.0
  SINCE SEP 1      0.0                       0.4   -0.4      0.0
  SINCE JUL 1      T                         0.4   -0.4      0.0
  SNOW DEPTH       0

DEGREE DAYS
 HEATING
  YESTERDAY       18                        19     -1       19
  MONTH TO DATE  271                       334    -63      182
  SINCE SEP 1    432                       528    -96      423
  SINCE JUL 1    498                       591    -93      474

 COOLING
  YESTERDAY        0                         0      0        0
  MONTH TO DATE    1                         0      1       12
  SINCE SEP 1     39                        31      8       53
  SINCE JAN 1    341                       379    -38      480
..................................................................


WIND (MPH)
  HIGHEST WIND SPEED    21   HIGHEST WIND DIRECTION     N (350)
  HIGHEST GUST SPEED    27   HIGHEST GUST DIRECTION     N (350)
  AVERAGE WIND SPEED    13.0


SKY COVER
  AVERAGE SKY COVER 1.0


WEATHER CONDITIONS
 THE FOLLOWING WEATHER WAS RECORDED YESTERDAY.
  LIGHT RAIN
  FOG


RELATIVE HUMIDITY (PERCENT)
 HIGHEST    93          1200 AM
 LOWEST     86           900 AM
 AVERAGE    90

..........................................................


THE BINGHAMTON NY CLIMATE NORMALS FOR TODAY
                         NORMAL    RECORD    YEAR
 MAXIMUM TEMPERATURE (F)   54        73      1975
 MINIMUM TEMPERATURE (F)   38        21      1969


SUNRISE AND SUNSET
OCTOBER 23 2014.......SUNRISE   726 AM EDT   SUNSET   610 PM EDT
OCTOBER 24 2014.......SUNRISE   727 AM EDT   SUNSET   608 PM EDT


-  INDICATES NEGATIVE NUMBERS.
R  INDICATES RECORD WAS SET OR TIED.
MM INDICATES DATA IS MISSING.
T  INDICATES TRACE AMOUNT.




$$
