000
CDUS41 KCAR 242026
CLIBGR


CLIMATE REPORT
NATIONAL WEATHER SERVICE CARIBOU, ME
425 PM EDT WED MAY 24 2017


...................................

...THE BANGOR ME CLIMATE SUMMARY FOR MAY 24 2017...
VALID TODAY AS OF 0400 PM LOCAL TIME.

CLIMATE NORMAL PERIOD 1981 TO 2010
CLIMATE RECORD PERIOD 1925 TO 2017


WEATHER ITEM   OBSERVED TIME   RECORD YEAR NORMAL DEPARTURE LAST
                VALUE   (LST)  VALUE       VALUE  FROM      YEAR
                                                  NORMAL
..................................................................
TEMPERATURE (F)
 TODAY
  MAXIMUM         74    102 PM  91    1964  68      6       68
  MINIMUM         44    335 AM  32    1956  45     -1       53
  AVERAGE         59                        56      3       61

PRECIPITATION (IN)
  TODAY            0.00          1.84 1986   0.12  -0.12     0.00
  MONTH TO DATE    5.01                      2.77   2.24     1.92
  SINCE MAR 1     11.06                      9.77   1.29     7.77
  SINCE JAN 1     16.95                     15.18   1.77    14.04

SNOWFALL (IN)
  TODAY            0.0           0.0  2002   0.0    0.0      0.0
                                      2001
  MONTH TO DATE    0.0                       0.1   -0.1       T
  SINCE MAR 1     19.3                      15.5    3.8      6.0
  SINCE JUL 1     82.6                      66.2   16.4     44.6
  SNOW DEPTH       0

DEGREE DAYS
 HEATING
  TODAY            6                         9     -3        4
  MONTH TO DATE  305                       301      4      283
  SINCE MAR 1   2089                      2053     36     2004
  SINCE JUL 1   7217                      7699   -482     6919

 COOLING
  TODAY            0                         0      0        0
  MONTH TO DATE    7                         0      7        0
  SINCE MAR 1      7                         0      7        0
  SINCE JAN 1      7                         0      7        0
..................................................................


WIND (MPH)
  HIGHEST WIND SPEED     8   HIGHEST WIND DIRECTION    NE (60)
  HIGHEST GUST SPEED    11   HIGHEST GUST DIRECTION    NE (50)
  AVERAGE WIND SPEED     1.2


SKY COVER
  POSSIBLE SUNSHINE  MM
  AVERAGE SKY COVER 0.6


WEATHER CONDITIONS
 THE FOLLOWING WEATHER WAS RECORDED TODAY.
  FOG


RELATIVE HUMIDITY (PERCENT)
 HIGHEST   100           200 AM
 LOWEST     38           100 PM
 AVERAGE    69

..........................................................


THE BANGOR ME CLIMATE NORMALS FOR TOMORROW
                         NORMAL    RECORD    YEAR
 MAXIMUM TEMPERATURE (F)   68        92      2010
                                             2007
 MINIMUM TEMPERATURE (F)   45        31      1956


SUNRISE AND SUNSET
MAY 24 2017...........SUNRISE   458 AM EDT   SUNSET   807 PM EDT
MAY 25 2017...........SUNRISE   457 AM EDT   SUNSET   808 PM EDT


-  INDICATES NEGATIVE NUMBERS.
R  INDICATES RECORD WAS SET OR TIED.
MM INDICATES DATA IS MISSING.
T  INDICATES TRACE AMOUNT.




$$
