000
CDUS41 KCAR 290536
CLIBGR


CLIMATE REPORT
NATIONAL WEATHER SERVICE CARIBOU, ME
132 AM EDT SUN MAR 29 2015


...................................

...THE BANGOR ME CLIMATE SUMMARY FOR MARCH 28 2015...

CLIMATE NORMAL PERIOD 1981 TO 2010
CLIMATE RECORD PERIOD 1925 TO 2015


WEATHER ITEM   OBSERVED TIME   RECORD YEAR NORMAL DEPARTURE LAST
                VALUE   (LST)  VALUE       VALUE  FROM      YEAR
                                                  NORMAL
..................................................................
TEMPERATURE (F)
 YESTERDAY
  MAXIMUM         36    512 PM  65    1999  44     -8       42
                                      1989
  MINIMUM         27   1159 PM   9    1982  25      2       30
                                      1974
  AVERAGE         32                        35     -3       36

PRECIPITATION (IN)
  YESTERDAY        0.00          1.48 2005   0.12  -0.12     0.11
  MONTH TO DATE    1.41                      3.02  -1.61     2.26
  SINCE MAR 1      1.41                      3.02  -1.61     2.26
  SINCE JAN 1      6.30                      8.43  -2.13     7.43

SNOWFALL (IN)
  YESTERDAY        0.0           1.8  2008   0.3              T
  MONTH TO DATE   15.6                      10.9            15.7
  SINCE MAR 1     15.6                      10.9            15.7
  SINCE JUL 1    132.7                      61.6            78.9
  SNOW DEPTH      MM

DEGREE DAYS
 HEATING
  YESTERDAY       33                        30      3       29
  MONTH TO DATE 1153                       988    165     1219
  SINCE MAR 1   1153                       988    165     1219
  SINCE JUL 1   7043                      6634    409     6971

 COOLING
  YESTERDAY        0                         0      0        0
  MONTH TO DATE    0                         0      0        0
  SINCE MAR 1      0                         0      0        0
  SINCE JAN 1      0                         0      0        0
..................................................................


WIND (MPH)
  RESULTANT WIND SPEED  11   RESULTANT WIND DIRECTION   N (0)
  HIGHEST WIND SPEED    21   HIGHEST WIND DIRECTION     N (10)
  HIGHEST GUST SPEED    24   HIGHEST GUST DIRECTION     N (20)


SKY COVER
  POSSIBLE SUNSHINE  MM
  AVERAGE SKY COVER 0.9


WEATHER CONDITIONS
 THE FOLLOWING WEATHER WAS RECORDED YESTERDAY.
  NO SIGNIFICANT WEATHER WAS OBSERVED.


RELATIVE HUMIDITY (PERCENT)
 HIGHEST    69
 LOWEST     42
 AVERAGE    56

..........................................................


THE BANGOR ME CLIMATE NORMALS FOR TODAY
                         NORMAL    RECORD    YEAR
 MAXIMUM TEMPERATURE (F)   45        79      1946
 MINIMUM TEMPERATURE (F)   26         6      1974


SUNRISE AND SUNSET
MARCH 29 2015.........SUNRISE   622 AM EDT   SUNSET   659 PM EDT
MARCH 30 2015.........SUNRISE   620 AM EDT   SUNSET   700 PM EDT


-  INDICATES NEGATIVE NUMBERS.
R  INDICATES RECORD WAS SET OR TIED.
MM INDICATES DATA IS MISSING.
T  INDICATES TRACE AMOUNT.




$$
