000
CDUS41 KCAR 280528
CLIBGR


CLIMATE REPORT
NATIONAL WEATHER SERVICE CARIBOU, ME
127 AM EDT WED JUN 28 2017


...................................

...THE BANGOR ME CLIMATE SUMMARY FOR JUNE 27 2017...

CLIMATE NORMAL PERIOD 1981 TO 2010
CLIMATE RECORD PERIOD 1925 TO 2017


WEATHER ITEM   OBSERVED TIME   RECORD YEAR NORMAL DEPARTURE LAST
                VALUE   (LST)  VALUE       VALUE  FROM      YEAR
                                                  NORMAL
..................................................................
TEMPERATURE (F)
 YESTERDAY
  MAXIMUM         72    115 PM  98    1941  77     -5       80
  MINIMUM         56    449 AM  43    1939  55      1       55
  AVERAGE         64                        66     -2       68

PRECIPITATION (IN)
  YESTERDAY        0.36          1.47 1970   0.11   0.25     0.03
  MONTH TO DATE    3.85                      3.42   0.43     2.43
  SINCE JUN 1      3.85                      3.42   0.43     2.43
  SINCE JAN 1     22.15                     19.47   2.68    16.64

SNOWFALL (IN)
  YESTERDAY        0.0           0.0  2002   0.0             0.0
                                      2001
  MONTH TO DATE    T                         0.0             0.0
  SINCE JUN 1      T                         0.0             0.0
  SINCE JUL 1     82.6                      66.1            44.6
  SNOW DEPTH       0

DEGREE DAYS
 HEATING
  YESTERDAY        1                         2     -1        0
  MONTH TO DATE   87                       104    -17      103
  SINCE JUN 1     87                       104    -17      103
  SINCE JUL 1   7379                      7857   -478     7046

 COOLING
  YESTERDAY        0                         3     -3        3
  MONTH TO DATE   53                        43     10       11
  SINCE JUN 1     53                        43     10       11
  SINCE JAN 1     60                        49     11       21
..................................................................


WIND (MPH)
  RESULTANT WIND SPEED   7   RESULTANT WIND DIRECTION   S (180)
  HIGHEST WIND SPEED    17   HIGHEST WIND DIRECTION     S (170)
  HIGHEST GUST SPEED    25   HIGHEST GUST DIRECTION     S (200)


SKY COVER
  POSSIBLE SUNSHINE  MM
  AVERAGE SKY COVER 0.8


WEATHER CONDITIONS
 THE FOLLOWING WEATHER WAS RECORDED YESTERDAY.
  THUNDERSTORM
  LIGHT RAIN
  FOG


RELATIVE HUMIDITY (PERCENT)
 HIGHEST   100
 LOWEST     53
 AVERAGE    77

..........................................................


THE BANGOR ME CLIMATE NORMALS FOR TODAY
                         NORMAL    RECORD    YEAR
 MAXIMUM TEMPERATURE (F)   77        94      1991
                                             1941
 MINIMUM TEMPERATURE (F)   55        40      1927


SUNRISE AND SUNSET
JUNE 28 2017..........SUNRISE   452 AM EDT   SUNSET   825 PM EDT
JUNE 29 2017..........SUNRISE   452 AM EDT   SUNSET   825 PM EDT


-  INDICATES NEGATIVE NUMBERS.
R  INDICATES RECORD WAS SET OR TIED.
MM INDICATES DATA IS MISSING.
T  INDICATES TRACE AMOUNT.




$$
