000
CDUS41 KCAR 190533
CLIBGR


CLIMATE REPORT
NATIONAL WEATHER SERVICE CARIBOU, ME
132 AM EDT SAT AUG 19 2017


...................................

...THE BANGOR ME CLIMATE SUMMARY FOR AUGUST 18 2017...

CLIMATE NORMAL PERIOD 1981 TO 2010
CLIMATE RECORD PERIOD 1925 TO 2017


WEATHER ITEM   OBSERVED TIME   RECORD YEAR NORMAL DEPARTURE LAST
                VALUE   (LST)  VALUE       VALUE  FROM      YEAR
                                                  NORMAL
..................................................................
TEMPERATURE (F)
 YESTERDAY
  MAXIMUM         69   1016 AM 103    1935  78     -9       85
  MINIMUM         51    404 AM  45    1957  56     -5       59
                                      1941
                                      1927
  AVERAGE         60                        67     -7       72

PRECIPITATION (IN)
  YESTERDAY        0.59          1.32 1958   0.09   0.50      T
  MONTH TO DATE    1.50                      1.82  -0.32     1.44
  SINCE JUN 1      7.73                      9.04  -1.31     6.98
  SINCE JAN 1     26.03                     25.09   0.94    21.19

SNOWFALL (IN)
  YESTERDAY        0.0           0.0  2002   0.0             0.0
                                      2001
  MONTH TO DATE    0.0                       0.0             0.0
  SINCE JUN 1      T                         0.0             0.0
  SINCE JUL 1      0.0                       0.0             0.0
  SNOW DEPTH       0

DEGREE DAYS
 HEATING
  YESTERDAY        5                         1      4        0
  MONTH TO DATE    6                        18    -12        3
  SINCE JUN 1    111                       148    -37      129
  SINCE JUL 1     20                        41    -21       26

 COOLING
  YESTERDAY        0                         3     -3        7
  MONTH TO DATE   81                        68     13      109
  SINCE JUN 1    245                       252     -7      329
  SINCE JAN 1    252                       258     -6      339
..................................................................


WIND (MPH)
  RESULTANT WIND SPEED   3   RESULTANT WIND DIRECTION  SE (140)
  HIGHEST WIND SPEED    16   HIGHEST WIND DIRECTION    SE (150)
  HIGHEST GUST SPEED    21   HIGHEST GUST DIRECTION    SE (140)


SKY COVER
  POSSIBLE SUNSHINE  MM
  AVERAGE SKY COVER 0.9


WEATHER CONDITIONS
 THE FOLLOWING WEATHER WAS RECORDED YESTERDAY.
  RAIN
  LIGHT RAIN
  FOG


RELATIVE HUMIDITY (PERCENT)
 HIGHEST    90
 LOWEST     61
 AVERAGE    76

..........................................................


THE BANGOR ME CLIMATE NORMALS FOR TODAY
                         NORMAL    RECORD    YEAR
 MAXIMUM TEMPERATURE (F)   78       104      1935
 MINIMUM TEMPERATURE (F)   56        43      1926


SUNRISE AND SUNSET
AUGUST 19 2017........SUNRISE   542 AM EDT   SUNSET   734 PM EDT
AUGUST 20 2017........SUNRISE   544 AM EDT   SUNSET   733 PM EDT


-  INDICATES NEGATIVE NUMBERS.
R  INDICATES RECORD WAS SET OR TIED.
MM INDICATES DATA IS MISSING.
T  INDICATES TRACE AMOUNT.




$$
