000
CDUS44 KBMX 260734
CLIBHM


CLIMATE REPORT
NATIONAL WEATHER SERVICE BIRMINGHAM, AL
233 AM CDT WED APR 26 2017


...................................

...THE BIRMINGHAM CLIMATE SUMMARY FOR APRIL 25 2017...

CLIMATE NORMAL PERIOD 1981 TO 2010
CLIMATE RECORD PERIOD 1895 TO 2017


WEATHER ITEM   OBSERVED TIME   RECORD YEAR NORMAL DEPARTURE LAST
                VALUE   (LST)  VALUE       VALUE  FROM      YEAR
                                                  NORMAL
..................................................................
TEMPERATURE (F)
 YESTERDAY
  MAXIMUM         80    455 PM  88    2009  77      3       82
                                      1896
  MINIMUM         53    324 AM  33    1910  53      0       61
  AVERAGE         67                        65      2       72

PRECIPITATION (IN)
  YESTERDAY        0.00          2.10 1980   0.15  -0.15     0.00
  MONTH TO DATE    5.03                      3.66   1.37     2.87
  SINCE MAR 1     10.27                      8.89   1.38     8.57
  SINCE JAN 1     19.93                     18.26   1.67    19.31

SNOWFALL (IN)
  YESTERDAY        0.0                       0.0    0.0      0.0
  MONTH TO DATE    0.0                       0.2   -0.2      0.0
  SINCE MAR 1      0.0                       0.8   -0.8      0.0
  SINCE JUL 1      0.3                       1.6   -1.3       T
  SNOW DEPTH       0

DEGREE DAYS
 HEATING
  YESTERDAY        0                         3     -3        0
  MONTH TO DATE   38                       128    -90       78
  SINCE MAR 1    289                       450   -161      269
  SINCE JUL 1   1661                      2640   -979     1939

 COOLING
  YESTERDAY        2                         3     -1        7
  MONTH TO DATE  122                        47     75       21
  SINCE MAR 1    176                        65    111       62
  SINCE JAN 1    191                        69    122       69
..................................................................


WIND (MPH)
  HIGHEST WIND SPEED    10   HIGHEST WIND DIRECTION     S (200)
  HIGHEST GUST SPEED    15   HIGHEST GUST DIRECTION    SW (210)
  AVERAGE WIND SPEED     3.8


SKY COVER
  AVERAGE SKY COVER 0.2


WEATHER CONDITIONS
 THE FOLLOWING WEATHER WAS RECORDED YESTERDAY.
  FOG


RELATIVE HUMIDITY (PERCENT)
 HIGHEST   100           200 AM
 LOWEST     39           300 PM
 AVERAGE    70

..........................................................


THE BIRMINGHAM CLIMATE NORMALS FOR TODAY
                         NORMAL    RECORD    YEAR
 MAXIMUM TEMPERATURE (F)   77        89      1986
 MINIMUM TEMPERATURE (F)   54        34      1910


SUNRISE AND SUNSET
APRIL 26 2017.........SUNRISE   604 AM CDT   SUNSET   726 PM CDT
APRIL 27 2017.........SUNRISE   602 AM CDT   SUNSET   727 PM CDT


-  INDICATES NEGATIVE NUMBERS.
R  INDICATES RECORD WAS SET OR TIED.
MM INDICATES DATA IS MISSING.
T  INDICATES TRACE AMOUNT.




$$
