000
CDUS44 KBMX 290742
CLIBHM


CLIMATE REPORT
NATIONAL WEATHER SERVICE BIRMINGHAM, AL
241 AM CDT THU SEP 29 2016


...................................

...THE BIRMINGHAM CLIMATE SUMMARY FOR SEPTEMBER 28 2016...

CLIMATE NORMAL PERIOD 1981 TO 2010
CLIMATE RECORD PERIOD 1895 TO 2016


WEATHER ITEM   OBSERVED TIME   RECORD YEAR NORMAL DEPARTURE LAST
                VALUE   (LST)  VALUE       VALUE  FROM      YEAR
                                                  NORMAL
..................................................................
TEMPERATURE (F)
 YESTERDAY
  MAXIMUM         89    232 PM  94    1986  81      8       76
                                      1911
                                      1904
  MINIMUM         58    611 AM  42    1942  60     -2       69
  AVERAGE         74                        70      4       73

PRECIPITATION (IN)
  YESTERDAY        0.00          7.50 1906   0.13  -0.13     0.07
  MONTH TO DATE    0.68                      3.63  -2.95     1.39
  SINCE SEP 1      0.68                      3.63  -2.95     1.39
  SINCE JAN 1     35.85                     40.71  -4.86    43.46

DEGREE DAYS
 HEATING
  YESTERDAY        0                         1     -1        0
  MONTH TO DATE    0                         6     -6        1
  SINCE SEP 1      0                         6     -6        1
  SINCE JUL 1      0                         6     -6        1

 COOLING
  YESTERDAY        9                         6      3        8
  MONTH TO DATE  468                       289    179      292
  SINCE SEP 1    468                       289    179      292
  SINCE JAN 1   2434                      1939    495     2106
..................................................................


WIND (MPH)
  HIGHEST WIND SPEED    15   HIGHEST WIND DIRECTION     W (270)
  HIGHEST GUST SPEED    20   HIGHEST GUST DIRECTION     W (250)
  AVERAGE WIND SPEED     4.1


SKY COVER
  AVERAGE SKY COVER 0.0


WEATHER CONDITIONS
 THE FOLLOWING WEATHER WAS RECORDED YESTERDAY.
  HAZE


RELATIVE HUMIDITY (PERCENT)
 HIGHEST    86           600 AM
 LOWEST     15           300 PM
 AVERAGE    51

..........................................................


THE BIRMINGHAM CLIMATE NORMALS FOR TODAY
                         NORMAL    RECORD    YEAR
 MAXIMUM TEMPERATURE (F)   81        96      1904
 MINIMUM TEMPERATURE (F)   59        40      1967


SUNRISE AND SUNSET
SEPTEMBER 29 2016.....SUNRISE   640 AM CDT   SUNSET   633 PM CDT
SEPTEMBER 30 2016.....SUNRISE   641 AM CDT   SUNSET   632 PM CDT


-  INDICATES NEGATIVE NUMBERS.
R  INDICATES RECORD WAS SET OR TIED.
MM INDICATES DATA IS MISSING.
T  INDICATES TRACE AMOUNT.




$$
