000
CDUS44 KBMX 281211
CLIBHM


CLIMATE REPORT
NATIONAL WEATHER SERVICE BIRMINGHAM, AL
611 AM CST SAT FEB 28 2015


...................................

...THE BIRMINGHAM CLIMATE SUMMARY FOR FEBRUARY 27 2015...

CLIMATE NORMAL PERIOD 1981 TO 2010
CLIMATE RECORD PERIOD 2014 TO 2015


WEATHER ITEM   OBSERVED TIME   RECORD YEAR NORMAL DEPARTURE LAST
                VALUE   (LST)  VALUE       VALUE  FROM      YEAR
                                                  NORMAL
..................................................................
TEMPERATURE (F)
 YESTERDAY
  MAXIMUM         43    355 PM  82    1962  62    -19       50
  MINIMUM         28    900 AM  15    1963  40    -12       20
                                      1934
  AVERAGE         36                        51    -15       35

PRECIPITATION (IN)
  YESTERDAY        0.00          3.18 1913   0.18  -0.18     0.00
  MONTH TO DATE    4.32                      4.36  -0.04     5.33
  SINCE DEC 1     15.85                     13.65   2.20    13.95
  SINCE JAN 1      8.70                      9.20  -0.50     6.89

SNOWFALL (IN)
  YESTERDAY        0.0                       0.0    0.0      0.0
  MONTH TO DATE    0.7                       0.1    0.6      3.0
  SINCE DEC 1      0.7                       0.8   -0.1      5.0
  SINCE JUL 1      0.7                       0.8   -0.1      5.0
  SNOW DEPTH       0

DEGREE DAYS
 HEATING
  YESTERDAY       29                        14     15       30
  MONTH TO DATE  690                       473    217      504
  SINCE DEC 1   1885                      1720    165     1947
  SINCE JUL 1   2447                      2178    269     2475
..................................................................


WIND (MPH)
  HIGHEST WIND SPEED    18   HIGHEST WIND DIRECTION     N (360)
  HIGHEST GUST SPEED    23   HIGHEST GUST DIRECTION     N (350)
  AVERAGE WIND SPEED     8.5


SKY COVER
  AVERAGE SKY COVER 0.3


WEATHER CONDITIONS
 THE FOLLOWING WEATHER WAS RECORDED YESTERDAY.
  NO SIGNIFICANT WEATHER WAS OBSERVED.


RELATIVE HUMIDITY (PERCENT)
 HIGHEST    85          1200 AM
 LOWEST     38           500 PM
 AVERAGE    62

..........................................................


THE BIRMINGHAM CLIMATE NORMALS FOR TODAY
                         NORMAL    RECORD    YEAR
 MAXIMUM TEMPERATURE (F)   62        81      2011
 MINIMUM TEMPERATURE (F)   40        17      2002


SUNRISE AND SUNSET
FEBRUARY 28 2015......SUNRISE   617 AM CST   SUNSET   543 PM CST
MARCH  1 2015.........SUNRISE   616 AM CST   SUNSET   543 PM CST


-  INDICATES NEGATIVE NUMBERS.
R  INDICATES RECORD WAS SET OR TIED.
MM INDICATES DATA IS MISSING.
T  INDICATES TRACE AMOUNT.




$$
