892
CDUS44 KBMX 120653
CLIBHM


CLIMATE REPORT
NATIONAL WEATHER SERVICE BIRMINGHAM, AL
1252 AM CST FRI FEB 12 2016


...................................

...THE BIRMINGHAM CLIMATE SUMMARY FOR FEBRUARY 11 2016...

CLIMATE NORMAL PERIOD 1981 TO 2010
CLIMATE RECORD PERIOD 1895 TO 2016


WEATHER ITEM   OBSERVED TIME   RECORD YEAR NORMAL DEPARTURE LAST
                VALUE   (LST)  VALUE       VALUE  FROM      YEAR
                                                  NORMAL
..................................................................
TEMPERATURE (F)
 YESTERDAY
  MAXIMUM         63   1051 AM  79    1999  57      6       62
                                      1932
  MINIMUM         29    140 AM  14    1981  36     -7       26
  AVERAGE         46                        47     -1       44

PRECIPITATION (IN)
  YESTERDAY        0.00          1.48 1913   0.15  -0.15     0.00
  MONTH TO DATE    3.05                      1.73   1.32     0.35
  SINCE DEC 1     16.86                     11.02   5.84    11.88
  SINCE JAN 1      6.33                      6.57  -0.24     4.73

SNOWFALL (IN)
  YESTERDAY        0.0                       0.0    0.0      0.0
  MONTH TO DATE    T                         0.0    0.0      0.0
  SINCE DEC 1      T                         0.7   -0.7       T
  SINCE JUL 1      T                         0.7   -0.7       T
  SNOW DEPTH       0

DEGREE DAYS
 HEATING
  YESTERDAY       19                        18      1       21
  MONTH TO DATE  207                       213     -6      229
  SINCE DEC 1   1177                      1460   -283     1424
  SINCE JUL 1   1448                      1918   -470     1986
..................................................................


WIND (MPH)
  HIGHEST WIND SPEED    10   HIGHEST WIND DIRECTION     N (10)
  HIGHEST GUST SPEED    12   HIGHEST GUST DIRECTION     N (10)
  AVERAGE WIND SPEED     3.4


SKY COVER
  AVERAGE SKY COVER 0.0


WEATHER CONDITIONS
 THE FOLLOWING WEATHER WAS RECORDED YESTERDAY.
  HAZE


RELATIVE HUMIDITY (PERCENT)
 HIGHEST    65          1000 PM
 LOWEST     36           500 PM
 AVERAGE    51

..........................................................


THE BIRMINGHAM CLIMATE NORMALS FOR TODAY
                         NORMAL    RECORD    YEAR
 MAXIMUM TEMPERATURE (F)   58        78      1922
 MINIMUM TEMPERATURE (F)   36         5      1899


SUNRISE AND SUNSET
FEBRUARY 12 2016......SUNRISE   634 AM CST   SUNSET   528 PM CST
FEBRUARY 13 2016......SUNRISE   634 AM CST   SUNSET   529 PM CST


-  INDICATES NEGATIVE NUMBERS.
R  INDICATES RECORD WAS SET OR TIED.
MM INDICATES DATA IS MISSING.
T  INDICATES TRACE AMOUNT.




$$
