000
CDUS44 KBMX 290933
CLIBHM


CLIMATE REPORT
NATIONAL WEATHER SERVICE BIRMINGHAM, AL
431 AM CDT FRI AUG 29 2014


...................................

...THE BIRMINGHAM CLIMATE SUMMARY FOR AUGUST 28 2014...

CLIMATE NORMAL PERIOD 1981 TO 2010
CLIMATE RECORD PERIOD 1895 TO 2014


WEATHER ITEM   OBSERVED TIME   RECORD YEAR NORMAL DEPARTURE LAST
                VALUE   (LST)  VALUE       VALUE  FROM      YEAR
                                                  NORMAL
..................................................................
TEMPERATURE (F)
 YESTERDAY
  MAXIMUM         93    420 PM 103    1924  90      3       89
  MINIMUM         67    550 AM  56    1952  70     -3       66
  AVERAGE         80                        80      0       78

PRECIPITATION (IN)
  YESTERDAY        0.00          1.06 1949   0.11  -0.11     0.00
                                      1923
  MONTH TO DATE    3.08                      3.58  -0.50     4.29
  SINCE JUN 1      8.81                     12.76  -3.95    21.75
  SINCE JAN 1     31.67                     36.73  -5.06    52.26

DEGREE DAYS
 COOLING
  YESTERDAY       15                        15      0       13
  MONTH TO DATE  462                       441     21      369
  SINCE JUN 1   1300                      1322    -22     1206
  SINCE JAN 1   1593                      1604    -11     1471
..................................................................


WIND (MPH)
  HIGHEST WIND SPEED    14   HIGHEST WIND DIRECTION     S (190)
  HIGHEST GUST SPEED    17   HIGHEST GUST DIRECTION    SE (130)
  AVERAGE WIND SPEED     2.3


SKY COVER
  AVERAGE SKY COVER 0.2


WEATHER CONDITIONS
 THE FOLLOWING WEATHER WAS RECORDED YESTERDAY.
  NO SIGNIFICANT WEATHER WAS OBSERVED.


RELATIVE HUMIDITY (PERCENT)
 HIGHEST    81           500 AM
 LOWEST     23           400 PM
 AVERAGE    52

..........................................................


THE BIRMINGHAM CLIMATE NORMALS FOR TODAY
                         NORMAL    RECORD    YEAR
 MAXIMUM TEMPERATURE (F)   90       101      1990
 MINIMUM TEMPERATURE (F)   70        52      1992


SUNRISE AND SUNSET
AUGUST 29 2014........SUNRISE   619 AM CDT   SUNSET   716 PM CDT
AUGUST 30 2014........SUNRISE   620 AM CDT   SUNSET   715 PM CDT


-  INDICATES NEGATIVE NUMBERS.
R  INDICATES RECORD WAS SET OR TIED.
MM INDICATES DATA IS MISSING.
T  INDICATES TRACE AMOUNT.




$$
