000
CDUS45 KVEF 060826
CLIBIH


CLIMATE REPORT
NATIONAL WEATHER SERVICE LAS VEGAS, NV
1226 AM PST FRI MAR 6 2015


...................................

...THE BISHOP CA CLIMATE SUMMARY FOR MARCH 5 2015...

CLIMATE NORMAL PERIOD 1981 TO 2010
CLIMATE RECORD PERIOD 1943 TO 2015


WEATHER ITEM   OBSERVED TIME   RECORD YEAR NORMAL DEPARTURE LAST
                VALUE   (LST)  VALUE       VALUE  FROM      YEAR
                                                  NORMAL
..................................................................
TEMPERATURE (F)
 YESTERDAY
  MAXIMUM         66    420 PM  81    1972  63      3       68
  MINIMUM         18    635 AM  12    1948  30    -12       37
  AVERAGE         42                        46     -4       53

PRECIPITATION (IN)
  YESTERDAY        0.00          0.27 2000   0.02  -0.02     0.00
  MONTH TO DATE    0.01                      0.11  -0.10     0.00
  SINCE OCT 1      0.73                      3.63  -2.90     2.13
  SINCE JAN 1      0.27                      2.01  -1.74     1.91

SNOWFALL (IN)
  YESTERDAY        0.0           T    2000   0.0    0.0      0.0
  MONTH TO DATE    T                         0.1   -0.1      0.0
  SINCE MAR 1      T                         0.1   -0.1      0.0
  SINCE JUL 1      T                         6.0   -6.0      0.5
  SNOW DEPTH       0

DEGREE DAYS
 HEATING
  YESTERDAY       23                        19      4       12
  MONTH TO DATE  121                        96     25       87
  SINCE MAR 1    121                        96     25       87
  SINCE JUL 1   2562                      3303   -741     3037

 COOLING
  YESTERDAY        0                         0      0        0
  MONTH TO DATE    0                         0      0        0
  SINCE MAR 1      0                         0      0        0
  SINCE JAN 1      0                         0      0        0
..................................................................


WIND (MPH)
  RESULTANT WIND SPEED   2   RESULTANT WIND DIRECTION   W (270)
  HIGHEST WIND SPEED    13   HIGHEST WIND DIRECTION     S (170)
  HIGHEST GUST SPEED    17   HIGHEST GUST DIRECTION     S (180)
  AVERAGE WIND SPEED     5.6


SKY COVER
  POSSIBLE SUNSHINE  MM
  AVERAGE SKY COVER 0.0


WEATHER CONDITIONS
 THE FOLLOWING WEATHER WAS RECORDED YESTERDAY.
  FOG
  HAZE


RELATIVE HUMIDITY (PERCENT)
 HIGHEST    45           700 AM
 LOWEST      7           300 PM
 AVERAGE    26

..........................................................


THE BISHOP CA CLIMATE NORMALS FOR TODAY
                         NORMAL    RECORD    YEAR
 MAXIMUM TEMPERATURE (F)   63        85      1972
 MINIMUM TEMPERATURE (F)   30        14      1971


SUNRISE AND SUNSET
MARCH  6 2015.........SUNRISE   618 AM PST   SUNSET   552 PM PST
MARCH  7 2015.........SUNRISE   616 AM PST   SUNSET   553 PM PST


-  INDICATES NEGATIVE NUMBERS.
R  INDICATES RECORD WAS SET OR TIED.
MM INDICATES DATA IS MISSING.
T  INDICATES TRACE AMOUNT.




$$
