000
CDUS45 KVEF 200828
CLIBIH


CLIMATE REPORT
NATIONAL WEATHER SERVICE LAS VEGAS, NV
127 AM PDT WED SEP 20 2017


...................................

...THE BISHOP CA CLIMATE SUMMARY FOR SEPTEMBER 19 2017...

CLIMATE NORMAL PERIOD 1981 TO 2010
CLIMATE RECORD PERIOD 1943 TO 2017


WEATHER ITEM   OBSERVED TIME   RECORD YEAR NORMAL DEPARTURE LAST
                VALUE   (LST)  VALUE       VALUE  FROM      YEAR
                                                  NORMAL
..................................................................
TEMPERATURE (F)
 YESTERDAY
  MAXIMUM         88    315 PM  96    2016  87      1       96
                                      2000
                                      1991
  MINIMUM         47    616 AM  33    1946  46      1       48
  AVERAGE         68                        67      1       72

PRECIPITATION (IN)
  YESTERDAY        0.00          0.21 1989   0.01  -0.01     0.00
  MONTH TO DATE    T                         0.10  -0.10     0.00
  SINCE OCT 1      9.18                      5.08   4.10     3.88
  SINCE JAN 1      8.82                      3.46   5.36     3.07

SNOWFALL (IN)
  YESTERDAY        0.0          MM      MM   0.0    0.0      0.0
  MONTH TO DATE    0.0                       0.0    0.0      0.0
  SINCE SEP 1      0.0                       0.0    0.0      0.0
  SINCE JUL 1      0.0                       0.0    0.0      0.0
  SNOW DEPTH       0

DEGREE DAYS
 HEATING
  YESTERDAY        0                         2     -2        0
  MONTH TO DATE    0                        13    -13       10
  SINCE SEP 1      0                        13    -13       10
  SINCE JUL 1      0                        15    -15       10

 COOLING
  YESTERDAY        3                         3      0        7
  MONTH TO DATE  132                        97     35       94
  SINCE SEP 1    132                        97     35       94
  SINCE JAN 1   1405                      1074    331     1317
..................................................................


WIND (MPH)
  RESULTANT WIND SPEED   3   RESULTANT WIND DIRECTION   N (350)
  HIGHEST WIND SPEED    18   HIGHEST WIND DIRECTION     N (360)
  HIGHEST GUST SPEED    26   HIGHEST GUST DIRECTION     N (360)
  AVERAGE WIND SPEED     6.7


SKY COVER
  POSSIBLE SUNSHINE  MM
  AVERAGE SKY COVER 0.0


WEATHER CONDITIONS
 THE FOLLOWING WEATHER WAS RECORDED YESTERDAY.
  NO SIGNIFICANT WEATHER WAS OBSERVED.


RELATIVE HUMIDITY (PERCENT)
 HIGHEST    52           500 AM
 LOWEST     10           100 PM
 AVERAGE    31

..........................................................


THE BISHOP CA CLIMATE NORMALS FOR TODAY
                         NORMAL    RECORD    YEAR
 MAXIMUM TEMPERATURE (F)   87        97      1974
                                             1951
 MINIMUM TEMPERATURE (F)   46        29      1986


SUNRISE AND SUNSET
SEPTEMBER 20 2017.....SUNRISE   640 AM PDT   SUNSET   653 PM PDT
SEPTEMBER 21 2017.....SUNRISE   641 AM PDT   SUNSET   651 PM PDT


-  INDICATES NEGATIVE NUMBERS.
R  INDICATES RECORD WAS SET OR TIED.
MM INDICATES DATA IS MISSING.
T  INDICATES TRACE AMOUNT.




$$
