000
CDUS45 KVEF 270845
CLIBIH


CLIMATE REPORT
NATIONAL WEATHER SERVICE LAS VEGAS, NV
145 AM PDT TUE SEP 27 2016


...................................

...THE BISHOP CA CLIMATE SUMMARY FOR SEPTEMBER 26 2016...

CLIMATE NORMAL PERIOD 1981 TO 2010
CLIMATE RECORD PERIOD 1943 TO 2016


WEATHER ITEM   OBSERVED TIME   RECORD YEAR NORMAL DEPARTURE LAST
                VALUE   (LST)  VALUE       VALUE  FROM      YEAR
                                                  NORMAL
..................................................................
TEMPERATURE (F)
 YESTERDAY
  MAXIMUM         90    402 PM  96    2010  84      6       95
                                      2009
  MINIMUM         42    415 AM  26    1986  44     -2       54
                                      1948
  AVERAGE         66                        64      2       75

PRECIPITATION (IN)
  YESTERDAY        0.00          0.39 1962   0.01  -0.01     0.00
  MONTH TO DATE    T                         0.15  -0.15     0.01
  SINCE OCT 1      3.88                      5.13  -1.25     3.02
  SINCE JAN 1      3.07                      3.51  -0.44     2.56

SNOWFALL (IN)
  YESTERDAY        0.0          MM      MM   0.0    0.0      0.0
  MONTH TO DATE    0.0                       0.0    0.0      0.0
  SINCE SEP 1      0.0                       0.0    0.0      0.0
  SINCE JUL 1      0.0                       0.0    0.0      0.0
  SNOW DEPTH       0

DEGREE DAYS
 HEATING
  YESTERDAY        0                         3     -3        0
  MONTH TO DATE   17                        28    -11        5
  SINCE SEP 1     17                        28    -11        5
  SINCE JUL 1     17                        30    -13        5

 COOLING
  YESTERDAY        1                         2     -1       10
  MONTH TO DATE  119                       113      6      167
  SINCE SEP 1    119                       113      6      167
  SINCE JAN 1   1342                      1090    252     1317
..................................................................


WIND (MPH)
  RESULTANT WIND SPEED   1   RESULTANT WIND DIRECTION  SW (210)
  HIGHEST WIND SPEED    17   HIGHEST WIND DIRECTION     S (160)
  HIGHEST GUST SPEED    22   HIGHEST GUST DIRECTION     S (160)
  AVERAGE WIND SPEED     6.0


SKY COVER
  POSSIBLE SUNSHINE  MM
  AVERAGE SKY COVER 0.0


WEATHER CONDITIONS
 THE FOLLOWING WEATHER WAS RECORDED YESTERDAY.
  NO SIGNIFICANT WEATHER WAS OBSERVED.


RELATIVE HUMIDITY (PERCENT)
 HIGHEST    42           400 AM
 LOWEST      8           400 PM
 AVERAGE    25

..........................................................


THE BISHOP CA CLIMATE NORMALS FOR TODAY
                         NORMAL    RECORD    YEAR
 MAXIMUM TEMPERATURE (F)   84        98      2010
 MINIMUM TEMPERATURE (F)   44        32      1986


SUNRISE AND SUNSET
SEPTEMBER 27 2016.....SUNRISE   646 AM PDT   SUNSET   642 PM PDT
SEPTEMBER 28 2016.....SUNRISE   647 AM PDT   SUNSET   640 PM PDT


-  INDICATES NEGATIVE NUMBERS.
R  INDICATES RECORD WAS SET OR TIED.
MM INDICATES DATA IS MISSING.
T  INDICATES TRACE AMOUNT.




$$
