000
CDUS45 KVEF 210827
CLIBIH


CLIMATE REPORT
NATIONAL WEATHER SERVICE LAS VEGAS, NV
1226 AM PST TUE NOV 21 2017


...................................

...THE BISHOP CA CLIMATE SUMMARY FOR NOVEMBER 20 2017...

CLIMATE NORMAL PERIOD 1981 TO 2010
CLIMATE RECORD PERIOD 1943 TO 2017


WEATHER ITEM   OBSERVED TIME   RECORD YEAR NORMAL DEPARTURE LAST
                VALUE   (LST)  VALUE       VALUE  FROM      YEAR
                                                  NORMAL
..................................................................
TEMPERATURE (F)
 YESTERDAY
  MAXIMUM         67    223 PM  77    1962  60      7       68
  MINIMUM         34    705 AM  10    1985  26      8       30
  AVERAGE         51                        43      8       49

PRECIPITATION (IN)
  YESTERDAY        0.00          0.85 1951   0.02  -0.02      T
  MONTH TO DATE    0.16                      0.34  -0.18      T
  SINCE OCT 1      0.16                      0.64  -0.48     0.09
  SINCE JAN 1      8.98                      4.19   4.79     3.16

SNOWFALL (IN)
  YESTERDAY        0.0           T    1961   0.0    0.0     MM
  MONTH TO DATE    0.0                       0.1   -0.1      0.0
  SINCE SEP 1      0.0                       0.1   -0.1      0.0
  SINCE JUL 1      0.0                       0.1   -0.1      0.0
  SNOW DEPTH       0

DEGREE DAYS
 HEATING
  YESTERDAY       14                        22     -8       16
  MONTH TO DATE  347                       359    -12      282
  SINCE SEP 1    656                       664     -8      491
  SINCE JUL 1    656                       666    -10      491

 COOLING
  YESTERDAY        0                         0      0        0
  MONTH TO DATE    0                         0      0        0
  SINCE SEP 1    134                       127      7      138
  SINCE JAN 1   1407                      1104    303     1361
..................................................................


WIND (MPH)
  RESULTANT WIND SPEED   1   RESULTANT WIND DIRECTION   W (270)
  HIGHEST WIND SPEED    10   HIGHEST WIND DIRECTION     W (290)
  HIGHEST GUST SPEED    13   HIGHEST GUST DIRECTION     S (180)
  AVERAGE WIND SPEED     4.0


SKY COVER
  POSSIBLE SUNSHINE  MM
  AVERAGE SKY COVER 0.2


WEATHER CONDITIONS
 THE FOLLOWING WEATHER WAS RECORDED YESTERDAY.
  HAZE


RELATIVE HUMIDITY (PERCENT)
 HIGHEST    89           100 AM
 LOWEST     22           200 PM
 AVERAGE    56

..........................................................


THE BISHOP CA CLIMATE NORMALS FOR TODAY
                         NORMAL    RECORD    YEAR
 MAXIMUM TEMPERATURE (F)   60        78      1950
 MINIMUM TEMPERATURE (F)   26        14      1979


SUNRISE AND SUNSET
NOVEMBER 21 2017......SUNRISE   639 AM PST   SUNSET   439 PM PST
NOVEMBER 22 2017......SUNRISE   640 AM PST   SUNSET   439 PM PST


-  INDICATES NEGATIVE NUMBERS.
R  INDICATES RECORD WAS SET OR TIED.
MM INDICATES DATA IS MISSING.
T  INDICATES TRACE AMOUNT.




$$
