000
CDUS45 KVEF 140827
CLIBIH


CLIMATE REPORT
NATIONAL WEATHER SERVICE LAS VEGAS, NV
1226 AM PST SUN FEB 14 2016


...................................

...THE BISHOP CA CLIMATE SUMMARY FOR FEBRUARY 13 2016...

CLIMATE NORMAL PERIOD 1981 TO 2010
CLIMATE RECORD PERIOD 1943 TO 2016


WEATHER ITEM   OBSERVED TIME   RECORD YEAR NORMAL DEPARTURE LAST
                VALUE   (LST)  VALUE       VALUE  FROM      YEAR
                                                  NORMAL
..................................................................
TEMPERATURE (F)
 YESTERDAY
  MAXIMUM         75    219 PM  81    2014  57     18       78
  MINIMUM         29    652 AM  12    1948  26      3       32
  AVERAGE         52                        42     10       55

PRECIPITATION (IN)
  YESTERDAY        0.00          2.08 1954   0.03  -0.03     0.00
  MONTH TO DATE    0.00                      0.37  -0.37     0.13
  SINCE OCT 1      1.87                      3.04  -1.17     0.68
  SINCE JAN 1      1.06                      1.42  -0.36     0.22

SNOWFALL (IN)
  YESTERDAY        0.0           0.4  2001   0.1   -0.1      0.0
  MONTH TO DATE    0.0                       0.5   -0.5      0.0
  SINCE DEC 1      2.0                       6.9   -4.9      0.0
  SINCE JUL 1      2.0                       7.2   -5.2      0.0
  SNOW DEPTH       0

DEGREE DAYS
 HEATING
  YESTERDAY       13                        23    -10       10
  MONTH TO DATE  286                       315    -29      179
  SINCE DEC 1   2012                      1983     29     1566
  SINCE JUL 1   2826                      2884    -58     2217

 COOLING
  YESTERDAY        0                         0      0        0
  MONTH TO DATE    0                         0      0        0
  SINCE DEC 1      0                         0      0        0
  SINCE JAN 1      0                         0      0        0
..................................................................


WIND (MPH)
  RESULTANT WIND SPEED   6   RESULTANT WIND DIRECTION   N (350)
  HIGHEST WIND SPEED    21   HIGHEST WIND DIRECTION     N (350)
  HIGHEST GUST SPEED    26   HIGHEST GUST DIRECTION     N (360)
  AVERAGE WIND SPEED     7.6


SKY COVER
  POSSIBLE SUNSHINE  MM
  AVERAGE SKY COVER 0.0


WEATHER CONDITIONS
 THE FOLLOWING WEATHER WAS RECORDED YESTERDAY.
  NO SIGNIFICANT WEATHER WAS OBSERVED.


RELATIVE HUMIDITY (PERCENT)
 HIGHEST    64           400 AM
 LOWEST      6           200 PM
 AVERAGE    35

..........................................................


THE BISHOP CA CLIMATE NORMALS FOR TODAY
                         NORMAL    RECORD    YEAR
 MAXIMUM TEMPERATURE (F)   58        80      2014
 MINIMUM TEMPERATURE (F)   26         7      1949


SUNRISE AND SUNSET
FEBRUARY 14 2016......SUNRISE   644 AM PST   SUNSET   532 PM PST
FEBRUARY 15 2016......SUNRISE   643 AM PST   SUNSET   533 PM PST


-  INDICATES NEGATIVE NUMBERS.
R  INDICATES RECORD WAS SET OR TIED.
MM INDICATES DATA IS MISSING.
T  INDICATES TRACE AMOUNT.




$$
