000
CDUS45 KVEF 240827
CLIBIH


CLIMATE REPORT
NATIONAL WEATHER SERVICE LAS VEGAS, NV
126 AM PDT SUN MAY 24 2015


...................................

...THE BISHOP CA CLIMATE SUMMARY FOR MAY 23 2015...

CLIMATE NORMAL PERIOD 1981 TO 2010
CLIMATE RECORD PERIOD 1943 TO 2015


WEATHER ITEM   OBSERVED TIME   RECORD YEAR NORMAL DEPARTURE LAST
                VALUE   (LST)  VALUE       VALUE  FROM      YEAR
                                                  NORMAL
..................................................................
TEMPERATURE (F)
 YESTERDAY
  MAXIMUM         77    149 PM  98    2001  85     -8       89
                                      2000
                                      1984
  MINIMUM         52   1159 PM  33    1959  46      6       42
  AVERAGE         65                        65      0       66

PRECIPITATION (IN)
  YESTERDAY        0.53R         0.39 1977   0.01   0.52     0.00
  MONTH TO DATE    1.39                      0.14   1.25     0.24
  SINCE OCT 1      2.13                      4.45  -2.32     2.48
  SINCE JAN 1      1.67                      2.83  -1.16     2.26

SNOWFALL (IN)
  YESTERDAY        0.0          MM      MM   0.0    0.0      0.0
  MONTH TO DATE    T                         0.0    0.0      0.0
  SINCE MAR 1      T                         0.9   -0.9      0.1
  SINCE JUL 1      T                         6.8   -6.8      0.6
  SNOW DEPTH       0

DEGREE DAYS
 HEATING
  YESTERDAY        0                         3     -3        0
  MONTH TO DATE  127                       101     26       88
  SINCE MAR 1    677                       936   -259      732
  SINCE JUL 1   3118                      4143  -1025     3682

 COOLING
  YESTERDAY        0                         3     -3        1
  MONTH TO DATE    1                        35    -34       26
  SINCE MAR 1      5                        39    -34       30
  SINCE JAN 1      5                        39    -34       30
..................................................................


WIND (MPH)
  RESULTANT WIND SPEED   5   RESULTANT WIND DIRECTION   N (340)
  HIGHEST WIND SPEED    28   HIGHEST WIND DIRECTION     N (350)
  HIGHEST GUST SPEED    35   HIGHEST GUST DIRECTION     N (360)
  AVERAGE WIND SPEED     8.5


SKY COVER
  POSSIBLE SUNSHINE  MM
  AVERAGE SKY COVER 0.7


WEATHER CONDITIONS
 THE FOLLOWING WEATHER WAS RECORDED YESTERDAY.
  THUNDERSTORM
  HEAVY RAIN
  RAIN
  LIGHT RAIN
  FOG


RELATIVE HUMIDITY (PERCENT)
 HIGHEST    89           600 PM
 LOWEST     21           100 PM
 AVERAGE    55

..........................................................


THE BISHOP CA CLIMATE NORMALS FOR TODAY
                         NORMAL    RECORD    YEAR
 MAXIMUM TEMPERATURE (F)   85        97      2001
 MINIMUM TEMPERATURE (F)   46        28      2010
                                             1978


SUNRISE AND SUNSET
MAY 24 2015...........SUNRISE   538 AM PDT   SUNSET   803 PM PDT
MAY 25 2015...........SUNRISE   538 AM PDT   SUNSET   803 PM PDT


-  INDICATES NEGATIVE NUMBERS.
R  INDICATES RECORD WAS SET OR TIED.
MM INDICATES DATA IS MISSING.
T  INDICATES TRACE AMOUNT.




$$
