000
CDUS45 KBYZ 182226
CLIBIL


CLIMATE REPORT
NATIONAL WEATHER SERVICE BILLINGS MT
425 PM MDT THU SEP 18 2014


...................................

...THE BILLINGS MT CLIMATE SUMMARY FOR SEPTEMBER 18 2014...
VALID TODAY AS OF 0400 PM LOCAL TIME.

CLIMATE NORMAL PERIOD 1981 TO 2010
CLIMATE RECORD PERIOD 1934 TO 2014


WEATHER ITEM   OBSERVED TIME   RECORD YEAR NORMAL DEPARTURE LAST
                VALUE   (LST)  VALUE       VALUE  FROM      YEAR
                                                  NORMAL
..................................................................
TEMPERATURE (F)
 TODAY
  MAXIMUM         72    910 AM  92    1984  72      0       69
                                      1937
  MINIMUM         62    354 AM  28    1971  47     15       49
  AVERAGE         67                        59      8       59

PRECIPITATION (IN)
  TODAY            0.05          1.97 1978   0.04   0.01      T
  MONTH TO DATE    0.29                      0.74  -0.45     2.99
  SINCE OCT 1     17.07                     13.10   3.97    13.22
  SINCE JAN 1     12.18                     10.79   1.39    11.17

SNOWFALL (IN)
  TODAY            0.0           2.8  1983   0.1   -0.1      0.0
  MONTH TO DATE    T                         0.4   -0.4       T
  SINCE SEP 1      T                         0.4   -0.4       T
  SINCE JUL 1      T                         0.4   -0.4       T
  SNOW DEPTH       0

DEGREE DAYS
 HEATING
  TODAY            0                         7     -7        6
  MONTH TO DATE  142                        80     62        8
  SINCE SEP 1    142                        80     62        8
  SINCE JUL 1    190                       117     73        8

 COOLING
  TODAY            2                         1      1        0
  MONTH TO DATE   26                        42    -16      102
  SINCE SEP 1     26                        42    -16      102
  SINCE JAN 1    578                       624    -46      839
..................................................................


WIND (MPH)
  HIGHEST WIND SPEED    26   HIGHEST WIND DIRECTION     W (280)
  HIGHEST GUST SPEED    33   HIGHEST GUST DIRECTION     W (280)
  AVERAGE WIND SPEED    11.9


SKY COVER
  POSSIBLE SUNSHINE  MM
  AVERAGE SKY COVER 0.8


WEATHER CONDITIONS
 THE FOLLOWING WEATHER WAS RECORDED TODAY.
  THUNDERSTORM
  LIGHT RAIN


RELATIVE HUMIDITY (PERCENT)
 HIGHEST    73           100 PM
 LOWEST     45           700 AM
 AVERAGE    59

..........................................................


THE BILLINGS MT CLIMATE NORMALS FOR TOMORROW
                         NORMAL    RECORD    YEAR
 MAXIMUM TEMPERATURE (F)   71        93      2009
                                             1981
 MINIMUM TEMPERATURE (F)   46        26      1983


SUNRISE AND SUNSET
SEPTEMBER 18 2014.....SUNRISE   656 AM MDT   SUNSET   719 PM MDT
SEPTEMBER 19 2014.....SUNRISE   657 AM MDT   SUNSET   717 PM MDT


-  INDICATES NEGATIVE NUMBERS.
R  INDICATES RECORD WAS SET OR TIED.
MM INDICATES DATA IS MISSING.
T  INDICATES TRACE AMOUNT.




$$
