939
CDUS45 KBYZ 222321
CLIBIL


CLIMATE REPORT
NATIONAL WEATHER SERVICE BILLINGS MT
421 PM MST THU FEB 22 2018


...................................

...THE BILLINGS MT CLIMATE SUMMARY FOR FEBRUARY 22 2018...
VALID TODAY AS OF 0400 PM LOCAL TIME.

CLIMATE NORMAL PERIOD 1981 TO 2010
CLIMATE RECORD PERIOD 1934 TO 2018


WEATHER ITEM   OBSERVED TIME   RECORD YEAR NORMAL DEPARTURE LAST
                VALUE   (LST)  VALUE       VALUE  FROM      YEAR
                                                  NORMAL
..................................................................
TEMPERATURE (F)
 TODAY
  MAXIMUM         21    248 PM  64    2002  42    -21       43
                                      1958
  MINIMUM         -2    755 AM -13    1965  22    -24       29
  AVERAGE         10                        32    -22       36

PRECIPITATION (IN)
  TODAY            0.00          0.32 1965   0.02  -0.02     0.23
  MONTH TO DATE    1.66                      0.36   1.30     0.78
  SINCE OCT 1      5.91                      3.15   2.76     6.97
  SINCE JAN 1      2.26                      0.84   1.42     1.41

DEGREE DAYS
 HEATING
  TODAY           55                        33     22       29
  MONTH TO DATE 1114                       775    339      755
  SINCE DEC 1   3540                      3143    397     3601
  SINCE JUL 1   5142                      4771    371     4860

 COOLING
  TODAY            0                         0      0        0
  MONTH TO DATE    0                         0      0        0
  SINCE DEC 1      0                         0      0        0
  SINCE JAN 1      0                         0      0        0
..................................................................


WIND (MPH)
  HIGHEST WIND SPEED    17   HIGHEST WIND DIRECTION    SW (230)
  HIGHEST GUST SPEED    20   HIGHEST GUST DIRECTION    SW (230)
  AVERAGE WIND SPEED     7.1


SKY COVER
  POSSIBLE SUNSHINE  MM
  AVERAGE SKY COVER 0.1


WEATHER CONDITIONS
 THE FOLLOWING WEATHER WAS RECORDED TODAY.
  NO SIGNIFICANT WEATHER WAS OBSERVED.


RELATIVE HUMIDITY (PERCENT)
 HIGHEST    79           800 AM
 LOWEST     51           200 PM
 AVERAGE    65

..........................................................


THE BILLINGS MT CLIMATE NORMALS FOR TOMORROW
                         NORMAL    RECORD    YEAR
 MAXIMUM TEMPERATURE (F)   42        61      1981
                                             1976
                                             1954
 MINIMUM TEMPERATURE (F)   22       -20      1965


SUNRISE AND SUNSET
FEBRUARY 22 2018......SUNRISE   705 AM MST   SUNSET   551 PM MST
FEBRUARY 23 2018......SUNRISE   703 AM MST   SUNSET   552 PM MST


-  INDICATES NEGATIVE NUMBERS.
R  INDICATES RECORD WAS SET OR TIED.
MM INDICATES DATA IS MISSING.
T  INDICATES TRACE AMOUNT.




$$
