000
CDUS45 KBYZ 021032
CLIBIL


CLIMATE REPORT
NATIONAL WEATHER SERVICE BILLINGS MT
331 AM MST MON MAR 2 2015


...................................

...THE BILLINGS MT CLIMATE SUMMARY FOR MARCH 1 2015...

CLIMATE NORMAL PERIOD 1981 TO 2010
CLIMATE RECORD PERIOD 1934 TO 2015


WEATHER ITEM   OBSERVED TIME   RECORD YEAR NORMAL DEPARTURE LAST
                VALUE   (LST)  VALUE       VALUE  FROM      YEAR
                                                  NORMAL
..................................................................
TEMPERATURE (F)
 YESTERDAY
  MAXIMUM         33    500 PM  67    1992  44    -11       -3
  MINIMUM         10    732 AM -18    2014  23    -13      -18
  AVERAGE         22                        34    -12      -10

PRECIPITATION (IN)
  YESTERDAY        0.00          0.61 1985   0.02  -0.02     0.05
  MONTH TO DATE    0.00                      0.02  -0.02     0.05
  SINCE OCT 1      2.87                      3.29  -0.42     8.02
  SINCE JAN 1      1.30                      0.98   0.32     3.13

SNOWFALL (IN)
  YESTERDAY        0.0           8.2  1985   0.3   -0.3      1.3
  MONTH TO DATE    0.0                       0.3   -0.3      1.3
  SINCE MAR 1      0.0                       0.3   -0.3      1.3
  SINCE JUL 1     44.1                      34.8    9.3     91.5
  SNOW DEPTH       0

DEGREE DAYS
 HEATING
  YESTERDAY       43                        31     12       75
  MONTH TO DATE   43                        31     12       75
  SINCE MAR 1     43                        31     12       75
  SINCE JUL 1   4684                      4996   -312     5348

 COOLING
  YESTERDAY        0                         0      0        0
  MONTH TO DATE    0                         0      0        0
  SINCE MAR 1      0                         0      0        0
  SINCE JAN 1      0                         0      0        0
..................................................................


WIND (MPH)
  HIGHEST WIND SPEED    16   HIGHEST WIND DIRECTION    SW (230)
  HIGHEST GUST SPEED    19   HIGHEST GUST DIRECTION     W (250)
  AVERAGE WIND SPEED     8.3


SKY COVER
  POSSIBLE SUNSHINE  MM
  AVERAGE SKY COVER 0.1


WEATHER CONDITIONS
 THE FOLLOWING WEATHER WAS RECORDED YESTERDAY.
  NO SIGNIFICANT WEATHER WAS OBSERVED.


RELATIVE HUMIDITY (PERCENT)
 HIGHEST    76          1200 AM
 LOWEST     25           300 PM
 AVERAGE    51

..........................................................


THE BILLINGS MT CLIMATE NORMALS FOR TODAY
                         NORMAL    RECORD    YEAR
 MAXIMUM TEMPERATURE (F)   44        67      1992
 MINIMUM TEMPERATURE (F)   23       -21      2014


SUNRISE AND SUNSET
MARCH  2 2015.........SUNRISE   651 AM MST   SUNSET   602 PM MST
MARCH  3 2015.........SUNRISE   649 AM MST   SUNSET   603 PM MST


-  INDICATES NEGATIVE NUMBERS.
R  INDICATES RECORD WAS SET OR TIED.
MM INDICATES DATA IS MISSING.
T  INDICATES TRACE AMOUNT.





&&

...THE CLIMATE SUMMARY FOR SOUTHWEST BILLINGS FOR 01 MARCH 2015...

HIGH TEMPERATURE........................36
LOW TEMPERATURE.........................11

PRECIPITATION...........................0.00
MONTHLY PRECIPITATION TOTAL.............0.00
YEARLY PRECIPITATION TOTAL..............1.17

SNOWFALL................................0.0
MONTHLY SNOWFALL TOTAL..................0.0
TOTAL SNOWFALL SINCE JULY 1.............45.8

SNOW DEPTH AT MIDNIGHT..................0

$$
