023
CDUS45 KBYZ 240422
CLIBIL


CLIMATE REPORT
NATIONAL WEATHER SERVICE BILLINGS MT
922 PM MST THU NOV 23 2017


...................................

...THE BILLINGS MT CLIMATE SUMMARY FOR NOVEMBER 23 2017...
VALID AS OF 0900 PM LOCAL TIME.

CLIMATE NORMAL PERIOD 1981 TO 2010
CLIMATE RECORD PERIOD 1934 TO 2017


WEATHER ITEM   OBSERVED RECORD YEAR NORMAL DEPARTURE LAST
                VALUE   VALUE       VALUE  FROM      YEAR
                                           NORMAL
...........................................................
TEMPERATURE (F)
 TODAY
  MAXIMUM         71R    65    1942  41     30
  MINIMUM         52    -18    1985  23     29
  AVERAGE         62

PRECIPITATION (IN)
  TODAY            0.00   0.36 1988   0.02  -0.02     0.00
  MONTH TO DATE    1.31               0.50   0.81     0.38
  SINCE OCT 1      1.80               1.68   0.12     3.89
  SINCE JAN 1     15.78              13.03   2.75    13.22

...........................................................










-  INDICATES NEGATIVE NUMBERS.
R  INDICATES RECORD WAS SET OR TIED.
MM INDICATES DATA IS MISSING.
T  INDICATES TRACE AMOUNT.




$$
