000
CDUS45 KBYZ 161034
CLIBIL


CLIMATE REPORT
NATIONAL WEATHER SERVICE BILLINGS MT
333 AM MST MON JAN 16 2017


...................................

...THE BILLINGS MT CLIMATE SUMMARY FOR JANUARY 15 2017...

CLIMATE NORMAL PERIOD 1981 TO 2010
CLIMATE RECORD PERIOD 1934 TO 2017


WEATHER ITEM   OBSERVED TIME   RECORD YEAR NORMAL DEPARTURE LAST
                VALUE   (LST)  VALUE       VALUE  FROM      YEAR
                                                  NORMAL
..................................................................
TEMPERATURE (F)
 YESTERDAY
  MAXIMUM         30    249 PM  59    1974  36     -6       34
  MINIMUM         14    801 AM -18    1950  18     -4       21
  AVERAGE         22                        27     -5       28

PRECIPITATION (IN)
  YESTERDAY        0.00          0.44 1954   0.01  -0.01      T
  MONTH TO DATE    0.30                      0.23   0.07     0.09
  SINCE OCT 1      5.86                      2.54   3.32     2.94
  SINCE JAN 1      0.30                      0.23   0.07     0.09

SNOWFALL (IN)
  YESTERDAY        0.0           6.2  1954   0.3   -0.3       T
  MONTH TO DATE    6.2                       4.3    1.9      2.5
  SINCE DEC 1     36.6                      12.5   24.1     16.2
  SINCE JUL 1     41.9                      24.2   17.7     20.3
  SNOW DEPTH       8

DEGREE DAYS
 HEATING
  YESTERDAY       43                        38      5       37
  MONTH TO DATE  851                       577    274      582
  SINCE DEC 1   2278                      1770    508     1685
  SINCE JUL 1   3537                      3398    139     3073

 COOLING
  YESTERDAY        0                         0      0        0
  MONTH TO DATE    0                         0      0        0
  SINCE DEC 1      0                         0      0        0
  SINCE JAN 1      0                         0      0        0
..................................................................


WIND (MPH)
  HIGHEST WIND SPEED    29   HIGHEST WIND DIRECTION    SW (240)
  HIGHEST GUST SPEED    32   HIGHEST GUST DIRECTION    SW (240)
  AVERAGE WIND SPEED    20.9


SKY COVER
  POSSIBLE SUNSHINE  MM
  AVERAGE SKY COVER 0.1


WEATHER CONDITIONS
 THE FOLLOWING WEATHER WAS RECORDED YESTERDAY.
  NO SIGNIFICANT WEATHER WAS OBSERVED.


RELATIVE HUMIDITY (PERCENT)
 HIGHEST    59           100 AM
 LOWEST     42           200 PM
 AVERAGE    51

..........................................................


THE BILLINGS MT CLIMATE NORMALS FOR TODAY
                         NORMAL    RECORD    YEAR
 MAXIMUM TEMPERATURE (F)   37        59      1974
 MINIMUM TEMPERATURE (F)   18       -18      1954


SUNRISE AND SUNSET
JANUARY 16 2017.......SUNRISE   751 AM MST   SUNSET   458 PM MST
JANUARY 17 2017.......SUNRISE   750 AM MST   SUNSET   459 PM MST


-  INDICATES NEGATIVE NUMBERS.
R  INDICATES RECORD WAS SET OR TIED.
MM INDICATES DATA IS MISSING.
T  INDICATES TRACE AMOUNT.





&&

...THE CLIMATE SUMMARY FOR SOUTHWEST BILLINGS FOR 15 JANUARY 2017...

HIGH TEMPERATURE........................29
LOW TEMPERATURE......................... 4

PRECIPITATION...........................0.00
MONTHLY PRECIPITATION TOTAL.............0.36
YEARLY PRECIPITATION TOTAL..............0.36

SNOWFALL................................0.0
MONTHLY SNOWFALL TOTAL..................6.1
TOTAL SNOWFALL SINCE JULY 1.............34.6

SNOW DEPTH AT MIDNIGHT..................10

$$
