000
CDUS45 KBYZ 250723
CLIBIL


CLIMATE REPORT
NATIONAL WEATHER SERVICE BILLINGS MT
123 AM MDT THU MAY 25 2017


...................................

...THE BILLINGS MT CLIMATE SUMMARY FOR MAY 24 2017...

CLIMATE NORMAL PERIOD 1981 TO 2010
CLIMATE RECORD PERIOD 1934 TO 2017


WEATHER ITEM   OBSERVED TIME   RECORD YEAR NORMAL DEPARTURE LAST
                VALUE   (LST)  VALUE       VALUE  FROM      YEAR
                                                  NORMAL
..................................................................
TEMPERATURE (F)
 YESTERDAY
  MAXIMUM         82   1130 AM  90    1941  70     12       64
  MINIMUM         47   1156 PM  34    1975  46      1       46
  AVERAGE         65                        58      7       55

PRECIPITATION (IN)
  YESTERDAY        T             3.12 2011   0.07  -0.07      T
  MONTH TO DATE    1.58                      1.65  -0.07     1.82
  SINCE OCT 1     14.16                      7.64   6.52     8.03
  SINCE JAN 1      8.60                      5.33   3.27     5.18

SNOWFALL (IN)
  YESTERDAY        0.0           0.4  1975   0.0    0.0      0.0
  MONTH TO DATE    T                         1.9   -1.9       T
  SINCE MAR 1     13.8                      20.4   -6.6      3.7
  SINCE JUL 1     74.1                      54.9   19.2     28.1
  SNOW DEPTH       0

DEGREE DAYS
 HEATING
  YESTERDAY        0                         8     -8       10
  MONTH TO DATE  210                       262    -52      234
  SINCE MAR 1   1442                      1674   -232     1367
  SINCE JUL 1   6527                      6639   -112     5628

 COOLING
  YESTERDAY        0                         1     -1        0
  MONTH TO DATE   13                         6      7        8
  SINCE MAR 1     13                         7      6       11
  SINCE JAN 1     13                         7      6       11
..................................................................


WIND (MPH)
  HIGHEST WIND SPEED    30   HIGHEST WIND DIRECTION     N (340)
  HIGHEST GUST SPEED    37   HIGHEST GUST DIRECTION     N (350)
  AVERAGE WIND SPEED    15.2


SKY COVER
  POSSIBLE SUNSHINE  MM
  AVERAGE SKY COVER 0.4


WEATHER CONDITIONS
 THE FOLLOWING WEATHER WAS RECORDED YESTERDAY.
  LIGHT RAIN


RELATIVE HUMIDITY (PERCENT)
 HIGHEST    51          1200 AM
 LOWEST     19           600 PM
 AVERAGE    35

..........................................................


THE BILLINGS MT CLIMATE NORMALS FOR TODAY
                         NORMAL    RECORD    YEAR
 MAXIMUM TEMPERATURE (F)   70        88      1983
 MINIMUM TEMPERATURE (F)   46        31      2012


SUNRISE AND SUNSET
MAY 25 2017...........SUNRISE   532 AM MDT   SUNSET   850 PM MDT
MAY 26 2017...........SUNRISE   532 AM MDT   SUNSET   851 PM MDT


-  INDICATES NEGATIVE NUMBERS.
R  INDICATES RECORD WAS SET OR TIED.
MM INDICATES DATA IS MISSING.
T  INDICATES TRACE AMOUNT.




$$
