000
CDUS45 KBYZ 300934
CLIBIL


CLIMATE REPORT
NATIONAL WEATHER SERVICE BILLINGS MT
332 AM MDT FRI SEP 30 2016


...................................

...THE BILLINGS MT CLIMATE SUMMARY FOR SEPTEMBER 29 2016...

CLIMATE NORMAL PERIOD 1981 TO 2010
CLIMATE RECORD PERIOD 1934 TO 2016


WEATHER ITEM   OBSERVED TIME   RECORD YEAR NORMAL DEPARTURE LAST
                VALUE   (LST)  VALUE       VALUE  FROM      YEAR
                                                  NORMAL
..................................................................
TEMPERATURE (F)
 YESTERDAY
  MAXIMUM         78    328 PM  89    1989  66     12       82
  MINIMUM         48    632 AM  26    1985  43      5       43
  AVERAGE         63                        54      9       63

PRECIPITATION (IN)
  YESTERDAY        T             0.34 1950   0.05  -0.05     0.00
  MONTH TO DATE    1.58                      1.26   0.32     0.27
  SINCE OCT 1     12.18                     13.62  -1.44    11.68
  SINCE JAN 1      9.33                     11.31  -1.98    10.11

SNOWFALL (IN)
  YESTERDAY        0.0           2.3  1961   0.1   -0.1      0.0
  MONTH TO DATE    0.0                       1.0   -1.0      0.0
  SINCE SEP 1      0.0                       1.0   -1.0      0.0
  SINCE JUL 1      0.0                       1.0   -1.0       T
  SNOW DEPTH       0

DEGREE DAYS
 HEATING
  YESTERDAY        2                        11     -9        2
  MONTH TO DATE  161                       181    -20       73
  SINCE SEP 1    161                       181    -20       73
  SINCE JUL 1    189                       218    -29      116

 COOLING
  YESTERDAY        0                         0      0        0
  MONTH TO DATE   45                        50     -5       92
  SINCE SEP 1     45                        50     -5       92
  SINCE JAN 1    729                       632     97      744
..................................................................


WIND (MPH)
  HIGHEST WIND SPEED    16   HIGHEST WIND DIRECTION     W (250)
  HIGHEST GUST SPEED    29   HIGHEST GUST DIRECTION    SW (210)
  AVERAGE WIND SPEED     7.0


SKY COVER
  POSSIBLE SUNSHINE  MM
  AVERAGE SKY COVER 0.4


WEATHER CONDITIONS
 THE FOLLOWING WEATHER WAS RECORDED YESTERDAY.
  LIGHT RAIN


RELATIVE HUMIDITY (PERCENT)
 HIGHEST    93           600 AM
 LOWEST     35           200 PM
 AVERAGE    64

..........................................................


THE BILLINGS MT CLIMATE NORMALS FOR TODAY
                         NORMAL    RECORD    YEAR
 MAXIMUM TEMPERATURE (F)   66        90      1963
 MINIMUM TEMPERATURE (F)   42        23      1985


SUNRISE AND SUNSET
SEPTEMBER 30 2016.....SUNRISE   712 AM MDT   SUNSET   655 PM MDT
OCTOBER  1 2016.......SUNRISE   713 AM MDT   SUNSET   653 PM MDT


-  INDICATES NEGATIVE NUMBERS.
R  INDICATES RECORD WAS SET OR TIED.
MM INDICATES DATA IS MISSING.
T  INDICATES TRACE AMOUNT.





&&

...THE CLIMATE SUMMARY FOR SOUTHWEST BILLINGS FOR 29 SEPTEMBER 2016...

HIGH TEMPERATURE........................82
LOW TEMPERATURE.........................45

PRECIPITATION...........................T
MONTHLY PRECIPITATION TOTAL.............1.96
YEARLY PRECIPITATION TOTAL..............10.70

SNOWFALL................................0.0
MONTHLY SNOWFALL TOTAL..................0.0
TOTAL SNOWFALL SINCE JULY 1.............0.0

SNOW DEPTH AT MIDNIGHT..................0

$$
