000
CDUS45 KBYZ 300934
CLIBIL


CLIMATE REPORT
NATIONAL WEATHER SERVICE BILLINGS MT
331 AM MDT THU JUL 30 2015


...................................

...THE BILLINGS MT CLIMATE SUMMARY FOR JULY 29 2015...

CLIMATE NORMAL PERIOD 1981 TO 2010
CLIMATE RECORD PERIOD 1934 TO 2015


WEATHER ITEM   OBSERVED TIME   RECORD YEAR NORMAL DEPARTURE LAST
                VALUE   (LST)  VALUE       VALUE  FROM      YEAR
                                                  NORMAL
..................................................................
TEMPERATURE (F)
 YESTERDAY
  MAXIMUM         84    519 PM 102    1939  89     -5       90
  MINIMUM         53    604 AM  43    1971  60     -7       66
  AVERAGE         69                        74     -5       78

PRECIPITATION (IN)
  YESTERDAY        0.00          0.96 1985   0.04  -0.04     0.00
  MONTH TO DATE    1.66                      1.25   0.41     0.34
  SINCE OCT 1     10.50                     11.54  -1.04    14.81
  SINCE JAN 1      8.93                      9.23  -0.30     9.92

SNOWFALL (IN)
  YESTERDAY        0.0           T    1950   0.0    0.0      0.0
  MONTH TO DATE    T                         0.0    0.0      0.0
  SINCE JUN 1      T                         0.0    0.0       T
  SINCE JUL 1      T                         0.0    0.0      0.0
  SNOW DEPTH       0

DEGREE DAYS
 HEATING
  YESTERDAY        0                         0      0        0
  MONTH TO DATE    1                        12    -11        1
  SINCE JUN 1     19                       108    -89       90
  SINCE JUL 1      1                        12    -11        1

 COOLING
  YESTERDAY        4                        10     -6       13
  MONTH TO DATE  220                       238    -18      279
  SINCE JUN 1    393                       323     70      298
  SINCE JAN 1    396                       340     56      314
..................................................................


WIND (MPH)
  HIGHEST WIND SPEED    23   HIGHEST WIND DIRECTION     W (290)
  HIGHEST GUST SPEED    29   HIGHEST GUST DIRECTION     W (280)
  AVERAGE WIND SPEED    11.6


SKY COVER
  POSSIBLE SUNSHINE  MM
  AVERAGE SKY COVER 0.1


WEATHER CONDITIONS
 THE FOLLOWING WEATHER WAS RECORDED YESTERDAY.
  NO SIGNIFICANT WEATHER WAS OBSERVED.


RELATIVE HUMIDITY (PERCENT)
 HIGHEST    54           600 AM
 LOWEST     14           500 PM
 AVERAGE    34

..........................................................


THE BILLINGS MT CLIMATE NORMALS FOR TODAY
                         NORMAL    RECORD    YEAR
 MAXIMUM TEMPERATURE (F)   89       102      2000
 MINIMUM TEMPERATURE (F)   60        46      1971


SUNRISE AND SUNSET
JULY 30 2015..........SUNRISE   555 AM MDT   SUNSET   846 PM MDT
JULY 31 2015..........SUNRISE   556 AM MDT   SUNSET   845 PM MDT


-  INDICATES NEGATIVE NUMBERS.
R  INDICATES RECORD WAS SET OR TIED.
MM INDICATES DATA IS MISSING.
T  INDICATES TRACE AMOUNT.





&&

...THE CLIMATE SUMMARY FOR SOUTHWEST BILLINGS FOR 29 JULY 2015...

HIGH TEMPERATURE........................85
LOW TEMPERATURE.........................49

PRECIPITATION...........................0.00
MONTHLY PRECIPITATION TOTAL.............2.55
YEARLY PRECIPITATION TOTAL..............10.61

SNOWFALL................................0.0
MONTHLY SNOWFALL TOTAL..................0.0
TOTAL SNOWFALL SINCE JULY 1.............0.0

SNOW DEPTH AT MIDNIGHT..................0

$$
