171
CDUS45 KBYZ 310933
CLIBIL


CLIMATE REPORT
NATIONAL WEATHER SERVICE BILLINGS MT
332 AM MDT WED AUG 31 2016


...................................

...THE BILLINGS MT CLIMATE SUMMARY FOR AUGUST 30 2016...

CLIMATE NORMAL PERIOD 1981 TO 2010
CLIMATE RECORD PERIOD 1934 TO 2016


WEATHER ITEM   OBSERVED TIME   RECORD YEAR NORMAL DEPARTURE LAST
                VALUE   (LST)  VALUE       VALUE  FROM      YEAR
                                                  NORMAL
..................................................................
TEMPERATURE (F)
 YESTERDAY
  MAXIMUM         89    447 PM 100    1954  81      8       86
  MINIMUM         60    648 AM  41    1993  54      6       62
  AVERAGE         75                        67      8       74

PRECIPITATION (IN)
  YESTERDAY        0.00          0.93 2010   0.03  -0.03      T
  MONTH TO DATE    1.67                      0.72   0.95     0.91
  SINCE OCT 1     10.60                     12.33  -1.73    11.41
  SINCE JAN 1      7.75                     10.02  -2.27     9.84

SNOWFALL (IN)
  YESTERDAY        0.0           0.0  2002   0.0    0.0      0.0
                                      2000
  MONTH TO DATE    0.0                       0.0    0.0      0.0
  SINCE JUN 1      T                         0.0    0.0       T
  SINCE JUL 1      0.0                       0.0    0.0       T
  SNOW DEPTH       0

DEGREE DAYS
 HEATING
  YESTERDAY        0                         2     -2        0
  MONTH TO DATE   24                        18      6       42
  SINCE JUN 1     39                       129    -90       61
  SINCE JUL 1     28                        33     -5       43

 COOLING
  YESTERDAY       10                         4      6        9
  MONTH TO DATE  186                       218    -32      232
  SINCE JUN 1    657                       559     98      646
  SINCE JAN 1    668                       576     92      649
..................................................................


WIND (MPH)
  HIGHEST WIND SPEED    13   HIGHEST WIND DIRECTION    NE (50)
  HIGHEST GUST SPEED    15   HIGHEST GUST DIRECTION    NE (50)
  AVERAGE WIND SPEED     6.3


SKY COVER
  POSSIBLE SUNSHINE  MM
  AVERAGE SKY COVER 0.4


WEATHER CONDITIONS
 THE FOLLOWING WEATHER WAS RECORDED YESTERDAY.
  NO SIGNIFICANT WEATHER WAS OBSERVED.


RELATIVE HUMIDITY (PERCENT)
 HIGHEST    64           300 AM
 LOWEST     21           500 PM
 AVERAGE    43

..........................................................


THE BILLINGS MT CLIMATE NORMALS FOR TODAY
                         NORMAL    RECORD    YEAR
 MAXIMUM TEMPERATURE (F)   81       101      1955
 MINIMUM TEMPERATURE (F)   53        40      1993


SUNRISE AND SUNSET
AUGUST 31 2016........SUNRISE   635 AM MDT   SUNSET   753 PM MDT
SEPTEMBER  1 2016.....SUNRISE   636 AM MDT   SUNSET   751 PM MDT


-  INDICATES NEGATIVE NUMBERS.
R  INDICATES RECORD WAS SET OR TIED.
MM INDICATES DATA IS MISSING.
T  INDICATES TRACE AMOUNT.





&&

...THE CLIMATE SUMMARY FOR SOUTHWEST BILLINGS FOR 30 AUGUST 2016...

HIGH TEMPERATURE........................93
LOW TEMPERATURE.........................55

PRECIPITATION...........................0.00
MONTHLY PRECIPITATION TOTAL.............1.49
YEARLY PRECIPITATION TOTAL..............8.74

SNOWFALL................................0.0
MONTHLY SNOWFALL TOTAL..................0.0
TOTAL SNOWFALL SINCE JULY 1.............0.0

SNOW DEPTH AT MIDNIGHT..................0

$$
