000
CDUS45 KBYZ 222335
CLIBIL


CLIMATE REPORT
NATIONAL WEATHER SERVICE BILLINGS MT
433 PM MST MON DEC 22 2014


...................................

...THE BILLINGS MT CLIMATE SUMMARY FOR DECEMBER 22 2014...
VALID TODAY AS OF 0400 PM LOCAL TIME.

CLIMATE NORMAL PERIOD 1981 TO 2010
CLIMATE RECORD PERIOD 1934 TO 2014


WEATHER ITEM   OBSERVED TIME   RECORD YEAR NORMAL DEPARTURE LAST
                VALUE   (LST)  VALUE       VALUE  FROM      YEAR
                                                  NORMAL
..................................................................
TEMPERATURE (F)
 TODAY
  MAXIMUM         42    105 PM  60    1954  35      7       13
  MINIMUM         33    604 AM -26    1990  17     16        0
                                      1989
  AVERAGE         38                        26     12        7

PRECIPITATION (IN)
  TODAY            0.00          0.40 1973   0.02  -0.02     0.23
  MONTH TO DATE    0.29                      0.36  -0.07     1.78
  SINCE OCT 1      1.19                      2.17  -0.98     4.69
  SINCE JAN 1     13.65                     13.52   0.13    16.50

SNOWFALL (IN)
  TODAY            0.0           6.3  2013   0.3   -0.3      6.3
  MONTH TO DATE    2.9                       5.7   -2.8     23.2
  SINCE DEC 1      2.9                       5.7   -2.8     23.2
  SINCE JUL 1     16.1                      17.4   -1.3     34.3
  SNOW DEPTH       0

DEGREE DAYS
 HEATING
  TODAY           27                        39    -12       58
  MONTH TO DATE  657                       838   -181     1029
  SINCE DEC 1    657                       838   -181     1029
  SINCE JUL 1   2258                      2466   -208     2630

 COOLING
  TODAY            0                         0      0        0
  MONTH TO DATE    0                         0      0        0
  SINCE DEC 1      0                         0      0        0
  SINCE JAN 1    618                       636    -18      840
..................................................................


WIND (MPH)
  HIGHEST WIND SPEED    28   HIGHEST WIND DIRECTION    NW (330)
  HIGHEST GUST SPEED    37   HIGHEST GUST DIRECTION     W (280)
  AVERAGE WIND SPEED    19.5


SKY COVER
  POSSIBLE SUNSHINE  MM
  AVERAGE SKY COVER 0.5


WEATHER CONDITIONS
 THE FOLLOWING WEATHER WAS RECORDED TODAY.
  NO SIGNIFICANT WEATHER WAS OBSERVED.


RELATIVE HUMIDITY (PERCENT)
 HIGHEST    75           600 AM
 LOWEST     44          1200 AM
 AVERAGE    60

..........................................................


THE BILLINGS MT CLIMATE NORMALS FOR TOMORROW
                         NORMAL    RECORD    YEAR
 MAXIMUM TEMPERATURE (F)   35        58      1950
                                             1936
 MINIMUM TEMPERATURE (F)   17       -20      1983


SUNRISE AND SUNSET
DECEMBER 22 2014......SUNRISE   753 AM MST   SUNSET   433 PM MST
DECEMBER 23 2014......SUNRISE   753 AM MST   SUNSET   433 PM MST


-  INDICATES NEGATIVE NUMBERS.
R  INDICATES RECORD WAS SET OR TIED.
MM INDICATES DATA IS MISSING.
T  INDICATES TRACE AMOUNT.




$$
