000
CDUS43 KBIS 200725
CLIBIS


CLIMATE REPORT
NATIONAL WEATHER SERVICE BISMARCK ND
224 AM CDT FRI OCT 20 2017


...................................

...THE BISMARCK ND CLIMATE SUMMARY FOR OCTOBER 19 2017...

CLIMATE NORMAL PERIOD 1981 TO 2010
CLIMATE RECORD PERIOD 1875 TO 2017


WEATHER ITEM   OBSERVED TIME   RECORD YEAR NORMAL DEPARTURE LAST
                VALUE   (LST)  VALUE       VALUE  FROM      YEAR
                                                  NORMAL
..................................................................
TEMPERATURE (F)
 YESTERDAY
  MAXIMUM         80    224 PM  89    2003  56     24       50
  MINIMUM         34    636 AM   5    1960  31      3       34
  AVERAGE         57                        44     13       42

PRECIPITATION (IN)
  YESTERDAY        0.00          1.15 1908   0.04  -0.04     0.00
  MONTH TO DATE    0.01                      0.81  -0.80     0.24
  SINCE SEP 1      1.40                      2.40  -1.00     1.46
  SINCE JAN 1     13.04                     16.21  -3.17    20.00

SNOWFALL (IN)
  YESTERDAY        0.0           3.0  1932
  MONTH TO DATE    0.0
  SINCE SEP 1      0.0
  SINCE JUL 1      T

DEGREE DAYS
 HEATING
  YESTERDAY        8                        21    -13       23
  MONTH TO DATE  299                       331    -32      316
  SINCE SEP 1    480                       562    -82      489
  SINCE JUL 1    492                       617   -125      522

 COOLING
  YESTERDAY        0                         0      0        0
  MONTH TO DATE    0                         0      0        2
  SINCE SEP 1     49                        38     11       31
  SINCE JAN 1    615                       519     96      548
..................................................................


WIND (MPH)
  HIGHEST WIND SPEED    15   HIGHEST WIND DIRECTION    SE (150)
  HIGHEST GUST SPEED    17   HIGHEST GUST DIRECTION    SE (150)
  AVERAGE WIND SPEED     7.7


SKY COVER
  POSSIBLE SUNSHINE  MM
  AVERAGE SKY COVER 0.0


WEATHER CONDITIONS
 THE FOLLOWING WEATHER WAS RECORDED YESTERDAY.
  NO SIGNIFICANT WEATHER WAS OBSERVED.


RELATIVE HUMIDITY (PERCENT)
 HIGHEST    76           700 AM
 LOWEST     21           200 PM
 AVERAGE    49

..........................................................


THE BISMARCK ND CLIMATE NORMALS FOR TODAY
                         NORMAL    RECORD    YEAR
 MAXIMUM TEMPERATURE (F)   56        82      1901
                                             1875
 MINIMUM TEMPERATURE (F)   31        13      1916
                                             1896


SUNRISE AND SUNSET
OCTOBER 20 2017.......SUNRISE   808 AM CDT   SUNSET   646 PM CDT
OCTOBER 21 2017.......SUNRISE   810 AM CDT   SUNSET   645 PM CDT


-  INDICATES NEGATIVE NUMBERS.
R  INDICATES RECORD WAS SET OR TIED.
MM INDICATES DATA IS MISSING.
T  INDICATES TRACE AMOUNT.




$$
