000
CDUS43 KBIS 230737
CLIBIS


CLIMATE REPORT
NATIONAL WEATHER SERVICE BISMARCK ND
237 AM CDT SAT JUL 23 2016


...................................

...THE BISMARCK ND CLIMATE SUMMARY FOR JULY 22 2016...

CLIMATE NORMAL PERIOD 1981 TO 2010
CLIMATE RECORD PERIOD 1875 TO 2016


WEATHER ITEM   OBSERVED TIME   RECORD YEAR NORMAL DEPARTURE LAST
                VALUE   (LST)  VALUE       VALUE  FROM      YEAR
                                                  NORMAL
..................................................................
TEMPERATURE (F)
 YESTERDAY
  MAXIMUM         90    209 PM 103    1901  86      4       92
  MINIMUM         65    505 AM  43    1896  58      7       61
  AVERAGE         78                        72      6       77

PRECIPITATION (IN)
  YESTERDAY        0.32          2.20 1993   0.09   0.23     0.00
  MONTH TO DATE    3.67                      2.12   1.55     1.08
  SINCE JUN 1      8.05                      5.29   2.76     6.06
  SINCE JAN 1     15.23                     10.76   4.47    13.33

SNOWFALL (IN)
  YESTERDAY        0.0           0.0  2002   0.0    0.0      0.0
                                      2001
  MONTH TO DATE    0.0                       0.0    0.0      0.0
  SINCE JUN 1      0.0                       0.0    0.0      0.0
  SINCE JUL 1      0.0                       0.0    0.0      0.0
  SNOW DEPTH       0

DEGREE DAYS
 HEATING
  YESTERDAY        0                         0      0        0
  MONTH TO DATE    8                        13     -5        7
  SINCE JUN 1     34                       106    -72       50
  SINCE JUL 1      8                        13     -5        7

 COOLING
  YESTERDAY       13                         7      6       12
  MONTH TO DATE  153                       137     16      147
  SINCE JUN 1    279                       220     59      241
  SINCE JAN 1    289                       237     52      247
..................................................................


WIND (MPH)
  HIGHEST WIND SPEED    31   HIGHEST WIND DIRECTION    SE (150)
  HIGHEST GUST SPEED    36   HIGHEST GUST DIRECTION    SW (220)
  AVERAGE WIND SPEED    11.2


SKY COVER
  POSSIBLE SUNSHINE  MM
  AVERAGE SKY COVER 0.5


WEATHER CONDITIONS
 THE FOLLOWING WEATHER WAS RECORDED YESTERDAY.
  THUNDERSTORM
  HEAVY RAIN
  RAIN
  LIGHT RAIN
  FOG


RELATIVE HUMIDITY (PERCENT)
 HIGHEST   100           500 AM
 LOWEST     63           100 PM
 AVERAGE    82

..........................................................


THE BISMARCK ND CLIMATE NORMALS FOR TODAY
                         NORMAL    RECORD    YEAR
 MAXIMUM TEMPERATURE (F)   86       106      2007
                                             1901
 MINIMUM TEMPERATURE (F)   58        42      2004


SUNRISE AND SUNSET
JULY 23 2016..........SUNRISE   613 AM CDT   SUNSET   925 PM CDT
JULY 24 2016..........SUNRISE   614 AM CDT   SUNSET   924 PM CDT


-  INDICATES NEGATIVE NUMBERS.
R  INDICATES RECORD WAS SET OR TIED.
MM INDICATES DATA IS MISSING.
T  INDICATES TRACE AMOUNT.




$$
