000
CDUS43 KBIS 280738
CLIBIS


CLIMATE REPORT
NATIONAL WEATHER SERVICE BISMARCK ND
238 AM CDT THU MAY 28 2015


...................................

...THE BISMARCK ND CLIMATE SUMMARY FOR MAY 27 2015...

CLIMATE NORMAL PERIOD 1981 TO 2010
CLIMATE RECORD PERIOD 1875 TO 2015


WEATHER ITEM   OBSERVED TIME   RECORD YEAR NORMAL DEPARTURE LAST
                VALUE   (LST)  VALUE       VALUE  FROM      YEAR
                                                  NORMAL
..................................................................
TEMPERATURE (F)
 YESTERDAY
  MAXIMUM         82    330 PM 101    1934  72     10       83
  MINIMUM         48    537 AM  29    1907  47      1       58
  AVERAGE         65                        59      6       71

PRECIPITATION (IN)
  YESTERDAY        0.03          1.26 1955   0.09  -0.06      T
  MONTH TO DATE    5.25                      2.04   3.21     0.21
  SINCE MAR 1      6.07                      4.17   1.90     2.98
  SINCE JAN 1      7.21                      5.11   2.10     3.55

SNOWFALL (IN)
  YESTERDAY       MM             0.0  2002   0.0   MM        0.0
                                      2001
  MONTH TO DATE    0.2                       0.4   -0.2       T
  SINCE MAR 1      1.2                      13.7  -12.5     15.3
  SINCE JUL 1     24.1                      51.2  -27.1     40.5
  SNOW DEPTH       0

DEGREE DAYS
 HEATING
  YESTERDAY        0                         7     -7        0
  MONTH TO DATE  297                       285     12      329
  SINCE MAR 1   1766                      2009   -243     2203
  SINCE JUL 1   8127                      8440   -313     9055

 COOLING
  YESTERDAY        0                         1     -1        6
  MONTH TO DATE    2                         9     -7       31
  SINCE MAR 1      2                        10     -8       31
  SINCE JAN 1      2                        10     -8       31
..................................................................


WIND (MPH)
  HIGHEST WIND SPEED    24   HIGHEST WIND DIRECTION     W (290)
  HIGHEST GUST SPEED    30   HIGHEST GUST DIRECTION     W (290)
  AVERAGE WIND SPEED     7.3


SKY COVER
  POSSIBLE SUNSHINE  MM
  AVERAGE SKY COVER 0.1


WEATHER CONDITIONS
 THE FOLLOWING WEATHER WAS RECORDED YESTERDAY.
  LIGHT RAIN
  FOG


RELATIVE HUMIDITY (PERCENT)
 HIGHEST    89           100 AM
 LOWEST     28           400 PM
 AVERAGE    59

..........................................................


THE BISMARCK ND CLIMATE NORMALS FOR TODAY
                         NORMAL    RECORD    YEAR
 MAXIMUM TEMPERATURE (F)   72       102      1934
 MINIMUM TEMPERATURE (F)   47        23      1947


SUNRISE AND SUNSET
MAY 28 2015...........SUNRISE   556 AM CDT   SUNSET   925 PM CDT
MAY 29 2015...........SUNRISE   555 AM CDT   SUNSET   926 PM CDT


-  INDICATES NEGATIVE NUMBERS.
R  INDICATES RECORD WAS SET OR TIED.
MM INDICATES DATA IS MISSING.
T  INDICATES TRACE AMOUNT.




$$
