000
CDUS43 KBIS 260038
CLIBIS


CLIMATE REPORT
NATIONAL WEATHER SERVICE BISMARCK ND
738 PM CDT TUE JUL 25 2017


...................................

...THE BISMARCK ND CLIMATE SUMMARY FOR JULY 25 2017...
VALID TODAY AS OF 0700 PM LOCAL TIME.

CLIMATE NORMAL PERIOD 1981 TO 2010
CLIMATE RECORD PERIOD 1875 TO 2017


WEATHER ITEM   OBSERVED TIME   RECORD YEAR NORMAL DEPARTURE LAST
                VALUE   (LST)  VALUE       VALUE  FROM      YEAR
                                                  NORMAL
..................................................................
TEMPERATURE (F)
 TODAY
  MAXIMUM         89    433 PM 106    1931  86      3       95
  MINIMUM         64    450 AM  42    1911  58      6       59
  AVERAGE         77                        72      5       77

PRECIPITATION (IN)
  TODAY            0.00          1.32 1940   0.08  -0.08     0.00
  MONTH TO DATE    1.60                      2.38  -0.78     3.89
  SINCE JUN 1      3.34                      5.55  -2.21     8.27
  SINCE JAN 1      6.47                     11.02  -4.55    15.45

DEGREE DAYS
 HEATING
  TODAY            0                         0      0        0
  MONTH TO DATE    0                        13    -13        8
  SINCE JUN 1     30                       106    -76       34
  SINCE JUL 1      0                        13    -13        8

 COOLING
  TODAY           12                         7      5       12
  MONTH TO DATE  271                       158    113      184
  SINCE JUN 1    396                       241    155      310
  SINCE JAN 1    410                       258    152      320
..................................................................


WIND (MPH)
  RESULTANT WIND SPEED   4   RESULTANT WIND DIRECTION   N (0)
  HIGHEST WIND SPEED    23   HIGHEST WIND DIRECTION     N (20)
  HIGHEST GUST SPEED    29   HIGHEST GUST DIRECTION     N (20)
  AVERAGE WIND SPEED     7.1


SKY COVER
  POSSIBLE SUNSHINE  MM
  AVERAGE SKY COVER 0.1


WEATHER CONDITIONS
 THE FOLLOWING WEATHER WAS RECORDED TODAY.
  NO SIGNIFICANT WEATHER WAS OBSERVED.


RELATIVE HUMIDITY (PERCENT)
 HIGHEST   100           500 AM
 LOWEST     24           400 PM
 AVERAGE    62

..........................................................


THE BISMARCK ND CLIMATE NORMALS FOR TOMORROW
                         NORMAL    RECORD    YEAR
 MAXIMUM TEMPERATURE (F)   86       106      1929
 MINIMUM TEMPERATURE (F)   58        39      1971


SUNRISE AND SUNSET
JULY 25 2017..........SUNRISE   615 AM CDT   SUNSET   923 PM CDT
JULY 26 2017..........SUNRISE   616 AM CDT   SUNSET   922 PM CDT


-  INDICATES NEGATIVE NUMBERS.
R  INDICATES RECORD WAS SET OR TIED.
MM INDICATES DATA IS MISSING.
T  INDICATES TRACE AMOUNT.




$$
