000
CDUS43 KBIS 290034
CLIBIS


CLIMATE REPORT
NATIONAL WEATHER SERVICE BISMARCK ND
734 PM CDT SUN MAY 28 2017


...................................

...THE BISMARCK ND CLIMATE SUMMARY FOR MAY 28 2017...
VALID TODAY AS OF 0700 PM LOCAL TIME.

CLIMATE NORMAL PERIOD 1981 TO 2010
CLIMATE RECORD PERIOD 1875 TO 2017


WEATHER ITEM   OBSERVED TIME   RECORD YEAR NORMAL DEPARTURE LAST
                VALUE   (LST)  VALUE       VALUE  FROM      YEAR
                                                  NORMAL
..................................................................
TEMPERATURE (F)
 TODAY
  MAXIMUM         76    222 PM 102    1934  72      4       72
  MINIMUM         43    208 AM  23    1947  47     -4       50
  AVERAGE         60                        59      1       61

PRECIPITATION (IN)
  TODAY            T             0.97 1985   0.08  -0.08     0.18
  MONTH TO DATE    0.25                      2.12  -1.87     1.21
  SINCE MAR 1      1.73                      4.25  -2.52     5.79
  SINCE JAN 1      3.13                      5.19  -2.06     6.43

SNOWFALL (IN)
  TODAY           MM             0.0  2002   0.0   MM        0.0
                                      2001
  MONTH TO DATE    0.0                       0.4   -0.4       T
  SINCE MAR 1      8.7                      13.7   -5.0      3.5
  SINCE JUL 1     71.6                      51.2   20.4     24.1
  SNOW DEPTH       0

DEGREE DAYS
 HEATING
  TODAY            5                         7     -2        4
  MONTH TO DATE  220                       292    -72      234
  SINCE MAR 1   1850                      2016   -166     1627
  SINCE JUL 1   7852                      8447   -595     6947

 COOLING
  TODAY            0                         1     -1        0
  MONTH TO DATE   14                        10      4       10
  SINCE MAR 1     14                        11      3       10
  SINCE JAN 1     14                        11      3       10
..................................................................


WIND (MPH)
  RESULTANT WIND SPEED  13   RESULTANT WIND DIRECTION  NW (320)
  HIGHEST WIND SPEED    33   HIGHEST WIND DIRECTION     N (340)
  HIGHEST GUST SPEED    45   HIGHEST GUST DIRECTION     N (340)
  AVERAGE WIND SPEED    14.0


SKY COVER
  POSSIBLE SUNSHINE  MM
  AVERAGE SKY COVER 0.2


WEATHER CONDITIONS
 THE FOLLOWING WEATHER WAS RECORDED TODAY.
  NO SIGNIFICANT WEATHER WAS OBSERVED.


RELATIVE HUMIDITY (PERCENT)
 HIGHEST    86           300 AM
 LOWEST     23           400 PM
 AVERAGE    55

..........................................................


THE BISMARCK ND CLIMATE NORMALS FOR TOMORROW
                         NORMAL    RECORD    YEAR
 MAXIMUM TEMPERATURE (F)   72        97      1934
 MINIMUM TEMPERATURE (F)   47        25      1947


SUNRISE AND SUNSET
MAY 28 2017...........SUNRISE   555 AM CDT   SUNSET   926 PM CDT
MAY 29 2017...........SUNRISE   555 AM CDT   SUNSET   927 PM CDT


-  INDICATES NEGATIVE NUMBERS.
R  INDICATES RECORD WAS SET OR TIED.
MM INDICATES DATA IS MISSING.
T  INDICATES TRACE AMOUNT.




$$
