000
CDUS43 KBIS 010236
CLIBIS


CLIMATE REPORT
NATIONAL WEATHER SERVICE BISMARCK ND
936 PM CDT MON AUG 31 2015


...................................

...THE BISMARCK ND CLIMATE SUMMARY FOR AUGUST 31 2015...
VALID TODAY AS OF 0900 PM LOCAL TIME.

CLIMATE NORMAL PERIOD 1981 TO 2010
CLIMATE RECORD PERIOD 1875 TO 2015


WEATHER ITEM   OBSERVED TIME   RECORD YEAR NORMAL DEPARTURE LAST
                VALUE   (LST)  VALUE       VALUE  FROM      YEAR
                                                  NORMAL
..................................................................
TEMPERATURE (F)
 TODAY
  MAXIMUM         84        MM 101    1953  79      5       78
  MINIMUM         66        MM  32    1895  52     14       58
  AVERAGE         75                        65     10       68

PRECIPITATION (IN)
  TODAY            0.00          0.85 2002   0.06  -0.06     0.20
  MONTH TO DATE    1.41                      2.28  -0.87     4.75
  SINCE JUN 1      7.90                      8.34  -0.44     8.50
  SINCE JAN 1     15.17                     13.81   1.36    12.69

SNOWFALL (IN)
  TODAY            0.0           0.0  2002   0.0    0.0      0.0
                                      2001
  MONTH TO DATE    0.0                       0.0    0.0      0.0
  SINCE JUN 1      0.0                       0.0    0.0      0.0
  SINCE JUL 1      0.0                       0.0    0.0      0.0
  SNOW DEPTH       0

DEGREE DAYS
 HEATING
  TODAY            0                         3     -3        0
  MONTH TO DATE   29                        40    -11       34
  SINCE JUN 1     79                       148    -69      156
  SINCE JUL 1     36                        55    -19       62

 COOLING
  TODAY           10                         3      7        3
  MONTH TO DATE  201                       177     24      154
  SINCE JUN 1    520                       464     56      355
  SINCE JAN 1    526                       481     45      406
..................................................................


WIND (MPH)
  RESULTANT WIND SPEED   7   RESULTANT WIND DIRECTION  NW (320)
  HIGHEST WIND SPEED    17   HIGHEST WIND DIRECTION    NW (320)
  HIGHEST GUST SPEED    23   HIGHEST GUST DIRECTION    NW (320)
  AVERAGE WIND SPEED     9.3


SKY COVER
  POSSIBLE SUNSHINE  MM
  AVERAGE SKY COVER 0.0


WEATHER CONDITIONS
 THE FOLLOWING WEATHER WAS RECORDED TODAY.
  HAZE


RELATIVE HUMIDITY (PERCENT)
 HIGHEST    81          1200 AM
 LOWEST     23           400 PM
 AVERAGE    52

..........................................................


THE BISMARCK ND CLIMATE NORMALS FOR TOMORROW
                         NORMAL    RECORD    YEAR
 MAXIMUM TEMPERATURE (F)   79       103      1983
 MINIMUM TEMPERATURE (F)   51        32      1974


SUNRISE AND SUNSET
AUGUST 31 2015........SUNRISE   701 AM CDT   SUNSET   825 PM CDT
SEPTEMBER  1 2015.....SUNRISE   702 AM CDT   SUNSET   823 PM CDT


-  INDICATES NEGATIVE NUMBERS.
R  INDICATES RECORD WAS SET OR TIED.
MM INDICATES DATA IS MISSING.
T  INDICATES TRACE AMOUNT.




$$
