000
CDUS43 KBIS 300725
CLIBIS


CLIMATE REPORT
NATIONAL WEATHER SERVICE BISMARCK ND
125 AM CST FRI JAN 30 2015


...................................

...THE BISMARCK ND CLIMATE SUMMARY FOR JANUARY 29 2015...

CLIMATE NORMAL PERIOD 1981 TO 2010
CLIMATE RECORD PERIOD 1875 TO 2015


WEATHER ITEM   OBSERVED TIME   RECORD YEAR NORMAL DEPARTURE LAST
                VALUE   (LST)  VALUE       VALUE  FROM      YEAR
                                                  NORMAL
..................................................................
TEMPERATURE (F)
 YESTERDAY
  MAXIMUM         33   1226 AM  59    1931  25      8       32
  MINIMUM         15   1159 PM -39    1966   3     12       -2
  AVERAGE         24                        14     10       15

PRECIPITATION (IN)
  YESTERDAY        T             0.23 1875   0.02  -0.02     0.02
  MONTH TO DATE    0.67                      0.41   0.26     0.36
  SINCE DEC 1      0.78                      0.90  -0.12     1.62
  SINCE JAN 1      0.67                      0.41   0.26     0.36

SNOWFALL (IN)
  YESTERDAY        0.0           3.5  1917   0.2   -0.2      0.3
  MONTH TO DATE    5.6                       8.4   -2.8      5.3
  SINCE DEC 1      8.0                      17.7   -9.7     20.8
  SINCE JUL 1     15.9                      28.9  -13.0     22.4
  SNOW DEPTH       0

DEGREE DAYS
 HEATING
  YESTERDAY       41                        51    -10       50
  MONTH TO DATE 1330                      1518   -188     1460
  SINCE DEC 1   2725                      3032   -307     3235
  SINCE JUL 1   4797                      5018   -221     5190

 COOLING
  YESTERDAY        0                         0      0        0
  MONTH TO DATE    0                         0      0        0
  SINCE DEC 1      0                         0      0        0
  SINCE JAN 1      0                         0      0        0
..................................................................


WIND (MPH)
  HIGHEST WIND SPEED    24   HIGHEST WIND DIRECTION     N (340)
  HIGHEST GUST SPEED    31   HIGHEST GUST DIRECTION     N (340)
  AVERAGE WIND SPEED    11.1


SKY COVER
  POSSIBLE SUNSHINE  MM
  AVERAGE SKY COVER 0.7


WEATHER CONDITIONS
 THE FOLLOWING WEATHER WAS RECORDED YESTERDAY.
  FOG


RELATIVE HUMIDITY (PERCENT)
 HIGHEST    92           800 PM
 LOWEST     58           400 PM
 AVERAGE    75

..........................................................


THE BISMARCK ND CLIMATE NORMALS FOR TODAY
                         NORMAL    RECORD    YEAR
 MAXIMUM TEMPERATURE (F)   25        54      1931
 MINIMUM TEMPERATURE (F)    3       -36      1916


SUNRISE AND SUNSET
JANUARY 30 2015.......SUNRISE   810 AM CST   SUNSET   543 PM CST
JANUARY 31 2015.......SUNRISE   809 AM CST   SUNSET   545 PM CST


-  INDICATES NEGATIVE NUMBERS.
R  INDICATES RECORD WAS SET OR TIED.
MM INDICATES DATA IS MISSING.
T  INDICATES TRACE AMOUNT.




$$
