000
CDUS43 KGRR 220513
CLIBIV


CLIMATE REPORT
NATIONAL WEATHER SERVICE GRAND RAPIDS, MI
113 AM EDT FRI MAY 22 2015


...................................

...THE HOLLAND/TULIP CITY MI CLIMATE SUMMARY FOR MAY 21 2015...

CLIMATE NORMAL PERIOD 1981 TO 2010
CLIMATE RECORD PERIOD 1996 TO 2015


WEATHER ITEM   OBSERVED TIME   NORMAL DEPARTURE LAST
                VALUE   (LST)  VALUE  FROM      YEAR
                                      NORMAL
......................................................
TEMPERATURE (F)
 YESTERDAY
  MAXIMUM         62    441 PM  70     -8       78
  MINIMUM         43    527 AM  50     -7       54
  AVERAGE         53            60     -7       66

PRECIPITATION (IN)
  YESTERDAY        0.00          0.11  -0.11     0.08
  MONTH TO DATE    3.45          2.26   1.19     2.02
  SINCE MAR 1      7.99          7.78   0.21     5.56
  SINCE JAN 1      9.47         11.67  -2.20     9.52

DEGREE DAYS
 HEATING
  YESTERDAY       12             6      6        0
  MONTH TO DATE  164           182    -18      204
  SINCE MAR 1   1634          1561     73     1843
  SINCE JUL 1   6601          6061    540     7001

 COOLING
  YESTERDAY        0             2     -2        1
  MONTH TO DATE   27            16     11       17
  SINCE MAR 1     27            20      7       17
  SINCE JAN 1     27            20      7       17
......................................................


WIND (MPH)
  RESULTANT WIND SPEED   9   RESULTANT WIND DIRECTION   W (250)
  HIGHEST WIND SPEED    20   HIGHEST WIND DIRECTION    SW (220)
  HIGHEST GUST SPEED    25   HIGHEST GUST DIRECTION    SW (230)
  AVERAGE WIND SPEED    10.2


SKY COVER
  AVERAGE SKY COVER 0.5


WEATHER CONDITIONS
 THE FOLLOWING WEATHER WAS RECORDED YESTERDAY.
  NO SIGNIFICANT WEATHER WAS OBSERVED.


RELATIVE HUMIDITY (PERCENT)
 HIGHEST    83           500 AM
 LOWEST     42           400 PM
 AVERAGE    63

..........................................................


THE HOLLAND/TULIP CITY MI CLIMATE NORMALS FOR TODAY
                         NORMAL
 MAXIMUM TEMPERATURE (F)   71
 MINIMUM TEMPERATURE (F)   51


SUNRISE AND SUNSET
MAY 22 2015...........SUNRISE   616 AM EDT   SUNSET   908 PM EDT
MAY 23 2015...........SUNRISE   615 AM EDT   SUNSET   908 PM EDT


-  INDICATES NEGATIVE NUMBERS.
R  INDICATES RECORD WAS SET OR TIED.
MM INDICATES DATA IS MISSING.
T  INDICATES TRACE AMOUNT.




$$
