000
CDUS43 KGRR 300520
CLIBIV


CLIMATE REPORT
NATIONAL WEATHER SERVICE GRAND RAPIDS, MI
119 AM EDT MON MAY 30 2016


...................................

...THE HOLLAND/TULIP CITY MI CLIMATE SUMMARY FOR MAY 29 2016...

CLIMATE NORMAL PERIOD 1981 TO 2010
CLIMATE RECORD PERIOD 1996 TO 2016


WEATHER ITEM   OBSERVED TIME   NORMAL DEPARTURE LAST
                VALUE   (LST)  VALUE  FROM      YEAR
                                      NORMAL
......................................................
TEMPERATURE (F)
 YESTERDAY
  MAXIMUM         80    205 PM  73      7       82
  MINIMUM         63   1159 PM  53     10       64
  AVERAGE         72            63      9       73

PRECIPITATION (IN)
  YESTERDAY        0.00          0.08  -0.08     0.41
  MONTH TO DATE    2.35          3.02  -0.67     4.47
  SINCE MAR 1      9.27          8.54   0.73     9.01
  SINCE JAN 1     13.13         12.43   0.70    10.49

DEGREE DAYS
 HEATING
  YESTERDAY        0             4     -4        0
  MONTH TO DATE  209           224    -15      184
  SINCE MAR 1   1512          1603    -91     1654
  SINCE JUL 1   5502          6103   -601     6621

 COOLING
  YESTERDAY        7             2      5        8
  MONTH TO DATE   47            32     15       49
  SINCE MAR 1     48            36     12       49
  SINCE JAN 1     48            36     12       49
......................................................


WIND (MPH)
  RESULTANT WIND SPEED  11   RESULTANT WIND DIRECTION  SW (220)
  HIGHEST WIND SPEED    25   HIGHEST WIND DIRECTION    SW (230)
  HIGHEST GUST SPEED    33   HIGHEST GUST DIRECTION    SW (240)
  AVERAGE WIND SPEED    11.6


SKY COVER
  AVERAGE SKY COVER 0.1


WEATHER CONDITIONS
 THE FOLLOWING WEATHER WAS RECORDED YESTERDAY.
  NO SIGNIFICANT WEATHER WAS OBSERVED.


RELATIVE HUMIDITY (PERCENT)
 HIGHEST    78           200 AM
 LOWEST     49          1200 PM
 AVERAGE    64

..........................................................


THE HOLLAND/TULIP CITY MI CLIMATE NORMALS FOR TODAY
                         NORMAL
 MAXIMUM TEMPERATURE (F)   74
 MINIMUM TEMPERATURE (F)   53


SUNRISE AND SUNSET
MAY 30 2016...........SUNRISE   610 AM EDT   SUNSET   915 PM EDT
MAY 31 2016...........SUNRISE   609 AM EDT   SUNSET   916 PM EDT


-  INDICATES NEGATIVE NUMBERS.
R  INDICATES RECORD WAS SET OR TIED.
MM INDICATES DATA IS MISSING.
T  INDICATES TRACE AMOUNT.




$$
