000
CDUS43 KGRR 270523
CLIBIV


CLIMATE REPORT
NATIONAL WEATHER SERVICE GRAND RAPIDS, MI
123 AM EDT SAT MAY 27 2017


...................................

...THE HOLLAND/TULIP CITY MI CLIMATE SUMMARY FOR MAY 26 2017...

CLIMATE NORMAL PERIOD 1981 TO 2010
CLIMATE RECORD PERIOD 1996 TO 2017


WEATHER ITEM   OBSERVED TIME   NORMAL DEPARTURE LAST
                VALUE   (LST)  VALUE  FROM      YEAR
                                      NORMAL
......................................................
TEMPERATURE (F)
 YESTERDAY
  MAXIMUM         71    155 PM  72     -1       81
  MINIMUM         47    501 AM  52     -5       64
  AVERAGE         59            62     -3       73

PRECIPITATION (IN)
  YESTERDAY        0.04          0.09  -0.05     0.02
  MONTH TO DATE    1.59          2.76  -1.17     2.32
  SINCE MAR 1     10.47          8.28   2.19     9.24
  SINCE JAN 1     15.13         12.17   2.96    13.10

DEGREE DAYS
 HEATING
  YESTERDAY        6             5      1        0
  MONTH TO DATE  256           210     46      209
  SINCE MAR 1   1551          1589    -38     1512
  SINCE JUL 1   5413          6089   -676     5502

 COOLING
  YESTERDAY        0             2     -2        8
  MONTH TO DATE   21            26     -5       22
  SINCE MAR 1     29            30     -1       23
  SINCE JAN 1     29            30     -1       23
......................................................


WIND (MPH)
  RESULTANT WIND SPEED   3   RESULTANT WIND DIRECTION   W (280)
  HIGHEST WIND SPEED    12   HIGHEST WIND DIRECTION     W (270)
  HIGHEST GUST SPEED    14   HIGHEST GUST DIRECTION     W (260)
  AVERAGE WIND SPEED     3.1


SKY COVER
  AVERAGE SKY COVER 0.5


WEATHER CONDITIONS
 THE FOLLOWING WEATHER WAS RECORDED YESTERDAY.
  LIGHT RAIN
  FOG
  FOG W/VISIBILITY <= 1/4 MILE


RELATIVE HUMIDITY (PERCENT)
 HIGHEST   100           500 AM
 LOWEST     49           200 PM
 AVERAGE    75

..........................................................


THE HOLLAND/TULIP CITY MI CLIMATE NORMALS FOR TODAY
                         NORMAL
 MAXIMUM TEMPERATURE (F)   72
 MINIMUM TEMPERATURE (F)   52


SUNRISE AND SUNSET
MAY 27 2017...........SUNRISE   612 AM EDT   SUNSET   913 PM EDT
MAY 28 2017...........SUNRISE   611 AM EDT   SUNSET   914 PM EDT


-  INDICATES NEGATIVE NUMBERS.
R  INDICATES RECORD WAS SET OR TIED.
MM INDICATES DATA IS MISSING.
T  INDICATES TRACE AMOUNT.




$$
