000
CDUS43 KGRR 211336
CLIBIV


CLIMATE REPORT
NATIONAL WEATHER SERVICE GRAND RAPIDS, MI
935 AM EDT MON APR 21 2014


...................................

...THE HOLLAND/TULIP CITY MI CLIMATE SUMMARY FOR APRIL 21 2014...
VALID AS OF 0900 AM LOCAL TIME.

CLIMATE NORMAL PERIOD 1981 TO 2010
CLIMATE RECORD PERIOD 9999 TO 9999


WEATHER ITEM   OBSERVED TIME   RECORD YEAR NORMAL DEPARTURE LAST
                VALUE   (LST)  VALUE       VALUE  FROM      YEAR
                                                  NORMAL
..................................................................
TEMPERATURE (F)
 TODAY
  MAXIMUM         66    759 AM  MM      MM  60      6       55
  MINIMUM         58    405 AM  MM      MM  41     17       26
  AVERAGE         62                        50     12       41

PRECIPITATION (IN)
  TODAY            T            MM      MM   0.11  -0.11     0.00
  MONTH TO DATE    1.37                      2.05  -0.68     8.37
  SINCE MAR 1      2.51                      4.32  -1.81     9.37
  SINCE JAN 1      6.47                      8.21  -1.74    15.13

DEGREE DAYS
 HEATING
  TODAY            3                        15    -12       24
  MONTH TO DATE  385                       388     -3      459
  SINCE MAR 1   1511                      1262    249     1449
  SINCE JUL 1   6669                      5762    907     5701

 COOLING
  TODAY            0                         0      0        0
  MONTH TO DATE    0                         0      0        0
  SINCE MAR 1      0                         0      0        0
  SINCE JAN 1      0                         0      0        0
..................................................................


WIND (MPH)
  HIGHEST WIND SPEED    15   HIGHEST WIND DIRECTION    SW (220)
  HIGHEST GUST SPEED    20   HIGHEST GUST DIRECTION    SW (220)



WEATHER CONDITIONS
 THE FOLLOWING WEATHER WAS RECORDED TODAY.
  NO SIGNIFICANT WEATHER WAS OBSERVED.


..........................................................




SUNRISE AND SUNSET
APRIL 21 2014.........SUNRISE   654 AM EDT   SUNSET   834 PM EDT
APRIL 22 2014.........SUNRISE   652 AM EDT   SUNSET   835 PM EDT


-  INDICATES NEGATIVE NUMBERS.
R  INDICATES RECORD WAS SET OR TIED.
MM INDICATES DATA IS MISSING.
T  INDICATES TRACE AMOUNT.




$$

JAM
