000
CDUS43 KGRR 280523
CLIBIV


CLIMATE REPORT
NATIONAL WEATHER SERVICE GRAND RAPIDS, MI
123 AM EDT MON JUL 28 2014


...................................

...THE HOLLAND/TULIP CITY MI CLIMATE SUMMARY FOR JULY 27 2014...

CLIMATE NORMAL PERIOD 1981 TO 2010
CLIMATE RECORD PERIOD 9999 TO 9999


WEATHER ITEM   OBSERVED TIME   NORMAL DEPARTURE LAST
                VALUE   (LST)  VALUE  FROM      YEAR
                                      NORMAL
......................................................
TEMPERATURE (F)
 YESTERDAY
  MAXIMUM         83    103 PM  82      1       70
  MINIMUM         61    348 AM  63     -2       57
  AVERAGE         72            72      0       64

PRECIPITATION (IN)
  YESTERDAY        0.23          0.08   0.15     0.00
  MONTH TO DATE    2.82          2.45   0.37     1.98
  SINCE JUN 1      6.55          6.67  -0.12     6.61
  SINCE JAN 1     16.08         19.26  -3.18    25.14

DEGREE DAYS
 HEATING
  YESTERDAY        0             0      0        1
  MONTH TO DATE    9             0      9        1
  SINCE JUN 1     32            48    -16       35
  SINCE JUL 1      9             0      9        1

 COOLING
  YESTERDAY        7             8     -1        0
  MONTH TO DATE  103           210   -107      266
  SINCE JUN 1    286           356    -70      430
  SINCE JAN 1    325           398    -73      520
......................................................


WIND (MPH)
  RESULTANT WIND SPEED   6   RESULTANT WIND DIRECTION   W (280)
  HIGHEST WIND SPEED    31   HIGHEST WIND DIRECTION     W (270)
  HIGHEST GUST SPEED    44   HIGHEST GUST DIRECTION     W (280)
  AVERAGE WIND SPEED     7.9


SKY COVER
  AVERAGE SKY COVER 0.5


WEATHER CONDITIONS
 THE FOLLOWING WEATHER WAS RECORDED YESTERDAY.
  THUNDERSTORM
  HEAVY RAIN
  RAIN
  LIGHT RAIN
  FOG
  FOG W/VISIBILITY <= 1/4 MILE
  HAZE


RELATIVE HUMIDITY (PERCENT)
 HIGHEST    93          1200 AM
 LOWEST     69          1200 PM
 AVERAGE    81

..........................................................


THE HOLLAND/TULIP CITY MI CLIMATE NORMALS FOR TODAY
                         NORMAL
 MAXIMUM TEMPERATURE (F)   82
 MINIMUM TEMPERATURE (F)   63


SUNRISE AND SUNSET
JULY 28 2014..........SUNRISE   632 AM EDT   SUNSET   910 PM EDT
JULY 29 2014..........SUNRISE   633 AM EDT   SUNSET   909 PM EDT


-  INDICATES NEGATIVE NUMBERS.
R  INDICATES RECORD WAS SET OR TIED.
MM INDICATES DATA IS MISSING.
T  INDICATES TRACE AMOUNT.




$$
