000
CDUS43 KGRR 222129
CLIBIV


CLIMATE REPORT
NATIONAL WEATHER SERVICE GRAND RAPIDS, MI
525 PM EDT FRI SEP 22 2017


...................................

...THE HOLLAND/TULIP CITY MI CLIMATE SUMMARY FOR SEPTEMBER 22 2017...
VALID TODAY AS OF 0500 PM LOCAL TIME.

CLIMATE NORMAL PERIOD 1981 TO 2010
CLIMATE RECORD PERIOD 1996 TO 2017


WEATHER ITEM   OBSERVED TIME   NORMAL DEPARTURE LAST
                VALUE   (LST)  VALUE  FROM      YEAR
                                      NORMAL
......................................................
TEMPERATURE (F)
 TODAY
  MAXIMUM         93    306 PM  71     22       82
  MINIMUM         66    605 AM  51     15       61
  AVERAGE         80            61     19       72

PRECIPITATION (IN)
  TODAY            0.00          0.15  -0.15     0.00
  MONTH TO DATE    0.53          2.61  -2.08     1.02
  SINCE SEP 1      0.53          2.61  -2.08     1.02
  SINCE JAN 1     25.35         25.82  -0.47    22.90

DEGREE DAYS
 HEATING
  TODAY            0             5     -5        0
  MONTH TO DATE   75            61     14        8
  SINCE SEP 1     75            61     14        8
  SINCE JUL 1     96            76     20       15

 COOLING
  TODAY           15             1     14        7
  MONTH TO DATE   68            55     13       90
  SINCE SEP 1     68            55     13       90
  SINCE JAN 1    553           673   -120      769
......................................................


WIND (MPH)
  RESULTANT WIND SPEED   4   RESULTANT WIND DIRECTION  SW (220)
  HIGHEST WIND SPEED    12   HIGHEST WIND DIRECTION    SW (220)
  HIGHEST GUST SPEED    14   HIGHEST GUST DIRECTION     W (260)
  AVERAGE WIND SPEED     5.1


SKY COVER
  AVERAGE SKY COVER 0.0


WEATHER CONDITIONS
 THE FOLLOWING WEATHER WAS RECORDED TODAY.
  NO SIGNIFICANT WEATHER WAS OBSERVED.


RELATIVE HUMIDITY (PERCENT)
 HIGHEST    93           700 AM
 LOWEST     41           200 PM
 AVERAGE    67

..........................................................


THE HOLLAND/TULIP CITY MI CLIMATE NORMALS FOR TOMORROW
                         NORMAL
 MAXIMUM TEMPERATURE (F)   71
 MINIMUM TEMPERATURE (F)   50


SUNRISE AND SUNSET
SEPTEMBER 22 2017.....SUNRISE   732 AM EDT   SUNSET   741 PM EDT
SEPTEMBER 23 2017.....SUNRISE   733 AM EDT   SUNSET   740 PM EDT


-  INDICATES NEGATIVE NUMBERS.
R  INDICATES RECORD WAS SET OR TIED.
MM INDICATES DATA IS MISSING.
T  INDICATES TRACE AMOUNT.




$$
