000
CDUS46 KBOI 090935
CLIBKE


CLIMATE REPORT
NATIONAL WEATHER SERVICE BOISE ID
234 AM MST FRI DEC 9 2016


...................................

...THE BAKER OR CLIMATE SUMMARY FOR DECEMBER 8 2016...

CLIMATE NORMAL PERIOD 1981 TO 2010
CLIMATE RECORD PERIOD 1948 TO 2016


WEATHER ITEM   OBSERVED TIME   RECORD YEAR NORMAL DEPARTURE LAST
                VALUE   (LST)  VALUE       VALUE  FROM      YEAR
                                                  NORMAL
..................................................................
TEMPERATURE (F)
 YESTERDAY
  MAXIMUM         22   1104 PM  55    2015  35    -13       55
  MINIMUM         10   1205 AM -20    2013  17     -7       40
  AVERAGE         16                        26    -10       48

PRECIPITATION (IN)
  YESTERDAY        T             0.37 1970   0.03  -0.03     0.01
  MONTH TO DATE    0.07                      0.26  -0.19     0.41
  SINCE OCT 1      1.88                      1.79   0.09     1.61
  SINCE JAN 1      5.58                      9.41  -3.83     9.57

DEGREE DAYS
 HEATING
  YESTERDAY       49                        39     10       17
  MONTH TO DATE  349                       308     41      244
  SINCE DEC 1    349                       308     41      244
  SINCE JUL 1   2123                      2345   -222     2095

 COOLING
  YESTERDAY        0                         0      0        0
  MONTH TO DATE    0                         0      0        0
  SINCE DEC 1      0                         0      0        0
  SINCE JAN 1    132                       169    -37      225
..................................................................


WIND (MPH)
  RESULTANT WIND SPEED  11   RESULTANT WIND DIRECTION   E (100)
  HIGHEST WIND SPEED    18   HIGHEST WIND DIRECTION     E (100)
  HIGHEST GUST SPEED    22   HIGHEST GUST DIRECTION     E (100)
  AVERAGE WIND SPEED    11.5


SKY COVER
  AVERAGE SKY COVER 0.8


WEATHER CONDITIONS
 THE FOLLOWING WEATHER WAS RECORDED YESTERDAY.
  HEAVY SNOW
  SNOW
  LIGHT SNOW
  FOG
  FOG W/VISIBILITY <= 1/4 MILE


RELATIVE HUMIDITY (PERCENT)
 HIGHEST    92           200 PM
 LOWEST     77           900 AM
 AVERAGE    85

..........................................................


THE BAKER OR CLIMATE NORMALS FOR TODAY
                         NORMAL    RECORD    YEAR
 MAXIMUM TEMPERATURE (F)   34        54      1981
 MINIMUM TEMPERATURE (F)   16       -17      1972


SUNRISE AND SUNSET
DECEMBER  9 2016......SUNRISE   717 AM PST   SUNSET   410 PM PST
DECEMBER 10 2016......SUNRISE   718 AM PST   SUNSET   410 PM PST


-  INDICATES NEGATIVE NUMBERS.
R  INDICATES RECORD WAS SET OR TIED.
MM INDICATES DATA IS MISSING.
T  INDICATES TRACE AMOUNT.




$$
