000
CDUS46 KBOI 300942
CLIBKE


CLIMATE REPORT
NATIONAL WEATHER SERVICE BOISE ID
342 AM MDT TUE SEP 30 2014


...................................

...THE BAKER OR CLIMATE SUMMARY FOR SEPTEMBER 29 2014...

CLIMATE NORMAL PERIOD 1981 TO 2010
CLIMATE RECORD PERIOD 1948 TO 2014


WEATHER ITEM   OBSERVED TIME   RECORD YEAR NORMAL DEPARTURE LAST
                VALUE   (LST)  VALUE       VALUE  FROM      YEAR
                                                  NORMAL
..................................................................
TEMPERATURE (F)
 YESTERDAY
  MAXIMUM         61    310 PM  90    1963  69     -8       63
  MINIMUM         50   1159 PM  21    1985  32     18       43
  AVERAGE         56                        51      5       53

PRECIPITATION (IN)
  YESTERDAY        0.16          0.52 2013   0.01   0.15     0.52
  MONTH TO DATE    0.38                      0.53  -0.15     1.55
  SINCE OCT 1      7.17                     10.11  -2.94     9.88
  SINCE JAN 1      6.00                      7.60  -1.60     7.70

DEGREE DAYS
 HEATING
  YESTERDAY        9                        14     -5       12
  MONTH TO DATE  193                       275    -82      221
  SINCE SEP 1    193                       275    -82      221
  SINCE JUL 1    270                       426   -156      253

 COOLING
  YESTERDAY        0                         0      0        0
  MONTH TO DATE   15                         7      8       28
  SINCE SEP 1     15                         7      8       28
  SINCE JAN 1    250                       167     83      258
..................................................................


WIND (MPH)
  RESULTANT WIND SPEED   3   RESULTANT WIND DIRECTION  NE (60)
  HIGHEST WIND SPEED    12   HIGHEST WIND DIRECTION    NE (50)
  HIGHEST GUST SPEED    14   HIGHEST GUST DIRECTION    NE (60)
  AVERAGE WIND SPEED     3.1


SKY COVER
  AVERAGE SKY COVER 0.7


WEATHER CONDITIONS
 THE FOLLOWING WEATHER WAS RECORDED YESTERDAY.
  LIGHT RAIN
  FOG


RELATIVE HUMIDITY (PERCENT)
 HIGHEST   100           700 AM
 LOWEST     80           200 PM
 AVERAGE    90

..........................................................


THE BAKER OR CLIMATE NORMALS FOR TODAY
                         NORMAL    RECORD    YEAR
 MAXIMUM TEMPERATURE (F)   69        90      1992
 MINIMUM TEMPERATURE (F)   32        17      1954


SUNRISE AND SUNSET
SEPTEMBER 30 2014.....SUNRISE   648 AM PDT   SUNSET   633 PM PDT
OCTOBER  1 2014.......SUNRISE   649 AM PDT   SUNSET   632 PM PDT


-  INDICATES NEGATIVE NUMBERS.
R  INDICATES RECORD WAS SET OR TIED.
MM INDICATES DATA IS MISSING.
T  INDICATES TRACE AMOUNT.




$$
