000
CDUS46 KBOI 190930
CLIBKE


CLIMATE REPORT
NATIONAL WEATHER SERVICE BOISE ID
330 AM MDT SUN OCT 19 2014


...................................

...THE BAKER OR CLIMATE SUMMARY FOR OCTOBER 18 2014...

CLIMATE NORMAL PERIOD 1981 TO 2010
CLIMATE RECORD PERIOD 1948 TO 2014


WEATHER ITEM   OBSERVED TIME   RECORD YEAR NORMAL DEPARTURE LAST
                VALUE   (LST)  VALUE       VALUE  FROM      YEAR
                                                  NORMAL
..................................................................
TEMPERATURE (F)
 YESTERDAY
  MAXIMUM         72    212 PM  81    2003  60     12       61
  MINIMUM         34   1130 PM  15    1966  28      6       17
  AVERAGE         53                        44      9       39

PRECIPITATION (IN)
  YESTERDAY        0.00          0.45 1953   0.02  -0.02     0.00
  MONTH TO DATE    0.02                      0.33  -0.31     0.03
  SINCE OCT 1      0.02                      0.33  -0.31     0.03
  SINCE JAN 1      6.02                      7.95  -1.93     7.80

DEGREE DAYS
 HEATING
  YESTERDAY       12                        21     -9       26
  MONTH TO DATE  256                       327    -71      417
  SINCE SEP 1    466                       618   -152      656
  SINCE JUL 1    543                       769   -226      688

 COOLING
  YESTERDAY        0                         0      0        0
  MONTH TO DATE    0                         0      0        0
  SINCE SEP 1     15                         9      6       28
  SINCE JAN 1    250                       169     81      258
..................................................................


WIND (MPH)
  RESULTANT WIND SPEED   1   RESULTANT WIND DIRECTION   E (90)
  HIGHEST WIND SPEED    10   HIGHEST WIND DIRECTION     E (70)
  HIGHEST GUST SPEED    12   HIGHEST GUST DIRECTION     N (20)
  AVERAGE WIND SPEED     3.0


SKY COVER
  AVERAGE SKY COVER 0.2


WEATHER CONDITIONS
 THE FOLLOWING WEATHER WAS RECORDED YESTERDAY.
  NO SIGNIFICANT WEATHER WAS OBSERVED.


RELATIVE HUMIDITY (PERCENT)
 HIGHEST    92          1100 PM
 LOWEST     29           200 PM
 AVERAGE    61

..........................................................


THE BAKER OR CLIMATE NORMALS FOR TODAY
                         NORMAL    RECORD    YEAR
 MAXIMUM TEMPERATURE (F)   59        76      1974
 MINIMUM TEMPERATURE (F)   27        16      1995


SUNRISE AND SUNSET
OCTOBER 19 2014.......SUNRISE   712 AM PDT   SUNSET   600 PM PDT
OCTOBER 20 2014.......SUNRISE   713 AM PDT   SUNSET   558 PM PDT


-  INDICATES NEGATIVE NUMBERS.
R  INDICATES RECORD WAS SET OR TIED.
MM INDICATES DATA IS MISSING.
T  INDICATES TRACE AMOUNT.




$$
