000
CDUS46 KBOI 040931
CLIBKE


CLIMATE REPORT
NATIONAL WEATHER SERVICE BOISE ID
331 AM MDT FRI SEP 4 2015


...................................

...THE BAKER OR CLIMATE SUMMARY FOR SEPTEMBER 3 2015...

CLIMATE NORMAL PERIOD 1981 TO 2010
CLIMATE RECORD PERIOD 1948 TO 2015


WEATHER ITEM   OBSERVED TIME   RECORD YEAR NORMAL DEPARTURE LAST
                VALUE   (LST)  VALUE       VALUE  FROM      YEAR
                                                  NORMAL
..................................................................
TEMPERATURE (F)
 YESTERDAY
  MAXIMUM         66    246 PM 101    1998  79    -13       67
  MINIMUM         35   1132 PM  29    2008  41     -6       39
                                      2000
  AVERAGE         51                        60     -9       53

PRECIPITATION (IN)
  YESTERDAY        0.03          0.39 2000   0.02   0.01     0.00
  MONTH TO DATE    0.04                      0.06  -0.02     0.00
  SINCE OCT 1      9.52                      9.64  -0.12     6.79
  SINCE JAN 1      7.32                      7.13   0.19     5.62

DEGREE DAYS
 HEATING
  YESTERDAY       14                         6      8       12
  MONTH TO DATE   20                        16      4       26
  SINCE SEP 1     20                        16      4       26
  SINCE JUL 1    116                       167    -51      103

 COOLING
  YESTERDAY        0                         1     -1        0
  MONTH TO DATE    0                         3     -3        0
  SINCE SEP 1      0                         3     -3        0
  SINCE JAN 1    223                       163     60      235
..................................................................


WIND (MPH)
  RESULTANT WIND SPEED   7   RESULTANT WIND DIRECTION  NW (310)
  HIGHEST WIND SPEED    16   HIGHEST WIND DIRECTION     W (290)
  HIGHEST GUST SPEED    21   HIGHEST GUST DIRECTION     W (290)
  AVERAGE WIND SPEED     8.4


SKY COVER
  AVERAGE SKY COVER 0.2


WEATHER CONDITIONS
 THE FOLLOWING WEATHER WAS RECORDED YESTERDAY.
  LIGHT RAIN


RELATIVE HUMIDITY (PERCENT)
 HIGHEST    86           300 AM
 LOWEST     34           200 PM
 AVERAGE    60

..........................................................


THE BAKER OR CLIMATE NORMALS FOR TODAY
                         NORMAL    RECORD    YEAR
 MAXIMUM TEMPERATURE (F)   79       100      1998
 MINIMUM TEMPERATURE (F)   41        30      2011
                                             1965


SUNRISE AND SUNSET
SEPTEMBER  4 2015.....SUNRISE   617 AM PDT   SUNSET   723 PM PDT
SEPTEMBER  5 2015.....SUNRISE   618 AM PDT   SUNSET   721 PM PDT


-  INDICATES NEGATIVE NUMBERS.
R  INDICATES RECORD WAS SET OR TIED.
MM INDICATES DATA IS MISSING.
T  INDICATES TRACE AMOUNT.




$$
