000
CDUS46 KBOI 150931
CLIBKE


CLIMATE REPORT
NATIONAL WEATHER SERVICE BOISE ID
231 AM MST FRI DEC 15 2017


...................................

...THE BAKER OR CLIMATE SUMMARY FOR DECEMBER 14 2017...

CLIMATE NORMAL PERIOD 1981 TO 2010
CLIMATE RECORD PERIOD 1928 TO 2017


WEATHER ITEM   OBSERVED TIME   RECORD YEAR NORMAL DEPARTURE LAST
                VALUE   (LST)  VALUE       VALUE  FROM      YEAR
                                                  NORMAL
..................................................................
TEMPERATURE (F)
 YESTERDAY
  MAXIMUM         29    308 PM  58    1929  33     -4       30
  MINIMUM         20   1210 AM  -9    1967  16      4        7
  AVERAGE         25                        24      1       19

PRECIPITATION (IN)
  YESTERDAY        0.00          0.31 2016   0.03  -0.03     0.31
  MONTH TO DATE    0.02                      0.44  -0.42     0.57
  SINCE OCT 1      1.11                      1.97  -0.86     2.38
  SINCE JAN 1      6.85                      9.59  -2.74     6.08

DEGREE DAYS
 HEATING
  YESTERDAY       40                        41     -1       46
  MONTH TO DATE  543                       549     -6      629
  SINCE DEC 1    543                       549     -6      629
  SINCE JUL 1   2173                      2586   -413     2403

 COOLING
  YESTERDAY        0                         0      0        0
  MONTH TO DATE    0                         0      0        0
  SINCE DEC 1      0                         0      0        0
  SINCE JAN 1    357                       169    188      132
..................................................................


WIND (MPH)
  RESULTANT WIND SPEED   4   RESULTANT WIND DIRECTION  SE (120)
  HIGHEST WIND SPEED    10   HIGHEST WIND DIRECTION     E (80)
  HIGHEST GUST SPEED    13   HIGHEST GUST DIRECTION     E (90)
  AVERAGE WIND SPEED     5.5


SKY COVER
  AVERAGE SKY COVER 1.0


WEATHER CONDITIONS
 THE FOLLOWING WEATHER WAS RECORDED YESTERDAY.
  FOG
  HAZE


RELATIVE HUMIDITY (PERCENT)
 HIGHEST    88           500 AM
 LOWEST     75           400 PM
 AVERAGE    82

..........................................................


THE BAKER OR CLIMATE NORMALS FOR TODAY
                         NORMAL    RECORD    YEAR
 MAXIMUM TEMPERATURE (F)   33        53      2006
 MINIMUM TEMPERATURE (F)   15       -10      1967


SUNRISE AND SUNSET
DECEMBER 15 2017......SUNRISE   722 AM PST   SUNSET   411 PM PST
DECEMBER 16 2017......SUNRISE   723 AM PST   SUNSET   411 PM PST


-  INDICATES NEGATIVE NUMBERS.
R  INDICATES RECORD WAS SET OR TIED.
MM INDICATES DATA IS MISSING.
T  INDICATES TRACE AMOUNT.




$$
