000
CDUS46 KBOI 190932
CLIBKE


CLIMATE REPORT
NATIONAL WEATHER SERVICE BOISE ID
232 AM MST THU JAN 19 2017


...................................

...THE BAKER OR CLIMATE SUMMARY FOR JANUARY 18 2017...

CLIMATE NORMAL PERIOD 1981 TO 2010
CLIMATE RECORD PERIOD 1948 TO 2017


WEATHER ITEM   OBSERVED TIME   RECORD YEAR NORMAL DEPARTURE LAST
                VALUE   (LST)  VALUE       VALUE  FROM      YEAR
                                                  NORMAL
..................................................................
TEMPERATURE (F)
 YESTERDAY
  MAXIMUM         30   1159 PM  50    1981  34     -4       36
  MINIMUM         19    512 AM  -9    1984  17      2       27
  AVERAGE         25                        25      0       32

PRECIPITATION (IN)
  YESTERDAY        0.07          0.53 1974   0.02   0.05     0.01
  MONTH TO DATE    0.45                      0.50  -0.05     0.17
  SINCE OCT 1      3.19                      3.01   0.18     2.71
  SINCE JAN 1      0.45                      0.50  -0.05     0.17

DEGREE DAYS
 HEATING
  YESTERDAY       40                        40      0       33
  MONTH TO DATE 1035                       729    306      704
  SINCE DEC 1   2588                      1977    611     1850
  SINCE JUL 1   4362                      4014    348     3701

 COOLING
  YESTERDAY        0                         0      0        0
  MONTH TO DATE    0                         0      0        0
  SINCE DEC 1      0                         0      0        0
  SINCE JAN 1      0                         0      0        0
..................................................................


WIND (MPH)
  RESULTANT WIND SPEED  21   RESULTANT WIND DIRECTION   E (100)
  HIGHEST WIND SPEED    31   HIGHEST WIND DIRECTION     E (100)
  HIGHEST GUST SPEED    37   HIGHEST GUST DIRECTION     E (100)
  AVERAGE WIND SPEED    20.4


SKY COVER
  AVERAGE SKY COVER 1.0


WEATHER CONDITIONS
 THE FOLLOWING WEATHER WAS RECORDED YESTERDAY.
  FREEZING RAIN
  LT FREEZING RAIN
  HEAVY SNOW
  SNOW
  LIGHT SNOW
  FOG
  FOG W/VISIBILITY <= 1/4 MILE
  HAZE
  BLOWING SNOW


RELATIVE HUMIDITY (PERCENT)
 HIGHEST    96           400 PM
 LOWEST     77          1200 AM
 AVERAGE    87

..........................................................


THE BAKER OR CLIMATE NORMALS FOR TODAY
                         NORMAL    RECORD    YEAR
 MAXIMUM TEMPERATURE (F)   34        50      1971
 MINIMUM TEMPERATURE (F)   17       -10      1949


SUNRISE AND SUNSET
JANUARY 19 2017.......SUNRISE   723 AM PST   SUNSET   442 PM PST
JANUARY 20 2017.......SUNRISE   722 AM PST   SUNSET   443 PM PST


-  INDICATES NEGATIVE NUMBERS.
R  INDICATES RECORD WAS SET OR TIED.
MM INDICATES DATA IS MISSING.
T  INDICATES TRACE AMOUNT.




$$
