000
CDUS46 KBOI 160934
CLIBKE


CLIMATE REPORT
NATIONAL WEATHER SERVICE BOISE ID
334 AM MDT TUE SEP 16 2014


...................................

...THE BAKER OR CLIMATE SUMMARY FOR SEPTEMBER 15 2014...

CLIMATE NORMAL PERIOD 1981 TO 2010
CLIMATE RECORD PERIOD 1948 TO 2014


WEATHER ITEM   OBSERVED TIME   RECORD YEAR NORMAL DEPARTURE LAST
                VALUE   (LST)  VALUE       VALUE  FROM      YEAR
                                                  NORMAL
..................................................................
TEMPERATURE (F)
 YESTERDAY
  MAXIMUM         90    158 PM  92    1998  75     15       86
  MINIMUM         32    541 AM  26    1950  37     -5       53
  AVERAGE         61                        56      5       70

PRECIPITATION (IN)
  YESTERDAY        0.00          0.42 1959   0.02  -0.02     0.03
  MONTH TO DATE    T                         0.30  -0.30     0.68
  SINCE OCT 1      6.79                      9.88  -3.09     9.01
  SINCE JAN 1      5.62                      7.37  -1.75     6.83

DEGREE DAYS
 HEATING
  YESTERDAY        4                         9     -5        0
  MONTH TO DATE  139                       107     32       22
  SINCE SEP 1    139                       107     32       22
  SINCE JUL 1    216                       258    -42       54

 COOLING
  YESTERDAY        0                         0      0        5
  MONTH TO DATE    0                         7     -7       28
  SINCE SEP 1      0                         7     -7       28
  SINCE JAN 1    235                       167     68      258
..................................................................


WIND (MPH)
  RESULTANT WIND SPEED   3   RESULTANT WIND DIRECTION  SE (120)
  HIGHEST WIND SPEED    20   HIGHEST WIND DIRECTION    SE (120)
  HIGHEST GUST SPEED    23   HIGHEST GUST DIRECTION    SE (120)
  AVERAGE WIND SPEED     4.6


SKY COVER
  AVERAGE SKY COVER 0.0


WEATHER CONDITIONS
 THE FOLLOWING WEATHER WAS RECORDED YESTERDAY.
  NO SIGNIFICANT WEATHER WAS OBSERVED.


RELATIVE HUMIDITY (PERCENT)
 HIGHEST    89           300 AM
 LOWEST      9           200 PM
 AVERAGE    49

..........................................................


THE BAKER OR CLIMATE NORMALS FOR TODAY
                         NORMAL    RECORD    YEAR
 MAXIMUM TEMPERATURE (F)   75        94      1981
 MINIMUM TEMPERATURE (F)   37        28      2006


SUNRISE AND SUNSET
SEPTEMBER 16 2014.....SUNRISE   631 AM PDT   SUNSET   700 PM PDT
SEPTEMBER 17 2014.....SUNRISE   632 AM PDT   SUNSET   658 PM PDT


-  INDICATES NEGATIVE NUMBERS.
R  INDICATES RECORD WAS SET OR TIED.
MM INDICATES DATA IS MISSING.
T  INDICATES TRACE AMOUNT.




$$
