000
CDUS46 KBOI 300930
CLIBKE


CLIMATE REPORT
NATIONAL WEATHER SERVICE BOISE ID
230 AM MST FRI JAN 30 2015


...................................

...THE BAKER OR CLIMATE SUMMARY FOR JANUARY 29 2015...

CLIMATE NORMAL PERIOD 1981 TO 2010
CLIMATE RECORD PERIOD 1948 TO 2015


WEATHER ITEM   OBSERVED TIME   RECORD YEAR NORMAL DEPARTURE LAST
                VALUE   (LST)  VALUE       VALUE  FROM      YEAR
                                                  NORMAL
..................................................................
TEMPERATURE (F)
 YESTERDAY
  MAXIMUM         43    307 PM  56    1967  35      8       33
  MINIMUM         21    513 AM -21    1957  17      4       26
  AVERAGE         32                        26      6       30

PRECIPITATION (IN)
  YESTERDAY        0.00          0.13 1965   0.02  -0.02     0.13
                                      1965
                                      2014
  MONTH TO DATE    0.39                      0.75  -0.36     0.48
  SINCE OCT 1      2.59                      3.26  -0.67     1.65
  SINCE JAN 1      0.39                      0.75  -0.36     0.48

DEGREE DAYS
 HEATING
  YESTERDAY       33                        39     -6       35
  MONTH TO DATE 1054                      1162   -108     1139
  SINCE DEC 1   2076                      2410   -334     2540
  SINCE JUL 1   3879                      4447   -568     4465

 COOLING
  YESTERDAY        0                         0      0        0
  MONTH TO DATE    0                         0      0        0
  SINCE DEC 1      0                         0      0        0
  SINCE JAN 1      0                         0      0        0
..................................................................


WIND (MPH)
  RESULTANT WIND SPEED   3   RESULTANT WIND DIRECTION   E (110)
  HIGHEST WIND SPEED    13   HIGHEST WIND DIRECTION     E (100)
  HIGHEST GUST SPEED    16   HIGHEST GUST DIRECTION     E (80)
  AVERAGE WIND SPEED     4.0


SKY COVER
  AVERAGE SKY COVER 0.4


WEATHER CONDITIONS
 THE FOLLOWING WEATHER WAS RECORDED YESTERDAY.
  FOG
  FOG W/VISIBILITY <= 1/4 MILE


RELATIVE HUMIDITY (PERCENT)
 HIGHEST   100           100 AM
 LOWEST     62           300 PM
 AVERAGE    81

..........................................................


THE BAKER OR CLIMATE NORMALS FOR TODAY
                         NORMAL    RECORD    YEAR
 MAXIMUM TEMPERATURE (F)   35        54      1965
 MINIMUM TEMPERATURE (F)   17       -22      1979


SUNRISE AND SUNSET
JANUARY 30 2015.......SUNRISE   713 AM PST   SUNSET   457 PM PST
JANUARY 31 2015.......SUNRISE   712 AM PST   SUNSET   458 PM PST


-  INDICATES NEGATIVE NUMBERS.
R  INDICATES RECORD WAS SET OR TIED.
MM INDICATES DATA IS MISSING.
T  INDICATES TRACE AMOUNT.




$$
